CREATE TABLE `mdl_log_queries` (
  `id` bigint NOT NULL,
  `qtype` mediumint NOT NULL,
  `sqltext` longtext CHARACTER SET utf8mb4 COLLATE utf8mb4_0900_ai_ci NOT NULL,
  `sqlparams` longtext CHARACTER SET utf8mb4 COLLATE utf8mb4_0900_ai_ci,
  `error` mediumint NOT NULL DEFAULT '0',
  `info` longtext CHARACTER SET utf8mb4 COLLATE utf8mb4_0900_ai_ci,
  `backtrace` longtext CHARACTER SET utf8mb4 COLLATE utf8mb4_0900_ai_ci,
  `exectime` decimal(10,5) NOT NULL,
  `timelogged` bigint NOT NULL
) ENGINE=InnoDB DEFAULT CHARSET=utf8mb4 COLLATE=utf8mb4_0900_ai_ci COMMENT='Logged database queries.' ROW_FORMAT=COMPRESSED;

-- --------------------------------------------------------

--
-- Structure de la table `mdl_lti`
--

CREATE TABLE `mdl_lti` (
  `id` bigint NOT NULL,
  `course` bigint NOT NULL DEFAULT '0',
  `name` varchar(255) CHARACTER SET utf8mb4 COLLATE utf8mb4_0900_ai_ci NOT NULL DEFAULT '',
  `intro` longtext CHARACTER SET utf8mb4 COLLATE utf8mb4_0900_ai_ci,
  `introformat` smallint DEFAULT '0',
  `timecreated` bigint NOT NULL DEFAULT '0',
  `timemodified` bigint NOT NULL DEFAULT '0',
  `typeid` bigint DEFAULT NULL,
  `toolurl` longtext CHARACTER SET utf8mb4 COLLATE utf8mb4_0900_ai_ci NOT NULL,
  `securetoolurl` longtext CHARACTER SET utf8mb4 COLLATE utf8mb4_0900_ai_ci,
  `instructorchoicesendname` tinyint(1) DEFAULT NULL,
  `instructorchoicesendemailaddr` tinyint(1) DEFAULT NULL,
  `instructorchoiceallowroster` tinyint(1) DEFAULT NULL,
  `instructorchoiceallowsetting` tinyint(1) DEFAULT NULL,
  `instructorcustomparameters` longtext CHARACTER SET utf8mb4 COLLATE utf8mb4_0900_ai_ci,
  `instructorchoiceacceptgrades` tinyint(1) DEFAULT NULL,
  `grade` bigint NOT NULL DEFAULT '100',
  `launchcontainer` tinyint NOT NULL DEFAULT '1',
  `resourcekey` varchar(255) CHARACTER SET utf8mb4 COLLATE utf8mb4_0900_ai_ci DEFAULT NULL,
  `password` varchar(255) CHARACTER SET utf8mb4 COLLATE utf8mb4_0900_ai_ci DEFAULT NULL,
  `debuglaunch` tinyint(1) NOT NULL DEFAULT '0',
  `showtitlelaunch` tinyint(1) NOT NULL DEFAULT '0',
  `showdescriptionlaunch` tinyint(1) NOT NULL DEFAULT '0',
  `servicesalt` varchar(40) CHARACTER SET utf8mb4 COLLATE utf8mb4_0900_ai_ci DEFAULT NULL,
  `icon` longtext CHARACTER SET utf8mb4 COLLATE utf8mb4_0900_ai_ci,
  `secureicon` longtext CHARACTER SET utf8mb4 COLLATE utf8mb4_0900_ai_ci
) ENGINE=InnoDB DEFAULT CHARSET=utf8mb4 COLLATE=utf8mb4_0900_ai_ci COMMENT='This table contains Basic LTI activities instances' ROW_FORMAT=COMPRESSED;

-- --------------------------------------------------------

--
-- Structure de la table `mdl_ltiservice_gradebookservices`
--

CREATE TABLE `mdl_ltiservice_gradebookservices` (
  `id` bigint NOT NULL,
  `gradeitemid` bigint NOT NULL,
  `courseid` bigint NOT NULL,
  `toolproxyid` bigint DEFAULT NULL,
  `typeid` bigint DEFAULT NULL,
  `baseurl` longtext CHARACTER SET utf8mb4 COLLATE utf8mb4_0900_ai_ci,
  `ltilinkid` bigint DEFAULT NULL,
  `resourceid` varchar(512) CHARACTER SET utf8mb4 COLLATE utf8mb4_0900_ai_ci DEFAULT NULL,
  `tag` varchar(255) CHARACTER SET utf8mb4 COLLATE utf8mb4_0900_ai_ci DEFAULT NULL,
  `subreviewurl` longtext CHARACTER SET utf8mb4 COLLATE utf8mb4_0900_ai_ci,
  `subreviewparams` longtext CHARACTER SET utf8mb4 COLLATE utf8mb4_0900_ai_ci
) ENGINE=InnoDB DEFAULT CHARSET=utf8mb4 COLLATE=utf8mb4_0900_ai_ci COMMENT='This file records the grade items created by the LTI Gradebo' ROW_FORMAT=COMPRESSED;

-- --------------------------------------------------------

--
-- Structure de la table `mdl_lti_access_tokens`
--

CREATE TABLE `mdl_lti_access_tokens` (
  `id` bigint NOT NULL,
  `typeid` bigint NOT NULL,
  `scope` longtext CHARACTER SET utf8mb4 COLLATE utf8mb4_0900_ai_ci NOT NULL,
  `token` varchar(128) CHARACTER SET utf8mb4 COLLATE utf8mb4_0900_ai_ci NOT NULL DEFAULT '',
  `validuntil` bigint NOT NULL,
  `timecreated` bigint NOT NULL,
  `lastaccess` bigint DEFAULT NULL
) ENGINE=InnoDB DEFAULT CHARSET=utf8mb4 COLLATE=utf8mb4_0900_ai_ci COMMENT='Security tokens for accessing of LTI services' ROW_FORMAT=COMPRESSED;

-- --------------------------------------------------------

--
-- Structure de la table `mdl_lti_coursevisible`
--

CREATE TABLE `mdl_lti_coursevisible` (
  `id` bigint NOT NULL,
  `typeid` bigint NOT NULL,
  `courseid` bigint NOT NULL,
  `coursevisible` tinyint(1) NOT NULL
) ENGINE=InnoDB DEFAULT CHARSET=utf8mb4 COLLATE=utf8mb4_0900_ai_ci COMMENT='Table to store coursevisible setting for site tool on course' ROW_FORMAT=COMPRESSED;

-- --------------------------------------------------------

--
-- Structure de la table `mdl_lti_submission`
--

CREATE TABLE `mdl_lti_submission` (
  `id` bigint NOT NULL,
  `ltiid` bigint NOT NULL,
  `userid` bigint NOT NULL,
  `datesubmitted` bigint NOT NULL,
  `dateupdated` bigint NOT NULL,
  `gradepercent` decimal(10,5) NOT NULL,
  `originalgrade` decimal(10,5) NOT NULL,
  `launchid` bigint NOT NULL,
  `state` tinyint NOT NULL
) ENGINE=InnoDB DEFAULT CHARSET=utf8mb4 COLLATE=utf8mb4_0900_ai_ci COMMENT='Keeps track of individual submissions for LTI activities.' ROW_FORMAT=COMPRESSED;

-- --------------------------------------------------------

--
-- Structure de la table `mdl_lti_tool_proxies`
--

CREATE TABLE `mdl_lti_tool_proxies` (
  `id` bigint NOT NULL,
  `name` varchar(255) CHARACTER SET utf8mb4 COLLATE utf8mb4_0900_ai_ci NOT NULL DEFAULT 'Tool Provider',
  `regurl` longtext CHARACTER SET utf8mb4 COLLATE utf8mb4_0900_ai_ci,
  `state` tinyint NOT NULL DEFAULT '1',
  `guid` varchar(255) CHARACTER SET utf8mb4 COLLATE utf8mb4_0900_ai_ci DEFAULT NULL,
  `secret` varchar(255) CHARACTER SET utf8mb4 COLLATE utf8mb4_0900_ai_ci DEFAULT NULL,
  `vendorcode` varchar(255) CHARACTER SET utf8mb4 COLLATE utf8mb4_0900_ai_ci DEFAULT NULL,
  `capabilityoffered` longtext CHARACTER SET utf8mb4 COLLATE utf8mb4_0900_ai_ci NOT NULL,
  `serviceoffered` longtext CHARACTER SET utf8mb4 COLLATE utf8mb4_0900_ai_ci NOT NULL,
  `toolproxy` longtext CHARACTER SET utf8mb4 COLLATE utf8mb4_0900_ai_ci,
  `createdby` bigint NOT NULL,
  `timecreated` bigint NOT NULL,
  `timemodified` bigint NOT NULL
) ENGINE=InnoDB DEFAULT CHARSET=utf8mb4 COLLATE=utf8mb4_0900_ai_ci COMMENT='LTI tool proxy registrations' ROW_FORMAT=COMPRESSED;

-- --------------------------------------------------------

--
-- Structure de la table `mdl_lti_tool_settings`
--

CREATE TABLE `mdl_lti_tool_settings` (
  `id` bigint NOT NULL,
  `toolproxyid` bigint NOT NULL,
  `typeid` bigint DEFAULT NULL,
  `course` bigint DEFAULT NULL,
  `coursemoduleid` bigint DEFAULT NULL,
  `settings` longtext CHARACTER SET utf8mb4 COLLATE utf8mb4_0900_ai_ci NOT NULL,
  `timecreated` bigint NOT NULL,
  `timemodified` bigint NOT NULL
) ENGINE=InnoDB DEFAULT CHARSET=utf8mb4 COLLATE=utf8mb4_0900_ai_ci COMMENT='LTI tool setting values' ROW_FORMAT=COMPRESSED;

-- --------------------------------------------------------

--
-- Structure de la table `mdl_lti_types`
--

CREATE TABLE `mdl_lti_types` (
  `id` bigint NOT NULL,
  `name` varchar(255) CHARACTER SET utf8mb4 COLLATE utf8mb4_0900_ai_ci NOT NULL DEFAULT 'basiclti Activity',
  `baseurl` longtext CHARACTER SET utf8mb4 COLLATE utf8mb4_0900_ai_ci NOT NULL,
  `tooldomain` varchar(255) CHARACTER SET utf8mb4 COLLATE utf8mb4_0900_ai_ci NOT NULL DEFAULT '',
  `state` tinyint NOT NULL DEFAULT '2',
  `course` bigint NOT NULL,
  `coursevisible` tinyint(1) NOT NULL DEFAULT '0',
  `ltiversion` varchar(10) CHARACTER SET utf8mb4 COLLATE utf8mb4_0900_ai_ci NOT NULL DEFAULT '',
  `clientid` varchar(255) CHARACTER SET utf8mb4 COLLATE utf8mb4_0900_ai_ci DEFAULT NULL,
  `toolproxyid` bigint DEFAULT NULL,
  `enabledcapability` longtext CHARACTER SET utf8mb4 COLLATE utf8mb4_0900_ai_ci,
  `parameter` longtext CHARACTER SET utf8mb4 COLLATE utf8mb4_0900_ai_ci,
  `icon` longtext CHARACTER SET utf8mb4 COLLATE utf8mb4_0900_ai_ci,
  `secureicon` longtext CHARACTER SET utf8mb4 COLLATE utf8mb4_0900_ai_ci,
  `createdby` bigint NOT NULL,
  `timecreated` bigint NOT NULL,
  `timemodified` bigint NOT NULL,
  `description` longtext CHARACTER SET utf8mb4 COLLATE utf8mb4_0900_ai_ci
) ENGINE=InnoDB DEFAULT CHARSET=utf8mb4 COLLATE=utf8mb4_0900_ai_ci COMMENT='Basic LTI pre-configured activities' ROW_FORMAT=COMPRESSED;

--
-- Déchargement des données de la table `mdl_lti_types`
--

INSERT INTO `mdl_lti_types` (`id`, `name`, `baseurl`, `tooldomain`, `state`, `course`, `coursevisible`, `ltiversion`, `clientid`, `toolproxyid`, `enabledcapability`, `parameter`, `icon`, `secureicon`, `createdby`, `timecreated`, `timemodified`, `description`) VALUES
(1, 'OpenAI', 'https://api.openai.com/v1/chat/completions', 'api.openai.com', 1, 2, 2, 'LTI-1p0', NULL, NULL, NULL, NULL, '', '', 2, 1730577836, 1730577836, 'Chat pour compléter');

-- --------------------------------------------------------

--
-- Structure de la table `mdl_lti_types_categories`
--

CREATE TABLE `mdl_lti_types_categories` (
  `id` bigint NOT NULL,
  `typeid` bigint NOT NULL,
  `categoryid` bigint NOT NULL
) ENGINE=InnoDB DEFAULT CHARSET=utf8mb4 COLLATE=utf8mb4_0900_ai_ci COMMENT='Link LTI types to course categories' ROW_FORMAT=COMPRESSED;

-- --------------------------------------------------------

--
-- Structure de la table `mdl_lti_types_config`
--

CREATE TABLE `mdl_lti_types_config` (
  `id` bigint NOT NULL,
  `typeid` bigint NOT NULL,
  `name` varchar(100) CHARACTER SET utf8mb4 COLLATE utf8mb4_0900_ai_ci NOT NULL DEFAULT '',
  `value` longtext CHARACTER SET utf8mb4 COLLATE utf8mb4_0900_ai_ci NOT NULL
) ENGINE=InnoDB DEFAULT CHARSET=utf8mb4 COLLATE=utf8mb4_0900_ai_ci COMMENT='Basic LTI types configuration' ROW_FORMAT=COMPRESSED;

--
-- Déchargement des données de la table `mdl_lti_types_config`
--

INSERT INTO `mdl_lti_types_config` (`id`, `typeid`, `name`, `value`) VALUES
(1, 1, 'resourcekey', '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'),
(2, 1, 'password', ''),
(3, 1, 'keytype', 'JWK_KEYSET'),
(4, 1, 'customparameters', ''),
(5, 1, 'coursevisible', '2'),
(6, 1, 'launchcontainer', '3'),
(7, 1, 'contentitem', '1'),
(8, 1, 'toolurl_ContentItemSelectionRequest', ''),
(9, 1, 'ltiservice_gradesynchronization', '0'),
(10, 1, 'ltiservice_memberships', '0'),
(11, 1, 'ltiservice_toolsettings', '0'),
(12, 1, 'sendname', '0'),
(13, 1, 'sendemailaddr', '0'),
(14, 1, 'acceptgrades', '2'),
(15, 1, 'forcessl', '0'),
(16, 1, 'servicesalt', '672685acc0bd06.17796265');

-- --------------------------------------------------------

--
-- Structure de la table `mdl_matrix_room`
--

CREATE TABLE `mdl_matrix_room` (
  `id` bigint NOT NULL,
  `commid` bigint NOT NULL,
  `roomid` varchar(255) CHARACTER SET utf8mb4 COLLATE utf8mb4_0900_ai_ci DEFAULT NULL,
  `topic` varchar(255) CHARACTER SET utf8mb4 COLLATE utf8mb4_0900_ai_ci DEFAULT NULL
) ENGINE=InnoDB DEFAULT CHARSET=utf8mb4 COLLATE=utf8mb4_0900_ai_ci COMMENT='Stores the matrix room information associated with the commu' ROW_FORMAT=COMPRESSED;

-- --------------------------------------------------------

--
-- Structure de la table `mdl_message`
--

CREATE TABLE `mdl_message` (
  `id` bigint NOT NULL,
  `useridfrom` bigint NOT NULL DEFAULT '0',
  `useridto` bigint NOT NULL DEFAULT '0',
  `subject` longtext CHARACTER SET utf8mb4 COLLATE utf8mb4_0900_ai_ci,
  `fullmessage` longtext CHARACTER SET utf8mb4 COLLATE utf8mb4_0900_ai_ci,
  `fullmessageformat` smallint DEFAULT '0',
  `fullmessagehtml` longtext CHARACTER SET utf8mb4 COLLATE utf8mb4_0900_ai_ci,
  `smallmessage` longtext CHARACTER SET utf8mb4 COLLATE utf8mb4_0900_ai_ci,
  `notification` tinyint(1) DEFAULT '0',
  `contexturl` longtext CHARACTER SET utf8mb4 COLLATE utf8mb4_0900_ai_ci,
  `contexturlname` longtext CHARACTER SET utf8mb4 COLLATE utf8mb4_0900_ai_ci,
  `timecreated` bigint NOT NULL DEFAULT '0',
  `timeuserfromdeleted` bigint NOT NULL DEFAULT '0',
  `timeusertodeleted` bigint NOT NULL DEFAULT '0',
  `component` varchar(100) CHARACTER SET utf8mb4 COLLATE utf8mb4_0900_ai_ci DEFAULT NULL,
  `eventtype` varchar(100) CHARACTER SET utf8mb4 COLLATE utf8mb4_0900_ai_ci DEFAULT NULL,
  `customdata` longtext CHARACTER SET utf8mb4 COLLATE utf8mb4_0900_ai_ci
) ENGINE=InnoDB DEFAULT CHARSET=utf8mb4 COLLATE=utf8mb4_0900_ai_ci COMMENT='Stores all unread messages' ROW_FORMAT=COMPRESSED;

-- --------------------------------------------------------

--
-- Structure de la table `mdl_messageinbound_datakeys`
--

CREATE TABLE `mdl_messageinbound_datakeys` (
  `id` bigint NOT NULL,
  `handler` bigint NOT NULL,
  `datavalue` bigint NOT NULL,
  `datakey` varchar(64) CHARACTER SET utf8mb4 COLLATE utf8mb4_0900_ai_ci DEFAULT NULL,
  `timecreated` bigint NOT NULL,
  `expires` bigint DEFAULT NULL
) ENGINE=InnoDB DEFAULT CHARSET=utf8mb4 COLLATE=utf8mb4_0900_ai_ci COMMENT='Inbound Message data item secret keys.' ROW_FORMAT=COMPRESSED;

-- --------------------------------------------------------

--
-- Structure de la table `mdl_messageinbound_handlers`
--

CREATE TABLE `mdl_messageinbound_handlers` (
  `id` bigint NOT NULL,
  `component` varchar(100) CHARACTER SET utf8mb4 COLLATE utf8mb4_0900_ai_ci NOT NULL DEFAULT '',
  `classname` varchar(255) CHARACTER SET utf8mb4 COLLATE utf8mb4_0900_ai_ci NOT NULL DEFAULT '',
  `defaultexpiration` bigint NOT NULL DEFAULT '86400',
  `validateaddress` tinyint(1) NOT NULL DEFAULT '1',
  `enabled` tinyint(1) NOT NULL DEFAULT '0'
) ENGINE=InnoDB DEFAULT CHARSET=utf8mb4 COLLATE=utf8mb4_0900_ai_ci COMMENT='Inbound Message Handler definitions.' ROW_FORMAT=COMPRESSED;

--
-- Déchargement des données de la table `mdl_messageinbound_handlers`
--

INSERT INTO `mdl_messageinbound_handlers` (`id`, `component`, `classname`, `defaultexpiration`, `validateaddress`, `enabled`) VALUES
(1, 'core', '\\core\\message\\inbound\\private_files_handler', 0, 1, 0),
(2, 'mod_forum', '\\mod_forum\\message\\inbound\\reply_handler', 604800, 1, 0),
(3, 'tool_messageinbound', '\\tool_messageinbound\\message\\inbound\\invalid_recipient_handler', 604800, 0, 1);

-- --------------------------------------------------------

--
-- Structure de la table `mdl_messageinbound_messagelist`
--

CREATE TABLE `mdl_messageinbound_messagelist` (
  `id` bigint NOT NULL,
  `messageid` longtext CHARACTER SET utf8mb4 COLLATE utf8mb4_0900_ai_ci NOT NULL,
  `userid` bigint NOT NULL,
  `address` longtext CHARACTER SET utf8mb4 COLLATE utf8mb4_0900_ai_ci NOT NULL,
  `timecreated` bigint NOT NULL
) ENGINE=InnoDB DEFAULT CHARSET=utf8mb4 COLLATE=utf8mb4_0900_ai_ci COMMENT='A list of message IDs for existing replies' ROW_FORMAT=COMPRESSED;

-- --------------------------------------------------------

--
-- Structure de la table `mdl_messages`
--

CREATE TABLE `mdl_messages` (
  `id` bigint NOT NULL,
  `useridfrom` bigint NOT NULL,
  `conversationid` bigint NOT NULL,
  `subject` longtext CHARACTER SET utf8mb4 COLLATE utf8mb4_0900_ai_ci,
  `fullmessage` longtext CHARACTER SET utf8mb4 COLLATE utf8mb4_0900_ai_ci,
  `fullmessageformat` tinyint(1) NOT NULL DEFAULT '0',
  `fullmessagehtml` longtext CHARACTER SET utf8mb4 COLLATE utf8mb4_0900_ai_ci,
  `smallmessage` longtext CHARACTER SET utf8mb4 COLLATE utf8mb4_0900_ai_ci,
  `timecreated` bigint NOT NULL,
  `fullmessagetrust` tinyint NOT NULL DEFAULT '0',
  `customdata` longtext CHARACTER SET utf8mb4 COLLATE utf8mb4_0900_ai_ci
) ENGINE=InnoDB DEFAULT CHARSET=utf8mb4 COLLATE=utf8mb4_0900_ai_ci COMMENT='Stores all messages' ROW_FORMAT=COMPRESSED;

--
-- Déchargement des données de la table `mdl_messages`
--

INSERT INTO `mdl_messages` (`id`, `useridfrom`, `conversationid`, `subject`, `fullmessage`, `fullmessageformat`, `fullmessagehtml`, `smallmessage`, `timecreated`, `fullmessagetrust`, `customdata`) VALUES
(1, 2, 1, 'Nouveau message de Bruno BERNARD', 'test\n', 1, '<p>test</p>', '<p>test</p>', 1730566011, 0, '{\"notificationiconurl\":\"https:\\/\\/bia-facile.fr\\/theme\\/image.php\\/boost\\/core\\/1730205430\\/u\\/f1\",\"actionbuttons\":{\"send\":\"Envoyer\"},\"placeholders\":{\"send\":\"\\u00c9crire un message\"},\"courseid\":1}'),
(2, 3, 3, 'Nouveau message de Bruno etu BERNARD', 'Test', 1, 'Test', 'Test', 1730809963, 0, '{\"notificationiconurl\":\"https:\\/\\/bia-facile.fr\\/tokenpluginfile.php\\/57043205c91443b2b66834860e6b1392\\/24\\/user\\/icon\\/boost\\/f1?rev=191\",\"actionbuttons\":{\"send\":\"Envoyer\"},\"placeholders\":{\"send\":\"\\u00c9crire un message\"},\"courseid\":1}'),
(3, 2, 3, NULL, 'Bonjour, tu vas bien ?', 0, '', 'Bonjour, tu vas bien ?', 1730871369, 0, '{\"actionbuttons\":{\"send\":\"Envoyer\"},\"placeholders\":{\"send\":\"\\u00c9crire un message\"},\"notificationiconurl\":\"https:\\/\\/bia-facile.fr\\/theme\\/image.php\\/boost\\/core\\/1730572900\\/u\\/f1\",\"courseid\":1}'),
(4, 3, 4, 'Nouveau message de Bruno etu BERNARD', 'J’espère que tu as pu te reposer. Très bon week-end à toi', 1, 'J’espère que tu as pu te reposer. Très bon week-end à toi', 'J’espère que tu as pu te reposer. Très bon week-end à toi', 1731067766, 0, '{\"notificationiconurl\":\"https:\\/\\/bia-facile.fr\\/tokenpluginfile.php\\/52e50748e0898a74e13a9200359f6908\\/24\\/user\\/icon\\/boost\\/f1?rev=191\",\"actionbuttons\":{\"send\":\"Envoyer\"},\"placeholders\":{\"send\":\"\\u00c9crire un message\"},\"courseid\":1}'),
(5, 3, 2, NULL, 'J’éloignai', 1, 'J’éloignai', 'J’éloignai', 1734298602, 0, '{\"actionbuttons\":{\"send\":\"Envoyer\"},\"placeholders\":{\"send\":\"\\u00c9crire un message\"},\"courseid\":1}'),
(6, 3, 2, NULL, 'Test', 1, 'Test', 'Test', 1734477379, 0, '{\"actionbuttons\":{\"send\":\"Envoyer\"},\"placeholders\":{\"send\":\"\\u00c9crire un message\"},\"courseid\":1}'),
(7, 3, 3, NULL, 'Bonjour', 1, 'Bonjour', 'Bonjour', 1734477395, 0, '{\"actionbuttons\":{\"send\":\"Envoyer\"},\"placeholders\":{\"send\":\"\\u00c9crire un message\"},\"notificationiconurl\":\"https:\\/\\/bia-facile.fr\\/pluginfile.php\\/24\\/user\\/icon\\/boost\\/f1?rev=191\",\"courseid\":1}'),
(8, 2, 3, NULL, 'tu vas bientôt t\'endormir ?', 0, '', 'tu vas bientôt t\'endormir ?', 1734477443, 0, '{\"actionbuttons\":{\"send\":\"Envoyer\"},\"placeholders\":{\"send\":\"\\u00c9crire un message\"},\"notificationiconurl\":\"https:\\/\\/bia-facile.fr\\/pluginfile.php\\/5\\/user\\/icon\\/boost\\/f1?rev=467\",\"courseid\":1}'),
(9, 3, 3, NULL, 'Non pas encore', 1, 'Non pas encore', 'Non pas encore', 1734505982, 0, '{\"actionbuttons\":{\"send\":\"Envoyer\"},\"placeholders\":{\"send\":\"\\u00c9crire un message\"},\"notificationiconurl\":\"https:\\/\\/bia-facile.fr\\/pluginfile.php\\/24\\/user\\/icon\\/boost_magnific\\/f1?rev=191\",\"courseid\":1}'),
(10, 3, 3, NULL, 'Test', 1, 'Test', 'Test', 1734506050, 0, '{\"actionbuttons\":{\"send\":\"Envoyer\"},\"placeholders\":{\"send\":\"\\u00c9crire un message\"},\"notificationiconurl\":\"https:\\/\\/bia-facile.fr\\/pluginfile.php\\/24\\/user\\/icon\\/boost_magnific\\/f1?rev=191\",\"courseid\":1}'),
(11, 2, 3, NULL, 'il me faut mettre en place les bloc par défaut', 0, '', 'il me faut mettre en place les bloc par défaut', 1734506094, 0, '{\"actionbuttons\":{\"send\":\"Envoyer\"},\"placeholders\":{\"send\":\"\\u00c9crire un message\"},\"notificationiconurl\":\"https:\\/\\/bia-facile.fr\\/pluginfile.php\\/5\\/user\\/icon\\/boost_magnific\\/f1?rev=467\",\"courseid\":1}'),
(12, 2, 1, NULL, 'test 3', 0, '', 'test 3', 1734514321, 0, '{\"actionbuttons\":{\"send\":\"Envoyer\"},\"placeholders\":{\"send\":\"\\u00c9crire un message\"},\"courseid\":1}'),
(13, 2, 1, NULL, 'test', 0, '', 'test', 1734551359, 0, '{\"actionbuttons\":{\"send\":\"Envoyer\"},\"placeholders\":{\"send\":\"\\u00c9crire un message\"},\"courseid\":1}'),
(14, 2, 3, NULL, 'test', 0, '', 'test', 1734551381, 0, '{\"actionbuttons\":{\"send\":\"Envoyer\"},\"placeholders\":{\"send\":\"\\u00c9crire un message\"},\"notificationiconurl\":\"https:\\/\\/bia-facile.fr\\/pluginfile.php\\/5\\/user\\/icon\\/boost_magnific\\/f1?rev=467\",\"courseid\":1}'),
(15, 6, 6, 'Nouveau message de Amelia Earhart', 'comment va ta progression ?', 0, '', 'comment va ta progression ?', 1734592056, 0, '{\"notificationiconurl\":\"https:\\/\\/bia-facile.fr\\/tokenpluginfile.php\\/e71da0823af1b468e6acd5cb7493c339\\/92\\/user\\/icon\\/boost_magnific\\/f1?rev=900\",\"actionbuttons\":{\"send\":\"Envoyer\"},\"placeholders\":{\"send\":\"\\u00c9crire un message\"},\"courseid\":1}'),
(16, 3, 3, NULL, '🐠ouvre moi le cours', 1, '🐠ouvre moi le cours', '🐠ouvre moi le cours', 1735554264, 0, '{\"actionbuttons\":{\"send\":\"Envoyer\"},\"placeholders\":{\"send\":\"\\u00c9crire un message\"},\"notificationiconurl\":\"https:\\/\\/bia-facile.fr\\/pluginfile.php\\/24\\/user\\/icon\\/boost_magnific\\/f1?rev=191\",\"courseid\":1}'),
(17, 2, 3, NULL, 'c\'est fait', 0, '', 'c\'est fait', 1735554425, 0, '{\"actionbuttons\":{\"send\":\"Envoyer\"},\"placeholders\":{\"send\":\"\\u00c9crire un message\"},\"notificationiconurl\":\"https:\\/\\/bia-facile.fr\\/pluginfile.php\\/5\\/user\\/icon\\/boost_magnific\\/f1?rev=909\",\"courseid\":1}'),
(18, 6, 6, NULL, 'Merci', 0, '', 'Merci', 1736456654, 0, '{\"actionbuttons\":{\"send\":\"Envoyer\"},\"placeholders\":{\"send\":\"\\u00c9crire un message\"},\"notificationiconurl\":\"https:\\/\\/bia-facile.fr\\/pluginfile.php\\/92\\/user\\/icon\\/boost_magnific\\/f1?rev=900\",\"courseid\":1}'),
(19, 5, 4, NULL, 'Top. Par contre je ne trouve pas les annales', 0, '', 'Top. Par contre je ne trouve pas les annales', 1737583803, 0, '{\"actionbuttons\":{\"send\":\"Envoyer\"},\"placeholders\":{\"send\":\"\\u00c9crire un message\"},\"notificationiconurl\":\"https:\\/\\/bia-facile.fr\\/theme\\/image.php\\/boost_magnific\\/core\\/1737566819\\/u\\/f1\",\"courseid\":1}'),
(20, 3, 4, NULL, 'Ils sont en bas de chaque cours', 1, 'Ils sont en bas de chaque cours', 'Ils sont en bas de chaque cours', 1737585001, 0, '{\"actionbuttons\":{\"send\":\"Envoyer\"},\"placeholders\":{\"send\":\"\\u00c9crire un message\"},\"notificationiconurl\":\"https:\\/\\/bia-facile.fr\\/pluginfile.php\\/24\\/user\\/icon\\/boost_magnific\\/f1?rev=191\",\"courseid\":1}'),
(21, 3, 4, NULL, 'Les annales des examens du BIA et leurs corrigées sur cette thématique', 1, 'Les annales des examens du BIA et leurs corrigées sur cette thématique', 'Les annales des examens du BIA et leurs corrigées sur cette thématique', 1737585068, 0, '{\"actionbuttons\":{\"send\":\"Envoyer\"},\"placeholders\":{\"send\":\"\\u00c9crire un message\"},\"notificationiconurl\":\"https:\\/\\/bia-facile.fr\\/pluginfile.php\\/24\\/user\\/icon\\/boost_magnific\\/f1?rev=191\",\"courseid\":1}'),
(22, 3, 4, NULL, 'Et après ils faut lancer le test en cliquant sur Annales 2024 par exemple', 1, 'Et après ils faut lancer le test en cliquant sur Annales 2024 par exemple', 'Et après ils faut lancer le test en cliquant sur Annales 2024 par exemple', 1737585093, 0, '{\"actionbuttons\":{\"send\":\"Envoyer\"},\"placeholders\":{\"send\":\"\\u00c9crire un message\"},\"notificationiconurl\":\"https:\\/\\/bia-facile.fr\\/pluginfile.php\\/24\\/user\\/icon\\/boost_magnific\\/f1?rev=191\",\"courseid\":1}'),
(23, 3, 4, NULL, 'Peut etre regarder avec un ordinateur et pas un portable', 1, 'Peut etre regarder avec un ordinateur et pas un portable', 'Peut etre regarder avec un ordinateur et pas un portable', 1737585139, 0, '{\"actionbuttons\":{\"send\":\"Envoyer\"},\"placeholders\":{\"send\":\"\\u00c9crire un message\"},\"notificationiconurl\":\"https:\\/\\/bia-facile.fr\\/pluginfile.php\\/24\\/user\\/icon\\/boost_magnific\\/f1?rev=191\",\"courseid\":1}'),
(24, 13, 9, 'Nouveau message de Yannick KOHLER', 'Bonjour,', 0, '', 'Bonjour,', 1740481228, 0, '{\"notificationiconurl\":\"https:\\/\\/bia-facile.fr\\/theme\\/image.php\\/boost_magnific\\/core\\/1740338694\\/u\\/f1\",\"actionbuttons\":{\"send\":\"Envoyer\"},\"placeholders\":{\"send\":\"\\u00c9crire un message\"},\"courseid\":1}'),
(25, 13, 9, NULL, 'j\'ai trouvé une coquille dans le corrigé du questionnaire annales 2020 sur la thématique \"étude des aéronefs et engins spatiaux\".', 0, '', 'j\'ai trouvé une coquille dans le corrigé du questionnaire annales 2020 sur la thématique \"étude des aéronefs et engins spatiaux\".', 1740481454, 0, '{\"actionbuttons\":{\"send\":\"Envoyer\"},\"placeholders\":{\"send\":\"\\u00c9crire un message\"},\"notificationiconurl\":\"https:\\/\\/bia-facile.fr\\/theme\\/image.php\\/boost_magnific\\/core\\/1740338694\\/u\\/f1\",\"courseid\":1}'),
(26, 13, 9, NULL, 'à la question 16 le commentaire du corrigé dit : \"Quand on incline l\'appareil en roulis pour tourner, l\'aileron de l\'aile qui monte produit plus de traînée que celui de l\'aile qui descend...\"', 0, '', 'à la question 16 le commentaire du corrigé dit : \"Quand on incline l\'appareil en roulis pour tourner, l\'aileron de l\'aile qui monte produit plus de traînée que celui de l\'aile qui descend...\"', 1740491490, 0, '{\"actionbuttons\":{\"send\":\"Envoyer\"},\"placeholders\":{\"send\":\"\\u00c9crire un message\"},\"notificationiconurl\":\"https:\\/\\/bia-facile.fr\\/theme\\/image.php\\/boost_magnific\\/core\\/1740338694\\/u\\/f1\",\"courseid\":1}'),
(27, 13, 9, NULL, 'il me semble que c\'est l\'aileron baissé qui genere le plus de trainée', 0, '', 'il me semble que c\'est l\'aileron baissé qui genere le plus de trainée', 1740491520, 0, '{\"actionbuttons\":{\"send\":\"Envoyer\"},\"placeholders\":{\"send\":\"\\u00c9crire un message\"},\"notificationiconurl\":\"https:\\/\\/bia-facile.fr\\/theme\\/image.php\\/boost_magnific\\/core\\/1740338694\\/u\\/f1\",\"courseid\":1}'),
(28, 5, 9, NULL, 'tout à fait. J\'ai corrigé le corrigé', 0, '', 'tout à fait. J\'ai corrigé le corrigé', 1740495826, 0, '{\"actionbuttons\":{\"send\":\"Envoyer\"},\"placeholders\":{\"send\":\"\\u00c9crire un message\"},\"notificationiconurl\":\"https:\\/\\/bia-facile.fr\\/theme\\/image.php\\/boost_magnific\\/core\\/1740338694\\/u\\/f1\",\"courseid\":1}'),
(29, 5, 9, NULL, 'merci pour le retour', 0, '', 'merci pour le retour', 1740495833, 0, '{\"actionbuttons\":{\"send\":\"Envoyer\"},\"placeholders\":{\"send\":\"\\u00c9crire un message\"},\"notificationiconurl\":\"https:\\/\\/bia-facile.fr\\/theme\\/image.php\\/boost_magnific\\/core\\/1740338694\\/u\\/f1\",\"courseid\":1}'),
(30, 13, 9, NULL, 'Avec plaisir, à demain', 0, '', 'Avec plaisir, à demain', 1740569509, 0, '{\"actionbuttons\":{\"send\":\"Envoyer\"},\"placeholders\":{\"send\":\"\\u00c9crire un message\"},\"notificationiconurl\":\"https:\\/\\/bia-facile.fr\\/theme\\/image.php\\/boost_magnific\\/core\\/1740338694\\/u\\/f1\",\"courseid\":1}'),
(31, 13, 9, NULL, 'Bonjour, trouvé une autre coquille cette fois dans les questions...  ! AES annales 2023 Q 20 le triplan de Richthoffen etait un DR1 de chez fokker. l\'Albatros (DVa) etait un biplan...', 0, '', 'Bonjour, trouvé une autre coquille cette fois dans les questions...  ! AES annales 2023 Q 20 le triplan de Richthoffen etait un DR1 de chez fokker. l\'Albatros (DVa) etait un biplan...', 1740577661, 0, '{\"actionbuttons\":{\"send\":\"Envoyer\"},\"placeholders\":{\"send\":\"\\u00c9crire un message\"},\"notificationiconurl\":\"https:\\/\\/bia-facile.fr\\/theme\\/image.php\\/boost_magnific\\/core\\/1740338694\\/u\\/f1\",\"courseid\":1}'),
(32, 23, 13, 'Nouveau message de Maxence GIROUD', 'yo', 0, '', 'yo', 1741088943, 0, '{\"notificationiconurl\":\"https:\\/\\/bia-facile.fr\\/theme\\/image.php\\/boost_magnific\\/core\\/1741066408\\/u\\/f1\",\"actionbuttons\":{\"send\":\"Envoyer\"},\"placeholders\":{\"send\":\"\\u00c9crire un message\"},\"courseid\":1}'),
(33, 25, 16, 'Nouveau message de Bastien KLUR', 'salut', 0, '', 'salut', 1741088964, 0, '{\"notificationiconurl\":\"https:\\/\\/bia-facile.fr\\/theme\\/image.php\\/boost_magnific\\/core\\/1741066408\\/u\\/f1\",\"actionbuttons\":{\"send\":\"Envoyer\"},\"placeholders\":{\"send\":\"\\u00c9crire un message\"},\"courseid\":1}'),
(34, 23, 16, NULL, 'ca va', 0, '', 'ca va', 1741088979, 0, '{\"actionbuttons\":{\"send\":\"Envoyer\"},\"placeholders\":{\"send\":\"\\u00c9crire un message\"},\"notificationiconurl\":\"https:\\/\\/bia-facile.fr\\/theme\\/image.php\\/boost_magnific\\/core\\/1741066408\\/u\\/f1\",\"courseid\":1}'),
(35, 28, 17, 'Nouveau message de Raphaël TREMBLIER', 'coucou', 0, '', 'coucou', 1741088980, 0, '{\"notificationiconurl\":\"https:\\/\\/bia-facile.fr\\/theme\\/image.php\\/boost_magnific\\/core\\/1741066408\\/u\\/f1\",\"actionbuttons\":{\"send\":\"Envoyer\"},\"placeholders\":{\"send\":\"\\u00c9crire un message\"},\"courseid\":1}'),
(36, 25, 18, 'Nouveau message de Bastien KLUR', 'hoolllooolllooo Raphaêl', 0, '', 'hoolllooolllooo Raphaêl', 1741089021, 0, '{\"notificationiconurl\":\"https:\\/\\/bia-facile.fr\\/theme\\/image.php\\/boost_magnific\\/core\\/1741066408\\/u\\/f1\",\"actionbuttons\":{\"send\":\"Envoyer\"},\"placeholders\":{\"send\":\"\\u00c9crire un message\"},\"courseid\":1}'),
(37, 23, 13, NULL, 'tu fais quoi????????', 0, '', 'tu fais quoi????????', 1741089305, 0, '{\"actionbuttons\":{\"send\":\"Envoyer\"},\"placeholders\":{\"send\":\"\\u00c9crire un message\"},\"notificationiconurl\":\"https:\\/\\/bia-facile.fr\\/theme\\/image.php\\/boost_magnific\\/core\\/1741066408\\/u\\/f1\",\"courseid\":1}'),
(38, 24, 17, NULL, 'slt', 0, '', 'slt', 1741089323, 0, '{\"actionbuttons\":{\"send\":\"Envoyer\"},\"placeholders\":{\"send\":\"\\u00c9crire un message\"},\"notificationiconurl\":\"https:\\/\\/bia-facile.fr\\/theme\\/image.php\\/boost_magnific\\/core\\/1741066408\\/u\\/f1\",\"courseid\":1}'),
(39, 28, 18, NULL, 'oh non pas lui', 0, '', 'oh non pas lui', 1741089383, 0, '{\"actionbuttons\":{\"send\":\"Envoyer\"},\"placeholders\":{\"send\":\"\\u00c9crire un message\"},\"notificationiconurl\":\"https:\\/\\/bia-facile.fr\\/theme\\/image.php\\/boost_magnific\\/core\\/1741066408\\/u\\/f1\",\"courseid\":1}'),
(40, 28, 17, NULL, 'tu aimes ?', 0, '', 'tu aimes ?', 1741089407, 0, '{\"actionbuttons\":{\"send\":\"Envoyer\"},\"placeholders\":{\"send\":\"\\u00c9crire un message\"},\"notificationiconurl\":\"https:\\/\\/bia-facile.fr\\/theme\\/image.php\\/boost_magnific\\/core\\/1741066408\\/u\\/f1\",\"courseid\":1}'),
(41, 23, 13, NULL, 'pk tu me repond pas', 0, '', 'pk tu me repond pas', 1741089433, 0, '{\"actionbuttons\":{\"send\":\"Envoyer\"},\"placeholders\":{\"send\":\"\\u00c9crire un message\"},\"notificationiconurl\":\"https:\\/\\/bia-facile.fr\\/theme\\/image.php\\/boost_magnific\\/core\\/1741066408\\/u\\/f1\",\"courseid\":1}'),
(42, 28, 17, NULL, 'le caca ?', 0, '', 'le caca ?', 1741089441, 0, '{\"actionbuttons\":{\"send\":\"Envoyer\"},\"placeholders\":{\"send\":\"\\u00c9crire un message\"},\"notificationiconurl\":\"https:\\/\\/bia-facile.fr\\/theme\\/image.php\\/boost_magnific\\/core\\/1741066408\\/u\\/f1\",\"courseid\":1}'),
(43, 24, 13, NULL, 'je travaille', 0, '', 'je travaille', 1741089449, 0, '{\"actionbuttons\":{\"send\":\"Envoyer\"},\"placeholders\":{\"send\":\"\\u00c9crire un message\"},\"notificationiconurl\":\"https:\\/\\/bia-facile.fr\\/theme\\/image.php\\/boost_magnific\\/core\\/1741066408\\/u\\/f1\",\"courseid\":1}'),
(44, 28, 17, NULL, 'couca', 0, '', 'couca', 1741089470, 0, '{\"actionbuttons\":{\"send\":\"Envoyer\"},\"placeholders\":{\"send\":\"\\u00c9crire un message\"},\"notificationiconurl\":\"https:\\/\\/bia-facile.fr\\/theme\\/image.php\\/boost_magnific\\/core\\/1741066408\\/u\\/f1\",\"courseid\":1}'),
(45, 23, 13, NULL, 'tu es sur ??????', 0, '', 'tu es sur ??????', 1741089476, 0, '{\"actionbuttons\":{\"send\":\"Envoyer\"},\"placeholders\":{\"send\":\"\\u00c9crire un message\"},\"notificationiconurl\":\"https:\\/\\/bia-facile.fr\\/theme\\/image.php\\/boost_magnific\\/core\\/1741066408\\/u\\/f1\",\"courseid\":1}'),
(46, 23, 19, 'Nouveau message de Maxence GIROUD', 'slt', 0, '', 'slt', 1741089508, 0, '{\"notificationiconurl\":\"https:\\/\\/bia-facile.fr\\/theme\\/image.php\\/boost_magnific\\/core\\/1741066408\\/u\\/f1\",\"actionbuttons\":{\"send\":\"Envoyer\"},\"placeholders\":{\"send\":\"\\u00c9crire un message\"},\"courseid\":1}'),
(47, 25, 18, NULL, 'mais arrête nn?', 0, '', 'mais arrête nn?', 1741089515, 0, '{\"actionbuttons\":{\"send\":\"Envoyer\"},\"placeholders\":{\"send\":\"\\u00c9crire un message\"},\"notificationiconurl\":\"https:\\/\\/bia-facile.fr\\/theme\\/image.php\\/boost_magnific\\/core\\/1741066408\\/u\\/f1\",\"courseid\":1}'),
(48, 25, 18, NULL, '😘', 0, '', '😘', 1741089537, 0, '{\"actionbuttons\":{\"send\":\"Envoyer\"},\"placeholders\":{\"send\":\"\\u00c9crire un message\"},\"notificationiconurl\":\"https:\\/\\/bia-facile.fr\\/theme\\/image.php\\/boost_magnific\\/core\\/1741066408\\/u\\/f1\",\"courseid\":1}'),
(49, 25, 18, NULL, '🥵🥵', 0, '', '🥵🥵', 1741089550, 0, '{\"actionbuttons\":{\"send\":\"Envoyer\"},\"placeholders\":{\"send\":\"\\u00c9crire un message\"},\"notificationiconurl\":\"https:\\/\\/bia-facile.fr\\/theme\\/image.php\\/boost_magnific\\/core\\/1741066408\\/u\\/f1\",\"courseid\":1}'),
(50, 24, 13, NULL, 'oui😀', 0, '', 'oui😀', 1741089556, 0, '{\"actionbuttons\":{\"send\":\"Envoyer\"},\"placeholders\":{\"send\":\"\\u00c9crire un message\"},\"notificationiconurl\":\"https:\\/\\/bia-facile.fr\\/theme\\/image.php\\/boost_magnific\\/core\\/1741066408\\/u\\/f1\",\"courseid\":1}'),
(51, 23, 13, NULL, '👹', 0, '', '👹', 1741089710, 0, '{\"actionbuttons\":{\"send\":\"Envoyer\"},\"placeholders\":{\"send\":\"\\u00c9crire un message\"},\"notificationiconurl\":\"https:\\/\\/bia-facile.fr\\/theme\\/image.php\\/boost_magnific\\/core\\/1741066408\\/u\\/f1\",\"courseid\":1}'),
(52, 28, 18, NULL, 'ta gueule', 0, '', 'ta gueule', 1741090454, 0, '{\"actionbuttons\":{\"send\":\"Envoyer\"},\"placeholders\":{\"send\":\"\\u00c9crire un message\"},\"notificationiconurl\":\"https:\\/\\/bia-facile.fr\\/theme\\/image.php\\/boost_magnific\\/core\\/1741066408\\/u\\/f1\",\"courseid\":1}'),
(53, 28, 19, NULL, 'cacou cacou cacou', 0, '', 'cacou cacou cacou', 1741090480, 0, '{\"actionbuttons\":{\"send\":\"Envoyer\"},\"placeholders\":{\"send\":\"\\u00c9crire un message\"},\"notificationiconurl\":\"https:\\/\\/bia-facile.fr\\/theme\\/image.php\\/boost_magnific\\/core\\/1741066408\\/u\\/f1\",\"courseid\":1}'),
(54, 25, 18, NULL, 't\'es trop méchant', 0, '', 't\'es trop méchant', 1741090491, 0, '{\"actionbuttons\":{\"send\":\"Envoyer\"},\"placeholders\":{\"send\":\"\\u00c9crire un message\"},\"notificationiconurl\":\"https:\\/\\/bia-facile.fr\\/theme\\/image.php\\/boost_magnific\\/core\\/1741066408\\/u\\/f1\",\"courseid\":1}'),
(55, 28, 19, NULL, 'ça va ?', 0, '', 'ça va ?', 1741090648, 0, '{\"actionbuttons\":{\"send\":\"Envoyer\"},\"placeholders\":{\"send\":\"\\u00c9crire un message\"},\"notificationiconurl\":\"https:\\/\\/bia-facile.fr\\/theme\\/image.php\\/boost_magnific\\/core\\/1741066408\\/u\\/f1\",\"courseid\":1}'),
(56, 24, 13, NULL, '🏗️', 0, '', '🏗️', 1741090662, 0, '{\"actionbuttons\":{\"send\":\"Envoyer\"},\"placeholders\":{\"send\":\"\\u00c9crire un message\"},\"notificationiconurl\":\"https:\\/\\/bia-facile.fr\\/theme\\/image.php\\/boost_magnific\\/core\\/1741066408\\/u\\/f1\",\"courseid\":1}'),
(57, 23, 13, NULL, '🐒', 0, '', '🐒', 1741090664, 0, '{\"actionbuttons\":{\"send\":\"Envoyer\"},\"placeholders\":{\"send\":\"\\u00c9crire un message\"},\"notificationiconurl\":\"https:\\/\\/bia-facile.fr\\/theme\\/image.php\\/boost_magnific\\/core\\/1741066408\\/u\\/f1\",\"courseid\":1}'),
(58, 23, 13, NULL, '🔞', 0, '', '🔞', 1741090700, 0, '{\"actionbuttons\":{\"send\":\"Envoyer\"},\"placeholders\":{\"send\":\"\\u00c9crire un message\"},\"notificationiconurl\":\"https:\\/\\/bia-facile.fr\\/theme\\/image.php\\/boost_magnific\\/core\\/1741066408\\/u\\/f1\",\"courseid\":1}'),
(59, 23, 13, NULL, '🔯', 0, '', '🔯', 1741090705, 0, '{\"actionbuttons\":{\"send\":\"Envoyer\"},\"placeholders\":{\"send\":\"\\u00c9crire un message\"},\"notificationiconurl\":\"https:\\/\\/bia-facile.fr\\/theme\\/image.php\\/boost_magnific\\/core\\/1741066408\\/u\\/f1\",\"courseid\":1}'),
(60, 23, 13, NULL, '☪️', 0, '', '☪️', 1741090708, 0, '{\"actionbuttons\":{\"send\":\"Envoyer\"},\"placeholders\":{\"send\":\"\\u00c9crire un message\"},\"notificationiconurl\":\"https:\\/\\/bia-facile.fr\\/theme\\/image.php\\/boost_magnific\\/core\\/1741066408\\/u\\/f1\",\"courseid\":1}'),
(61, 24, 13, NULL, '🛺☢️', 0, '', '🛺☢️', 1741090725, 0, '{\"actionbuttons\":{\"send\":\"Envoyer\"},\"placeholders\":{\"send\":\"\\u00c9crire un message\"},\"notificationiconurl\":\"https:\\/\\/bia-facile.fr\\/theme\\/image.php\\/boost_magnific\\/core\\/1741066408\\/u\\/f1\",\"courseid\":1}'),
(62, 24, 13, NULL, '🏴', 0, '', '🏴', 1741090741, 0, '{\"actionbuttons\":{\"send\":\"Envoyer\"},\"placeholders\":{\"send\":\"\\u00c9crire un message\"},\"notificationiconurl\":\"https:\\/\\/bia-facile.fr\\/theme\\/image.php\\/boost_magnific\\/core\\/1741066408\\/u\\/f1\",\"courseid\":1}'),
(63, 28, 17, NULL, '☠️', 0, '', '☠️', 1741090747, 0, '{\"actionbuttons\":{\"send\":\"Envoyer\"},\"placeholders\":{\"send\":\"\\u00c9crire un message\"},\"notificationiconurl\":\"https:\\/\\/bia-facile.fr\\/theme\\/image.php\\/boost_magnific\\/core\\/1741066408\\/u\\/f1\",\"courseid\":1}'),
(64, 23, 13, NULL, '🏳️‍🌈', 0, '', '🏳️‍🌈', 1741090754, 0, '{\"actionbuttons\":{\"send\":\"Envoyer\"},\"placeholders\":{\"send\":\"\\u00c9crire un message\"},\"notificationiconurl\":\"https:\\/\\/bia-facile.fr\\/theme\\/image.php\\/boost_magnific\\/core\\/1741066408\\/u\\/f1\",\"courseid\":1}'),
(65, 23, 13, NULL, '🔱', 0, '', '🔱', 1741090796, 0, '{\"actionbuttons\":{\"send\":\"Envoyer\"},\"placeholders\":{\"send\":\"\\u00c9crire un message\"},\"notificationiconurl\":\"https:\\/\\/bia-facile.fr\\/theme\\/image.php\\/boost_magnific\\/core\\/1741066408\\/u\\/f1\",\"courseid\":1}'),
(66, 28, 17, NULL, 'elle est toujours là !!!', 0, '', 'elle est toujours là !!!', 1741090872, 0, '{\"actionbuttons\":{\"send\":\"Envoyer\"},\"placeholders\":{\"send\":\"\\u00c9crire un message\"},\"notificationiconurl\":\"https:\\/\\/bia-facile.fr\\/theme\\/image.php\\/boost_magnific\\/core\\/1741066408\\/u\\/f1\",\"courseid\":1}'),
(67, 28, 18, NULL, 'on va être en retard en euro !!', 0, '', 'on va être en retard en euro !!', 1741090962, 0, '{\"actionbuttons\":{\"send\":\"Envoyer\"},\"placeholders\":{\"send\":\"\\u00c9crire un message\"},\"notificationiconurl\":\"https:\\/\\/bia-facile.fr\\/theme\\/image.php\\/boost_magnific\\/core\\/1741066408\\/u\\/f1\",\"courseid\":1}'),
(68, 28, 18, NULL, '😆', 0, '', '😆', 1741091002, 0, '{\"actionbuttons\":{\"send\":\"Envoyer\"},\"placeholders\":{\"send\":\"\\u00c9crire un message\"},\"notificationiconurl\":\"https:\\/\\/bia-facile.fr\\/theme\\/image.php\\/boost_magnific\\/core\\/1741066408\\/u\\/f1\",\"courseid\":1}'),
(69, 28, 19, NULL, 'cool', 0, '', 'cool', 1741091018, 0, '{\"actionbuttons\":{\"send\":\"Envoyer\"},\"placeholders\":{\"send\":\"\\u00c9crire un message\"},\"notificationiconurl\":\"https:\\/\\/bia-facile.fr\\/theme\\/image.php\\/boost_magnific\\/core\\/1741066408\\/u\\/f1\",\"courseid\":1}'),
(70, 23, 19, NULL, 'nn', 0, '', 'nn', 1741091022, 0, '{\"actionbuttons\":{\"send\":\"Envoyer\"},\"placeholders\":{\"send\":\"\\u00c9crire un message\"},\"notificationiconurl\":\"https:\\/\\/bia-facile.fr\\/theme\\/image.php\\/boost_magnific\\/core\\/1741066408\\/u\\/f1\",\"courseid\":1}'),
(71, 23, 19, NULL, 't\'es genant', 0, '', 't\'es genant', 1741091033, 0, '{\"actionbuttons\":{\"send\":\"Envoyer\"},\"placeholders\":{\"send\":\"\\u00c9crire un message\"},\"notificationiconurl\":\"https:\\/\\/bia-facile.fr\\/theme\\/image.php\\/boost_magnific\\/core\\/1741066408\\/u\\/f1\",\"courseid\":1}'),
(72, 23, 19, NULL, 'je mange du pain', 0, '', 'je mange du pain', 1741091046, 0, '{\"actionbuttons\":{\"send\":\"Envoyer\"},\"placeholders\":{\"send\":\"\\u00c9crire un message\"},\"notificationiconurl\":\"https:\\/\\/bia-facile.fr\\/theme\\/image.php\\/boost_magnific\\/core\\/1741066408\\/u\\/f1\",\"courseid\":1}'),
(73, 25, 18, NULL, 'let\'s goooooo', 0, '', 'let\'s goooooo', 1741091129, 0, '{\"actionbuttons\":{\"send\":\"Envoyer\"},\"placeholders\":{\"send\":\"\\u00c9crire un message\"},\"notificationiconurl\":\"https:\\/\\/bia-facile.fr\\/theme\\/image.php\\/boost_magnific\\/core\\/1741066408\\/u\\/f1\",\"courseid\":1}'),
(74, 25, 18, NULL, 'tropp bien', 0, '', 'tropp bien', 1741091135, 0, '{\"actionbuttons\":{\"send\":\"Envoyer\"},\"placeholders\":{\"send\":\"\\u00c9crire un message\"},\"notificationiconurl\":\"https:\\/\\/bia-facile.fr\\/theme\\/image.php\\/boost_magnific\\/core\\/1741066408\\/u\\/f1\",\"courseid\":1}'),
(75, 25, 18, NULL, 'nnnnnooooonnnnnn', 0, '', 'nnnnnooooonnnnnn', 1741091140, 0, '{\"actionbuttons\":{\"send\":\"Envoyer\"},\"placeholders\":{\"send\":\"\\u00c9crire un message\"},\"notificationiconurl\":\"https:\\/\\/bia-facile.fr\\/theme\\/image.php\\/boost_magnific\\/core\\/1741066408\\/u\\/f1\",\"courseid\":1}'),
(76, 25, 18, NULL, 'je veux rester', 0, '', 'je veux rester', 1741091147, 0, '{\"actionbuttons\":{\"send\":\"Envoyer\"},\"placeholders\":{\"send\":\"\\u00c9crire un message\"},\"notificationiconurl\":\"https:\\/\\/bia-facile.fr\\/theme\\/image.php\\/boost_magnific\\/core\\/1741066408\\/u\\/f1\",\"courseid\":1}'),
(77, 26, 21, 'Nouveau message de Jules NOLL', 'coucou', 0, '', 'coucou', 1741100900, 0, '{\"notificationiconurl\":\"https:\\/\\/bia-facile.fr\\/theme\\/image.php\\/boost_magnific\\/core\\/1741066408\\/u\\/f1\",\"actionbuttons\":{\"send\":\"Envoyer\"},\"placeholders\":{\"send\":\"\\u00c9crire un message\"},\"courseid\":1}'),
(78, 26, 21, NULL, 'tu va', 0, '', 'tu va', 1741100913, 0, '{\"actionbuttons\":{\"send\":\"Envoyer\"},\"placeholders\":{\"send\":\"\\u00c9crire un message\"},\"notificationiconurl\":\"https:\\/\\/bia-facile.fr\\/theme\\/image.php\\/boost_magnific\\/core\\/1741066408\\/u\\/f1\",\"courseid\":1}'),
(79, 26, 21, NULL, 'bien', 0, '', 'bien', 1741100922, 0, '{\"actionbuttons\":{\"send\":\"Envoyer\"},\"placeholders\":{\"send\":\"\\u00c9crire un message\"},\"notificationiconurl\":\"https:\\/\\/bia-facile.fr\\/theme\\/image.php\\/boost_magnific\\/core\\/1741066408\\/u\\/f1\",\"courseid\":1}'),
(80, 26, 21, NULL, 'je men fout', 0, '', 'je men fout', 1741100929, 0, '{\"actionbuttons\":{\"send\":\"Envoyer\"},\"placeholders\":{\"send\":\"\\u00c9crire un message\"},\"notificationiconurl\":\"https:\\/\\/bia-facile.fr\\/theme\\/image.php\\/boost_magnific\\/core\\/1741066408\\/u\\/f1\",\"courseid\":1}'),
(81, 28, 18, NULL, 'coucou, c\'est vrai que tu veux ken avec ma sœur ?🥵😱👉👌', 0, '', 'coucou, c\'est vrai que tu veux ken avec ma sœur ?🥵😱👉👌', 1741100981, 0, '{\"actionbuttons\":{\"send\":\"Envoyer\"},\"placeholders\":{\"send\":\"\\u00c9crire un message\"},\"notificationiconurl\":\"https:\\/\\/bia-facile.fr\\/theme\\/image.php\\/boost_magnific\\/core\\/1741066408\\/u\\/f1\",\"courseid\":1}'),
(82, 26, 21, NULL, '🐲', 0, '', '🐲', 1741100983, 0, '{\"actionbuttons\":{\"send\":\"Envoyer\"},\"placeholders\":{\"send\":\"\\u00c9crire un message\"},\"notificationiconurl\":\"https:\\/\\/bia-facile.fr\\/theme\\/image.php\\/boost_magnific\\/core\\/1741066408\\/u\\/f1\",\"courseid\":1}'),
(83, 28, 19, NULL, 'je mange ta mère', 0, '', 'je mange ta mère', 1741101020, 0, '{\"actionbuttons\":{\"send\":\"Envoyer\"},\"placeholders\":{\"send\":\"\\u00c9crire un message\"},\"notificationiconurl\":\"https:\\/\\/bia-facile.fr\\/theme\\/image.php\\/boost_magnific\\/core\\/1741066408\\/u\\/f1\",\"courseid\":1}'),
(84, 28, 21, NULL, 'Coucou, ça va, oui, non, peut-être, je ne sais pas vraiment. Tu vois, j\'étais en train de réfléchir à la vie, à l\'univers et à tout ce qui s\'y rattache. Et puis, je me suis demandé si les chats rêvent de fromage ou de souris. Je pense que c\'est une question profonde qui mérite d\'être explorée. Mais en même temps, je me demande si les souris rêvent de chats ou de fromage. C\'est un peu comme se demander si le poulet est venu avant l\'œuf ou l\'inverse. Tu as déjà essayé de faire cuire un œuf dans une poêle en forme de poulet ? C\'est une expérience fascinante, je te le dis.\n\nEt puis, j\'ai commencé à penser à la pluie. Pourquoi pleut-il toujours quand on a oublié son parapluie ? Est-ce que les nuages ont une mémoire ou est-ce juste une coïncidence ? Je me demande si les nuages ont des conversations entre eux. \"Salut, Bob, il va pleuvoir aujourd\'hui.\" \"Ah, super, j\'avais oublié mon parapluie.\" C\'est un peu comme dans ces films où les personnages ont des conversations avec des objets inanimés.\n\nEnsuite, je me suis mis à réfléchir à la musique. Pourquoi certaines chansons nous font-elles pleurer tandis que d\'autres nous font danser ? Est-ce que c\'est à cause des notes, des paroles ou juste parce que nous sommes d\'humeur sentimentale ? Je pense que c\'est un peu de tout cela. Et puis, j\'ai commencé à chanter dans ma tête, mais je me suis rendu compte que je ne connaissais pas les paroles. Alors, j\'ai décidé de faire des paroles moi-même. \"La pluie tombe sur mon parapluie, les chats rêvent de fromage, et les souris dansent le tango.\"\n\nEt après tout cela, je me suis demandé si j\'avais faim. Je pense que oui, mais je ne suis pas sûr. Peut-être que j\'ai juste soif. Ou peut-être que je veux juste manger un sandwich au fromage. Tu as déjà goûté un sandwich au fromage sous la pluie ? C\'est une expérience unique, je te le jure. Et puis, je me suis mis à penser à la pluie encore une fois. Pourquoi est-ce que la pluie me fait toujours penser à des sandwiches au fromage ?\n\nEnfin, pour répondre à ta question, je vais bien, je pense. Mais je ne suis pas vraiment sûr. Peut-être que je vais mal, mais je ne m\'en rends pas compte. Ou peut-être que je vais bien, mais je ne le sais pas encore. C\'est un peu comme essayer de deviner le nombre de grains de sable sur une plage. Impossible, mais fascinant à essayer. Alors, comment vas-tu ? Et as-tu déjà mangé un sandwich au fromage sous la pluie ?', 0, '', 'Coucou, ça va, oui, non, peut-être, je ne sais pas vraiment. Tu vois, j\'étais en train de réfléchir à la vie, à l\'univers et à tout ce qui s\'y rattache. Et puis, je me suis demandé si les chats rêvent de fromage ou de souris. Je pense que c\'est une question profonde qui mérite d\'être explorée. Mais en même temps, je me demande si les souris rêvent de chats ou de fromage. C\'est un peu comme se demander si le poulet est venu avant l\'œuf ou l\'inverse. Tu as déjà essayé de faire cuire un œuf dans une poêle en forme de poulet ? C\'est une expérience fascinante, je te le dis.\n\nEt puis, j\'ai commencé à penser à la pluie. Pourquoi pleut-il toujours quand on a oublié son parapluie ? Est-ce que les nuages ont une mémoire ou est-ce juste une coïncidence ? Je me demande si les nuages ont des conversations entre eux. \"Salut, Bob, il va pleuvoir aujourd\'hui.\" \"Ah, super, j\'avais oublié mon parapluie.\" C\'est un peu comme dans ces films où les personnages ont des conversations avec des objets inanimés.\n\nEnsuite, je me suis mis à réfléchir à la musique. Pourquoi certaines chansons nous font-elles pleurer tandis que d\'autres nous font danser ? Est-ce que c\'est à cause des notes, des paroles ou juste parce que nous sommes d\'humeur sentimentale ? Je pense que c\'est un peu de tout cela. Et puis, j\'ai commencé à chanter dans ma tête, mais je me suis rendu compte que je ne connaissais pas les paroles. Alors, j\'ai décidé de faire des paroles moi-même. \"La pluie tombe sur mon parapluie, les chats rêvent de fromage, et les souris dansent le tango.\"\n\nEt après tout cela, je me suis demandé si j\'avais faim. Je pense que oui, mais je ne suis pas sûr. Peut-être que j\'ai juste soif. Ou peut-être que je veux juste manger un sandwich au fromage. Tu as déjà goûté un sandwich au fromage sous la pluie ? C\'est une expérience unique, je te le jure. Et puis, je me suis mis à penser à la pluie encore une fois. Pourquoi est-ce que la pluie me fait toujours penser à des sandwiches au fromage ?\n\nEnfin, pour répondre à ta question, je vais bien, je pense. Mais je ne suis pas vraiment sûr. Peut-être que je vais mal, mais je ne m\'en rends pas compte. Ou peut-être que je vais bien, mais je ne le sais pas encore. C\'est un peu comme essayer de deviner le nombre de grains de sable sur une plage. Impossible, mais fascinant à essayer. Alors, comment vas-tu ? Et as-tu déjà mangé un sandwich au fromage sous la pluie ?', 1741101164, 0, '{\"actionbuttons\":{\"send\":\"Envoyer\"},\"placeholders\":{\"send\":\"\\u00c9crire un message\"},\"notificationiconurl\":\"https:\\/\\/bia-facile.fr\\/theme\\/image.php\\/boost_magnific\\/core\\/1741066408\\/u\\/f1\",\"courseid\":1}'),
(85, 26, 23, 'Nouveau message de Jules NOLL', 'Bonjour', 0, '', 'Bonjour', 1741618521, 0, '{\"notificationiconurl\":\"https:\\/\\/bia-facile.fr\\/theme\\/image.php\\/boost_magnific\\/core\\/1741066408\\/u\\/f1\",\"actionbuttons\":{\"send\":\"Envoyer\"},\"placeholders\":{\"send\":\"\\u00c9crire un message\"},\"courseid\":1}'),
(86, 26, 23, NULL, '💩', 0, '', '💩', 1741618531, 0, '{\"actionbuttons\":{\"send\":\"Envoyer\"},\"placeholders\":{\"send\":\"\\u00c9crire un message\"},\"notificationiconurl\":\"https:\\/\\/bia-facile.fr\\/theme\\/image.php\\/boost_magnific\\/core\\/1741066408\\/u\\/f1\",\"courseid\":1}'),
(87, 26, 24, 'Nouveau message de Jules NOLL', 'Bonjour', 0, '', 'Bonjour', 1741618558, 0, '{\"notificationiconurl\":\"https:\\/\\/bia-facile.fr\\/theme\\/image.php\\/boost_magnific\\/core\\/1741066408\\/u\\/f1\",\"actionbuttons\":{\"send\":\"Envoyer\"},\"placeholders\":{\"send\":\"\\u00c9crire un message\"},\"courseid\":1}'),
(88, 26, 24, NULL, '💩', 0, '', '💩', 1741618560, 0, '{\"actionbuttons\":{\"send\":\"Envoyer\"},\"placeholders\":{\"send\":\"\\u00c9crire un message\"},\"notificationiconurl\":\"https:\\/\\/bia-facile.fr\\/theme\\/image.php\\/boost_magnific\\/core\\/1741066408\\/u\\/f1\",\"courseid\":1}'),
(89, 26, 25, 'Nouveau message de Jules NOLL', 'Bonjour', 0, '', 'Bonjour', 1741618597, 0, '{\"notificationiconurl\":\"https:\\/\\/bia-facile.fr\\/theme\\/image.php\\/boost_magnific\\/core\\/1741066408\\/u\\/f1\",\"actionbuttons\":{\"send\":\"Envoyer\"},\"placeholders\":{\"send\":\"\\u00c9crire un message\"},\"courseid\":1}'),
(90, 26, 25, NULL, '💩', 0, '', '💩', 1741618599, 0, '{\"actionbuttons\":{\"send\":\"Envoyer\"},\"placeholders\":{\"send\":\"\\u00c9crire un message\"},\"notificationiconurl\":\"https:\\/\\/bia-facile.fr\\/theme\\/image.php\\/boost_magnific\\/core\\/1741066408\\/u\\/f1\",\"courseid\":1}'),
(91, 26, 26, 'Nouveau message de Jules NOLL', 'Bonjour', 0, '', 'Bonjour', 1741618638, 0, '{\"notificationiconurl\":\"https:\\/\\/bia-facile.fr\\/theme\\/image.php\\/boost_magnific\\/core\\/1741066408\\/u\\/f1\",\"actionbuttons\":{\"send\":\"Envoyer\"},\"placeholders\":{\"send\":\"\\u00c9crire un message\"},\"courseid\":1}'),
(92, 26, 26, NULL, '💩', 0, '', '💩', 1741618640, 0, '{\"actionbuttons\":{\"send\":\"Envoyer\"},\"placeholders\":{\"send\":\"\\u00c9crire un message\"},\"notificationiconurl\":\"https:\\/\\/bia-facile.fr\\/theme\\/image.php\\/boost_magnific\\/core\\/1741066408\\/u\\/f1\",\"courseid\":1}'),
(93, 23, 19, NULL, 'Jules qui n\'est pas jaloux ??????', 0, '', 'Jules qui n\'est pas jaloux ??????', 1741693058, 0, '{\"actionbuttons\":{\"send\":\"Envoyer\"},\"placeholders\":{\"send\":\"\\u00c9crire un message\"},\"notificationiconurl\":\"https:\\/\\/bia-facile.fr\\/theme\\/image.php\\/boost_magnific\\/core\\/1741066408\\/u\\/f1\",\"courseid\":1}'),
(94, 23, 19, NULL, 'jE SENT LA DOUILLE', 0, '', 'jE SENT LA DOUILLE', 1741693067, 0, '{\"actionbuttons\":{\"send\":\"Envoyer\"},\"placeholders\":{\"send\":\"\\u00c9crire un message\"},\"notificationiconurl\":\"https:\\/\\/bia-facile.fr\\/theme\\/image.php\\/boost_magnific\\/core\\/1741066408\\/u\\/f1\",\"courseid\":1}'),
(95, 27, 25, NULL, 'Au revoir les amis', 0, '', 'Au revoir les amis', 1741693077, 0, '{\"actionbuttons\":{\"send\":\"Envoyer\"},\"placeholders\":{\"send\":\"\\u00c9crire un message\"},\"notificationiconurl\":\"https:\\/\\/bia-facile.fr\\/pluginfile.php\\/433\\/user\\/icon\\/boost_magnific\\/f1?rev=8987\",\"courseid\":1}'),
(96, 28, 18, NULL, 'coucou, ça va ?', 0, '', 'coucou, ça va ?', 1741693202, 0, '{\"actionbuttons\":{\"send\":\"Envoyer\"},\"placeholders\":{\"send\":\"\\u00c9crire un message\"},\"notificationiconurl\":\"https:\\/\\/bia-facile.fr\\/theme\\/image.php\\/boost_magnific\\/core\\/1741066408\\/u\\/f1\",\"courseid\":1}'),
(97, 25, 18, NULL, 'oui$', 0, '', 'oui$', 1741693216, 0, '{\"actionbuttons\":{\"send\":\"Envoyer\"},\"placeholders\":{\"send\":\"\\u00c9crire un message\"},\"notificationiconurl\":\"https:\\/\\/bia-facile.fr\\/theme\\/image.php\\/boost_magnific\\/core\\/1741066408\\/u\\/f1\",\"courseid\":1}'),
(98, 28, 18, NULL, 'moi ça va, oui, non, peut-être, je ne sais pas vraiment. Tu vois, j\'étais en train de réfléchir à la vie, à l\'univers et à tout ce qui s\'y rattache. Et puis, je me suis demandé si les chats rêvent de fromage ou de souris. Je pense que c\'est une question profonde qui mérite d\'être explorée. Mais en même temps, je me demande si les souris rêvent de chats ou de fromage. C\'est un peu comme se demander si le poulet est venu avant l\'œuf ou l\'inverse. Tu as déjà essayé de faire cuire un œuf dans une poêle en forme de poulet ? C\'est une expérience fascinante, je te le dis.\n\nEt puis, j\'ai commencé à penser à la pluie. Pourquoi pleut-il toujours quand on a oublié son parapluie ? Est-ce que les nuages ont une mémoire ou est-ce juste une coïncidence ? Je me demande si les nuages ont des conversations entre eux. \"Salut, Bob, il va pleuvoir aujourd\'hui.\" \"Ah, super, j\'avais oublié mon parapluie.\" C\'est un peu comme dans ces films où les personnages ont des conversations avec des objets inanimés.\n\nEnsuite, je me suis mis à réfléchir à la musique. Pourquoi certaines chansons nous font-elles pleurer tandis que d\'autres nous font danser ? Est-ce que c\'est à cause des notes, des paroles ou juste parce que nous sommes d\'humeur sentimentale ? Je pense que c\'est un peu de tout cela. Et puis, j\'ai commencé à chanter dans ma tête, mais je me suis rendu compte que je ne connaissais pas les paroles. Alors, j\'ai décidé de faire des paroles moi-même. \"La pluie tombe sur mon parapluie, les chats rêvent de fromage, et les souris dansent le tango.\"\n\nEt après tout cela, je me suis demandé si j\'avais faim. Je pense que oui, mais je ne suis pas sûr. Peut-être que j\'ai juste soif. Ou peut-être que je veux juste manger un sandwich au fromage. Tu as déjà goûté un sandwich au fromage sous la pluie ? C\'est une expérience unique, je te le jure. Et puis, je me suis mis à penser à la pluie encore une fois. Pourquoi est-ce que la pluie me fait toujours penser à des sandwiches au fromage ?\n\nEnfin, pour répondre à ta question, je vais bien, je pense. Mais je ne suis pas vraiment sûr. Peut-être que je vais mal, mais je ne m\'en rends pas compte. Ou peut-être que je vais bien, mais je ne le sais pas encore. C\'est un peu comme essayer de deviner le nombre de grains de sable sur une plage. Impossible, mais fascinant à essayer. Alors, comment vas-tu ? Et as-tu déjà mangé un sandwich au fromage sous la pluie ?', 0, '', 'moi ça va, oui, non, peut-être, je ne sais pas vraiment. Tu vois, j\'étais en train de réfléchir à la vie, à l\'univers et à tout ce qui s\'y rattache. Et puis, je me suis demandé si les chats rêvent de fromage ou de souris. Je pense que c\'est une question profonde qui mérite d\'être explorée. Mais en même temps, je me demande si les souris rêvent de chats ou de fromage. C\'est un peu comme se demander si le poulet est venu avant l\'œuf ou l\'inverse. Tu as déjà essayé de faire cuire un œuf dans une poêle en forme de poulet ? C\'est une expérience fascinante, je te le dis.\n\nEt puis, j\'ai commencé à penser à la pluie. Pourquoi pleut-il toujours quand on a oublié son parapluie ? Est-ce que les nuages ont une mémoire ou est-ce juste une coïncidence ? Je me demande si les nuages ont des conversations entre eux. \"Salut, Bob, il va pleuvoir aujourd\'hui.\" \"Ah, super, j\'avais oublié mon parapluie.\" C\'est un peu comme dans ces films où les personnages ont des conversations avec des objets inanimés.\n\nEnsuite, je me suis mis à réfléchir à la musique. Pourquoi certaines chansons nous font-elles pleurer tandis que d\'autres nous font danser ? Est-ce que c\'est à cause des notes, des paroles ou juste parce que nous sommes d\'humeur sentimentale ? Je pense que c\'est un peu de tout cela. Et puis, j\'ai commencé à chanter dans ma tête, mais je me suis rendu compte que je ne connaissais pas les paroles. Alors, j\'ai décidé de faire des paroles moi-même. \"La pluie tombe sur mon parapluie, les chats rêvent de fromage, et les souris dansent le tango.\"\n\nEt après tout cela, je me suis demandé si j\'avais faim. Je pense que oui, mais je ne suis pas sûr. Peut-être que j\'ai juste soif. Ou peut-être que je veux juste manger un sandwich au fromage. Tu as déjà goûté un sandwich au fromage sous la pluie ? C\'est une expérience unique, je te le jure. Et puis, je me suis mis à penser à la pluie encore une fois. Pourquoi est-ce que la pluie me fait toujours penser à des sandwiches au fromage ?\n\nEnfin, pour répondre à ta question, je vais bien, je pense. Mais je ne suis pas vraiment sûr. Peut-être que je vais mal, mais je ne m\'en rends pas compte. Ou peut-être que je vais bien, mais je ne le sais pas encore. C\'est un peu comme essayer de deviner le nombre de grains de sable sur une plage. Impossible, mais fascinant à essayer. Alors, comment vas-tu ? Et as-tu déjà mangé un sandwich au fromage sous la pluie ?', 1741693229, 0, '{\"actionbuttons\":{\"send\":\"Envoyer\"},\"placeholders\":{\"send\":\"\\u00c9crire un message\"},\"notificationiconurl\":\"https:\\/\\/bia-facile.fr\\/theme\\/image.php\\/boost_magnific\\/core\\/1741066408\\/u\\/f1\",\"courseid\":1}'),
(99, 23, 24, NULL, '👋', 0, '', '👋', 1741693232, 0, '{\"actionbuttons\":{\"send\":\"Envoyer\"},\"placeholders\":{\"send\":\"\\u00c9crire un message\"},\"notificationiconurl\":\"https:\\/\\/bia-facile.fr\\/theme\\/image.php\\/boost_magnific\\/core\\/1741066408\\/u\\/f1\",\"courseid\":1}'),
(100, 21, 27, 'Nouveau message de Nathan GAILLARD', 'tais-toui', 0, '', 'tais-toui', 1741693396, 0, '{\"notificationiconurl\":\"https:\\/\\/bia-facile.fr\\/theme\\/image.php\\/boost_magnific\\/core\\/1741066408\\/u\\/f1\",\"actionbuttons\":{\"send\":\"Envoyer\"},\"placeholders\":{\"send\":\"\\u00c9crire un message\"},\"courseid\":1}'),
(101, 21, 27, NULL, 'tais-toi', 0, '', 'tais-toi', 1741693402, 0, '{\"actionbuttons\":{\"send\":\"Envoyer\"},\"placeholders\":{\"send\":\"\\u00c9crire un message\"},\"notificationiconurl\":\"https:\\/\\/bia-facile.fr\\/theme\\/image.php\\/boost_magnific\\/core\\/1741066408\\/u\\/f1\",\"courseid\":1}'),
(102, 27, 27, NULL, 'mais arrete bruh je t\'ai rien demandé', 0, '', 'mais arrete bruh je t\'ai rien demandé', 1741693421, 0, '{\"actionbuttons\":{\"send\":\"Envoyer\"},\"placeholders\":{\"send\":\"\\u00c9crire un message\"},\"notificationiconurl\":\"https:\\/\\/bia-facile.fr\\/pluginfile.php\\/433\\/user\\/icon\\/boost_magnific\\/f1?rev=8987\",\"courseid\":1}'),
(103, 26, 24, NULL, '🤼', 0, '', '🤼', 1741693432, 0, '{\"actionbuttons\":{\"send\":\"Envoyer\"},\"placeholders\":{\"send\":\"\\u00c9crire un message\"},\"notificationiconurl\":\"https:\\/\\/bia-facile.fr\\/pluginfile.php\\/432\\/user\\/icon\\/boost_magnific\\/f1?rev=9011\",\"courseid\":1}'),
(104, 21, 27, NULL, 'on s\'en bas les steaks', 0, '', 'on s\'en bas les steaks', 1741693440, 0, '{\"actionbuttons\":{\"send\":\"Envoyer\"},\"placeholders\":{\"send\":\"\\u00c9crire un message\"},\"notificationiconurl\":\"https:\\/\\/bia-facile.fr\\/theme\\/image.php\\/boost_magnific\\/core\\/1741066408\\/u\\/f1\",\"courseid\":1}'),
(105, 23, 24, NULL, 'PK?', 0, '', 'PK?', 1741693528, 0, '{\"actionbuttons\":{\"send\":\"Envoyer\"},\"placeholders\":{\"send\":\"\\u00c9crire un message\"},\"notificationiconurl\":\"https:\\/\\/bia-facile.fr\\/theme\\/image.php\\/boost_magnific\\/core\\/1741066408\\/u\\/f1\",\"courseid\":1}'),
(106, 23, 24, NULL, '☪️ Wahla je vais prier mon dieu Jésus', 0, '', '☪️ Wahla je vais prier mon dieu Jésus', 1741693574, 0, '{\"actionbuttons\":{\"send\":\"Envoyer\"},\"placeholders\":{\"send\":\"\\u00c9crire un message\"},\"notificationiconurl\":\"https:\\/\\/bia-facile.fr\\/theme\\/image.php\\/boost_magnific\\/core\\/1741066408\\/u\\/f1\",\"courseid\":1}'),
(107, 28, 18, NULL, 'Le Prénom Bastien : Un Héros de l\'Humour\n\nImaginez un monde où les prénoms ont des superpouvoirs. Dans ce monde, Bastien est le super-héros le plus drôle de tous les temps. Son pouvoir ? Faire rire tout le monde avec ses blagues à la noix, mais aussi être souvent confondu avec son cousin, Sébastien, ce qui crée des situations hilarantes.\n\nL\'Origine du Pouvoir\nBastien a découvert son pouvoir un jour où il a dit \"Je m\'appelle Bastien, pas Baptiste !\" pour la centième fois. À partir de ce moment-là, chaque fois qu\'il prononçait son nom, les gens autour de lui éclataient de rire. Il a décidé d\'utiliser ce pouvoir pour devenir le clown des prénoms.\n\nLes Superpouvoirs de Bastien\nLe Pouvoir de la Confusion : Bastien peut se faire appeler Sébastien ou Baptiste à volonté, créant ainsi des situations comiques où les gens se trompent de nom.\n\nLe Sourire Intemporel : Bastien a le sourire le plus contagieux du monde. Quand il sourit, tout le monde autour de lui se met à rire.\n\nLa Blague à la Noix : Bastien peut transformer n\'importe quelle situation en blague. Il suffit qu\'il dise \"C\'est Bastien, pas Sébastien !\" pour que tout le monde éclate de rire.\n\nLes Aventures de Bastien\nUn jour, Bastien a décidé de former une équipe de super-héros avec d\'autres prénoms. Il y avait Martin, le super-héros rétro ; Tristan, le triste qui n\'est pas si triste que ça ; et Samuel, l\'intemporel qui se fait appeler Sam pour aller plus vite.\n\nEnsemble, ils ont créé la Ligue des Prénoms pour protéger le monde des noms ennuyeux. Leur ennemi juré ? Le Prénom Oublié, un super-vilain qui cherche à faire oublier tous les prénoms du monde.\n\nLa Bataille Finale\nDans la bataille finale, Bastien a utilisé son pouvoir de confusion pour faire croire à l\'ennemi qu\'il était Sébastien. Pendant que l\'ennemi était perdu, Martin a sorti son style rétro pour faire danser tout le monde, Tristan a utilisé son côté \"triste\" pour faire pleurer l\'ennemi de rire, et Samuel a simplement dit \"Sam, c\'est plus court\" pour désorienter l\'ennemi.\n\nGrâce à leurs pouvoirs combinés, la Ligue des Prénoms a gagné la bataille et a sauvé le monde des noms ennuyeux. Et Bastien ? Il est devenu le super-héros le plus drôle de tous les temps, toujours prêt à faire rire avec son nom et ses blagues à la noix.', 0, '', 'Le Prénom Bastien : Un Héros de l\'Humour\n\nImaginez un monde où les prénoms ont des superpouvoirs. Dans ce monde, Bastien est le super-héros le plus drôle de tous les temps. Son pouvoir ? Faire rire tout le monde avec ses blagues à la noix, mais aussi être souvent confondu avec son cousin, Sébastien, ce qui crée des situations hilarantes.\n\nL\'Origine du Pouvoir\nBastien a découvert son pouvoir un jour où il a dit \"Je m\'appelle Bastien, pas Baptiste !\" pour la centième fois. À partir de ce moment-là, chaque fois qu\'il prononçait son nom, les gens autour de lui éclataient de rire. Il a décidé d\'utiliser ce pouvoir pour devenir le clown des prénoms.\n\nLes Superpouvoirs de Bastien\nLe Pouvoir de la Confusion : Bastien peut se faire appeler Sébastien ou Baptiste à volonté, créant ainsi des situations comiques où les gens se trompent de nom.\n\nLe Sourire Intemporel : Bastien a le sourire le plus contagieux du monde. Quand il sourit, tout le monde autour de lui se met à rire.\n\nLa Blague à la Noix : Bastien peut transformer n\'importe quelle situation en blague. Il suffit qu\'il dise \"C\'est Bastien, pas Sébastien !\" pour que tout le monde éclate de rire.\n\nLes Aventures de Bastien\nUn jour, Bastien a décidé de former une équipe de super-héros avec d\'autres prénoms. Il y avait Martin, le super-héros rétro ; Tristan, le triste qui n\'est pas si triste que ça ; et Samuel, l\'intemporel qui se fait appeler Sam pour aller plus vite.\n\nEnsemble, ils ont créé la Ligue des Prénoms pour protéger le monde des noms ennuyeux. Leur ennemi juré ? Le Prénom Oublié, un super-vilain qui cherche à faire oublier tous les prénoms du monde.\n\nLa Bataille Finale\nDans la bataille finale, Bastien a utilisé son pouvoir de confusion pour faire croire à l\'ennemi qu\'il était Sébastien. Pendant que l\'ennemi était perdu, Martin a sorti son style rétro pour faire danser tout le monde, Tristan a utilisé son côté \"triste\" pour faire pleurer l\'ennemi de rire, et Samuel a simplement dit \"Sam, c\'est plus court\" pour désorienter l\'ennemi.\n\nGrâce à leurs pouvoirs combinés, la Ligue des Prénoms a gagné la bataille et a sauvé le monde des noms ennuyeux. Et Bastien ? Il est devenu le super-héros le plus drôle de tous les temps, toujours prêt à faire rire avec son nom et ses blagues à la noix.', 1741693608, 0, '{\"actionbuttons\":{\"send\":\"Envoyer\"},\"placeholders\":{\"send\":\"\\u00c9crire un message\"},\"notificationiconurl\":\"https:\\/\\/bia-facile.fr\\/theme\\/image.php\\/boost_magnific\\/core\\/1741066408\\/u\\/f1\",\"courseid\":1}'),
(108, 26, 24, NULL, 'je m\'en fout totalement de tess et toi c\'est elle qui fait que de venir chez moi . Je suis surs quelqun d\'autre', 0, '', 'je m\'en fout totalement de tess et toi c\'est elle qui fait que de venir chez moi . Je suis surs quelqun d\'autre', 1741693674, 0, '{\"actionbuttons\":{\"send\":\"Envoyer\"},\"placeholders\":{\"send\":\"\\u00c9crire un message\"},\"notificationiconurl\":\"https:\\/\\/bia-facile.fr\\/pluginfile.php\\/432\\/user\\/icon\\/boost_magnific\\/f1?rev=9011\",\"courseid\":1}');
INSERT INTO `mdl_messages` (`id`, `useridfrom`, `conversationid`, `subject`, `fullmessage`, `fullmessageformat`, `fullmessagehtml`, `smallmessage`, `timecreated`, `fullmessagetrust`, `customdata`) VALUES
(109, 28, 18, NULL, 'Voici quelques blagues courantes sur les enseignants qui sont souvent partagées :\n\nLe Prof Vampire : Comment appelle-t-on un prof vampire ? Un ensaignant1.\n\nLa Crème Préférée : Quelle est la crème préférée des profs ? La crème scolaire1.\n\nLe Prof de Physique Ch\'ti : Que dit un prof de physique ch\'ti quand il arrive dans une pièce ? \"Chimie ! (Ch’est mi)\"1.\n\nLe Devoir de Math : Le prof : « Où est ton devoir de mathématiques ? » L’élève : « Il s\'est suicidé. » Le prof : « Comment ? » L’élève : « Il avait beaucoup de problèmes »2.\n\nLa Métaphore Arboricole : « J\'ai l\'impression d\'être sous un chêne tellement il y a de glands dans cette salle ! » (Pour décrire une classe peu performante)2.\n\nLe Redoublement : Le prof s’adresse à ses élèves : « Christophe, alors devines, tu passes tu redoubles ? Bah oui tu redoubles, tu sais que c’est ta première bonne réponse de l’année ?! »2.\n\nLe Prof et la Carotte : Le prof : « Pour 2 M&M\'s, qui répond à la question ? » La classe : « ... » Le prof : « Mais vous n\'avez vraiment pas faim en fait ! Bon, puisque je connais la réponse, c\'est moi qui répond, et c\'est donc moi qui mange les M&M\'s ! »2.\n\nLa Blague sur le Rhume : Dire à ton prof de maths qui a un rhume s\'il a une \"sinus x\"3.\n\nLe Prof Chauve : Demander à un prof chauve s\'il connaît la différence entre un sèche-cheveux et un décapeur thermique3.', 0, '', 'Voici quelques blagues courantes sur les enseignants qui sont souvent partagées :\n\nLe Prof Vampire : Comment appelle-t-on un prof vampire ? Un ensaignant1.\n\nLa Crème Préférée : Quelle est la crème préférée des profs ? La crème scolaire1.\n\nLe Prof de Physique Ch\'ti : Que dit un prof de physique ch\'ti quand il arrive dans une pièce ? \"Chimie ! (Ch’est mi)\"1.\n\nLe Devoir de Math : Le prof : « Où est ton devoir de mathématiques ? » L’élève : « Il s\'est suicidé. » Le prof : « Comment ? » L’élève : « Il avait beaucoup de problèmes »2.\n\nLa Métaphore Arboricole : « J\'ai l\'impression d\'être sous un chêne tellement il y a de glands dans cette salle ! » (Pour décrire une classe peu performante)2.\n\nLe Redoublement : Le prof s’adresse à ses élèves : « Christophe, alors devines, tu passes tu redoubles ? Bah oui tu redoubles, tu sais que c’est ta première bonne réponse de l’année ?! »2.\n\nLe Prof et la Carotte : Le prof : « Pour 2 M&M\'s, qui répond à la question ? » La classe : « ... » Le prof : « Mais vous n\'avez vraiment pas faim en fait ! Bon, puisque je connais la réponse, c\'est moi qui répond, et c\'est donc moi qui mange les M&M\'s ! »2.\n\nLa Blague sur le Rhume : Dire à ton prof de maths qui a un rhume s\'il a une \"sinus x\"3.\n\nLe Prof Chauve : Demander à un prof chauve s\'il connaît la différence entre un sèche-cheveux et un décapeur thermique3.', 1741693827, 0, '{\"actionbuttons\":{\"send\":\"Envoyer\"},\"placeholders\":{\"send\":\"\\u00c9crire un message\"},\"notificationiconurl\":\"https:\\/\\/bia-facile.fr\\/theme\\/image.php\\/boost_magnific\\/core\\/1741066408\\/u\\/f1\",\"courseid\":1}'),
(110, 26, 24, NULL, 'tu repond pas ?', 0, '', 'tu repond pas ?', 1741693884, 0, '{\"actionbuttons\":{\"send\":\"Envoyer\"},\"placeholders\":{\"send\":\"\\u00c9crire un message\"},\"notificationiconurl\":\"https:\\/\\/bia-facile.fr\\/pluginfile.php\\/432\\/user\\/icon\\/boost_magnific\\/f1?rev=9011\",\"courseid\":1}'),
(111, 27, 27, NULL, 'app a ecrire', 0, '', 'app a ecrire', 1741693983, 0, '{\"actionbuttons\":{\"send\":\"Envoyer\"},\"placeholders\":{\"send\":\"\\u00c9crire un message\"},\"notificationiconurl\":\"https:\\/\\/bia-facile.fr\\/pluginfile.php\\/433\\/user\\/icon\\/boost_magnific\\/f1?rev=8987\",\"courseid\":1}'),
(112, 23, 24, NULL, 'aze', 0, '', 'aze', 1741694072, 0, '{\"actionbuttons\":{\"send\":\"Envoyer\"},\"placeholders\":{\"send\":\"\\u00c9crire un message\"},\"notificationiconurl\":\"https:\\/\\/bia-facile.fr\\/theme\\/image.php\\/boost_magnific\\/core\\/1741066408\\/u\\/f1\",\"courseid\":1}'),
(113, 28, 18, NULL, 'Expressions pour annoncer un caca imminent :\n\n\"Démouler un cake\"\n\n\"Couler un bronze\"\n\n\"Libérer le kraken\"\n\n\"Faire tourner la guillotine à boudin\"', 0, '', 'Expressions pour annoncer un caca imminent :\n\n\"Démouler un cake\"\n\n\"Couler un bronze\"\n\n\"Libérer le kraken\"\n\n\"Faire tourner la guillotine à boudin\"', 1741694088, 0, '{\"actionbuttons\":{\"send\":\"Envoyer\"},\"placeholders\":{\"send\":\"\\u00c9crire un message\"},\"notificationiconurl\":\"https:\\/\\/bia-facile.fr\\/theme\\/image.php\\/boost_magnific\\/core\\/1741066408\\/u\\/f1\",\"courseid\":1}'),
(114, 23, 24, NULL, 'de toute facon je suis arabe☪️', 0, '', 'de toute facon je suis arabe☪️', 1741694099, 0, '{\"actionbuttons\":{\"send\":\"Envoyer\"},\"placeholders\":{\"send\":\"\\u00c9crire un message\"},\"notificationiconurl\":\"https:\\/\\/bia-facile.fr\\/theme\\/image.php\\/boost_magnific\\/core\\/1741066408\\/u\\/f1\",\"courseid\":1}'),
(115, 28, 18, NULL, 'Démouler un cake13\n\nFaire la grosse commission13\n\nCouler un bronze13\n\nAvoir un 747 en bout de piste13\n\nChier une pendule1\n\nAvoir le cigare au bout des lèvres15\n\nFaire tourner la guillotine à boudin16\n\nAvoir la taupe qui pousse au trou1\n\nBénir les lieux1\n\nDéposer le bilan1\n\nRecycler le dîner1\n\nPousser le tas de charbon1\n\nFaire sortir le Twix1\n\nCasser de la porcelaine1\n\nPlâtrer la piscine1\n\nMiner le terrain1\n\nMéditer sur le trône1\n\nLibérer le kraken3\n\nLâcher du lest3\n\nFaire parler le joufflu3', 0, '', 'Démouler un cake13\n\nFaire la grosse commission13\n\nCouler un bronze13\n\nAvoir un 747 en bout de piste13\n\nChier une pendule1\n\nAvoir le cigare au bout des lèvres15\n\nFaire tourner la guillotine à boudin16\n\nAvoir la taupe qui pousse au trou1\n\nBénir les lieux1\n\nDéposer le bilan1\n\nRecycler le dîner1\n\nPousser le tas de charbon1\n\nFaire sortir le Twix1\n\nCasser de la porcelaine1\n\nPlâtrer la piscine1\n\nMiner le terrain1\n\nMéditer sur le trône1\n\nLibérer le kraken3\n\nLâcher du lest3\n\nFaire parler le joufflu3', 1741694112, 0, '{\"actionbuttons\":{\"send\":\"Envoyer\"},\"placeholders\":{\"send\":\"\\u00c9crire un message\"},\"notificationiconurl\":\"https:\\/\\/bia-facile.fr\\/theme\\/image.php\\/boost_magnific\\/core\\/1741066408\\/u\\/f1\",\"courseid\":1}'),
(116, 28, 19, NULL, 'Démouler un cake13\n\nFaire la grosse commission13\n\nCouler un bronze13\n\nAvoir un 747 en bout de piste13\n\nChier une pendule1\n\nAvoir le cigare au bout des lèvres15\n\nFaire tourner la guillotine à boudin16\n\nAvoir la taupe qui pousse au trou1\n\nBénir les lieux1\n\nDéposer le bilan1\n\nRecycler le dîner1\n\nPousser le tas de charbon1\n\nFaire sortir le Twix1\n\nCasser de la porcelaine1\n\nPlâtrer la piscine1\n\nMiner le terrain1\n\nMéditer sur le trône1\n\nLibérer le kraken3\n\nLâcher du lest3\n\nFaire parler le joufflu3', 0, '', 'Démouler un cake13\n\nFaire la grosse commission13\n\nCouler un bronze13\n\nAvoir un 747 en bout de piste13\n\nChier une pendule1\n\nAvoir le cigare au bout des lèvres15\n\nFaire tourner la guillotine à boudin16\n\nAvoir la taupe qui pousse au trou1\n\nBénir les lieux1\n\nDéposer le bilan1\n\nRecycler le dîner1\n\nPousser le tas de charbon1\n\nFaire sortir le Twix1\n\nCasser de la porcelaine1\n\nPlâtrer la piscine1\n\nMiner le terrain1\n\nMéditer sur le trône1\n\nLibérer le kraken3\n\nLâcher du lest3\n\nFaire parler le joufflu3', 1741694121, 0, '{\"actionbuttons\":{\"send\":\"Envoyer\"},\"placeholders\":{\"send\":\"\\u00c9crire un message\"},\"notificationiconurl\":\"https:\\/\\/bia-facile.fr\\/theme\\/image.php\\/boost_magnific\\/core\\/1741066408\\/u\\/f1\",\"courseid\":1}'),
(117, 28, 19, NULL, 'j\'ai envie de faire caca', 0, '', 'j\'ai envie de faire caca', 1741694130, 0, '{\"actionbuttons\":{\"send\":\"Envoyer\"},\"placeholders\":{\"send\":\"\\u00c9crire un message\"},\"notificationiconurl\":\"https:\\/\\/bia-facile.fr\\/theme\\/image.php\\/boost_magnific\\/core\\/1741066408\\/u\\/f1\",\"courseid\":1}'),
(118, 28, 19, NULL, 'Expressions pour désigner les toilettes :\n\nLe trône : Une référence royale pour les WC.\n\nLes cabinets : Un terme classique avec une touche d\'élégance.\n\nLe petit coin : Une expression familière et discrète.\n\nLes commodités : Un terme plus formel mais toujours humoristique.\n\nExpressions pour annoncer un départ aux toilettes :\n\nJe vais faire pipi (familier) ou pisser un coup (très familier).\n\nJe vais aux chiottes (très familier).\n\nJe vais au petit coin.\n\nExpressions humoristiques pour décrire l\'activité :\n\nDémouler un cake : Pour parler de faire caca.\n\nCouler un bronze : Une métaphore artistique pour la même chose.\n\nPoser une pêche : Une expression imagée.\n\nBaigner le crocodile : Une autre métaphore amusante.\n\nLibérer la marmotte : Pour parler de laisser aller naturellement.\n\nParachuter un gothique : Une expression plus absurde.\n\nExpressions pour sortir des toilettes :\n\nJ\'ai déposé un ours brun au pôle Nord (si l\'on a chier dans l\'urinoir).\n\nJ\'ai puni la porcelaine.\n\nJ\'ai largué les parachutistes.\n\nJ\'ai fini de démouler mon cake.\n\nCes expressions sont souvent utilisées pour ajouter une touche d\'humour à une situation naturelle mais parfois délicate.', 0, '', 'Expressions pour désigner les toilettes :\n\nLe trône : Une référence royale pour les WC.\n\nLes cabinets : Un terme classique avec une touche d\'élégance.\n\nLe petit coin : Une expression familière et discrète.\n\nLes commodités : Un terme plus formel mais toujours humoristique.\n\nExpressions pour annoncer un départ aux toilettes :\n\nJe vais faire pipi (familier) ou pisser un coup (très familier).\n\nJe vais aux chiottes (très familier).\n\nJe vais au petit coin.\n\nExpressions humoristiques pour décrire l\'activité :\n\nDémouler un cake : Pour parler de faire caca.\n\nCouler un bronze : Une métaphore artistique pour la même chose.\n\nPoser une pêche : Une expression imagée.\n\nBaigner le crocodile : Une autre métaphore amusante.\n\nLibérer la marmotte : Pour parler de laisser aller naturellement.\n\nParachuter un gothique : Une expression plus absurde.\n\nExpressions pour sortir des toilettes :\n\nJ\'ai déposé un ours brun au pôle Nord (si l\'on a chier dans l\'urinoir).\n\nJ\'ai puni la porcelaine.\n\nJ\'ai largué les parachutistes.\n\nJ\'ai fini de démouler mon cake.\n\nCes expressions sont souvent utilisées pour ajouter une touche d\'humour à une situation naturelle mais parfois délicate.', 1741694308, 0, '{\"actionbuttons\":{\"send\":\"Envoyer\"},\"placeholders\":{\"send\":\"\\u00c9crire un message\"},\"notificationiconurl\":\"https:\\/\\/bia-facile.fr\\/theme\\/image.php\\/boost_magnific\\/core\\/1741066408\\/u\\/f1\",\"courseid\":1}'),
(119, 23, 19, NULL, '. Baptiser les toilettes 46. Couler une dalle 47. Refaire la déco des WC 48. Aller à la selle 49. Faire plonger la grosse baleine 50. Aller faire un poisson 51. Poser une quenelle 52. Chier un bol 53. Aller caguer 54. Faire un tour au cabanon 55. Compter fleurette à dame nature 56. Aller au bureau 57. Aller sur le trône 58. Avoir la taupe au guichet 59. En avoir un qui demande à sortir 60. Faire une praline 61. Faire un shoot à 3 points 62. Sortir le cake du four 63. Aller au wawa\n\nDécouvrez l\'astuce ici : https://www.comment-economiser.fr/expressions-dire-faire-caca.html', 0, '', '. Baptiser les toilettes 46. Couler une dalle 47. Refaire la déco des WC 48. Aller à la selle 49. Faire plonger la grosse baleine 50. Aller faire un poisson 51. Poser une quenelle 52. Chier un bol 53. Aller caguer 54. Faire un tour au cabanon 55. Compter fleurette à dame nature 56. Aller au bureau 57. Aller sur le trône 58. Avoir la taupe au guichet 59. En avoir un qui demande à sortir 60. Faire une praline 61. Faire un shoot à 3 points 62. Sortir le cake du four 63. Aller au wawa\n\nDécouvrez l\'astuce ici : https://www.comment-economiser.fr/expressions-dire-faire-caca.html', 1741694313, 0, '{\"actionbuttons\":{\"send\":\"Envoyer\"},\"placeholders\":{\"send\":\"\\u00c9crire un message\"},\"notificationiconurl\":\"https:\\/\\/bia-facile.fr\\/theme\\/image.php\\/boost_magnific\\/core\\/1741066408\\/u\\/f1\",\"courseid\":1}'),
(120, 28, 18, NULL, 'Expressions pour désigner les toilettes :\n\nLe trône : Une référence royale pour les WC.\n\nLes cabinets : Un terme classique avec une touche d\'élégance.\n\nLe petit coin : Une expression familière et discrète.\n\nLes commodités : Un terme plus formel mais toujours humoristique.\n\nExpressions pour annoncer un départ aux toilettes :\n\nJe vais faire pipi (familier) ou pisser un coup (très familier).\n\nJe vais aux chiottes (très familier).\n\nJe vais au petit coin.\n\nExpressions humoristiques pour décrire l\'activité :\n\nDémouler un cake : Pour parler de faire caca.\n\nCouler un bronze : Une métaphore artistique pour la même chose.\n\nPoser une pêche : Une expression imagée.\n\nBaigner le crocodile : Une autre métaphore amusante.\n\nLibérer la marmotte : Pour parler de laisser aller naturellement.\n\nParachuter un gothique : Une expression plus absurde.\n\nExpressions pour sortir des toilettes :\n\nJ\'ai déposé un ours brun au pôle Nord (si l\'on a chier dans l\'urinoir).\n\nJ\'ai puni la porcelaine.\n\nJ\'ai largué les parachutistes.\n\nJ\'ai fini de démouler mon cake.\n\nCes expressions sont souvent utilisées pour ajouter une touche d\'humour à une situation naturelle mais parfois délicate.', 0, '', 'Expressions pour désigner les toilettes :\n\nLe trône : Une référence royale pour les WC.\n\nLes cabinets : Un terme classique avec une touche d\'élégance.\n\nLe petit coin : Une expression familière et discrète.\n\nLes commodités : Un terme plus formel mais toujours humoristique.\n\nExpressions pour annoncer un départ aux toilettes :\n\nJe vais faire pipi (familier) ou pisser un coup (très familier).\n\nJe vais aux chiottes (très familier).\n\nJe vais au petit coin.\n\nExpressions humoristiques pour décrire l\'activité :\n\nDémouler un cake : Pour parler de faire caca.\n\nCouler un bronze : Une métaphore artistique pour la même chose.\n\nPoser une pêche : Une expression imagée.\n\nBaigner le crocodile : Une autre métaphore amusante.\n\nLibérer la marmotte : Pour parler de laisser aller naturellement.\n\nParachuter un gothique : Une expression plus absurde.\n\nExpressions pour sortir des toilettes :\n\nJ\'ai déposé un ours brun au pôle Nord (si l\'on a chier dans l\'urinoir).\n\nJ\'ai puni la porcelaine.\n\nJ\'ai largué les parachutistes.\n\nJ\'ai fini de démouler mon cake.\n\nCes expressions sont souvent utilisées pour ajouter une touche d\'humour à une situation naturelle mais parfois délicate.', 1741694314, 0, '{\"actionbuttons\":{\"send\":\"Envoyer\"},\"placeholders\":{\"send\":\"\\u00c9crire un message\"},\"notificationiconurl\":\"https:\\/\\/bia-facile.fr\\/theme\\/image.php\\/boost_magnific\\/core\\/1741066408\\/u\\/f1\",\"courseid\":1}'),
(121, 26, 24, NULL, '?', 0, '', '?', 1741694413, 0, '{\"actionbuttons\":{\"send\":\"Envoyer\"},\"placeholders\":{\"send\":\"\\u00c9crire un message\"},\"notificationiconurl\":\"https:\\/\\/bia-facile.fr\\/pluginfile.php\\/432\\/user\\/icon\\/boost_magnific\\/f1?rev=9022\",\"courseid\":1}'),
(122, 26, 24, NULL, 'tu a toujour pas repondu', 0, '', 'tu a toujour pas repondu', 1741694427, 0, '{\"actionbuttons\":{\"send\":\"Envoyer\"},\"placeholders\":{\"send\":\"\\u00c9crire un message\"},\"notificationiconurl\":\"https:\\/\\/bia-facile.fr\\/pluginfile.php\\/432\\/user\\/icon\\/boost_magnific\\/f1?rev=9022\",\"courseid\":1}'),
(123, 26, 24, NULL, '?', 0, '', '?', 1741694431, 0, '{\"actionbuttons\":{\"send\":\"Envoyer\"},\"placeholders\":{\"send\":\"\\u00c9crire un message\"},\"notificationiconurl\":\"https:\\/\\/bia-facile.fr\\/pluginfile.php\\/432\\/user\\/icon\\/boost_magnific\\/f1?rev=9022\",\"courseid\":1}'),
(124, 26, 24, NULL, '☠️', 0, '', '☠️', 1741694448, 0, '{\"actionbuttons\":{\"send\":\"Envoyer\"},\"placeholders\":{\"send\":\"\\u00c9crire un message\"},\"notificationiconurl\":\"https:\\/\\/bia-facile.fr\\/pluginfile.php\\/432\\/user\\/icon\\/boost_magnific\\/f1?rev=9022\",\"courseid\":1}'),
(125, 28, 19, NULL, 'Voici quelques blagues légères sur le thème des cacas, toujours dans un esprit humoristique et respectueux :\n\nPourquoi le caca est-il triste ?\nParce qu\'il est toujours déçu de quitter son chez-lui !\n\nQuel est le métier de rêve pour un caca ?\nÊtre un artiste de la scène : il peut faire un grand spectacle en tombant !\n\nPourquoi les cacas aiment-ils les WC ?\nParce que c\'est le seul endroit où ils sont vraiment appréciés !\n\nQu\'est-ce qu\'un caca qui fait du yoga ?\nUn caca flexible !\n\nPourquoi les cacas ne peuvent-ils pas jouer au foot ?\nParce qu\'ils sont toujours en train de glisser !\n\nQuel est le super-héros préféré des cacas ?\nLe Flash, parce qu\'il peut disparaître en un éclair !\n\nPourquoi les cacas aiment-ils les livres de cuisine ?\nParce qu\'ils adorent les recettes de \"recyclage\" !\n\nQu\'est-ce qu\'un caca qui va chez le psy ?\nUn caca qui a des problèmes de digestion émotionnelle !\n\nPourquoi les cacas ne peuvent-ils pas être des bons amis ?\nParce qu\'ils sont toujours en train de partir sans prévenir !\n\nQuel est le sport préféré des cacas ?\nLe ski, parce qu\'ils aiment glisser sur la pente !', 0, '', 'Voici quelques blagues légères sur le thème des cacas, toujours dans un esprit humoristique et respectueux :\n\nPourquoi le caca est-il triste ?\nParce qu\'il est toujours déçu de quitter son chez-lui !\n\nQuel est le métier de rêve pour un caca ?\nÊtre un artiste de la scène : il peut faire un grand spectacle en tombant !\n\nPourquoi les cacas aiment-ils les WC ?\nParce que c\'est le seul endroit où ils sont vraiment appréciés !\n\nQu\'est-ce qu\'un caca qui fait du yoga ?\nUn caca flexible !\n\nPourquoi les cacas ne peuvent-ils pas jouer au foot ?\nParce qu\'ils sont toujours en train de glisser !\n\nQuel est le super-héros préféré des cacas ?\nLe Flash, parce qu\'il peut disparaître en un éclair !\n\nPourquoi les cacas aiment-ils les livres de cuisine ?\nParce qu\'ils adorent les recettes de \"recyclage\" !\n\nQu\'est-ce qu\'un caca qui va chez le psy ?\nUn caca qui a des problèmes de digestion émotionnelle !\n\nPourquoi les cacas ne peuvent-ils pas être des bons amis ?\nParce qu\'ils sont toujours en train de partir sans prévenir !\n\nQuel est le sport préféré des cacas ?\nLe ski, parce qu\'ils aiment glisser sur la pente !', 1741694537, 0, '{\"actionbuttons\":{\"send\":\"Envoyer\"},\"placeholders\":{\"send\":\"\\u00c9crire un message\"},\"notificationiconurl\":\"https:\\/\\/bia-facile.fr\\/theme\\/image.php\\/boost_magnific\\/core\\/1741066408\\/u\\/f1\",\"courseid\":1}'),
(126, 23, 24, NULL, 'c\'est qui ?', 0, '', 'c\'est qui ?', 1741694554, 0, '{\"actionbuttons\":{\"send\":\"Envoyer\"},\"placeholders\":{\"send\":\"\\u00c9crire un message\"},\"notificationiconurl\":\"https:\\/\\/bia-facile.fr\\/theme\\/image.php\\/boost_magnific\\/core\\/1741066408\\/u\\/f1\",\"courseid\":1}'),
(127, 21, 27, NULL, 'arrete avec ta photo de profil', 0, '', 'arrete avec ta photo de profil', 1741694572, 0, '{\"actionbuttons\":{\"send\":\"Envoyer\"},\"placeholders\":{\"send\":\"\\u00c9crire un message\"},\"notificationiconurl\":\"https:\\/\\/bia-facile.fr\\/theme\\/image.php\\/boost_magnific\\/core\\/1741066408\\/u\\/f1\",\"courseid\":1}'),
(128, 23, 24, NULL, 'je m\'en fout totalement de tess et toi c\'est elle qui fait que de venir chez moi . Je suis surs quelqun d\'autre TU PARLES DE CA ?', 0, '', 'je m\'en fout totalement de tess et toi c\'est elle qui fait que de venir chez moi . Je suis surs quelqun d\'autre TU PARLES DE CA ?', 1741694594, 0, '{\"actionbuttons\":{\"send\":\"Envoyer\"},\"placeholders\":{\"send\":\"\\u00c9crire un message\"},\"notificationiconurl\":\"https:\\/\\/bia-facile.fr\\/theme\\/image.php\\/boost_magnific\\/core\\/1741066408\\/u\\/f1\",\"courseid\":1}'),
(129, 21, 27, NULL, 'salut!!!!!!!!!!!!!!!!!!!!!!!!!!!!!!!!!!!!!!!!!!!!!!!!!!!!!!!!!!!!!!!!!!!!!!!!!!!!!!!!!!!!!!!!!!!!!!!!!!!!!!!!!!!!!!!!!!!!!!!!!!!!!!!!!!!!!!!!!!!!!!!!!!!!!!!!!!!!!!!!!!!!!!!!!!!!!!!!!!!!!!!!!!!!!!!!!!!!!!!!!!!!!!!!!!!!!!!!!!!!!!!!!!!!!!!!!!!!!!!!!!!!!!!!!!!!!!!!!!!!!!!!!!!!!!!!!!!!!!!!!!!!!!!!', 0, '', 'salut!!!!!!!!!!!!!!!!!!!!!!!!!!!!!!!!!!!!!!!!!!!!!!!!!!!!!!!!!!!!!!!!!!!!!!!!!!!!!!!!!!!!!!!!!!!!!!!!!!!!!!!!!!!!!!!!!!!!!!!!!!!!!!!!!!!!!!!!!!!!!!!!!!!!!!!!!!!!!!!!!!!!!!!!!!!!!!!!!!!!!!!!!!!!!!!!!!!!!!!!!!!!!!!!!!!!!!!!!!!!!!!!!!!!!!!!!!!!!!!!!!!!!!!!!!!!!!!!!!!!!!!!!!!!!!!!!!!!!!!!!!!!!!!!', 1741694622, 0, '{\"actionbuttons\":{\"send\":\"Envoyer\"},\"placeholders\":{\"send\":\"\\u00c9crire un message\"},\"notificationiconurl\":\"https:\\/\\/bia-facile.fr\\/theme\\/image.php\\/boost_magnific\\/core\\/1741066408\\/u\\/f1\",\"courseid\":1}'),
(130, 27, 27, NULL, 'abuuuuuuuuuuuuuuuuuuuuuuuuuuuuuuuuuuuuuuuuuuuuuuuuuuuuuuuuuuuuuuuuuuuuuuuuuuuuuuuuuuuuse nooooooooooooooooooooooon', 0, '', 'abuuuuuuuuuuuuuuuuuuuuuuuuuuuuuuuuuuuuuuuuuuuuuuuuuuuuuuuuuuuuuuuuuuuuuuuuuuuuuuuuuuuuse nooooooooooooooooooooooon', 1741694645, 0, '{\"actionbuttons\":{\"send\":\"Envoyer\"},\"placeholders\":{\"send\":\"\\u00c9crire un message\"},\"notificationiconurl\":\"https:\\/\\/bia-facile.fr\\/pluginfile.php\\/433\\/user\\/icon\\/boost_magnific\\/f1?rev=9046\",\"courseid\":1}'),
(131, 21, 27, NULL, 'tananannanaananannananananananananaannaanannananananananna tana', 0, '', 'tananannanaananannananananananananaannaanannananananananna tana', 1741694654, 0, '{\"actionbuttons\":{\"send\":\"Envoyer\"},\"placeholders\":{\"send\":\"\\u00c9crire un message\"},\"notificationiconurl\":\"https:\\/\\/bia-facile.fr\\/theme\\/image.php\\/boost_magnific\\/core\\/1741066408\\/u\\/f1\",\"courseid\":1}'),
(132, 26, 24, NULL, 'oui', 0, '', 'oui', 1741694658, 0, '{\"actionbuttons\":{\"send\":\"Envoyer\"},\"placeholders\":{\"send\":\"\\u00c9crire un message\"},\"notificationiconurl\":\"https:\\/\\/bia-facile.fr\\/pluginfile.php\\/432\\/user\\/icon\\/boost_magnific\\/f1?rev=9022\",\"courseid\":1}'),
(133, 23, 24, NULL, 'du coup ?', 0, '', 'du coup ?', 1741694672, 0, '{\"actionbuttons\":{\"send\":\"Envoyer\"},\"placeholders\":{\"send\":\"\\u00c9crire un message\"},\"notificationiconurl\":\"https:\\/\\/bia-facile.fr\\/theme\\/image.php\\/boost_magnific\\/core\\/1741066408\\/u\\/f1\",\"courseid\":1}'),
(134, 26, 24, NULL, 'bah oui', 0, '', 'bah oui', 1741694705, 0, '{\"actionbuttons\":{\"send\":\"Envoyer\"},\"placeholders\":{\"send\":\"\\u00c9crire un message\"},\"notificationiconurl\":\"https:\\/\\/bia-facile.fr\\/pluginfile.php\\/432\\/user\\/icon\\/boost_magnific\\/f1?rev=9022\",\"courseid\":1}'),
(135, 23, 24, NULL, 'DU COUP QUOI ?', 0, '', 'DU COUP QUOI ?', 1741694770, 0, '{\"actionbuttons\":{\"send\":\"Envoyer\"},\"placeholders\":{\"send\":\"\\u00c9crire un message\"},\"notificationiconurl\":\"https:\\/\\/bia-facile.fr\\/theme\\/image.php\\/boost_magnific\\/core\\/1741066408\\/u\\/f1\",\"courseid\":1}'),
(136, 26, 24, NULL, '?', 0, '', '?', 1741694778, 0, '{\"actionbuttons\":{\"send\":\"Envoyer\"},\"placeholders\":{\"send\":\"\\u00c9crire un message\"},\"notificationiconurl\":\"https:\\/\\/bia-facile.fr\\/pluginfile.php\\/432\\/user\\/icon\\/boost_magnific\\/f1?rev=9022\",\"courseid\":1}'),
(137, 26, 24, NULL, 'du coup tu repond ou pas', 0, '', 'du coup tu repond ou pas', 1741694820, 0, '{\"actionbuttons\":{\"send\":\"Envoyer\"},\"placeholders\":{\"send\":\"\\u00c9crire un message\"},\"notificationiconurl\":\"https:\\/\\/bia-facile.fr\\/pluginfile.php\\/432\\/user\\/icon\\/boost_magnific\\/f1?rev=9022\",\"courseid\":1}'),
(138, 23, 24, NULL, 'jsp', 0, '', 'jsp', 1741694966, 0, '{\"actionbuttons\":{\"send\":\"Envoyer\"},\"placeholders\":{\"send\":\"\\u00c9crire un message\"},\"notificationiconurl\":\"https:\\/\\/bia-facile.fr\\/theme\\/image.php\\/boost_magnific\\/core\\/1741066408\\/u\\/f1\",\"courseid\":1}'),
(139, 23, 24, NULL, 'c\'est quoi la question?', 0, '', 'c\'est quoi la question?', 1741694977, 0, '{\"actionbuttons\":{\"send\":\"Envoyer\"},\"placeholders\":{\"send\":\"\\u00c9crire un message\"},\"notificationiconurl\":\"https:\\/\\/bia-facile.fr\\/theme\\/image.php\\/boost_magnific\\/core\\/1741066408\\/u\\/f1\",\"courseid\":1}'),
(140, 27, 25, NULL, 'c\'est la fete', 0, '', 'c\'est la fete', 1741695049, 0, '{\"actionbuttons\":{\"send\":\"Envoyer\"},\"placeholders\":{\"send\":\"\\u00c9crire un message\"},\"notificationiconurl\":\"https:\\/\\/bia-facile.fr\\/pluginfile.php\\/433\\/user\\/icon\\/boost_magnific\\/f1?rev=9046\",\"courseid\":1}'),
(141, 26, 24, NULL, 'reflechit', 0, '', 'reflechit', 1741695155, 0, '{\"actionbuttons\":{\"send\":\"Envoyer\"},\"placeholders\":{\"send\":\"\\u00c9crire un message\"},\"notificationiconurl\":\"https:\\/\\/bia-facile.fr\\/pluginfile.php\\/432\\/user\\/icon\\/boost_magnific\\/f1?rev=9022\",\"courseid\":1}'),
(142, 23, 24, NULL, 'aze', 0, '', 'aze', 1741695191, 0, '{\"actionbuttons\":{\"send\":\"Envoyer\"},\"placeholders\":{\"send\":\"\\u00c9crire un message\"},\"notificationiconurl\":\"https:\\/\\/bia-facile.fr\\/theme\\/image.php\\/boost_magnific\\/core\\/1741066408\\/u\\/f1\",\"courseid\":1}'),
(143, 23, 24, NULL, '👼', 0, '', '👼', 1741695217, 0, '{\"actionbuttons\":{\"send\":\"Envoyer\"},\"placeholders\":{\"send\":\"\\u00c9crire un message\"},\"notificationiconurl\":\"https:\\/\\/bia-facile.fr\\/theme\\/image.php\\/boost_magnific\\/core\\/1741066408\\/u\\/f1\",\"courseid\":1}'),
(144, 28, 21, NULL, 'Pourquoi le caca est-il triste ?\nParce qu\'il est toujours déçu de quitter son chez-lui !\n\nQuel est le métier de rêve pour un caca ?\nÊtre un artiste de la scène : il peut faire un grand spectacle en tombant !\n\nPourquoi les cacas aiment-ils les WC ?\nParce que c\'est le seul endroit où ils sont vraiment appréciés !\n\nQu\'est-ce qu\'un caca qui fait du yoga ?\nUn caca flexible !\n\nPourquoi les cacas ne peuvent-ils pas jouer au foot ?\nParce qu\'ils sont toujours en train de glisser !\n\nQuel est le super-héros préféré des cacas ?\nLe Flash, parce qu\'il peut disparaître en un éclair !\n\nPourquoi les cacas aiment-ils les livres de cuisine ?\nParce qu\'ils adorent les recettes de \"recyclage\" !\n\nQu\'est-ce qu\'un caca qui va chez le psy ?\nUn caca qui a des problèmes de digestion émotionnelle !\n\nPourquoi les cacas ne peuvent-ils pas être des bons amis ?\nParce qu\'ils sont toujours en train de partir sans prévenir !\n\nQuel est le sport préféré des cacas ?\nLe ski, parce qu\'ils aiment glisser sur la pente !', 0, '', 'Pourquoi le caca est-il triste ?\nParce qu\'il est toujours déçu de quitter son chez-lui !\n\nQuel est le métier de rêve pour un caca ?\nÊtre un artiste de la scène : il peut faire un grand spectacle en tombant !\n\nPourquoi les cacas aiment-ils les WC ?\nParce que c\'est le seul endroit où ils sont vraiment appréciés !\n\nQu\'est-ce qu\'un caca qui fait du yoga ?\nUn caca flexible !\n\nPourquoi les cacas ne peuvent-ils pas jouer au foot ?\nParce qu\'ils sont toujours en train de glisser !\n\nQuel est le super-héros préféré des cacas ?\nLe Flash, parce qu\'il peut disparaître en un éclair !\n\nPourquoi les cacas aiment-ils les livres de cuisine ?\nParce qu\'ils adorent les recettes de \"recyclage\" !\n\nQu\'est-ce qu\'un caca qui va chez le psy ?\nUn caca qui a des problèmes de digestion émotionnelle !\n\nPourquoi les cacas ne peuvent-ils pas être des bons amis ?\nParce qu\'ils sont toujours en train de partir sans prévenir !\n\nQuel est le sport préféré des cacas ?\nLe ski, parce qu\'ils aiment glisser sur la pente !', 1741695237, 0, '{\"actionbuttons\":{\"send\":\"Envoyer\"},\"placeholders\":{\"send\":\"\\u00c9crire un message\"},\"notificationiconurl\":\"https:\\/\\/bia-facile.fr\\/theme\\/image.php\\/boost_magnific\\/core\\/1741066408\\/u\\/f1\",\"courseid\":1}'),
(145, 23, 24, NULL, 'Les pilotes anglais ont remporté la Bataille d’Angleterre contre les pilotes allemands grâce:', 0, '', 'Les pilotes anglais ont remporté la Bataille d’Angleterre contre les pilotes allemands grâce:', 1741695267, 0, '{\"actionbuttons\":{\"send\":\"Envoyer\"},\"placeholders\":{\"send\":\"\\u00c9crire un message\"},\"notificationiconurl\":\"https:\\/\\/bia-facile.fr\\/theme\\/image.php\\/boost_magnific\\/core\\/1741066408\\/u\\/f1\",\"courseid\":1}'),
(146, 23, 24, NULL, 'Les pilotes anglais ont remporté la Bataille d’Angleterre contre les pilotes allemands grâce:', 0, '', 'Les pilotes anglais ont remporté la Bataille d’Angleterre contre les pilotes allemands grâce:', 1741695272, 0, '{\"actionbuttons\":{\"send\":\"Envoyer\"},\"placeholders\":{\"send\":\"\\u00c9crire un message\"},\"notificationiconurl\":\"https:\\/\\/bia-facile.fr\\/theme\\/image.php\\/boost_magnific\\/core\\/1741066408\\/u\\/f1\",\"courseid\":1}'),
(147, 23, 24, NULL, 'Les pilotes anglais ont remporté la Bataille d’Angleterre contre les pilotes allemands grâce:*', 0, '', 'Les pilotes anglais ont remporté la Bataille d’Angleterre contre les pilotes allemands grâce:*', 1741695273, 0, '{\"actionbuttons\":{\"send\":\"Envoyer\"},\"placeholders\":{\"send\":\"\\u00c9crire un message\"},\"notificationiconurl\":\"https:\\/\\/bia-facile.fr\\/theme\\/image.php\\/boost_magnific\\/core\\/1741066408\\/u\\/f1\",\"courseid\":1}'),
(148, 23, 24, NULL, 'Les pilotes anglais ont remporté la Bataille d’Angleterre contre les pilotes allemands grâce:Les pilotes anglais ont remporté la Bataille d’Angleterre contre les pilotes allemands grâce:', 0, '', 'Les pilotes anglais ont remporté la Bataille d’Angleterre contre les pilotes allemands grâce:Les pilotes anglais ont remporté la Bataille d’Angleterre contre les pilotes allemands grâce:', 1741695277, 0, '{\"actionbuttons\":{\"send\":\"Envoyer\"},\"placeholders\":{\"send\":\"\\u00c9crire un message\"},\"notificationiconurl\":\"https:\\/\\/bia-facile.fr\\/theme\\/image.php\\/boost_magnific\\/core\\/1741066408\\/u\\/f1\",\"courseid\":1}'),
(149, 23, 24, NULL, 'Les pilotes anglais ont remporté la Bataille d’Angleterre contre les pilotes allemands grâce:', 0, '', 'Les pilotes anglais ont remporté la Bataille d’Angleterre contre les pilotes allemands grâce:', 1741695279, 0, '{\"actionbuttons\":{\"send\":\"Envoyer\"},\"placeholders\":{\"send\":\"\\u00c9crire un message\"},\"notificationiconurl\":\"https:\\/\\/bia-facile.fr\\/theme\\/image.php\\/boost_magnific\\/core\\/1741066408\\/u\\/f1\",\"courseid\":1}'),
(150, 28, 17, NULL, 'Pourquoi le caca est-il triste ?\nParce qu\'il est toujours déçu de quitter son chez-lui !\n\nQuel est le métier de rêve pour un caca ?\nÊtre un artiste de la scène : il peut faire un grand spectacle en tombant !\n\nPourquoi les cacas aiment-ils les WC ?\nParce que c\'est le seul endroit où ils sont vraiment appréciés !\n\nQu\'est-ce qu\'un caca qui fait du yoga ?\nUn caca flexible !\n\nPourquoi les cacas ne peuvent-ils pas jouer au foot ?\nParce qu\'ils sont toujours en train de glisser !\n\nQuel est le super-héros préféré des cacas ?\nLe Flash, parce qu\'il peut disparaître en un éclair !\n\nPourquoi les cacas aiment-ils les livres de cuisine ?\nParce qu\'ils adorent les recettes de \"recyclage\" !\n\nQu\'est-ce qu\'un caca qui va chez le psy ?\nUn caca qui a des problèmes de digestion émotionnelle !\n\nPourquoi les cacas ne peuvent-ils pas être des bons amis ?\nParce qu\'ils sont toujours en train de partir sans prévenir !\n\nQuel est le sport préféré des cacas ?\nLe ski, parce qu\'ils aiment glisser sur la pente !', 0, '', 'Pourquoi le caca est-il triste ?\nParce qu\'il est toujours déçu de quitter son chez-lui !\n\nQuel est le métier de rêve pour un caca ?\nÊtre un artiste de la scène : il peut faire un grand spectacle en tombant !\n\nPourquoi les cacas aiment-ils les WC ?\nParce que c\'est le seul endroit où ils sont vraiment appréciés !\n\nQu\'est-ce qu\'un caca qui fait du yoga ?\nUn caca flexible !\n\nPourquoi les cacas ne peuvent-ils pas jouer au foot ?\nParce qu\'ils sont toujours en train de glisser !\n\nQuel est le super-héros préféré des cacas ?\nLe Flash, parce qu\'il peut disparaître en un éclair !\n\nPourquoi les cacas aiment-ils les livres de cuisine ?\nParce qu\'ils adorent les recettes de \"recyclage\" !\n\nQu\'est-ce qu\'un caca qui va chez le psy ?\nUn caca qui a des problèmes de digestion émotionnelle !\n\nPourquoi les cacas ne peuvent-ils pas être des bons amis ?\nParce qu\'ils sont toujours en train de partir sans prévenir !\n\nQuel est le sport préféré des cacas ?\nLe ski, parce qu\'ils aiment glisser sur la pente !', 1741695360, 0, '{\"actionbuttons\":{\"send\":\"Envoyer\"},\"placeholders\":{\"send\":\"\\u00c9crire un message\"},\"notificationiconurl\":\"https:\\/\\/bia-facile.fr\\/theme\\/image.php\\/boost_magnific\\/core\\/1741066408\\/u\\/f1\",\"courseid\":1}'),
(151, 27, 22, NULL, '99999999965', 0, '', '99999999965', 1741695426, 0, '{\"actionbuttons\":{\"send\":\"Envoyer\"},\"placeholders\":{\"send\":\"\\u00c9crire un message\"},\"courseid\":1}'),
(152, 27, 25, NULL, 'alors cz avance ???', 0, '', 'alors cz avance ???', 1742228562, 0, '{\"actionbuttons\":{\"send\":\"Envoyer\"},\"placeholders\":{\"send\":\"\\u00c9crire un message\"},\"notificationiconurl\":\"https:\\/\\/bia-facile.fr\\/pluginfile.php\\/433\\/user\\/icon\\/boost_magnific\\/f1?rev=9046\",\"courseid\":1}'),
(153, 28, 28, 'Nouveau message de Raphaël TREMBLIER', 'fais pas chier', 0, '', 'fais pas chier', 1742297966, 0, '{\"notificationiconurl\":\"https:\\/\\/bia-facile.fr\\/theme\\/image.php\\/boost_magnific\\/core\\/1741066408\\/u\\/f1\",\"actionbuttons\":{\"send\":\"Envoyer\"},\"placeholders\":{\"send\":\"\\u00c9crire un message\"},\"courseid\":1}'),
(154, 28, 28, NULL, 'Pourquoi le poisson est-il allé au docteur ?\nParce qu\'il avait un peu faim.\n\nQu\'est-ce qu\'un pneu qui fait du yoga ?\nUn pneu qui se détend.\n\nPourquoi l\'ordinateur est-il allé au gymnase ?\nPour faire des exercices.\n\nQu\'est-ce qu\'un nuage qui fait du théâtre ?\nUn nuage qui joue un rôle.\n\nPourquoi le chien a-t-il acheté un aspirateur ?\nPour nettoyer son lit.', 0, '', 'Pourquoi le poisson est-il allé au docteur ?\nParce qu\'il avait un peu faim.\n\nQu\'est-ce qu\'un pneu qui fait du yoga ?\nUn pneu qui se détend.\n\nPourquoi l\'ordinateur est-il allé au gymnase ?\nPour faire des exercices.\n\nQu\'est-ce qu\'un nuage qui fait du théâtre ?\nUn nuage qui joue un rôle.\n\nPourquoi le chien a-t-il acheté un aspirateur ?\nPour nettoyer son lit.', 1742298002, 0, '{\"actionbuttons\":{\"send\":\"Envoyer\"},\"placeholders\":{\"send\":\"\\u00c9crire un message\"},\"notificationiconurl\":\"https:\\/\\/bia-facile.fr\\/theme\\/image.php\\/boost_magnific\\/core\\/1741066408\\/u\\/f1\",\"courseid\":1}'),
(155, 28, 28, NULL, 'Pourquoi le poisson est-il allé au docteur ?\nParce qu\'il avait un peu faim.\n\nQu\'est-ce qu\'un pneu qui fait du yoga ?\nUn pneu qui se détend.\n\nPourquoi l\'ordinateur est-il allé au gymnase ?\nPour faire des exercices.\n\nQu\'est-ce qu\'un nuage qui fait du théâtre ?\nUn nuage qui joue un rôle.\n\nPourquoi le chien a-t-il acheté un aspirateur ?\nPour nettoyer son lit.\n\nQu\'est-ce qu\'un livre qui fait du jogging ?\nUn livre qui court.\n\nPourquoi le chat est-il allé à la bibliothèque ?\nPour lire un livre.\n\nQu\'est-ce qu\'un crayon qui fait de la musique ?\nUn crayon qui joue de la musique.\n\nPourquoi le cheval est-il allé au cinéma ?\nPour voir un film.\n\nQu\'est-ce qu\'un ballon qui fait du foot ?\nUn ballon qui joue au foot.\n\nPourquoi le téléphone est-il allé chez le coiffeur ?\nPour se faire couper les cheveux.\n\nQu\'est-ce qu\'un miroir qui fait du théâtre ?\nUn miroir qui joue un rôle.\n\nPourquoi le vélo est-il allé au parc ?\nPour se promener.\n\nQu\'est-ce qu\'un stylo qui fait de la peinture ?\nUn stylo qui peint.\n\nPourquoi le lit est-il allé chez le médecin ?\nPour se faire soigner.\n\nQu\'est-ce qu\'un ventilateur qui fait du sport ?\nUn ventilateur qui fait du sport.\n\nPourquoi le réfrigérateur est-il allé à la plage ?\nPour se détendre.\n\nQu\'est-ce qu\'un ordinateur qui fait de la cuisine ?\nUn ordinateur qui cuisine.\n\nPourquoi le chapeau est-il allé au musée ?\nPour visiter une exposition.\n\nQu\'est-ce qu\'un sac qui fait du shopping ?\nUn sac qui achète des choses.\n\nPourquoi le fauteuil est-il allé au concert ?\nPour écouter de la musique.\n\nQu\'est-ce qu\'un éclairage qui fait du théâtre ?\nUn éclairage qui joue un rôle.\n\nPourquoi la chaise est-elle allée chez le dentiste ?\nPour se faire soigner les dents.\n\nQu\'est-ce qu\'un tableau qui fait de la musique ?\nUn tableau qui joue de la musique.\n\nPourquoi le tapis est-il allé chez le décorateur ?\nPour se faire décorer.', 0, '', 'Pourquoi le poisson est-il allé au docteur ?\nParce qu\'il avait un peu faim.\n\nQu\'est-ce qu\'un pneu qui fait du yoga ?\nUn pneu qui se détend.\n\nPourquoi l\'ordinateur est-il allé au gymnase ?\nPour faire des exercices.\n\nQu\'est-ce qu\'un nuage qui fait du théâtre ?\nUn nuage qui joue un rôle.\n\nPourquoi le chien a-t-il acheté un aspirateur ?\nPour nettoyer son lit.\n\nQu\'est-ce qu\'un livre qui fait du jogging ?\nUn livre qui court.\n\nPourquoi le chat est-il allé à la bibliothèque ?\nPour lire un livre.\n\nQu\'est-ce qu\'un crayon qui fait de la musique ?\nUn crayon qui joue de la musique.\n\nPourquoi le cheval est-il allé au cinéma ?\nPour voir un film.\n\nQu\'est-ce qu\'un ballon qui fait du foot ?\nUn ballon qui joue au foot.\n\nPourquoi le téléphone est-il allé chez le coiffeur ?\nPour se faire couper les cheveux.\n\nQu\'est-ce qu\'un miroir qui fait du théâtre ?\nUn miroir qui joue un rôle.\n\nPourquoi le vélo est-il allé au parc ?\nPour se promener.\n\nQu\'est-ce qu\'un stylo qui fait de la peinture ?\nUn stylo qui peint.\n\nPourquoi le lit est-il allé chez le médecin ?\nPour se faire soigner.\n\nQu\'est-ce qu\'un ventilateur qui fait du sport ?\nUn ventilateur qui fait du sport.\n\nPourquoi le réfrigérateur est-il allé à la plage ?\nPour se détendre.\n\nQu\'est-ce qu\'un ordinateur qui fait de la cuisine ?\nUn ordinateur qui cuisine.\n\nPourquoi le chapeau est-il allé au musée ?\nPour visiter une exposition.\n\nQu\'est-ce qu\'un sac qui fait du shopping ?\nUn sac qui achète des choses.\n\nPourquoi le fauteuil est-il allé au concert ?\nPour écouter de la musique.\n\nQu\'est-ce qu\'un éclairage qui fait du théâtre ?\nUn éclairage qui joue un rôle.\n\nPourquoi la chaise est-elle allée chez le dentiste ?\nPour se faire soigner les dents.\n\nQu\'est-ce qu\'un tableau qui fait de la musique ?\nUn tableau qui joue de la musique.\n\nPourquoi le tapis est-il allé chez le décorateur ?\nPour se faire décorer.', 1742298138, 0, '{\"actionbuttons\":{\"send\":\"Envoyer\"},\"placeholders\":{\"send\":\"\\u00c9crire un message\"},\"notificationiconurl\":\"https:\\/\\/bia-facile.fr\\/theme\\/image.php\\/boost_magnific\\/core\\/1741066408\\/u\\/f1\",\"courseid\":1}'),
(156, 28, 21, NULL, 'Pourquoi le poisson est-il allé au docteur ?\nParce qu\'il avait un peu faim.\n\nQu\'est-ce qu\'un pneu qui fait du yoga ?\nUn pneu qui se détend.\n\nPourquoi l\'ordinateur est-il allé au gymnase ?\nPour faire des exercices.\n\nQu\'est-ce qu\'un nuage qui fait du théâtre ?\nUn nuage qui joue un rôle.\n\nPourquoi le chien a-t-il acheté un aspirateur ?\nPour nettoyer son lit.\n\nQu\'est-ce qu\'un livre qui fait du jogging ?\nUn livre qui court.\n\nPourquoi le chat est-il allé à la bibliothèque ?\nPour lire un livre.\n\nQu\'est-ce qu\'un crayon qui fait de la musique ?\nUn crayon qui joue de la musique.\n\nPourquoi le cheval est-il allé au cinéma ?\nPour voir un film.\n\nQu\'est-ce qu\'un ballon qui fait du foot ?\nUn ballon qui joue au foot.\n\nPourquoi le téléphone est-il allé chez le coiffeur ?\nPour se faire couper les cheveux.\n\nQu\'est-ce qu\'un miroir qui fait du théâtre ?\nUn miroir qui joue un rôle.\n\nPourquoi le vélo est-il allé au parc ?\nPour se promener.\n\nQu\'est-ce qu\'un stylo qui fait de la peinture ?\nUn stylo qui peint.\n\nPourquoi le lit est-il allé chez le médecin ?\nPour se faire soigner.\n\nQu\'est-ce qu\'un ventilateur qui fait du sport ?\nUn ventilateur qui fait du sport.\n\nPourquoi le réfrigérateur est-il allé à la plage ?\nPour se détendre.\n\nQu\'est-ce qu\'un ordinateur qui fait de la cuisine ?\nUn ordinateur qui cuisine.\n\nPourquoi le chapeau est-il allé au musée ?\nPour visiter une exposition.\n\nQu\'est-ce qu\'un sac qui fait du shopping ?\nUn sac qui achète des choses.\n\nPourquoi le fauteuil est-il allé au concert ?\nPour écouter de la musique.\n\nQu\'est-ce qu\'un éclairage qui fait du théâtre ?\nUn éclairage qui joue un rôle.\n\nPourquoi la chaise est-elle allée chez le dentiste ?\nPour se faire soigner les dents.\n\nQu\'est-ce qu\'un tableau qui fait de la musique ?\nUn tableau qui joue de la musique.\n\nPourquoi le tapis est-il allé chez le décorateur ?\nPour se faire décorer.', 0, '', 'Pourquoi le poisson est-il allé au docteur ?\nParce qu\'il avait un peu faim.\n\nQu\'est-ce qu\'un pneu qui fait du yoga ?\nUn pneu qui se détend.\n\nPourquoi l\'ordinateur est-il allé au gymnase ?\nPour faire des exercices.\n\nQu\'est-ce qu\'un nuage qui fait du théâtre ?\nUn nuage qui joue un rôle.\n\nPourquoi le chien a-t-il acheté un aspirateur ?\nPour nettoyer son lit.\n\nQu\'est-ce qu\'un livre qui fait du jogging ?\nUn livre qui court.\n\nPourquoi le chat est-il allé à la bibliothèque ?\nPour lire un livre.\n\nQu\'est-ce qu\'un crayon qui fait de la musique ?\nUn crayon qui joue de la musique.\n\nPourquoi le cheval est-il allé au cinéma ?\nPour voir un film.\n\nQu\'est-ce qu\'un ballon qui fait du foot ?\nUn ballon qui joue au foot.\n\nPourquoi le téléphone est-il allé chez le coiffeur ?\nPour se faire couper les cheveux.\n\nQu\'est-ce qu\'un miroir qui fait du théâtre ?\nUn miroir qui joue un rôle.\n\nPourquoi le vélo est-il allé au parc ?\nPour se promener.\n\nQu\'est-ce qu\'un stylo qui fait de la peinture ?\nUn stylo qui peint.\n\nPourquoi le lit est-il allé chez le médecin ?\nPour se faire soigner.\n\nQu\'est-ce qu\'un ventilateur qui fait du sport ?\nUn ventilateur qui fait du sport.\n\nPourquoi le réfrigérateur est-il allé à la plage ?\nPour se détendre.\n\nQu\'est-ce qu\'un ordinateur qui fait de la cuisine ?\nUn ordinateur qui cuisine.\n\nPourquoi le chapeau est-il allé au musée ?\nPour visiter une exposition.\n\nQu\'est-ce qu\'un sac qui fait du shopping ?\nUn sac qui achète des choses.\n\nPourquoi le fauteuil est-il allé au concert ?\nPour écouter de la musique.\n\nQu\'est-ce qu\'un éclairage qui fait du théâtre ?\nUn éclairage qui joue un rôle.\n\nPourquoi la chaise est-elle allée chez le dentiste ?\nPour se faire soigner les dents.\n\nQu\'est-ce qu\'un tableau qui fait de la musique ?\nUn tableau qui joue de la musique.\n\nPourquoi le tapis est-il allé chez le décorateur ?\nPour se faire décorer.', 1742298147, 0, '{\"actionbuttons\":{\"send\":\"Envoyer\"},\"placeholders\":{\"send\":\"\\u00c9crire un message\"},\"notificationiconurl\":\"https:\\/\\/bia-facile.fr\\/theme\\/image.php\\/boost_magnific\\/core\\/1741066408\\/u\\/f1\",\"courseid\":1}'),
(157, 28, 18, NULL, 'Pourquoi le poisson est-il allé au docteur ?\nParce qu\'il avait un peu faim.\n\nQu\'est-ce qu\'un pneu qui fait du yoga ?\nUn pneu qui se détend.\n\nPourquoi l\'ordinateur est-il allé au gymnase ?\nPour faire des exercices.\n\nQu\'est-ce qu\'un nuage qui fait du théâtre ?\nUn nuage qui joue un rôle.\n\nPourquoi le chien a-t-il acheté un aspirateur ?\nPour nettoyer son lit.\n\nQu\'est-ce qu\'un livre qui fait du jogging ?\nUn livre qui court.\n\nPourquoi le chat est-il allé à la bibliothèque ?\nPour lire un livre.\n\nQu\'est-ce qu\'un crayon qui fait de la musique ?\nUn crayon qui joue de la musique.\n\nPourquoi le cheval est-il allé au cinéma ?\nPour voir un film.\n\nQu\'est-ce qu\'un ballon qui fait du foot ?\nUn ballon qui joue au foot.\n\nPourquoi le téléphone est-il allé chez le coiffeur ?\nPour se faire couper les cheveux.\n\nQu\'est-ce qu\'un miroir qui fait du théâtre ?\nUn miroir qui joue un rôle.\n\nPourquoi le vélo est-il allé au parc ?\nPour se promener.\n\nQu\'est-ce qu\'un stylo qui fait de la peinture ?\nUn stylo qui peint.\n\nPourquoi le lit est-il allé chez le médecin ?\nPour se faire soigner.\n\nQu\'est-ce qu\'un ventilateur qui fait du sport ?\nUn ventilateur qui fait du sport.\n\nPourquoi le réfrigérateur est-il allé à la plage ?\nPour se détendre.\n\nQu\'est-ce qu\'un ordinateur qui fait de la cuisine ?\nUn ordinateur qui cuisine.\n\nPourquoi le chapeau est-il allé au musée ?\nPour visiter une exposition.\n\nQu\'est-ce qu\'un sac qui fait du shopping ?\nUn sac qui achète des choses.\n\nPourquoi le fauteuil est-il allé au concert ?\nPour écouter de la musique.\n\nQu\'est-ce qu\'un éclairage qui fait du théâtre ?\nUn éclairage qui joue un rôle.\n\nPourquoi la chaise est-elle allée chez le dentiste ?\nPour se faire soigner les dents.\n\nQu\'est-ce qu\'un tableau qui fait de la musique ?\nUn tableau qui joue de la musique.\n\nPourquoi le tapis est-il allé chez le décorateur ?\nPour se faire décorer.', 0, '', 'Pourquoi le poisson est-il allé au docteur ?\nParce qu\'il avait un peu faim.\n\nQu\'est-ce qu\'un pneu qui fait du yoga ?\nUn pneu qui se détend.\n\nPourquoi l\'ordinateur est-il allé au gymnase ?\nPour faire des exercices.\n\nQu\'est-ce qu\'un nuage qui fait du théâtre ?\nUn nuage qui joue un rôle.\n\nPourquoi le chien a-t-il acheté un aspirateur ?\nPour nettoyer son lit.\n\nQu\'est-ce qu\'un livre qui fait du jogging ?\nUn livre qui court.\n\nPourquoi le chat est-il allé à la bibliothèque ?\nPour lire un livre.\n\nQu\'est-ce qu\'un crayon qui fait de la musique ?\nUn crayon qui joue de la musique.\n\nPourquoi le cheval est-il allé au cinéma ?\nPour voir un film.\n\nQu\'est-ce qu\'un ballon qui fait du foot ?\nUn ballon qui joue au foot.\n\nPourquoi le téléphone est-il allé chez le coiffeur ?\nPour se faire couper les cheveux.\n\nQu\'est-ce qu\'un miroir qui fait du théâtre ?\nUn miroir qui joue un rôle.\n\nPourquoi le vélo est-il allé au parc ?\nPour se promener.\n\nQu\'est-ce qu\'un stylo qui fait de la peinture ?\nUn stylo qui peint.\n\nPourquoi le lit est-il allé chez le médecin ?\nPour se faire soigner.\n\nQu\'est-ce qu\'un ventilateur qui fait du sport ?\nUn ventilateur qui fait du sport.\n\nPourquoi le réfrigérateur est-il allé à la plage ?\nPour se détendre.\n\nQu\'est-ce qu\'un ordinateur qui fait de la cuisine ?\nUn ordinateur qui cuisine.\n\nPourquoi le chapeau est-il allé au musée ?\nPour visiter une exposition.\n\nQu\'est-ce qu\'un sac qui fait du shopping ?\nUn sac qui achète des choses.\n\nPourquoi le fauteuil est-il allé au concert ?\nPour écouter de la musique.\n\nQu\'est-ce qu\'un éclairage qui fait du théâtre ?\nUn éclairage qui joue un rôle.\n\nPourquoi la chaise est-elle allée chez le dentiste ?\nPour se faire soigner les dents.\n\nQu\'est-ce qu\'un tableau qui fait de la musique ?\nUn tableau qui joue de la musique.\n\nPourquoi le tapis est-il allé chez le décorateur ?\nPour se faire décorer.', 1742298181, 0, '{\"actionbuttons\":{\"send\":\"Envoyer\"},\"placeholders\":{\"send\":\"\\u00c9crire un message\"},\"notificationiconurl\":\"https:\\/\\/bia-facile.fr\\/theme\\/image.php\\/boost_magnific\\/core\\/1741066408\\/u\\/f1\",\"courseid\":1}');
INSERT INTO `mdl_messages` (`id`, `useridfrom`, `conversationid`, `subject`, `fullmessage`, `fullmessageformat`, `fullmessagehtml`, `smallmessage`, `timecreated`, `fullmessagetrust`, `customdata`) VALUES
(158, 27, 28, NULL, 'ourquoi le poisson est-il allé au docteur ?\nParce qu\'il avait un peu faim.\n\nQu\'est-ce qu\'un pneu qui fait du yoga ?\nUn pneu qui se détend.\n\nPourquoi l\'ordinateur est-il allé au gymnase ?\nPour faire des exercices.\n\nQu\'est-ce qu\'un nuage qui fait du théâtre ?\nUn nuage qui joue un rôle.\n\nPourquoi le chien a-t-il acheté un aspirateur ?\nPour nettoyer son lit.\n\nRaphaël TREMBLIER\nRaphaël TREMBLIER\n12:42\nPourquoi le poisson est-il allé au docteur ?\nParce qu\'il avait un peu faim.\n\nQu\'est-ce qu\'un pneu qui fait du yoga ?\nUn pneu qui se détend.\n\nPourquoi l\'ordinateur est-il allé au gymnase ?\nPour faire des exercices.\n\nQu\'est-ce qu\'un nuage qui fait du théâtre ?\nUn nuage qui joue un rôle.\n\nPourquoi le chien a-t-il acheté un aspirateur ?\nPour nettoyer son lit.\n\nQu\'est-ce qu\'un livre qui fait du jogging ?\nUn livre qui court.\n\nPourquoi le chat est-il allé à la bibliothèque ?\nPour lire un livre.\n\nQu\'est-ce qu\'un crayon qui fait de la musique ?\nUn crayon qui joue de la musique.\n\nPourquoi le cheval est-il allé au cinéma ?\nPour voir un film.\n\nQu\'est-ce qu\'un ballon qui fait du foot ?\nUn ballon qui joue au foot.\n\nPourquoi le téléphone est-il allé chez le coiffeur ?\nPour se faire couper les cheveux.\n\nQu\'est-ce qu\'un miroir qui fait du théâtre ?\nUn miroir qui joue un rôle.\n\nPourquoi le vélo est-il allé au parc ?\nPour se promener.\n\nQu\'est-ce qu\'un stylo qui fait de la peinture ?\nUn stylo qui peint.\n\nPourquoi le lit est-il allé chez le médecin ?\nPour se faire soigner.\n\nQu\'est-ce qu\'un ventilateur qui fait du sport ?\nUn ventilateur qui fait du sport.\n\nPourquoi le réfrigérateur est-il allé à la plage ?\nPour se détendre.\n\nQu\'est-ce qu\'un ordinateur qui fait de la cuisine ?\nUn ordinateur qui cuisine.\n\nPourquoi le chapeau est-il allé au musée ?\nPour visiter une exposition.\n\nQu\'est-ce qu\'un sac qui fait du shopping ?\nUn sac qui achète des choses.\n\nPourquoi le fauteuil est-il allé au concert ?\nPour écouter de la musique.\n\nQu\'est-ce qu\'un éclairage qui fait du théâtre ?\nUn éclairage qui joue un rôle.\n\nPourquoi la chaise est-elle allée chez le dentiste ?\nPour se faire soigner les dents.\n\nQu\'est-ce qu\'un tableau qui fait de la musique ?\nUn tableau qui joue de la musique.\n\nPourquoi le tapis est-il allé chez le décorateur ?\nPour se faire décorer.', 0, '', 'ourquoi le poisson est-il allé au docteur ?\nParce qu\'il avait un peu faim.\n\nQu\'est-ce qu\'un pneu qui fait du yoga ?\nUn pneu qui se détend.\n\nPourquoi l\'ordinateur est-il allé au gymnase ?\nPour faire des exercices.\n\nQu\'est-ce qu\'un nuage qui fait du théâtre ?\nUn nuage qui joue un rôle.\n\nPourquoi le chien a-t-il acheté un aspirateur ?\nPour nettoyer son lit.\n\nRaphaël TREMBLIER\nRaphaël TREMBLIER\n12:42\nPourquoi le poisson est-il allé au docteur ?\nParce qu\'il avait un peu faim.\n\nQu\'est-ce qu\'un pneu qui fait du yoga ?\nUn pneu qui se détend.\n\nPourquoi l\'ordinateur est-il allé au gymnase ?\nPour faire des exercices.\n\nQu\'est-ce qu\'un nuage qui fait du théâtre ?\nUn nuage qui joue un rôle.\n\nPourquoi le chien a-t-il acheté un aspirateur ?\nPour nettoyer son lit.\n\nQu\'est-ce qu\'un livre qui fait du jogging ?\nUn livre qui court.\n\nPourquoi le chat est-il allé à la bibliothèque ?\nPour lire un livre.\n\nQu\'est-ce qu\'un crayon qui fait de la musique ?\nUn crayon qui joue de la musique.\n\nPourquoi le cheval est-il allé au cinéma ?\nPour voir un film.\n\nQu\'est-ce qu\'un ballon qui fait du foot ?\nUn ballon qui joue au foot.\n\nPourquoi le téléphone est-il allé chez le coiffeur ?\nPour se faire couper les cheveux.\n\nQu\'est-ce qu\'un miroir qui fait du théâtre ?\nUn miroir qui joue un rôle.\n\nPourquoi le vélo est-il allé au parc ?\nPour se promener.\n\nQu\'est-ce qu\'un stylo qui fait de la peinture ?\nUn stylo qui peint.\n\nPourquoi le lit est-il allé chez le médecin ?\nPour se faire soigner.\n\nQu\'est-ce qu\'un ventilateur qui fait du sport ?\nUn ventilateur qui fait du sport.\n\nPourquoi le réfrigérateur est-il allé à la plage ?\nPour se détendre.\n\nQu\'est-ce qu\'un ordinateur qui fait de la cuisine ?\nUn ordinateur qui cuisine.\n\nPourquoi le chapeau est-il allé au musée ?\nPour visiter une exposition.\n\nQu\'est-ce qu\'un sac qui fait du shopping ?\nUn sac qui achète des choses.\n\nPourquoi le fauteuil est-il allé au concert ?\nPour écouter de la musique.\n\nQu\'est-ce qu\'un éclairage qui fait du théâtre ?\nUn éclairage qui joue un rôle.\n\nPourquoi la chaise est-elle allée chez le dentiste ?\nPour se faire soigner les dents.\n\nQu\'est-ce qu\'un tableau qui fait de la musique ?\nUn tableau qui joue de la musique.\n\nPourquoi le tapis est-il allé chez le décorateur ?\nPour se faire décorer.', 1742298182, 0, '{\"actionbuttons\":{\"send\":\"Envoyer\"},\"placeholders\":{\"send\":\"\\u00c9crire un message\"},\"notificationiconurl\":\"https:\\/\\/bia-facile.fr\\/pluginfile.php\\/433\\/user\\/icon\\/boost_magnific\\/f1?rev=9046\",\"courseid\":1}'),
(159, 28, 18, NULL, 'Pourquoi le caca est-il allé chez le psy ?\nParce qu\'il avait des problèmes de digestion.\n\nQu\'est-ce qu\'un caca qui fait du sport ?\nUn caca qui se déplace vite.\n\nPourquoi le chien a-t-il acheté un sac à merde ?\nPour ramasser ses propres crottes.\n\nQu\'est-ce qu\'un caca qui fait de la musique ?\nUn caca qui joue de la trompette (mais personne ne veut l\'écouter).\n\nPourquoi le caca est-il allé au concert ?\nPour entendre des chansons sur les excréments.', 0, '', 'Pourquoi le caca est-il allé chez le psy ?\nParce qu\'il avait des problèmes de digestion.\n\nQu\'est-ce qu\'un caca qui fait du sport ?\nUn caca qui se déplace vite.\n\nPourquoi le chien a-t-il acheté un sac à merde ?\nPour ramasser ses propres crottes.\n\nQu\'est-ce qu\'un caca qui fait de la musique ?\nUn caca qui joue de la trompette (mais personne ne veut l\'écouter).\n\nPourquoi le caca est-il allé au concert ?\nPour entendre des chansons sur les excréments.', 1742298319, 0, '{\"actionbuttons\":{\"send\":\"Envoyer\"},\"placeholders\":{\"send\":\"\\u00c9crire un message\"},\"notificationiconurl\":\"https:\\/\\/bia-facile.fr\\/theme\\/image.php\\/boost_magnific\\/core\\/1741066408\\/u\\/f1\",\"courseid\":1}'),
(160, 28, 18, NULL, 'Couler un bronze : Une expression imagée et populaire pour dire qu\'on va aux toilettes.\n\nPoser une pêche : Une autre expression courante, souvent utilisée de manière humoristique.\n\nAller sur le trône : Une façon de désigner les toilettes avec un peu d\'humour.\n\nBaigner le crocodile : Une expression plus absurde, où le crocodile représente la crotte.\n\nLibérer la marmotte : Une métaphore amusante pour décrire l\'action.\n\nParachuter un gothique : Une expression bizarre et humoristique.\n\nDémouler un cake : Une image drôle pour décrire l\'action de faire caca.\n\nLabourer les chiottes : Une métaphore agricole pour aller aux toilettes.\n\nFaire un moulage : Une expression qui peut être utilisée avec humour.\n\nLâcher les amarres : Une image nautique pour parler de lâcher prise', 0, '', 'Couler un bronze : Une expression imagée et populaire pour dire qu\'on va aux toilettes.\n\nPoser une pêche : Une autre expression courante, souvent utilisée de manière humoristique.\n\nAller sur le trône : Une façon de désigner les toilettes avec un peu d\'humour.\n\nBaigner le crocodile : Une expression plus absurde, où le crocodile représente la crotte.\n\nLibérer la marmotte : Une métaphore amusante pour décrire l\'action.\n\nParachuter un gothique : Une expression bizarre et humoristique.\n\nDémouler un cake : Une image drôle pour décrire l\'action de faire caca.\n\nLabourer les chiottes : Une métaphore agricole pour aller aux toilettes.\n\nFaire un moulage : Une expression qui peut être utilisée avec humour.\n\nLâcher les amarres : Une image nautique pour parler de lâcher prise', 1742298342, 0, '{\"actionbuttons\":{\"send\":\"Envoyer\"},\"placeholders\":{\"send\":\"\\u00c9crire un message\"},\"notificationiconurl\":\"https:\\/\\/bia-facile.fr\\/theme\\/image.php\\/boost_magnific\\/core\\/1741066408\\/u\\/f1\",\"courseid\":1}'),
(161, 28, 21, NULL, 'Couler un bronze : Une expression imagée et populaire pour dire qu\'on va aux toilettes.\n\nPoser une pêche : Une autre expression courante, souvent utilisée de manière humoristique.\n\nAller sur le trône : Une façon de désigner les toilettes avec un peu d\'humour.\n\nBaigner le crocodile : Une expression plus absurde, où le crocodile représente la crotte.\n\nLibérer la marmotte : Une métaphore amusante pour décrire l\'action.\n\nParachuter un gothique : Une expression bizarre et humoristique.\n\nDémouler un cake : Une image drôle pour décrire l\'action de faire caca.\n\nLabourer les chiottes : Une métaphore agricole pour aller aux toilettes.\n\nFaire un moulage : Une expression qui peut être utilisée avec humour.\n\nLâcher les amarres : Une image nautique pour parler de lâcher prise', 0, '', 'Couler un bronze : Une expression imagée et populaire pour dire qu\'on va aux toilettes.\n\nPoser une pêche : Une autre expression courante, souvent utilisée de manière humoristique.\n\nAller sur le trône : Une façon de désigner les toilettes avec un peu d\'humour.\n\nBaigner le crocodile : Une expression plus absurde, où le crocodile représente la crotte.\n\nLibérer la marmotte : Une métaphore amusante pour décrire l\'action.\n\nParachuter un gothique : Une expression bizarre et humoristique.\n\nDémouler un cake : Une image drôle pour décrire l\'action de faire caca.\n\nLabourer les chiottes : Une métaphore agricole pour aller aux toilettes.\n\nFaire un moulage : Une expression qui peut être utilisée avec humour.\n\nLâcher les amarres : Une image nautique pour parler de lâcher prise', 1742298348, 0, '{\"actionbuttons\":{\"send\":\"Envoyer\"},\"placeholders\":{\"send\":\"\\u00c9crire un message\"},\"notificationiconurl\":\"https:\\/\\/bia-facile.fr\\/theme\\/image.php\\/boost_magnific\\/core\\/1741066408\\/u\\/f1\",\"courseid\":1}'),
(162, 28, 17, NULL, 'Couler un bronze : Une expression imagée et populaire pour dire qu\'on va aux toilettes.\n\nPoser une pêche : Une autre expression courante, souvent utilisée de manière humoristique.\n\nAller sur le trône : Une façon de désigner les toilettes avec un peu d\'humour.\n\nBaigner le crocodile : Une expression plus absurde, où le crocodile représente la crotte.\n\nLibérer la marmotte : Une métaphore amusante pour décrire l\'action.\n\nParachuter un gothique : Une expression bizarre et humoristique.\n\nDémouler un cake : Une image drôle pour décrire l\'action de faire caca.\n\nLabourer les chiottes : Une métaphore agricole pour aller aux toilettes.\n\nFaire un moulage : Une expression qui peut être utilisée avec humour.\n\nLâcher les amarres : Une image nautique pour parler de lâcher prise.', 0, '', 'Couler un bronze : Une expression imagée et populaire pour dire qu\'on va aux toilettes.\n\nPoser une pêche : Une autre expression courante, souvent utilisée de manière humoristique.\n\nAller sur le trône : Une façon de désigner les toilettes avec un peu d\'humour.\n\nBaigner le crocodile : Une expression plus absurde, où le crocodile représente la crotte.\n\nLibérer la marmotte : Une métaphore amusante pour décrire l\'action.\n\nParachuter un gothique : Une expression bizarre et humoristique.\n\nDémouler un cake : Une image drôle pour décrire l\'action de faire caca.\n\nLabourer les chiottes : Une métaphore agricole pour aller aux toilettes.\n\nFaire un moulage : Une expression qui peut être utilisée avec humour.\n\nLâcher les amarres : Une image nautique pour parler de lâcher prise.', 1742298711, 0, '{\"actionbuttons\":{\"send\":\"Envoyer\"},\"placeholders\":{\"send\":\"\\u00c9crire un message\"},\"notificationiconurl\":\"https:\\/\\/bia-facile.fr\\/theme\\/image.php\\/boost_magnific\\/core\\/1741066408\\/u\\/f1\",\"courseid\":1}'),
(163, 28, 19, NULL, 'Couler un bronze : Une expression imagée et populaire pour dire qu\'on va aux toilettes.\n\nPoser une pêche : Une autre expression courante, souvent utilisée de manière humoristique.\n\nAller sur le trône : Une façon de désigner les toilettes avec un peu d\'humour.\n\nBaigner le crocodile : Une expression plus absurde, où le crocodile représente la crotte.\n\nLibérer la marmotte : Une métaphore amusante pour décrire l\'action.\n\nParachuter un gothique : Une expression bizarre et humoristique.\n\nDémouler un cake : Une image drôle pour décrire l\'action de faire caca.\n\nLabourer les chiottes : Une métaphore agricole pour aller aux toilettes.\n\nFaire un moulage : Une expression qui peut être utilisée avec humour.\n\nLâcher les amarres : Une image nautique pour parler de lâcher prise.', 0, '', 'Couler un bronze : Une expression imagée et populaire pour dire qu\'on va aux toilettes.\n\nPoser une pêche : Une autre expression courante, souvent utilisée de manière humoristique.\n\nAller sur le trône : Une façon de désigner les toilettes avec un peu d\'humour.\n\nBaigner le crocodile : Une expression plus absurde, où le crocodile représente la crotte.\n\nLibérer la marmotte : Une métaphore amusante pour décrire l\'action.\n\nParachuter un gothique : Une expression bizarre et humoristique.\n\nDémouler un cake : Une image drôle pour décrire l\'action de faire caca.\n\nLabourer les chiottes : Une métaphore agricole pour aller aux toilettes.\n\nFaire un moulage : Une expression qui peut être utilisée avec humour.\n\nLâcher les amarres : Une image nautique pour parler de lâcher prise.', 1742298717, 0, '{\"actionbuttons\":{\"send\":\"Envoyer\"},\"placeholders\":{\"send\":\"\\u00c9crire un message\"},\"notificationiconurl\":\"https:\\/\\/bia-facile.fr\\/theme\\/image.php\\/boost_magnific\\/core\\/1741066408\\/u\\/f1\",\"courseid\":1}'),
(164, 23, 19, NULL, 'cc', 0, '', 'cc', 1742298881, 0, '{\"actionbuttons\":{\"send\":\"Envoyer\"},\"placeholders\":{\"send\":\"\\u00c9crire un message\"},\"notificationiconurl\":\"https:\\/\\/bia-facile.fr\\/theme\\/image.php\\/boost_magnific\\/core\\/1741066408\\/u\\/f1\",\"courseid\":1}'),
(165, 21, 29, 'Nouveau message de Nathan GAILLARD', 'Tu veux que je fasse quoi', 0, '', 'Tu veux que je fasse quoi', 1742299581, 0, '{\"notificationiconurl\":\"https:\\/\\/bia-facile.fr\\/theme\\/image.php\\/boost_magnific\\/core\\/1741066408\\/u\\/f1\",\"actionbuttons\":{\"send\":\"Envoyer\"},\"placeholders\":{\"send\":\"\\u00c9crire un message\"},\"courseid\":1}'),
(166, 21, 29, NULL, 'répond!!!', 0, '', 'répond!!!', 1742299651, 0, '{\"actionbuttons\":{\"send\":\"Envoyer\"},\"placeholders\":{\"send\":\"\\u00c9crire un message\"},\"notificationiconurl\":\"https:\\/\\/bia-facile.fr\\/theme\\/image.php\\/boost_magnific\\/core\\/1741066408\\/u\\/f1\",\"courseid\":1}');

-- --------------------------------------------------------

--
-- Structure de la table `mdl_message_airnotifier_devices`
--

CREATE TABLE `mdl_message_airnotifier_devices` (
  `id` bigint NOT NULL,
  `userdeviceid` bigint NOT NULL,
  `enable` tinyint(1) NOT NULL DEFAULT '1'
) ENGINE=InnoDB DEFAULT CHARSET=utf8mb4 COLLATE=utf8mb4_0900_ai_ci COMMENT='Store information about the devices registered in Airnotifie' ROW_FORMAT=COMPRESSED;

--
-- Déchargement des données de la table `mdl_message_airnotifier_devices`
--

INSERT INTO `mdl_message_airnotifier_devices` (`id`, `userdeviceid`, `enable`) VALUES
(1, 1, 1),
(2, 2, 1),
(3, 3, 1),
(4, 4, 1),
(5, 5, 1);

-- --------------------------------------------------------

--
-- Structure de la table `mdl_message_contacts`
--

CREATE TABLE `mdl_message_contacts` (
  `id` bigint NOT NULL,
  `userid` bigint NOT NULL,
  `contactid` bigint NOT NULL,
  `timecreated` bigint DEFAULT NULL
) ENGINE=InnoDB DEFAULT CHARSET=utf8mb4 COLLATE=utf8mb4_0900_ai_ci COMMENT='Maintains lists of contacts between users' ROW_FORMAT=COMPRESSED;

--
-- Déchargement des données de la table `mdl_message_contacts`
--

INSERT INTO `mdl_message_contacts` (`id`, `userid`, `contactid`, `timecreated`) VALUES
(1, 28, 24, 1741089319),
(2, 26, 28, 1741693004),
(3, 26, 25, 1741693182),
(5, 26, 23, 1741695148),
(6, 26, 27, 1742228535),
(7, 27, 28, 1742297953),
(8, 28, 25, 1742298461),
(9, 26, 21, 1742299563);

-- --------------------------------------------------------

--
-- Structure de la table `mdl_message_contact_requests`
--

CREATE TABLE `mdl_message_contact_requests` (
  `id` bigint NOT NULL,
  `userid` bigint NOT NULL,
  `requesteduserid` bigint NOT NULL,
  `timecreated` bigint NOT NULL
) ENGINE=InnoDB DEFAULT CHARSET=utf8mb4 COLLATE=utf8mb4_0900_ai_ci COMMENT='Maintains list of contact requests between users' ROW_FORMAT=COMPRESSED;

-- --------------------------------------------------------

--
-- Structure de la table `mdl_message_conversations`
--

CREATE TABLE `mdl_message_conversations` (
  `id` bigint NOT NULL,
  `type` bigint NOT NULL DEFAULT '1',
  `name` varchar(255) CHARACTER SET utf8mb4 COLLATE utf8mb4_0900_ai_ci DEFAULT NULL,
  `convhash` varchar(40) CHARACTER SET utf8mb4 COLLATE utf8mb4_0900_ai_ci DEFAULT NULL,
  `component` varchar(100) CHARACTER SET utf8mb4 COLLATE utf8mb4_0900_ai_ci DEFAULT NULL,
  `itemtype` varchar(100) CHARACTER SET utf8mb4 COLLATE utf8mb4_0900_ai_ci DEFAULT NULL,
  `itemid` bigint DEFAULT NULL,
  `contextid` bigint DEFAULT NULL,
  `enabled` tinyint(1) NOT NULL DEFAULT '0',
  `timecreated` bigint NOT NULL,
  `timemodified` bigint DEFAULT NULL
) ENGINE=InnoDB DEFAULT CHARSET=utf8mb4 COLLATE=utf8mb4_0900_ai_ci COMMENT='Stores all message conversations' ROW_FORMAT=COMPRESSED;

--
-- Déchargement des données de la table `mdl_message_conversations`
--

INSERT INTO `mdl_message_conversations` (`id`, `type`, `name`, `convhash`, `component`, `itemtype`, `itemid`, `contextid`, `enabled`, `timecreated`, `timemodified`) VALUES
(1, 3, NULL, 'da4b9237bacccdf19c0760cab7aec4a8359010b0', NULL, NULL, NULL, NULL, 1, 1728146439, 1728146439),
(2, 3, NULL, '77de68daecd823babbb58edb1c8e14d7106e83bb', NULL, NULL, NULL, NULL, 1, 1730593526, 1730593526),
(3, 1, NULL, '287da0651bbe7af557b588ce0c9aeaa9a39487a6', NULL, NULL, NULL, NULL, 1, 1730809963, 1730809963),
(4, 1, NULL, '2f92f60a2bd2a3b2990e64d7288a99531d7491ee', NULL, NULL, NULL, NULL, 1, 1731067766, 1731067766),
(5, 3, NULL, 'c1dfd96eea8cc2b62785275bca38ac261256e278', NULL, NULL, NULL, NULL, 1, 1734592043, 1734592043),
(6, 1, NULL, '71d1c58c2a49c133825341887ed230da06146708', NULL, NULL, NULL, NULL, 1, 1734592056, 1734592056),
(7, 3, NULL, 'ac3478d69a3c81fa62e60f5c3696165a4e5e6ac4', NULL, NULL, NULL, NULL, 1, 1737583781, 1737583781),
(8, 3, NULL, 'bd307a3ec329e10a2cff8fb87480823da114f8f4', NULL, NULL, NULL, NULL, 1, 1740481210, 1740481210),
(9, 1, NULL, '7dac9352f0b7cb57bbb067c07867ef77cf7fda2a', NULL, NULL, NULL, NULL, 1, 1740481228, 1740481228),
(10, 3, NULL, '472b07b9fcf2c2451e8781e944bf5f77cd8457c8', NULL, NULL, NULL, NULL, 1, 1741066642, 1741066642),
(11, 3, NULL, 'd435a6cdd786300dff204ee7c2ef942d3e9034e2', NULL, NULL, NULL, NULL, 1, 1741088918, 1741088918),
(12, 3, NULL, '0a57cb53ba59c46fc4b692527a38a87c78d84028', NULL, NULL, NULL, NULL, 1, 1741088937, 1741088937),
(13, 1, NULL, '6c6baa979177a833d9667348128188c5e6c09f06', NULL, NULL, NULL, NULL, 1, 1741088943, 1741088943),
(14, 3, NULL, '4d134bc072212ace2df385dae143139da74ec0ef', NULL, NULL, NULL, NULL, 1, 1741088951, 1741088951),
(15, 3, NULL, 'f6e1126cedebf23e1463aee73f9df08783640400', NULL, NULL, NULL, NULL, 1, 1741088961, 1741088961),
(16, 1, NULL, '390ed8d84220c84fc07db1ae2d23e92900f462ab', NULL, NULL, NULL, NULL, 1, 1741088964, 1741088964),
(17, 1, NULL, 'cf7eb93681e1548514f7066e9d49639d7321e1f1', NULL, NULL, NULL, NULL, 1, 1741088980, 1741088980),
(18, 1, NULL, 'edb3bba7acc789545f59bd6fb5dac8a6506036b8', NULL, NULL, NULL, NULL, 1, 1741089021, 1741089021),
(19, 1, NULL, '8cc0ad51c3cfc6db2a20f85f1edd5485d8c50957', NULL, NULL, NULL, NULL, 1, 1741089508, 1741089508),
(20, 3, NULL, '887309d048beef83ad3eabf2a79a64a389ab1c9f', NULL, NULL, NULL, NULL, 1, 1741100895, 1741100895),
(21, 1, NULL, '608033945cfc6be85955e4f6d316c03bcd1371a0', NULL, NULL, NULL, NULL, 1, 1741100900, 1741100900),
(22, 3, NULL, 'bc33ea4e26e5e1af1408321416956113a4658763', NULL, NULL, NULL, NULL, 1, 1741540058, 1741540058),
(23, 1, NULL, 'b83dc4ef6851be79fa868a5fed167fb9761cbe8e', NULL, NULL, NULL, NULL, 1, 1741618521, 1741618521),
(24, 1, NULL, '871d0ce0d542418cec9e37dd6854d22315f8e35d', NULL, NULL, NULL, NULL, 1, 1741618558, 1741618558),
(25, 1, NULL, 'bc98895abf416b161bdfad9f3dec0ac0928e3f70', NULL, NULL, NULL, NULL, 1, 1741618597, 1741618597),
(26, 1, NULL, '5685fad5530c922c1d899eb108a8a25f3bbdfc01', NULL, NULL, NULL, NULL, 1, 1741618638, 1741618638),
(27, 1, NULL, '81154bac6d0915b7bd71aaac7f09558642e977a7', NULL, NULL, NULL, NULL, 1, 1741693396, 1741693396),
(28, 1, NULL, '017b8dea548c78e7ceca075bec4066e9b85279a9', NULL, NULL, NULL, NULL, 1, 1742297966, 1742297966),
(29, 1, NULL, 'f5e457762ac70a1eff8f16823a99778db0df8a22', NULL, NULL, NULL, NULL, 1, 1742299581, 1742299581);

-- --------------------------------------------------------

--
-- Structure de la table `mdl_message_conversation_actions`
--

CREATE TABLE `mdl_message_conversation_actions` (
  `id` bigint NOT NULL,
  `userid` bigint NOT NULL,
  `conversationid` bigint NOT NULL,
  `action` bigint NOT NULL,
  `timecreated` bigint NOT NULL
) ENGINE=InnoDB DEFAULT CHARSET=utf8mb4 COLLATE=utf8mb4_0900_ai_ci COMMENT='Stores all per-user actions on individual conversations' ROW_FORMAT=COMPRESSED;

--
-- Déchargement des données de la table `mdl_message_conversation_actions`
--

INSERT INTO `mdl_message_conversation_actions` (`id`, `userid`, `conversationid`, `action`, `timecreated`) VALUES
(1, 21, 27, 1, 1741695354);

-- --------------------------------------------------------

--
-- Structure de la table `mdl_message_conversation_members`
--

CREATE TABLE `mdl_message_conversation_members` (
  `id` bigint NOT NULL,
  `conversationid` bigint NOT NULL,
  `userid` bigint NOT NULL,
  `timecreated` bigint NOT NULL
) ENGINE=InnoDB DEFAULT CHARSET=utf8mb4 COLLATE=utf8mb4_0900_ai_ci COMMENT='Stores all members in a conversations' ROW_FORMAT=COMPRESSED;

--
-- Déchargement des données de la table `mdl_message_conversation_members`
--

INSERT INTO `mdl_message_conversation_members` (`id`, `conversationid`, `userid`, `timecreated`) VALUES
(1, 1, 2, 1728146439),
(2, 2, 3, 1730593526),
(3, 3, 3, 1730809963),
(4, 3, 2, 1730809963),
(5, 4, 3, 1731067766),
(6, 4, 5, 1731067766),
(7, 5, 6, 1734592043),
(8, 6, 6, 1734592056),
(9, 6, 3, 1734592056),
(10, 7, 5, 1737583782),
(11, 8, 13, 1740481210),
(12, 9, 13, 1740481228),
(13, 9, 5, 1740481228),
(14, 10, 21, 1741066642),
(15, 11, 23, 1741088918),
(16, 12, 28, 1741088937),
(17, 13, 23, 1741088943),
(18, 13, 24, 1741088943),
(19, 14, 24, 1741088951),
(20, 15, 25, 1741088961),
(21, 16, 25, 1741088964),
(22, 16, 23, 1741088964),
(23, 17, 28, 1741088980),
(24, 17, 24, 1741088980),
(25, 18, 25, 1741089021),
(26, 18, 28, 1741089021),
(27, 19, 23, 1741089508),
(28, 19, 28, 1741089508),
(29, 20, 26, 1741100895),
(30, 21, 26, 1741100900),
(31, 21, 28, 1741100900),
(32, 22, 27, 1741540058),
(33, 23, 26, 1741618521),
(34, 23, 25, 1741618521),
(35, 24, 26, 1741618558),
(36, 24, 23, 1741618558),
(37, 25, 26, 1741618597),
(38, 25, 27, 1741618597),
(39, 26, 26, 1741618638),
(40, 26, 24, 1741618638),
(41, 27, 21, 1741693396),
(42, 27, 27, 1741693396),
(43, 28, 28, 1742297966),
(44, 28, 27, 1742297966),
(45, 29, 21, 1742299581),
(46, 29, 26, 1742299581);

-- --------------------------------------------------------

--
-- Structure de la table `mdl_message_email_messages`
--

CREATE TABLE `mdl_message_email_messages` (
  `id` bigint NOT NULL,
  `useridto` bigint NOT NULL,
  `conversationid` bigint NOT NULL,
  `messageid` bigint NOT NULL
) ENGINE=InnoDB DEFAULT CHARSET=utf8mb4 COLLATE=utf8mb4_0900_ai_ci COMMENT='Keeps track of what emails to send in an email digest' ROW_FORMAT=COMPRESSED;

-- --------------------------------------------------------

--
-- Structure de la table `mdl_message_popup`
--

CREATE TABLE `mdl_message_popup` (
  `id` bigint NOT NULL,
  `messageid` bigint NOT NULL,
  `isread` tinyint(1) NOT NULL DEFAULT '0'
) ENGINE=InnoDB DEFAULT CHARSET=utf8mb4 COLLATE=utf8mb4_0900_ai_ci COMMENT='Keep state of notifications for the popup message processor' ROW_FORMAT=COMPRESSED;

-- --------------------------------------------------------

--
-- Structure de la table `mdl_message_popup_notifications`
--

CREATE TABLE `mdl_message_popup_notifications` (
  `id` bigint NOT NULL,
  `notificationid` bigint NOT NULL
) ENGINE=InnoDB DEFAULT CHARSET=utf8mb4 COLLATE=utf8mb4_0900_ai_ci COMMENT='List of notifications to display in the message output popup' ROW_FORMAT=COMPRESSED;

--
-- Déchargement des données de la table `mdl_message_popup_notifications`
--

INSERT INTO `mdl_message_popup_notifications` (`id`, `notificationid`) VALUES
(1, 1),
(2, 2),
(3, 3),
(4, 4),
(5, 5),
(6, 6),
(7, 7),
(8, 8),
(9, 9),
(10, 10),
(11, 11),
(12, 12),
(13, 13),
(14, 14),
(15, 15),
(16, 16),
(17, 17),
(18, 18),
(19, 19),
(20, 20),
(21, 21),
(22, 22),
(23, 23),
(24, 24),
(25, 25),
(26, 26),
(27, 27),
(28, 28),
(29, 29),
(30, 30),
(31, 31),
(32, 32),
(33, 33),
(34, 34),
(35, 35),
(36, 36),
(37, 37),
(38, 38),
(39, 39),
(40, 40),
(41, 41),
(42, 42),
(43, 43),
(44, 44),
(45, 45),
(46, 46),
(47, 47),
(48, 48),
(49, 49),
(50, 50),
(51, 51),
(52, 52),
(53, 53),
(54, 54),
(55, 55),
(56, 56),
(57, 57),
(58, 58),
(59, 59),
(60, 60),
(61, 61),
(62, 62),
(63, 63),
(64, 64),
(65, 65),
(66, 66),
(67, 67),
(68, 68),
(69, 69),
(70, 70),
(71, 71),
(72, 72),
(73, 73),
(74, 74),
(75, 75),
(76, 76),
(77, 77),
(78, 78),
(79, 79),
(80, 80),
(81, 81),
(82, 82),
(83, 83),
(84, 84),
(85, 85),
(86, 86),
(87, 87),
(88, 88),
(89, 89),
(90, 90),
(91, 91),
(92, 92),
(93, 93),
(94, 94),
(95, 95),
(96, 96),
(97, 97),
(98, 98),
(99, 99),
(100, 100),
(101, 101),
(102, 102),
(103, 103),
(104, 104),
(105, 105),
(106, 106),
(107, 107),
(108, 108),
(109, 109),
(110, 110),
(111, 111),
(112, 112),
(113, 113),
(114, 114),
(115, 115),
(116, 116),
(117, 117),
(118, 118),
(119, 119),
(120, 120),
(121, 121),
(122, 122),
(123, 123),
(124, 124),
(125, 125),
(126, 126),
(127, 127),
(128, 128),
(129, 129),
(130, 130),
(131, 131),
(132, 132),
(133, 133),
(134, 134),
(135, 135),
(136, 136),
(137, 137),
(138, 138),
(139, 139),
(140, 140),
(141, 141),
(142, 142),
(143, 143),
(144, 144),
(145, 145),
(146, 146),
(147, 147),
(148, 148),
(149, 149),
(150, 151),
(151, 152),
(152, 159),
(153, 160),
(154, 161);

-- --------------------------------------------------------

--
-- Structure de la table `mdl_message_processors`
--

CREATE TABLE `mdl_message_processors` (
  `id` bigint NOT NULL,
  `name` varchar(166) CHARACTER SET utf8mb4 COLLATE utf8mb4_0900_ai_ci NOT NULL DEFAULT '',
  `enabled` tinyint(1) NOT NULL DEFAULT '1'
) ENGINE=InnoDB DEFAULT CHARSET=utf8mb4 COLLATE=utf8mb4_0900_ai_ci COMMENT='List of message output plugins' ROW_FORMAT=COMPRESSED;

--
-- Déchargement des données de la table `mdl_message_processors`
--

INSERT INTO `mdl_message_processors` (`id`, `name`, `enabled`) VALUES
(1, 'airnotifier', 1),
(2, 'email', 1),
(3, 'popup', 1);

-- --------------------------------------------------------

--
-- Structure de la table `mdl_message_providers`
--

CREATE TABLE `mdl_message_providers` (
  `id` bigint NOT NULL,
  `name` varchar(100) CHARACTER SET utf8mb4 COLLATE utf8mb4_0900_ai_ci NOT NULL DEFAULT '',
  `component` varchar(200) CHARACTER SET utf8mb4 COLLATE utf8mb4_0900_ai_ci NOT NULL DEFAULT '',
  `capability` varchar(255) CHARACTER SET utf8mb4 COLLATE utf8mb4_0900_ai_ci DEFAULT NULL
) ENGINE=InnoDB DEFAULT CHARSET=utf8mb4 COLLATE=utf8mb4_0900_ai_ci COMMENT='This table stores the message providers (modules and core sy' ROW_FORMAT=COMPRESSED;

--
-- Déchargement des données de la table `mdl_message_providers`
--

INSERT INTO `mdl_message_providers` (`id`, `name`, `component`, `capability`) VALUES
(1, 'newlogin', 'moodle', NULL),
(2, 'notices', 'moodle', 'moodle/site:config'),
(3, 'errors', 'moodle', 'moodle/site:config'),
(4, 'availableupdate', 'moodle', 'moodle/site:config'),
(5, 'instantmessage', 'moodle', NULL),
(6, 'backup', 'moodle', 'moodle/site:config'),
(7, 'courserequested', 'moodle', 'moodle/site:approvecourse'),
(8, 'courserequestapproved', 'moodle', 'moodle/course:request'),
(9, 'courserequestrejected', 'moodle', 'moodle/course:request'),
(10, 'coursecompleted', 'moodle', NULL),
(11, 'coursecontentupdated', 'moodle', NULL),
(12, 'badgerecipientnotice', 'moodle', 'moodle/badges:earnbadge'),
(13, 'badgecreatornotice', 'moodle', NULL),
(14, 'competencyplancomment', 'moodle', NULL),
(15, 'competencyusercompcomment', 'moodle', NULL),
(16, 'insights', 'moodle', NULL),
(17, 'messagecontactrequests', 'moodle', NULL),
(18, 'asyncbackupnotification', 'moodle', NULL),
(19, 'gradenotifications', 'moodle', NULL),
(20, 'infected', 'moodle', 'moodle/site:config'),
(21, 'reportbuilderschedule', 'moodle', NULL),
(22, 'failedtaskmaxdelay', 'moodle', 'moodle/site:config'),
(23, 'enrolcoursewelcomemessage', 'moodle', NULL),
(24, 'assign_notification', 'mod_assign', NULL),
(25, 'recording_ready', 'mod_bigbluebuttonbn', NULL),
(26, 'instance_updated', 'mod_bigbluebuttonbn', NULL),
(27, 'submission', 'mod_feedback', NULL),
(28, 'message', 'mod_feedback', NULL),
(29, 'posts', 'mod_forum', NULL),
(30, 'digests', 'mod_forum', NULL),
(31, 'graded_essay', 'mod_lesson', NULL),
(32, 'submission', 'mod_quiz', 'mod/quiz:emailnotifysubmission'),
(33, 'confirmation', 'mod_quiz', 'mod/quiz:emailconfirmsubmission'),
(34, 'attempt_overdue', 'mod_quiz', 'mod/quiz:emailwarnoverdue'),
(35, 'attempt_grading_complete', 'mod_quiz', 'mod/quiz:emailnotifyattemptgraded'),
(36, 'flatfile_enrolment', 'enrol_flatfile', NULL),
(37, 'imsenterprise_enrolment', 'enrol_imsenterprise', NULL),
(38, 'expiry_notification', 'enrol_manual', NULL),
(39, 'paypal_enrolment', 'enrol_paypal', NULL),
(40, 'expiry_notification', 'enrol_self', NULL),
(41, 'contactdataprotectionofficer', 'tool_dataprivacy', 'tool/dataprivacy:managedatarequests'),
(42, 'datarequestprocessingresults', 'tool_dataprivacy', NULL),
(43, 'notifyexceptions', 'tool_dataprivacy', 'tool/dataprivacy:managedatarequests'),
(44, 'invalidrecipienthandler', 'tool_messageinbound', NULL),
(45, 'messageprocessingerror', 'tool_messageinbound', NULL),
(46, 'messageprocessingsuccess', 'tool_messageinbound', NULL),
(47, 'notification', 'tool_monitor', 'tool/monitor:subscribe'),
(48, 'dataform_notification', 'mod_dataform', NULL),
(49, 'assign_due_soon', 'mod_assign', NULL),
(50, 'assign_overdue', 'mod_assign', NULL),
(51, 'assign_due_digest', 'mod_assign', NULL),
(52, 'quiz_open_soon', 'mod_quiz', NULL),
(53, 'adminnotice', 'block_xp', 'moodle/site:config'),
(54, 'questionchanged', 'mod_studentquiz', 'mod/studentquiz:emailnotifyquestion'),
(55, 'commentadded', 'mod_studentquiz', 'mod/studentquiz:emailnotifycommentadded'),
(56, 'commentdeleted', 'mod_studentquiz', 'mod/studentquiz:emailnotifycommentdeleted'),
(57, 'deleteorphanedquestions', 'mod_studentquiz', 'mod/studentquiz:systemnotifytaskdeleteorphanedquestions'),
(58, 'minecommentdeleted', 'mod_studentquiz', 'mod/studentquiz:emailnotifycommentdeleted'),
(59, 'welcomemessage', 'enrol_xp', NULL),
(60, 'blockcompleted', 'block_completion_levels', NULL),
(61, 'intelliboard_notification', 'local_intelliboard', NULL),
(62, 'message', 'mod_questionnaire', NULL),
(63, 'notification', 'mod_questionnaire', NULL),
(64, 'invalidresponses', 'mod_threesixo', NULL);

-- --------------------------------------------------------

--
-- Structure de la table `mdl_message_read`
--

CREATE TABLE `mdl_message_read` (
  `id` bigint NOT NULL,
  `useridfrom` bigint NOT NULL DEFAULT '0',
  `useridto` bigint NOT NULL DEFAULT '0',
  `subject` longtext CHARACTER SET utf8mb4 COLLATE utf8mb4_0900_ai_ci,
  `fullmessage` longtext CHARACTER SET utf8mb4 COLLATE utf8mb4_0900_ai_ci,
  `fullmessageformat` smallint DEFAULT '0',
  `fullmessagehtml` longtext CHARACTER SET utf8mb4 COLLATE utf8mb4_0900_ai_ci,
  `smallmessage` longtext CHARACTER SET utf8mb4 COLLATE utf8mb4_0900_ai_ci,
  `notification` tinyint(1) DEFAULT '0',
  `contexturl` longtext CHARACTER SET utf8mb4 COLLATE utf8mb4_0900_ai_ci,
  `contexturlname` longtext CHARACTER SET utf8mb4 COLLATE utf8mb4_0900_ai_ci,
  `timecreated` bigint NOT NULL DEFAULT '0',
  `timeread` bigint NOT NULL DEFAULT '0',
  `timeuserfromdeleted` bigint NOT NULL DEFAULT '0',
  `timeusertodeleted` bigint NOT NULL DEFAULT '0',
  `component` varchar(100) CHARACTER SET utf8mb4 COLLATE utf8mb4_0900_ai_ci DEFAULT NULL,
  `eventtype` varchar(100) CHARACTER SET utf8mb4 COLLATE utf8mb4_0900_ai_ci DEFAULT NULL
) ENGINE=InnoDB DEFAULT CHARSET=utf8mb4 COLLATE=utf8mb4_0900_ai_ci COMMENT='Stores all messages that have been read' ROW_FORMAT=COMPRESSED;

-- --------------------------------------------------------

--
-- Structure de la table `mdl_message_users_blocked`
--

CREATE TABLE `mdl_message_users_blocked` (
  `id` bigint NOT NULL,
  `userid` bigint NOT NULL,
  `blockeduserid` bigint NOT NULL,
  `timecreated` bigint DEFAULT NULL
) ENGINE=InnoDB DEFAULT CHARSET=utf8mb4 COLLATE=utf8mb4_0900_ai_ci COMMENT='Maintains lists of blocked users' ROW_FORMAT=COMPRESSED;

-- --------------------------------------------------------

--
-- Structure de la table `mdl_message_user_actions`
--

CREATE TABLE `mdl_message_user_actions` (
  `id` bigint NOT NULL,
  `userid` bigint NOT NULL,
  `messageid` bigint NOT NULL,
  `action` bigint NOT NULL,
  `timecreated` bigint NOT NULL
) ENGINE=InnoDB DEFAULT CHARSET=utf8mb4 COLLATE=utf8mb4_0900_ai_ci COMMENT='Stores all per-user actions on individual messages' ROW_FORMAT=COMPRESSED;

--
-- Déchargement des données de la table `mdl_message_user_actions`
--

INSERT INTO `mdl_message_user_actions` (`id`, `userid`, `messageid`, `action`, `timecreated`) VALUES
(1, 2, 2, 1, 1730871358),
(2, 3, 3, 1, 1730920891),
(3, 2, 7, 1, 1734477427),
(4, 3, 8, 1, 1734505976),
(5, 2, 9, 1, 1734506083),
(6, 2, 10, 1, 1734506083),
(7, 3, 11, 1, 1734506103),
(8, 3, 14, 1, 1734551387),
(9, 3, 15, 1, 1734608330),
(10, 2, 16, 1, 1735554291),
(11, 3, 17, 1, 1735554428),
(12, 3, 18, 1, 1736460129),
(13, 5, 4, 1, 1737583784),
(14, 3, 19, 1, 1737584978),
(15, 5, 24, 1, 1740495458),
(16, 5, 25, 1, 1740495458),
(17, 5, 26, 1, 1740495458),
(18, 5, 27, 1, 1740495458),
(19, 13, 28, 1, 1740569487),
(20, 13, 29, 1, 1740569487),
(21, 24, 32, 1, 1741088952),
(22, 23, 33, 1, 1741088974),
(23, 25, 34, 1, 1741088996),
(24, 24, 35, 1, 1741089317),
(25, 28, 36, 1, 1741089332),
(26, 28, 38, 1, 1741089401),
(27, 24, 37, 1, 1741089442),
(28, 24, 41, 1, 1741089442),
(29, 28, 42, 2, 1741089447),
(30, 28, 40, 2, 1741089451),
(31, 23, 43, 1, 1741089451),
(32, 24, 45, 1, 1741089481),
(33, 25, 39, 1, 1741089503),
(34, 24, 40, 1, 1741089532),
(35, 24, 42, 1, 1741089532),
(36, 24, 44, 1, 1741089532),
(37, 23, 50, 1, 1741089583),
(38, 28, 47, 1, 1741090444),
(39, 28, 48, 1, 1741090444),
(40, 28, 49, 1, 1741090444),
(41, 28, 46, 1, 1741090461),
(42, 25, 52, 1, 1741090474),
(43, 24, 51, 1, 1741090651),
(44, 24, 57, 1, 1741090672),
(45, 23, 56, 1, 1741090672),
(46, 24, 58, 1, 1741090702),
(47, 24, 59, 1, 1741090713),
(48, 24, 60, 1, 1741090713),
(49, 23, 61, 1, 1741090733),
(50, 23, 62, 1, 1741090744),
(51, 24, 64, 1, 1741090764),
(52, 24, 65, 1, 1741090805),
(53, 23, 51, 2, 1741090830),
(54, 23, 57, 2, 1741090830),
(55, 23, 58, 2, 1741090830),
(56, 23, 59, 2, 1741090830),
(57, 23, 60, 2, 1741090830),
(58, 23, 61, 2, 1741090830),
(59, 23, 62, 2, 1741090830),
(60, 23, 64, 2, 1741090830),
(61, 23, 65, 2, 1741090830),
(62, 23, 32, 2, 1741090837),
(63, 23, 37, 2, 1741090837),
(64, 23, 41, 2, 1741090837),
(65, 23, 43, 2, 1741090837),
(66, 23, 45, 2, 1741090837),
(67, 23, 50, 2, 1741090837),
(68, 24, 32, 2, 1741090849),
(69, 24, 37, 2, 1741090849),
(70, 24, 41, 2, 1741090849),
(71, 24, 43, 2, 1741090849),
(72, 24, 45, 2, 1741090849),
(73, 24, 50, 2, 1741090849),
(74, 24, 51, 2, 1741090849),
(75, 24, 56, 2, 1741090849),
(76, 24, 57, 2, 1741090849),
(77, 24, 58, 2, 1741090849),
(78, 24, 59, 2, 1741090849),
(79, 24, 60, 2, 1741090849),
(80, 24, 61, 2, 1741090849),
(81, 24, 62, 2, 1741090849),
(82, 24, 64, 2, 1741090849),
(83, 24, 65, 2, 1741090849),
(84, 24, 63, 1, 1741090854),
(85, 24, 35, 2, 1741090856),
(86, 24, 38, 2, 1741090856),
(87, 24, 40, 2, 1741090856),
(88, 24, 42, 2, 1741090856),
(89, 24, 44, 2, 1741090856),
(90, 24, 63, 2, 1741090856),
(91, 28, 54, 1, 1741090958),
(92, 23, 56, 2, 1741090962),
(93, 24, 66, 1, 1741090964),
(94, 24, 66, 2, 1741090967),
(95, 23, 53, 1, 1741090999),
(96, 23, 55, 1, 1741090999),
(97, 23, 69, 1, 1741091019),
(98, 28, 70, 1, 1741091025),
(99, 28, 71, 1, 1741091036),
(100, 28, 72, 1, 1741091056),
(101, 25, 67, 1, 1741091123),
(102, 25, 68, 1, 1741091123),
(103, 28, 73, 1, 1741100888),
(104, 28, 74, 1, 1741100888),
(105, 28, 75, 1, 1741100888),
(106, 28, 76, 1, 1741100888),
(107, 26, 80, 2, 1741100939),
(108, 26, 77, 2, 1741100947),
(109, 26, 78, 2, 1741100947),
(110, 26, 79, 2, 1741100947),
(111, 28, 53, 2, 1741101033),
(112, 28, 55, 2, 1741101033),
(113, 28, 69, 2, 1741101033),
(114, 28, 70, 2, 1741101033),
(115, 28, 71, 2, 1741101033),
(116, 28, 72, 2, 1741101033),
(117, 28, 83, 2, 1741101033),
(118, 28, 77, 1, 1741101044),
(119, 28, 78, 1, 1741101044),
(120, 28, 79, 1, 1741101044),
(121, 28, 80, 1, 1741101044),
(122, 28, 82, 1, 1741101044),
(123, 26, 84, 1, 1741101197),
(124, 23, 87, 1, 1741693006),
(125, 23, 88, 1, 1741693006),
(126, 23, 83, 1, 1741693010),
(127, 27, 89, 1, 1741693070),
(128, 27, 90, 1, 1741693070),
(129, 25, 81, 1, 1741693167),
(130, 25, 85, 1, 1741693180),
(131, 25, 86, 1, 1741693180),
(132, 28, 93, 1, 1741693180),
(133, 28, 94, 1, 1741693180),
(134, 25, 96, 1, 1741693213),
(135, 28, 97, 1, 1741693221),
(136, 25, 98, 1, 1741693329),
(137, 26, 99, 1, 1741693393),
(138, 27, 100, 1, 1741693410),
(139, 27, 101, 1, 1741693410),
(140, 21, 102, 1, 1741693427),
(141, 26, 95, 1, 1741693449),
(142, 23, 103, 1, 1741693520),
(143, 26, 105, 1, 1741693599),
(144, 26, 106, 1, 1741693599),
(145, 25, 107, 1, 1741693640),
(146, 25, 109, 1, 1741693871),
(147, 27, 104, 1, 1741693978),
(148, 21, 111, 1, 1741693989),
(149, 23, 108, 1, 1741694062),
(150, 23, 110, 1, 1741694062),
(151, 23, 116, 1, 1741694128),
(152, 23, 117, 1, 1741694315),
(153, 23, 118, 1, 1741694315),
(154, 26, 112, 1, 1741694331),
(155, 26, 114, 1, 1741694331),
(156, 28, 119, 1, 1741694370),
(157, 23, 121, 1, 1741694521),
(158, 23, 122, 1, 1741694521),
(159, 23, 123, 1, 1741694521),
(160, 23, 124, 1, 1741694521),
(161, 26, 126, 1, 1741694573),
(162, 27, 127, 1, 1741694576),
(163, 23, 125, 1, 1741694601),
(164, 26, 128, 1, 1741694606),
(165, 27, 129, 1, 1741694630),
(166, 21, 130, 1, 1741694652),
(167, 27, 131, 1, 1741694661),
(168, 23, 132, 1, 1741694666),
(169, 26, 133, 1, 1741694682),
(170, 23, 134, 1, 1741694760),
(171, 26, 135, 1, 1741694781),
(172, 25, 113, 1, 1741694789),
(173, 25, 115, 1, 1741694789),
(174, 25, 120, 1, 1741694789),
(175, 23, 136, 1, 1741694796),
(176, 23, 137, 1, 1741694827),
(177, 26, 138, 1, 1741694975),
(178, 26, 139, 1, 1741694985),
(179, 26, 140, 1, 1741695140),
(180, 26, 87, 2, 1741695172),
(181, 26, 88, 2, 1741695172),
(182, 26, 99, 2, 1741695172),
(183, 26, 103, 2, 1741695172),
(184, 26, 105, 2, 1741695172),
(185, 26, 106, 2, 1741695172),
(186, 26, 108, 2, 1741695172),
(187, 26, 110, 2, 1741695172),
(188, 26, 112, 2, 1741695172),
(189, 26, 114, 2, 1741695172),
(190, 26, 121, 2, 1741695172),
(191, 26, 122, 2, 1741695172),
(192, 26, 123, 2, 1741695172),
(193, 26, 124, 2, 1741695172),
(194, 26, 126, 2, 1741695172),
(195, 26, 128, 2, 1741695172),
(196, 26, 132, 2, 1741695172),
(197, 26, 133, 2, 1741695172),
(198, 26, 134, 2, 1741695172),
(199, 26, 135, 2, 1741695172),
(200, 26, 136, 2, 1741695172),
(201, 26, 137, 2, 1741695172),
(202, 26, 138, 2, 1741695172),
(203, 26, 139, 2, 1741695172),
(204, 26, 141, 2, 1741695172),
(205, 23, 141, 1, 1741695186),
(206, 26, 144, 1, 1741695245),
(207, 26, 142, 1, 1741695276),
(208, 26, 143, 1, 1741695276),
(209, 26, 145, 1, 1741695276),
(210, 26, 146, 1, 1741695276),
(211, 26, 147, 1, 1741695276),
(212, 26, 148, 1, 1741695287),
(213, 26, 149, 1, 1741695287),
(214, 21, 100, 2, 1741695321),
(215, 21, 101, 2, 1741695321),
(216, 21, 102, 2, 1741695321),
(217, 21, 104, 2, 1741695321),
(218, 21, 111, 2, 1741695321),
(219, 21, 127, 2, 1741695321),
(220, 21, 129, 2, 1741695321),
(221, 21, 130, 2, 1741695321),
(222, 21, 131, 2, 1741695321),
(223, 27, 100, 2, 1741695326),
(224, 27, 101, 2, 1741695326),
(225, 27, 102, 2, 1741695326),
(226, 27, 104, 2, 1741695326),
(227, 27, 111, 2, 1741695326),
(228, 27, 127, 2, 1741695326),
(229, 27, 129, 2, 1741695326),
(230, 27, 130, 2, 1741695326),
(231, 27, 131, 2, 1741695326),
(232, 27, 89, 2, 1741695335),
(233, 27, 90, 2, 1741695335),
(234, 27, 95, 2, 1741695335),
(235, 27, 140, 2, 1741695335),
(236, 23, 46, 2, 1741695337),
(237, 23, 53, 2, 1741695337),
(238, 23, 55, 2, 1741695337),
(239, 23, 69, 2, 1741695337),
(240, 23, 70, 2, 1741695337),
(241, 23, 71, 2, 1741695337),
(242, 23, 72, 2, 1741695337),
(243, 23, 83, 2, 1741695337),
(244, 23, 93, 2, 1741695337),
(245, 23, 94, 2, 1741695337),
(246, 23, 116, 2, 1741695337),
(247, 23, 117, 2, 1741695337),
(248, 23, 118, 2, 1741695337),
(249, 23, 119, 2, 1741695337),
(250, 23, 125, 2, 1741695337),
(251, 26, 142, 2, 1741695344),
(252, 26, 143, 2, 1741695344),
(253, 26, 145, 2, 1741695344),
(254, 26, 146, 2, 1741695344),
(255, 26, 147, 2, 1741695344),
(256, 26, 148, 2, 1741695344),
(257, 26, 149, 2, 1741695344),
(258, 26, 89, 2, 1741695353),
(259, 26, 90, 2, 1741695353),
(260, 26, 95, 2, 1741695353),
(261, 26, 140, 2, 1741695353),
(262, 26, 91, 2, 1741695367),
(263, 26, 92, 2, 1741695367),
(264, 23, 121, 2, 1741695370),
(265, 23, 122, 2, 1741695370),
(266, 23, 123, 2, 1741695370),
(267, 23, 124, 2, 1741695370),
(268, 23, 126, 2, 1741695370),
(269, 23, 128, 2, 1741695370),
(270, 23, 132, 2, 1741695370),
(271, 23, 133, 2, 1741695370),
(272, 23, 134, 2, 1741695370),
(273, 23, 135, 2, 1741695370),
(274, 23, 136, 2, 1741695370),
(275, 23, 137, 2, 1741695370),
(276, 23, 138, 2, 1741695370),
(277, 23, 139, 2, 1741695370),
(278, 23, 141, 2, 1741695370),
(279, 23, 142, 2, 1741695370),
(280, 23, 143, 2, 1741695370),
(281, 23, 145, 2, 1741695370),
(282, 23, 146, 2, 1741695370),
(283, 23, 147, 2, 1741695370),
(284, 23, 148, 2, 1741695370),
(285, 23, 149, 2, 1741695370),
(286, 26, 85, 2, 1741695372),
(287, 26, 86, 2, 1741695372),
(288, 26, 82, 2, 1741695376),
(289, 26, 84, 2, 1741695376),
(290, 26, 144, 2, 1741695376),
(291, 27, 151, 2, 1741695430),
(292, 27, 153, 1, 1742298167),
(293, 27, 154, 1, 1742298167),
(294, 27, 155, 1, 1742298167),
(295, 26, 156, 1, 1742298197),
(296, 28, 158, 1, 1742298199),
(297, 25, 157, 1, 1742298461),
(298, 25, 159, 1, 1742298461),
(299, 25, 160, 1, 1742298461),
(300, 23, 163, 1, 1742298795),
(301, 23, 87, 2, 1742298819),
(302, 23, 88, 2, 1742298819),
(303, 23, 99, 2, 1742298819),
(304, 23, 103, 2, 1742298819),
(305, 23, 105, 2, 1742298819),
(306, 23, 106, 2, 1742298819),
(307, 23, 108, 2, 1742298819),
(308, 23, 110, 2, 1742298819),
(309, 23, 112, 2, 1742298819),
(310, 23, 114, 2, 1742298819),
(311, 24, 91, 1, 1742298833),
(312, 24, 92, 1, 1742298833),
(313, 26, 161, 1, 1742298846),
(314, 28, 164, 1, 1742298887),
(315, 26, 152, 1, 1742298905),
(316, 24, 150, 1, 1742298958),
(317, 24, 162, 1, 1742298958);

-- --------------------------------------------------------

--
-- Structure de la table `mdl_mnetservice_enrol_courses`
--

CREATE TABLE `mdl_mnetservice_enrol_courses` (
  `id` bigint NOT NULL,
  `hostid` bigint NOT NULL,
  `remoteid` bigint NOT NULL,
  `categoryid` bigint NOT NULL,
  `categoryname` varchar(255) CHARACTER SET utf8mb4 COLLATE utf8mb4_0900_ai_ci NOT NULL DEFAULT '',
  `sortorder` bigint NOT NULL DEFAULT '0',
  `fullname` varchar(254) CHARACTER SET utf8mb4 COLLATE utf8mb4_0900_ai_ci NOT NULL DEFAULT '',
  `shortname` varchar(100) CHARACTER SET utf8mb4 COLLATE utf8mb4_0900_ai_ci NOT NULL DEFAULT '',
  `idnumber` varchar(100) CHARACTER SET utf8mb4 COLLATE utf8mb4_0900_ai_ci NOT NULL DEFAULT '',
  `summary` longtext CHARACTER SET utf8mb4 COLLATE utf8mb4_0900_ai_ci NOT NULL,
  `summaryformat` smallint DEFAULT '0',
  `startdate` bigint NOT NULL,
  `roleid` bigint NOT NULL,
  `rolename` varchar(255) CHARACTER SET utf8mb4 COLLATE utf8mb4_0900_ai_ci NOT NULL DEFAULT ''
) ENGINE=InnoDB DEFAULT CHARSET=utf8mb4 COLLATE=utf8mb4_0900_ai_ci COMMENT='Caches the information fetched via XML-RPC about courses on ' ROW_FORMAT=COMPRESSED;

-- --------------------------------------------------------

--
-- Structure de la table `mdl_mnetservice_enrol_enrolments`
--

CREATE TABLE `mdl_mnetservice_enrol_enrolments` (
  `id` bigint NOT NULL,
  `hostid` bigint NOT NULL,
  `userid` bigint NOT NULL,
  `remotecourseid` bigint NOT NULL,
  `rolename` varchar(255) CHARACTER SET utf8mb4 COLLATE utf8mb4_0900_ai_ci NOT NULL DEFAULT '',
  `enroltime` bigint NOT NULL DEFAULT '0',
  `enroltype` varchar(20) CHARACTER SET utf8mb4 COLLATE utf8mb4_0900_ai_ci NOT NULL DEFAULT ''
) ENGINE=InnoDB DEFAULT CHARSET=utf8mb4 COLLATE=utf8mb4_0900_ai_ci COMMENT='Caches the information about enrolments of our local users i' ROW_FORMAT=COMPRESSED;

-- --------------------------------------------------------

--
-- Structure de la table `mdl_mnet_application`
--

CREATE TABLE `mdl_mnet_application` (
  `id` bigint NOT NULL,
  `name` varchar(50) CHARACTER SET utf8mb4 COLLATE utf8mb4_0900_ai_ci NOT NULL DEFAULT '',
  `display_name` varchar(50) CHARACTER SET utf8mb4 COLLATE utf8mb4_0900_ai_ci NOT NULL DEFAULT '',
  `xmlrpc_server_url` varchar(255) CHARACTER SET utf8mb4 COLLATE utf8mb4_0900_ai_ci NOT NULL DEFAULT '',
  `sso_land_url` varchar(255) CHARACTER SET utf8mb4 COLLATE utf8mb4_0900_ai_ci NOT NULL DEFAULT '',
  `sso_jump_url` varchar(255) CHARACTER SET utf8mb4 COLLATE utf8mb4_0900_ai_ci NOT NULL DEFAULT ''
) ENGINE=InnoDB DEFAULT CHARSET=utf8mb4 COLLATE=utf8mb4_0900_ai_ci COMMENT='Information about applications on remote hosts' ROW_FORMAT=COMPRESSED;

--
-- Déchargement des données de la table `mdl_mnet_application`
--

INSERT INTO `mdl_mnet_application` (`id`, `name`, `display_name`, `xmlrpc_server_url`, `sso_land_url`, `sso_jump_url`) VALUES
(1, 'moodle', 'Moodle', '/mnet/xmlrpc/server.php', '/auth/mnet/land.php', '/auth/mnet/jump.php'),
(2, 'mahara', 'Mahara', '/api/xmlrpc/server.php', '/auth/xmlrpc/land.php', '/auth/xmlrpc/jump.php');

-- --------------------------------------------------------

--
-- Structure de la table `mdl_mnet_host`
--

CREATE TABLE `mdl_mnet_host` (
  `id` bigint NOT NULL,
  `deleted` tinyint(1) NOT NULL DEFAULT '0',
  `wwwroot` varchar(255) CHARACTER SET utf8mb4 COLLATE utf8mb4_0900_ai_ci NOT NULL DEFAULT '',
  `ip_address` varchar(45) CHARACTER SET utf8mb4 COLLATE utf8mb4_0900_ai_ci NOT NULL DEFAULT '',
  `name` varchar(80) CHARACTER SET utf8mb4 COLLATE utf8mb4_0900_ai_ci NOT NULL DEFAULT '',
  `public_key` longtext CHARACTER SET utf8mb4 COLLATE utf8mb4_0900_ai_ci NOT NULL,
  `public_key_expires` bigint NOT NULL DEFAULT '0',
  `transport` tinyint NOT NULL DEFAULT '0',
  `portno` mediumint NOT NULL DEFAULT '0',
  `last_connect_time` bigint NOT NULL DEFAULT '0',
  `last_log_id` bigint NOT NULL DEFAULT '0',
  `force_theme` tinyint(1) NOT NULL DEFAULT '0',
  `theme` varchar(100) CHARACTER SET utf8mb4 COLLATE utf8mb4_0900_ai_ci DEFAULT NULL,
  `applicationid` bigint NOT NULL DEFAULT '1',
  `sslverification` tinyint(1) NOT NULL DEFAULT '0'
) ENGINE=InnoDB DEFAULT CHARSET=utf8mb4 COLLATE=utf8mb4_0900_ai_ci COMMENT='Information about the local and remote hosts for RPC' ROW_FORMAT=COMPRESSED;

--
-- Déchargement des données de la table `mdl_mnet_host`
--

INSERT INTO `mdl_mnet_host` (`id`, `deleted`, `wwwroot`, `ip_address`, `name`, `public_key`, `public_key_expires`, `transport`, `portno`, `last_connect_time`, `last_log_id`, `force_theme`, `theme`, `applicationid`, `sslverification`) VALUES
(1, 0, 'https://bia-facile.fr', '10.13.40.107', '', '-----BEGIN CERTIFICATE-----\nMIIEljCCA36gAwIBAgIBADANBgkqhkiG9w0BAQUFADCB4zELMAkGA1UEBhMCRlIx\nEzARBgNVBAgMClN0cmFzYm91cmcxEzARBgNVBAcMClN0cmFzYm91cmcxMDAuBgNV\nBAoMJ0JyZXZldCBkJ0luaXRpYXRpb24gQcOpcm9uYXV0aXF1ZSAoQklBKTEPMA0G\nA1UECwwGTW9vZGxlMR4wHAYDVQQDDBVodHRwczovL2JpYS1mYWNpbGUuZnIxHjAc\nBgNVHREMFWh0dHBzOi8vYmlhLWZhY2lsZS5mcjEnMCUGCSqGSIb3DQEJARYYYnJ1\nbm8uYmVybmFyZEB1bmlzdHJhLmZyMB4XDTI1MDEwNTIxNDUwNVoXDTI1MDIwMjIx\nNDUwNVowgeMxCzAJBgNVBAYTAkZSMRMwEQYDVQQIDApTdHJhc2JvdXJnMRMwEQYD\nVQQHDApTdHJhc2JvdXJnMTAwLgYDVQQKDCdCcmV2ZXQgZCdJbml0aWF0aW9uIEHD\nqXJvbmF1dGlxdWUgKEJJQSkxDzANBgNVBAsMBk1vb2RsZTEeMBwGA1UEAwwVaHR0\ncHM6Ly9iaWEtZmFjaWxlLmZyMR4wHAYDVR0RDBVodHRwczovL2JpYS1mYWNpbGUu\nZnIxJzAlBgkqhkiG9w0BCQEWGGJydW5vLmJlcm5hcmRAdW5pc3RyYS5mcjCCASIw\nDQYJKoZIhvcNAQEBBQADggEPADCCAQoCggEBANaWa4mrk8SYj3gylsQUJtCsBb8B\nCW3JW+EE4XUEIVTmFQtFfZwr1qJiNez1QXTd/I73rQ0YohGWRg74C6JiGR/rpDCW\nW3V5NXo3tY7oIJwuI2hK7Ca2Kpz+Uv4A85nKaa0upwtKSHqDYnm2VIk4DlNeEFAJ\nHwHnoyB/JNpkwnEXd+NNnzJaNjBPEMJYH0hkfuXYlO3GjSSiIlOK6DUrttf6qm+W\nDNqeKIcJ5gQKIFVf+nc+k6v0dH7eMQVnV+/btcvG6FxEK9ofaWUg6wR77DLJVwuw\nTEv37tztdODw+Ec8J7cGzVtM8GGIoBX/JBXBY9DPtQIljLslnLWJ00cr0JMCAwEA\nAaNTMFEwHQYDVR0OBBYEFLNZoV4dqr1FoAmqNUy/7rY+bd9TMB8GA1UdIwQYMBaA\nFLNZoV4dqr1FoAmqNUy/7rY+bd9TMA8GA1UdEwEB/wQFMAMBAf8wDQYJKoZIhvcN\nAQEFBQADggEBALhWUJS/Y4KtHHV4ylDKQcPfmB/omnJkzW4qzFx3YEDhq9MFhH/1\n7ERmHM+tnYzgFkHh/jiflTbG9b/uVIz+JvwQmr9l50AmtL8UTK98PuRHTZYFG++V\natwde6ZaBd8P69P6olEuDJW32WdyRBhuVDOlhA8vqGywsagF5zkErEts5UjawDg+\ndtji0507GhlRr+EC+0+Yxcg6ToB4Wd6iF2ffKb9wZZltFeUE2GL5Qd0i0qHk+unz\nkP+vTuih0U4L/hyv4eDaxaS63tAYRz+kStD538QBYM3iwNS7B3/VMDzWZz5ioo1E\nNhcw2UPrr5SK1HqCTNaj0m32inPOVGf9YwE=\n-----END CERTIFICATE-----\n', 1738532705, 0, 0, 0, 0, 0, NULL, 1, 0),
(2, 0, '', '', 'All Hosts', '', 0, 0, 0, 0, 0, 0, NULL, 1, 0);

-- --------------------------------------------------------

--
-- Structure de la table `mdl_mnet_host2service`
--

CREATE TABLE `mdl_mnet_host2service` (
  `id` bigint NOT NULL,
  `hostid` bigint NOT NULL DEFAULT '0',
  `serviceid` bigint NOT NULL DEFAULT '0',
  `publish` tinyint(1) NOT NULL DEFAULT '0',
  `subscribe` tinyint(1) NOT NULL DEFAULT '0'
) ENGINE=InnoDB DEFAULT CHARSET=utf8mb4 COLLATE=utf8mb4_0900_ai_ci COMMENT='Information about the services for a given host' ROW_FORMAT=COMPRESSED;

-- --------------------------------------------------------

--
-- Structure de la table `mdl_mnet_log`
--

CREATE TABLE `mdl_mnet_log` (
  `id` bigint NOT NULL,
  `hostid` bigint NOT NULL DEFAULT '0',
  `remoteid` bigint NOT NULL DEFAULT '0',
  `time` bigint NOT NULL DEFAULT '0',
  `userid` bigint NOT NULL DEFAULT '0',
  `ip` varchar(45) CHARACTER SET utf8mb4 COLLATE utf8mb4_0900_ai_ci NOT NULL DEFAULT '',
  `course` bigint NOT NULL DEFAULT '0',
  `coursename` varchar(40) CHARACTER SET utf8mb4 COLLATE utf8mb4_0900_ai_ci NOT NULL DEFAULT '',
  `module` varchar(20) CHARACTER SET utf8mb4 COLLATE utf8mb4_0900_ai_ci NOT NULL DEFAULT '',
  `cmid` bigint NOT NULL DEFAULT '0',
  `action` varchar(40) CHARACTER SET utf8mb4 COLLATE utf8mb4_0900_ai_ci NOT NULL DEFAULT '',
  `url` varchar(100) CHARACTER SET utf8mb4 COLLATE utf8mb4_0900_ai_ci NOT NULL DEFAULT '',
  `info` varchar(255) CHARACTER SET utf8mb4 COLLATE utf8mb4_0900_ai_ci NOT NULL DEFAULT ''
) ENGINE=InnoDB DEFAULT CHARSET=utf8mb4 COLLATE=utf8mb4_0900_ai_ci COMMENT='Store session data from users migrating to other sites' ROW_FORMAT=COMPRESSED;

-- --------------------------------------------------------

--
-- Structure de la table `mdl_mnet_remote_rpc`
--

CREATE TABLE `mdl_mnet_remote_rpc` (
  `id` bigint NOT NULL,
  `functionname` varchar(40) CHARACTER SET utf8mb4 COLLATE utf8mb4_0900_ai_ci NOT NULL DEFAULT '',
  `xmlrpcpath` varchar(80) CHARACTER SET utf8mb4 COLLATE utf8mb4_0900_ai_ci NOT NULL DEFAULT '',
  `plugintype` varchar(20) CHARACTER SET utf8mb4 COLLATE utf8mb4_0900_ai_ci NOT NULL DEFAULT '',
  `pluginname` varchar(20) CHARACTER SET utf8mb4 COLLATE utf8mb4_0900_ai_ci NOT NULL DEFAULT '',
  `enabled` tinyint(1) NOT NULL
) ENGINE=InnoDB DEFAULT CHARSET=utf8mb4 COLLATE=utf8mb4_0900_ai_ci COMMENT='This table describes functions that might be called remotely' ROW_FORMAT=COMPRESSED;

--
-- Déchargement des données de la table `mdl_mnet_remote_rpc`
--

INSERT INTO `mdl_mnet_remote_rpc` (`id`, `functionname`, `xmlrpcpath`, `plugintype`, `pluginname`, `enabled`) VALUES
(1, 'user_authorise', 'auth/mnet/auth.php/user_authorise', 'auth', 'mnet', 1),
(2, 'keepalive_server', 'auth/mnet/auth.php/keepalive_server', 'auth', 'mnet', 1),
(3, 'kill_children', 'auth/mnet/auth.php/kill_children', 'auth', 'mnet', 1),
(4, 'refresh_log', 'auth/mnet/auth.php/refresh_log', 'auth', 'mnet', 1),
(5, 'fetch_user_image', 'auth/mnet/auth.php/fetch_user_image', 'auth', 'mnet', 1),
(6, 'fetch_theme_info', 'auth/mnet/auth.php/fetch_theme_info', 'auth', 'mnet', 1),
(7, 'update_enrolments', 'auth/mnet/auth.php/update_enrolments', 'auth', 'mnet', 1),
(8, 'keepalive_client', 'auth/mnet/auth.php/keepalive_client', 'auth', 'mnet', 1),
(9, 'kill_child', 'auth/mnet/auth.php/kill_child', 'auth', 'mnet', 1),
(10, 'available_courses', 'enrol/mnet/enrol.php/available_courses', 'enrol', 'mnet', 1),
(11, 'user_enrolments', 'enrol/mnet/enrol.php/user_enrolments', 'enrol', 'mnet', 1),
(12, 'enrol_user', 'enrol/mnet/enrol.php/enrol_user', 'enrol', 'mnet', 1),
(13, 'unenrol_user', 'enrol/mnet/enrol.php/unenrol_user', 'enrol', 'mnet', 1),
(14, 'course_enrolments', 'enrol/mnet/enrol.php/course_enrolments', 'enrol', 'mnet', 1),
(15, 'send_content_intent', 'portfolio/mahara/lib.php/send_content_intent', 'portfolio', 'mahara', 1),
(16, 'send_content_ready', 'portfolio/mahara/lib.php/send_content_ready', 'portfolio', 'mahara', 1),
(17, 'use_stats_rpc_get_stats', 'blocks/use_stats/rpclib.php/use_stats_rpc_get_stats', 'block', 'use_stats', 1),
(18, 'use_stats_rpc_get_scores', 'blocks/use_stats/rpclib.php/use_stats_rpc_get_scores', 'block', 'use_stats', 1);

-- --------------------------------------------------------

--
-- Structure de la table `mdl_mnet_remote_service2rpc`
--

CREATE TABLE `mdl_mnet_remote_service2rpc` (
  `id` bigint NOT NULL,
  `serviceid` bigint NOT NULL DEFAULT '0',
  `rpcid` bigint NOT NULL DEFAULT '0'
) ENGINE=InnoDB DEFAULT CHARSET=utf8mb4 COLLATE=utf8mb4_0900_ai_ci COMMENT='Group functions or methods under a service' ROW_FORMAT=COMPRESSED;

--
-- Déchargement des données de la table `mdl_mnet_remote_service2rpc`
--

INSERT INTO `mdl_mnet_remote_service2rpc` (`id`, `serviceid`, `rpcid`) VALUES
(1, 1, 1),
(2, 1, 2),
(3, 1, 3),
(4, 1, 4),
(5, 1, 5),
(6, 1, 6),
(7, 1, 7),
(8, 2, 8),
(9, 2, 9),
(10, 3, 10),
(11, 3, 11),
(12, 3, 12),
(13, 3, 13),
(14, 3, 14),
(15, 4, 15),
(16, 4, 16),
(17, 5, 17),
(18, 5, 18);

-- --------------------------------------------------------

--
-- Structure de la table `mdl_mnet_rpc`
--

CREATE TABLE `mdl_mnet_rpc` (
  `id` bigint NOT NULL,
  `functionname` varchar(40) CHARACTER SET utf8mb4 COLLATE utf8mb4_0900_ai_ci NOT NULL DEFAULT '',
  `xmlrpcpath` varchar(80) CHARACTER SET utf8mb4 COLLATE utf8mb4_0900_ai_ci NOT NULL DEFAULT '',
  `plugintype` varchar(20) CHARACTER SET utf8mb4 COLLATE utf8mb4_0900_ai_ci NOT NULL DEFAULT '',
  `pluginname` varchar(20) CHARACTER SET utf8mb4 COLLATE utf8mb4_0900_ai_ci NOT NULL DEFAULT '',
  `enabled` tinyint(1) NOT NULL DEFAULT '0',
  `help` longtext CHARACTER SET utf8mb4 COLLATE utf8mb4_0900_ai_ci NOT NULL,
  `profile` longtext CHARACTER SET utf8mb4 COLLATE utf8mb4_0900_ai_ci NOT NULL,
  `filename` varchar(100) CHARACTER SET utf8mb4 COLLATE utf8mb4_0900_ai_ci NOT NULL DEFAULT '',
  `classname` varchar(150) CHARACTER SET utf8mb4 COLLATE utf8mb4_0900_ai_ci DEFAULT NULL,
  `static` tinyint(1) DEFAULT NULL
) ENGINE=InnoDB DEFAULT CHARSET=utf8mb4 COLLATE=utf8mb4_0900_ai_ci COMMENT='Functions or methods that we may publish or subscribe to' ROW_FORMAT=COMPRESSED;

--
-- Déchargement des données de la table `mdl_mnet_rpc`
--

INSERT INTO `mdl_mnet_rpc` (`id`, `functionname`, `xmlrpcpath`, `plugintype`, `pluginname`, `enabled`, `help`, `profile`, `filename`, `classname`, `static`) VALUES
(1, 'user_authorise', 'auth/mnet/auth.php/user_authorise', 'auth', 'mnet', 1, 'Return user data for the provided token, compare with user_agent string.', 'a:2:{s:10:\"parameters\";a:2:{i:0;a:3:{s:4:\"name\";s:5:\"token\";s:4:\"type\";s:6:\"string\";s:11:\"description\";s:37:\"The unique ID provided by remotehost.\";}i:1;a:3:{s:4:\"name\";s:9:\"useragent\";s:4:\"type\";s:6:\"string\";s:11:\"description\";s:18:\"User Agent string.\";}}s:6:\"return\";a:2:{s:4:\"type\";s:5:\"array\";s:11:\"description\";s:44:\"$userdata Array of user info for remote host\";}}', 'auth.php', 'auth_plugin_mnet', 0),
(2, 'keepalive_server', 'auth/mnet/auth.php/keepalive_server', 'auth', 'mnet', 1, 'Receives an array of usernames from a remote machine and prods their\nsessions to keep them alive', 'a:2:{s:10:\"parameters\";a:1:{i:0;a:3:{s:4:\"name\";s:5:\"array\";s:4:\"type\";s:5:\"array\";s:11:\"description\";s:21:\"An array of usernames\";}}s:6:\"return\";a:2:{s:4:\"type\";s:6:\"string\";s:11:\"description\";s:28:\"\"All ok\" or an error message\";}}', 'auth.php', 'auth_plugin_mnet', 0),
(3, 'kill_children', 'auth/mnet/auth.php/kill_children', 'auth', 'mnet', 1, 'The IdP uses this function to kill child sessions on other hosts', 'a:2:{s:10:\"parameters\";a:2:{i:0;a:3:{s:4:\"name\";s:8:\"username\";s:4:\"type\";s:6:\"string\";s:11:\"description\";s:28:\"Username for session to kill\";}i:1;a:3:{s:4:\"name\";s:9:\"useragent\";s:4:\"type\";s:6:\"string\";s:11:\"description\";s:35:\"SHA1 hash of user agent to look for\";}}s:6:\"return\";a:2:{s:4:\"type\";s:6:\"string\";s:11:\"description\";s:39:\"A plaintext report of what has happened\";}}', 'auth.php', 'auth_plugin_mnet', 0),
(4, 'refresh_log', 'auth/mnet/auth.php/refresh_log', 'auth', 'mnet', 1, 'Receives an array of log entries from an SP and adds them to the mnet_log\ntable', 'a:2:{s:10:\"parameters\";a:1:{i:0;a:3:{s:4:\"name\";s:5:\"array\";s:4:\"type\";s:5:\"array\";s:11:\"description\";s:21:\"An array of usernames\";}}s:6:\"return\";a:2:{s:4:\"type\";s:6:\"string\";s:11:\"description\";s:28:\"\"All ok\" or an error message\";}}', 'auth.php', 'auth_plugin_mnet', 0),
(5, 'fetch_user_image', 'auth/mnet/auth.php/fetch_user_image', 'auth', 'mnet', 1, 'Returns the user\'s profile image info\nIf the user exists and has a profile picture, the returned array will contain keys:\nf1          - the content of the default 100x100px image\nf1_mimetype - the mimetype of the f1 file\nf2          - the content of the 35x35px variant of the image\nf2_mimetype - the mimetype of the f2 file\nThe mimetype information was added in Moodle 2.0. In Moodle 1.x, images are always jpegs.', 'a:2:{s:10:\"parameters\";a:1:{i:0;a:3:{s:4:\"name\";s:8:\"username\";s:4:\"type\";s:3:\"int\";s:11:\"description\";s:18:\"The id of the user\";}}s:6:\"return\";a:2:{s:4:\"type\";s:11:\"false|array\";s:11:\"description\";s:84:\"false if user not found, empty array if no picture exists, array with data otherwise\";}}', 'auth.php', 'auth_plugin_mnet', 0),
(6, 'fetch_theme_info', 'auth/mnet/auth.php/fetch_theme_info', 'auth', 'mnet', 1, 'Returns the theme information and logo url as strings.', 'a:2:{s:10:\"parameters\";a:0:{}s:6:\"return\";a:2:{s:4:\"type\";s:6:\"string\";s:11:\"description\";s:14:\"The theme info\";}}', 'auth.php', 'auth_plugin_mnet', 0),
(7, 'update_enrolments', 'auth/mnet/auth.php/update_enrolments', 'auth', 'mnet', 1, 'Invoke this function _on_ the IDP to update it with enrolment info local to\nthe SP right after calling user_authorise()\nNormally called by the SP after calling user_authorise()', 'a:2:{s:10:\"parameters\";a:2:{i:0;a:3:{s:4:\"name\";s:8:\"username\";s:4:\"type\";s:6:\"string\";s:11:\"description\";s:12:\"The username\";}i:1;a:3:{s:4:\"name\";s:7:\"courses\";s:4:\"type\";s:5:\"array\";s:11:\"description\";s:75:\"Assoc array of courses following the structure of mnetservice_enrol_courses\";}}s:6:\"return\";a:2:{s:4:\"type\";s:4:\"bool\";s:11:\"description\";s:0:\"\";}}', 'auth.php', 'auth_plugin_mnet', 0),
(8, 'keepalive_client', 'auth/mnet/auth.php/keepalive_client', 'auth', 'mnet', 1, 'Poll the IdP server to let it know that a user it has authenticated is still\nonline', 'a:2:{s:10:\"parameters\";a:0:{}s:6:\"return\";a:2:{s:4:\"type\";s:4:\"void\";s:11:\"description\";s:0:\"\";}}', 'auth.php', 'auth_plugin_mnet', 0),
(9, 'kill_child', 'auth/mnet/auth.php/kill_child', 'auth', 'mnet', 1, 'When the IdP requests that child sessions are terminated,\nthis function will be called on each of the child hosts. The machine that\ncalls the function (over xmlrpc) provides us with the mnethostid we need.', 'a:2:{s:10:\"parameters\";a:2:{i:0;a:3:{s:4:\"name\";s:8:\"username\";s:4:\"type\";s:6:\"string\";s:11:\"description\";s:28:\"Username for session to kill\";}i:1;a:3:{s:4:\"name\";s:9:\"useragent\";s:4:\"type\";s:6:\"string\";s:11:\"description\";s:35:\"SHA1 hash of user agent to look for\";}}s:6:\"return\";a:2:{s:4:\"type\";s:4:\"bool\";s:11:\"description\";s:15:\"True on success\";}}', 'auth.php', 'auth_plugin_mnet', 0),
(10, 'available_courses', 'enrol/mnet/enrol.php/available_courses', 'enrol', 'mnet', 1, 'Returns list of courses that we offer to the caller for remote enrolment of their users\nSince Moodle 2.0, courses are made available for MNet peers by creating an instance\nof enrol_mnet plugin for the course. Hidden courses are not returned. If there are two\ninstances - one specific for the host and one for \'All hosts\', the setting of the specific\none is used. The id of the peer is kept in customint1, no other custom fields are used.', 'a:2:{s:10:\"parameters\";a:0:{}s:6:\"return\";a:2:{s:4:\"type\";s:5:\"array\";s:11:\"description\";s:0:\"\";}}', 'enrol.php', 'enrol_mnet_mnetservice_enrol', 0),
(11, 'user_enrolments', 'enrol/mnet/enrol.php/user_enrolments', 'enrol', 'mnet', 1, 'This method has never been implemented in Moodle MNet API', 'a:2:{s:10:\"parameters\";a:0:{}s:6:\"return\";a:2:{s:4:\"type\";s:5:\"array\";s:11:\"description\";s:11:\"empty array\";}}', 'enrol.php', 'enrol_mnet_mnetservice_enrol', 0),
(12, 'enrol_user', 'enrol/mnet/enrol.php/enrol_user', 'enrol', 'mnet', 1, 'Enrol remote user to our course\nIf we do not have local record for the remote user in our database,\nit gets created here.', 'a:2:{s:10:\"parameters\";a:2:{i:0;a:3:{s:4:\"name\";s:8:\"userdata\";s:4:\"type\";s:5:\"array\";s:11:\"description\";s:43:\"user details {@see mnet_fields_to_import()}\";}i:1;a:3:{s:4:\"name\";s:8:\"courseid\";s:4:\"type\";s:3:\"int\";s:11:\"description\";s:19:\"our local course id\";}}s:6:\"return\";a:2:{s:4:\"type\";s:4:\"bool\";s:11:\"description\";s:69:\"true if the enrolment has been successful, throws exception otherwise\";}}', 'enrol.php', 'enrol_mnet_mnetservice_enrol', 0),
(13, 'unenrol_user', 'enrol/mnet/enrol.php/unenrol_user', 'enrol', 'mnet', 1, 'Unenrol remote user from our course\nOnly users enrolled via enrol_mnet plugin can be unenrolled remotely. If the\nremote user is enrolled into the local course via some other enrol plugin\n(enrol_manual for example), the remote host can\'t touch such enrolment. Please\ndo not report this behaviour as bug, it is a feature ;-)', 'a:2:{s:10:\"parameters\";a:2:{i:0;a:3:{s:4:\"name\";s:8:\"username\";s:4:\"type\";s:6:\"string\";s:11:\"description\";s:18:\"of the remote user\";}i:1;a:3:{s:4:\"name\";s:8:\"courseid\";s:4:\"type\";s:3:\"int\";s:11:\"description\";s:19:\"of our local course\";}}s:6:\"return\";a:2:{s:4:\"type\";s:4:\"bool\";s:11:\"description\";s:71:\"true if the unenrolment has been successful, throws exception otherwise\";}}', 'enrol.php', 'enrol_mnet_mnetservice_enrol', 0),
(14, 'course_enrolments', 'enrol/mnet/enrol.php/course_enrolments', 'enrol', 'mnet', 1, 'Returns a list of users from the client server who are enrolled in our course\nSuitable instance of enrol_mnet must be created in the course. This method will not\nreturn any information about the enrolments in courses that are not available for\nremote enrolment, even if their users are enrolled into them via other plugin\n(note the difference from {@link self::user_enrolments()}).\nThis method will return enrolment information for users from hosts regardless\nthe enrolment plugin. It does not matter if the user was enrolled remotely by\ntheir admin or locally. Once the course is available for remote enrolments, we\nwill tell them everything about their users.\nIn Moodle 1.x the returned array used to be indexed by username. The side effect\nof MDL-19219 fix is that we do not need to use such index and therefore we can\nreturn all enrolment records. MNet clients 1.x will only use the last record for\nthe student, if she is enrolled via multiple plugins.', 'a:2:{s:10:\"parameters\";a:2:{i:0;a:3:{s:4:\"name\";s:8:\"courseid\";s:4:\"type\";s:3:\"int\";s:11:\"description\";s:16:\"ID of our course\";}i:1;a:3:{s:4:\"name\";s:5:\"roles\";s:4:\"type\";s:12:\"string|array\";s:11:\"description\";s:58:\"comma separated list of role shortnames (or array of them)\";}}s:6:\"return\";a:2:{s:4:\"type\";s:5:\"array\";s:11:\"description\";s:0:\"\";}}', 'enrol.php', 'enrol_mnet_mnetservice_enrol', 0),
(15, 'fetch_file', 'portfolio/mahara/lib.php/fetch_file', 'portfolio', 'mahara', 1, 'xmlrpc (mnet) function to get the file.\nreads in the file and returns it base_64 encoded\nso that it can be enrypted by mnet.', 'a:2:{s:10:\"parameters\";a:1:{i:0;a:3:{s:4:\"name\";s:5:\"token\";s:4:\"type\";s:6:\"string\";s:11:\"description\";s:56:\"the token recieved previously during send_content_intent\";}}s:6:\"return\";a:2:{s:4:\"type\";s:4:\"void\";s:11:\"description\";s:0:\"\";}}', 'lib.php', 'portfolio_plugin_mahara', 1),
(16, 'use_stats_rpc_get_stats', 'block/use_stats/rpclib.php/use_stats_rpc_get_stats', 'block', 'use_stats', 1, 'get a complete report of user stats for a single user.', 'a:2:{s:10:\"parameters\";a:5:{i:0;a:3:{s:4:\"name\";s:11:\"callinguser\";s:4:\"type\";s:5:\"array\";s:11:\"description\";s:27:\"The calling user descriptor\";}i:1;a:3:{s:4:\"name\";s:10:\"targetuser\";s:4:\"type\";s:6:\"string\";s:11:\"description\";s:26:\"Who stats are required for\";}i:2;a:3:{s:4:\"name\";s:9:\"whereroot\";s:4:\"type\";s:6:\"string\";s:11:\"description\";s:25:\"Where the user comes from\";}i:3;a:3:{s:4:\"name\";s:10:\"statsscope\";s:4:\"type\";s:6:\"string\";s:11:\"description\";s:18:\"Scope of the stats\";}i:4;a:3:{s:4:\"name\";s:8:\"timefrom\";s:4:\"type\";s:6:\"string\";s:11:\"description\";s:18:\"Scope of the stats\";}}s:6:\"return\";a:2:{s:4:\"type\";s:4:\"void\";s:11:\"description\";s:0:\"\";}}', 'rpclib.php', '', 0),
(17, 'use_stats_rpc_get_scores', 'block/use_stats/rpclib.php/use_stats_rpc_get_scores', 'block', 'use_stats', 1, 'get a complete report of user scoring for a single user.', 'a:2:{s:10:\"parameters\";a:7:{i:0;a:3:{s:4:\"name\";s:11:\"callinguser\";s:4:\"type\";s:5:\"array\";s:11:\"description\";s:27:\"The calling user descriptor\";}i:1;a:3:{s:4:\"name\";s:10:\"targetuser\";s:4:\"type\";s:6:\"string\";s:11:\"description\";s:26:\"Who stats are required for\";}i:2;a:3:{s:4:\"name\";s:9:\"whereroot\";s:4:\"type\";s:6:\"string\";s:11:\"description\";s:25:\"Where the user comes from\";}i:3;a:3:{s:4:\"name\";s:10:\"scorescope\";s:4:\"type\";s:6:\"string\";s:11:\"description\";s:17:\"The grading scope\";}i:4;a:3:{s:4:\"name\";s:13:\"courseidfield\";s:4:\"type\";s:6:\"string\";s:11:\"description\";s:62:\"The course identifier field as \'id\', \'idnumber\' or \'shortname\'\";}i:5;a:3:{s:4:\"name\";s:16:\"courseidentifier\";s:4:\"type\";s:6:\"string\";s:11:\"description\";s:31:\"The course effective identifier\";}i:6;a:3:{s:4:\"name\";s:12:\"jsonresponse\";s:4:\"type\";s:6:\"string\";s:11:\"description\";s:43:\"If true expects a jsonified scalar response\";}}s:6:\"return\";a:2:{s:4:\"type\";s:1:\"a\";s:11:\"description\";s:15:\"response object\";}}', 'rpclib.php', '', 0);

-- --------------------------------------------------------

--
-- Structure de la table `mdl_mnet_service`
--

CREATE TABLE `mdl_mnet_service` (
  `id` bigint NOT NULL,
  `name` varchar(40) CHARACTER SET utf8mb4 COLLATE utf8mb4_0900_ai_ci NOT NULL DEFAULT '',
  `description` varchar(40) CHARACTER SET utf8mb4 COLLATE utf8mb4_0900_ai_ci NOT NULL DEFAULT '',
  `apiversion` varchar(10) CHARACTER SET utf8mb4 COLLATE utf8mb4_0900_ai_ci NOT NULL DEFAULT '',
  `offer` tinyint(1) NOT NULL DEFAULT '0'
) ENGINE=InnoDB DEFAULT CHARSET=utf8mb4 COLLATE=utf8mb4_0900_ai_ci COMMENT='A service is a group of functions' ROW_FORMAT=COMPRESSED;

--
-- Déchargement des données de la table `mdl_mnet_service`
--

INSERT INTO `mdl_mnet_service` (`id`, `name`, `description`, `apiversion`, `offer`) VALUES
(1, 'sso_idp', '', '1', 1),
(2, 'sso_sp', '', '1', 1),
(3, 'mnet_enrol', '', '1', 1),
(4, 'pf', '', '1', 1),
(5, 'use_stats', 'Accès à distance aux statistiques', '1', 1);

-- --------------------------------------------------------

--
-- Structure de la table `mdl_mnet_service2rpc`
--

CREATE TABLE `mdl_mnet_service2rpc` (
  `id` bigint NOT NULL,
  `serviceid` bigint NOT NULL DEFAULT '0',
  `rpcid` bigint NOT NULL DEFAULT '0'
) ENGINE=InnoDB DEFAULT CHARSET=utf8mb4 COLLATE=utf8mb4_0900_ai_ci COMMENT='Group functions or methods under a service' ROW_FORMAT=COMPRESSED;

--
-- Déchargement des données de la table `mdl_mnet_service2rpc`
--

INSERT INTO `mdl_mnet_service2rpc` (`id`, `serviceid`, `rpcid`) VALUES
(1, 1, 1),
(2, 1, 2),
(3, 1, 3),
(4, 1, 4),
(5, 1, 5),
(6, 1, 6),
(7, 1, 7),
(8, 2, 8),
(9, 2, 9),
(10, 3, 10),
(11, 3, 11),
(12, 3, 12),
(13, 3, 13),
(14, 3, 14),
(15, 4, 15),
(16, 5, 16),
(17, 5, 17);

-- --------------------------------------------------------

--
-- Structure de la table `mdl_mnet_session`
--

CREATE TABLE `mdl_mnet_session` (
  `id` bigint NOT NULL,
  `userid` bigint NOT NULL DEFAULT '0',
  `username` varchar(100) CHARACTER SET utf8mb4 COLLATE utf8mb4_0900_ai_ci NOT NULL DEFAULT '',
  `token` varchar(40) CHARACTER SET utf8mb4 COLLATE utf8mb4_0900_ai_ci NOT NULL DEFAULT '',
  `mnethostid` bigint NOT NULL DEFAULT '0',
  `useragent` varchar(40) CHARACTER SET utf8mb4 COLLATE utf8mb4_0900_ai_ci NOT NULL DEFAULT '',
  `confirm_timeout` bigint NOT NULL DEFAULT '0',
  `session_id` varchar(40) CHARACTER SET utf8mb4 COLLATE utf8mb4_0900_ai_ci NOT NULL DEFAULT '',
  `expires` bigint NOT NULL DEFAULT '0'
) ENGINE=InnoDB DEFAULT CHARSET=utf8mb4 COLLATE=utf8mb4_0900_ai_ci COMMENT='Store session data from users migrating to other sites' ROW_FORMAT=COMPRESSED;

-- --------------------------------------------------------

--
-- Structure de la table `mdl_mnet_sso_access_control`
--

CREATE TABLE `mdl_mnet_sso_access_control` (
  `id` bigint NOT NULL,
  `username` varchar(100) CHARACTER SET utf8mb4 COLLATE utf8mb4_0900_ai_ci NOT NULL DEFAULT '',
  `mnet_host_id` bigint NOT NULL DEFAULT '0',
  `accessctrl` varchar(20) CHARACTER SET utf8mb4 COLLATE utf8mb4_0900_ai_ci NOT NULL DEFAULT 'allow'
) ENGINE=InnoDB DEFAULT CHARSET=utf8mb4 COLLATE=utf8mb4_0900_ai_ci COMMENT='Users by host permitted (or not) to login from a remote prov' ROW_FORMAT=COMPRESSED;

-- --------------------------------------------------------

--
-- Structure de la table `mdl_modules`
--

CREATE TABLE `mdl_modules` (
  `id` bigint NOT NULL,
  `name` varchar(20) CHARACTER SET utf8mb4 COLLATE utf8mb4_0900_ai_ci NOT NULL DEFAULT '',
  `cron` bigint NOT NULL DEFAULT '0',
  `lastcron` bigint NOT NULL DEFAULT '0',
  `search` varchar(255) CHARACTER SET utf8mb4 COLLATE utf8mb4_0900_ai_ci NOT NULL DEFAULT '',
  `visible` tinyint(1) NOT NULL DEFAULT '1'
) ENGINE=InnoDB DEFAULT CHARSET=utf8mb4 COLLATE=utf8mb4_0900_ai_ci COMMENT='modules available in the site' ROW_FORMAT=COMPRESSED;

--
-- Déchargement des données de la table `mdl_modules`
--

INSERT INTO `mdl_modules` (`id`, `name`, `cron`, `lastcron`, `search`, `visible`) VALUES
(1, 'assign', 0, 0, '', 1),
(2, 'bigbluebuttonbn', 0, 0, '', 0),
(3, 'book', 0, 0, '', 1),
(4, 'chat', 0, 0, '', 0),
(5, 'choice', 0, 0, '', 1),
(6, 'data', 0, 0, '', 1),
(7, 'feedback', 0, 0, '', 1),
(8, 'folder', 0, 0, '', 1),
(9, 'forum', 0, 0, '', 1),
(10, 'glossary', 0, 0, '', 1),
(11, 'h5pactivity', 0, 0, '', 1),
(12, 'imscp', 0, 0, '', 1),
(13, 'label', 0, 0, '', 1),
(14, 'lesson', 0, 0, '', 1),
(15, 'lti', 0, 0, '', 1),
(16, 'page', 0, 0, '', 1),
(17, 'quiz', 0, 0, '', 1),
(18, 'resource', 0, 0, '', 1),
(19, 'scorm', 0, 0, '', 1),
(20, 'survey', 0, 0, '', 0),
(21, 'url', 0, 0, '', 1),
(22, 'wiki', 0, 0, '', 1),
(23, 'workshop', 0, 0, '', 1),
(24, 'dataform', 0, 0, '', 1),
(25, 'subsection', 0, 0, '', 0),
(26, 'otopo', 0, 0, '', 1),
(27, 'forumng', 0, 0, '', 1),
(28, 'hotquestion', 60, 0, '', 1),
(29, 'studentquiz', 0, 0, '', 1),
(30, 'questionnaire', 0, 0, '', 1),
(31, 'threesixo', 0, 0, '', 1),
(32, 'adaptivequiz', 0, 0, '', 1),
(33, 'customcert', 0, 0, '', 1);

-- --------------------------------------------------------

--
-- Structure de la table `mdl_moodlenet_share_progress`
--

CREATE TABLE `mdl_moodlenet_share_progress` (
  `id` bigint NOT NULL,
  `type` tinyint NOT NULL,
  `courseid` bigint NOT NULL,
  `cmid` bigint DEFAULT NULL,
  `userid` bigint NOT NULL,
  `timecreated` bigint NOT NULL,
  `resourceurl` varchar(255) CHARACTER SET utf8mb4 COLLATE utf8mb4_0900_ai_ci DEFAULT NULL,
  `status` tinyint DEFAULT NULL
) ENGINE=InnoDB DEFAULT CHARSET=utf8mb4 COLLATE=utf8mb4_0900_ai_ci COMMENT='Records MoodleNet share progress' ROW_FORMAT=COMPRESSED;

-- --------------------------------------------------------

--
-- Structure de la table `mdl_my_pages`
--

CREATE TABLE `mdl_my_pages` (
  `id` bigint NOT NULL,
  `userid` bigint DEFAULT '0',
  `name` varchar(200) CHARACTER SET utf8mb4 COLLATE utf8mb4_0900_ai_ci NOT NULL DEFAULT '',
  `private` tinyint(1) NOT NULL DEFAULT '1',
  `sortorder` mediumint NOT NULL DEFAULT '0'
) ENGINE=InnoDB DEFAULT CHARSET=utf8mb4 COLLATE=utf8mb4_0900_ai_ci COMMENT='Extra user pages for the My Moodle system' ROW_FORMAT=COMPRESSED;

--
-- Déchargement des données de la table `mdl_my_pages`
--

INSERT INTO `mdl_my_pages` (`id`, `userid`, `name`, `private`, `sortorder`) VALUES
(1, NULL, '__default', 0, 0),
(2, NULL, '__default', 1, 0),
(3, NULL, '__courses', 0, 0),
(5, 2, '__default', 0, 0),
(6, 3, '__default', 0, 0),
(10, 5, '__default', 0, 0),
(13, 6, '__default', 0, 0),
(15, 8, '__default', 0, 0),
(20, 9, '__default', 0, 0),
(21, 6, '__default', 1, 0),
(22, 2, '__default', 1, 0),
(23, 8, '__default', 1, 0),
(24, 5, '__default', 1, 0),
(25, 10, '__default', 1, 0),
(26, 11, '__default', 1, 0),
(27, 12, '__default', 1, 0),
(28, 13, '__default', 1, 0),
(29, 15, '__default', 1, 0),
(31, 15, '__default', 0, 0),
(32, 18, '__default', 0, 0),
(33, 18, '__default', 1, 0),
(34, 14, '__default', 0, 0),
(35, 19, '__default', 0, 0),
(36, 19, '__default', 1, 0),
(37, 20, '__default', 0, 0),
(38, 20, '__default', 1, 0),
(39, 25, '__default', 0, 0),
(40, 25, '__default', 1, 0),
(41, 21, '__default', 1, 0),
(42, 28, '__default', 1, 0),
(43, 24, '__default', 1, 0),
(44, 23, '__default', 1, 0),
(45, 26, '__default', 1, 0),
(46, 23, '__default', 0, 0),
(47, 27, '__default', 1, 0),
(48, 26, '__default', 0, 0),
(49, 27, '__default', 0, 0),
(50, 29, '__default', 0, 0),
(51, 29, '__default', 1, 0),
(52, 14, '__default', 1, 0),
(53, 16, '__default', 1, 0),
(54, 28, '__default', 0, 0),
(55, 30, '__default', 0, 0),
(56, 30, '__default', 1, 0),
(57, 32, '__default', 0, 0),
(58, 32, '__default', 1, 0),
(59, 33, '__default', 1, 0),
(60, 33, '__default', 0, 0),
(61, 34, '__default', 0, 0),
(62, 34, '__default', 1, 0);

-- --------------------------------------------------------

--
-- Structure de la table `mdl_notifications`
--

CREATE TABLE `mdl_notifications` (
  `id` bigint NOT NULL,
  `useridfrom` bigint NOT NULL,
  `useridto` bigint NOT NULL,
  `subject` longtext CHARACTER SET utf8mb4 COLLATE utf8mb4_0900_ai_ci,
  `fullmessage` longtext CHARACTER SET utf8mb4 COLLATE utf8mb4_0900_ai_ci,
  `fullmessageformat` tinyint(1) NOT NULL DEFAULT '0',
  `fullmessagehtml` longtext CHARACTER SET utf8mb4 COLLATE utf8mb4_0900_ai_ci,
  `smallmessage` longtext CHARACTER SET utf8mb4 COLLATE utf8mb4_0900_ai_ci,
  `component` varchar(100) CHARACTER SET utf8mb4 COLLATE utf8mb4_0900_ai_ci DEFAULT NULL,
  `eventtype` varchar(100) CHARACTER SET utf8mb4 COLLATE utf8mb4_0900_ai_ci DEFAULT NULL,
  `contexturl` longtext CHARACTER SET utf8mb4 COLLATE utf8mb4_0900_ai_ci,
  `contexturlname` longtext CHARACTER SET utf8mb4 COLLATE utf8mb4_0900_ai_ci,
  `timeread` bigint DEFAULT NULL,
  `timecreated` bigint NOT NULL,
  `customdata` longtext CHARACTER SET utf8mb4 COLLATE utf8mb4_0900_ai_ci
) ENGINE=InnoDB DEFAULT CHARSET=utf8mb4 COLLATE=utf8mb4_0900_ai_ci COMMENT='Stores all notifications' ROW_FORMAT=COMPRESSED;

--
-- Déchargement des données de la table `mdl_notifications`
--

INSERT INTO `mdl_notifications` (`id`, `useridfrom`, `useridto`, `subject`, `fullmessage`, `fullmessageformat`, `fullmessagehtml`, `smallmessage`, `component`, `eventtype`, `contexturl`, `contexturlname`, `timeread`, `timecreated`, `customdata`) VALUES
(1, -10, 2, 'Nouvelle connexion à votre compte Brevet d\'Initiation Aéronautique (BIA)', 'Bonjour Bruno BERNARD,\n\nUne connexion à votre compte Brevet d\'Initiation Aéronautique (BIA) vient\nd’avoir lieu à partir d’un nouvel appareil.\n\n	* Votre compte : bruno.bernard bruno.bernard@unistra.fr\n	* dimanche 6 octobre 2024, 22:13\n	* Appareil : Mozilla/5.0 (X11; Ubuntu; Linux x86_64; rv:131.0)\nGecko/20100101 Firefox/131.0\n	* Adresse IP : 79.93.0.152\n\nSi vous vous êtes bien connecté, aucune action n’est nécessaire.\n\nSi vous n’êtes pas au courant de cette connexion, veuillez modifier\nvotre mot de passe [1]\n\n\nLinks:\n------\n[1] https://bia-facile.fr/login/change_password.php\n', 1, '<p>Bonjour Bruno BERNARD,</p>\n<p>Une connexion à votre compte Brevet d\'Initiation Aéronautique (BIA) vient d’avoir lieu à partir d’un nouvel appareil.</p>\n<ul>\n<li>Votre compte : bruno.bernard bruno.bernard@unistra.fr</li>\n<li>dimanche 6 octobre 2024, 22:13</li>\n<li>Appareil :  Mozilla/5.0 (X11; Ubuntu; Linux x86_64; rv:131.0) Gecko/20100101 Firefox/131.0</li>\n<li>Adresse IP : 79.93.0.152</li>\n</ul>\n<p>Si vous vous êtes bien connecté, aucune action n’est nécessaire.</p>\n<p>Si vous n’êtes pas au courant de cette connexion, veuillez <a href=\"https://bia-facile.fr/login/change_password.php\">modifier votre mot de passe</a></p>', 'Une connexion à votre compte bruno.bernard vient d’avoir lieu à partir d’un nouvel appareil.', 'moodle', 'newlogin', NULL, NULL, NULL, 1730573150, '{\"notificationiconurl\":\"https:\\/\\/bia-facile.fr\\/theme\\/image.php\\/boost\\/core\\/1730572900\\/u\\/f1\",\"courseid\":\"1\"}'),
(2, -10, 2, 'Nouvelle connexion à votre compte Brevet d\'Initiation Aéronautique (BIA)', 'Bonjour Bruno BERNARD,\n\nUne connexion à votre compte Brevet d\'Initiation Aéronautique (BIA) vient\nd’avoir lieu à partir d’un nouvel appareil.\n\n	* Votre compte : bruno.bernard bruno.bernard@unistra.fr\n	* lundi 7 octobre 2024, 22:51\n	* Appareil : Mozilla/5.0 (X11; Ubuntu; Linux x86_64; rv:131.0)\nGecko/20100101 Firefox/131.0\n	* Adresse IP : 79.93.0.152\n\nSi vous vous êtes bien connecté, aucune action n’est nécessaire.\n\nSi vous n’êtes pas au courant de cette connexion, veuillez modifier\nvotre mot de passe [1]\n\n\nLinks:\n------\n[1] https://bia-facile.fr/login/change_password.php\n', 1, '<p>Bonjour Bruno BERNARD,</p>\n<p>Une connexion à votre compte Brevet d\'Initiation Aéronautique (BIA) vient d’avoir lieu à partir d’un nouvel appareil.</p>\n<ul>\n<li>Votre compte : bruno.bernard bruno.bernard@unistra.fr</li>\n<li>lundi 7 octobre 2024, 22:51</li>\n<li>Appareil :  Mozilla/5.0 (X11; Ubuntu; Linux x86_64; rv:131.0) Gecko/20100101 Firefox/131.0</li>\n<li>Adresse IP : 79.93.0.152</li>\n</ul>\n<p>Si vous vous êtes bien connecté, aucune action n’est nécessaire.</p>\n<p>Si vous n’êtes pas au courant de cette connexion, veuillez <a href=\"https://bia-facile.fr/login/change_password.php\">modifier votre mot de passe</a></p>', 'Une connexion à votre compte bruno.bernard vient d’avoir lieu à partir d’un nouvel appareil.', 'moodle', 'newlogin', NULL, NULL, NULL, 1730573151, '{\"notificationiconurl\":\"https:\\/\\/bia-facile.fr\\/theme\\/image.php\\/boost\\/core\\/1730572900\\/u\\/f1\",\"courseid\":\"1\"}'),
(3, -10, 2, 'Nouvelle connexion à votre compte Brevet d\'Initiation Aéronautique (BIA)', 'Bonjour Bruno BERNARD,\n\nUne connexion à votre compte Brevet d\'Initiation Aéronautique (BIA) vient\nd’avoir lieu à partir d’un nouvel appareil.\n\n	* Votre compte : bruno.bernard bruno.bernard@unistra.fr\n	* samedi 12 octobre 2024, 12:00\n	* Appareil : Mozilla/5.0 (X11; Ubuntu; Linux x86_64; rv:131.0)\nGecko/20100101 Firefox/131.0\n	* Adresse IP : 2a01:e0a:8d0:ba70:a05e:87b0:8a35:1033\n\nSi vous vous êtes bien connecté, aucune action n’est nécessaire.\n\nSi vous n’êtes pas au courant de cette connexion, veuillez modifier\nvotre mot de passe [1]\n\n\nLinks:\n------\n[1] https://bia-facile.fr/login/change_password.php\n', 1, '<p>Bonjour Bruno BERNARD,</p>\n<p>Une connexion à votre compte Brevet d\'Initiation Aéronautique (BIA) vient d’avoir lieu à partir d’un nouvel appareil.</p>\n<ul>\n<li>Votre compte : bruno.bernard bruno.bernard@unistra.fr</li>\n<li>samedi 12 octobre 2024, 12:00</li>\n<li>Appareil :  Mozilla/5.0 (X11; Ubuntu; Linux x86_64; rv:131.0) Gecko/20100101 Firefox/131.0</li>\n<li>Adresse IP : 2a01:e0a:8d0:ba70:a05e:87b0:8a35:1033</li>\n</ul>\n<p>Si vous vous êtes bien connecté, aucune action n’est nécessaire.</p>\n<p>Si vous n’êtes pas au courant de cette connexion, veuillez <a href=\"https://bia-facile.fr/login/change_password.php\">modifier votre mot de passe</a></p>', 'Une connexion à votre compte bruno.bernard vient d’avoir lieu à partir d’un nouvel appareil.', 'moodle', 'newlogin', NULL, NULL, NULL, 1730573151, '{\"notificationiconurl\":\"https:\\/\\/bia-facile.fr\\/theme\\/image.php\\/boost\\/core\\/1730572900\\/u\\/f1\",\"courseid\":\"1\"}'),
(4, -10, 2, 'Nouvelle connexion à votre compte Brevet d\'Initiation Aéronautique (BIA)', 'Bonjour Bruno BERNARD,\n\nUne connexion à votre compte Brevet d\'Initiation Aéronautique (BIA) vient\nd’avoir lieu à partir d’un nouvel appareil.\n\n	* Votre compte : bruno.bernard bruno.bernard@unistra.fr\n	* samedi 12 octobre 2024, 12:37\n	* Appareil : Mozilla/5.0 (X11; Ubuntu; Linux x86_64; rv:130.0)\nGecko/20100101 Firefox/130.0\n	* Adresse IP : 2a01:e0a:8d0:ba70:143d:df5a:707d:9a78\n\nSi vous vous êtes bien connecté, aucune action n’est nécessaire.\n\nSi vous n’êtes pas au courant de cette connexion, veuillez modifier\nvotre mot de passe [1]\n\n\nLinks:\n------\n[1] https://bia-facile.fr/login/change_password.php\n', 1, '<p>Bonjour Bruno BERNARD,</p>\n<p>Une connexion à votre compte Brevet d\'Initiation Aéronautique (BIA) vient d’avoir lieu à partir d’un nouvel appareil.</p>\n<ul>\n<li>Votre compte : bruno.bernard bruno.bernard@unistra.fr</li>\n<li>samedi 12 octobre 2024, 12:37</li>\n<li>Appareil :  Mozilla/5.0 (X11; Ubuntu; Linux x86_64; rv:130.0) Gecko/20100101 Firefox/130.0</li>\n<li>Adresse IP : 2a01:e0a:8d0:ba70:143d:df5a:707d:9a78</li>\n</ul>\n<p>Si vous vous êtes bien connecté, aucune action n’est nécessaire.</p>\n<p>Si vous n’êtes pas au courant de cette connexion, veuillez <a href=\"https://bia-facile.fr/login/change_password.php\">modifier votre mot de passe</a></p>', 'Une connexion à votre compte bruno.bernard vient d’avoir lieu à partir d’un nouvel appareil.', 'moodle', 'newlogin', NULL, NULL, NULL, 1730573151, '{\"notificationiconurl\":\"https:\\/\\/bia-facile.fr\\/theme\\/image.php\\/boost\\/core\\/1730572900\\/u\\/f1\",\"courseid\":\"1\"}'),
(5, -10, 2, 'Nouvelle connexion à votre compte Brevet d\'Initiation Aéronautique (BIA)', 'Bonjour Bruno BERNARD,\n\nUne connexion à votre compte Brevet d\'Initiation Aéronautique (BIA) vient\nd’avoir lieu à partir d’un nouvel appareil.\n\n	* Votre compte : bruno.bernard bruno.bernard@unistra.fr\n	* samedi 12 octobre 2024, 18:45\n	* Appareil : Mozilla/5.0 (X11; Ubuntu; Linux x86_64; rv:130.0)\nGecko/20100101 Firefox/130.0\n	* Adresse IP : 2a01:e0a:8d0:ba70:76b6:eec1:9d6b:6f63\n\nSi vous vous êtes bien connecté, aucune action n’est nécessaire.\n\nSi vous n’êtes pas au courant de cette connexion, veuillez modifier\nvotre mot de passe [1]\n\n\nLinks:\n------\n[1] https://bia-facile.fr/login/change_password.php\n', 1, '<p>Bonjour Bruno BERNARD,</p>\n<p>Une connexion à votre compte Brevet d\'Initiation Aéronautique (BIA) vient d’avoir lieu à partir d’un nouvel appareil.</p>\n<ul>\n<li>Votre compte : bruno.bernard bruno.bernard@unistra.fr</li>\n<li>samedi 12 octobre 2024, 18:45</li>\n<li>Appareil :  Mozilla/5.0 (X11; Ubuntu; Linux x86_64; rv:130.0) Gecko/20100101 Firefox/130.0</li>\n<li>Adresse IP : 2a01:e0a:8d0:ba70:76b6:eec1:9d6b:6f63</li>\n</ul>\n<p>Si vous vous êtes bien connecté, aucune action n’est nécessaire.</p>\n<p>Si vous n’êtes pas au courant de cette connexion, veuillez <a href=\"https://bia-facile.fr/login/change_password.php\">modifier votre mot de passe</a></p>', 'Une connexion à votre compte bruno.bernard vient d’avoir lieu à partir d’un nouvel appareil.', 'moodle', 'newlogin', NULL, NULL, NULL, 1730573151, '{\"notificationiconurl\":\"https:\\/\\/bia-facile.fr\\/theme\\/image.php\\/boost\\/core\\/1730572900\\/u\\/f1\",\"courseid\":\"1\"}'),
(6, -10, 2, 'Nouvelle connexion à votre compte Brevet d\'Initiation Aéronautique (BIA)', 'Bonjour Bruno BERNARD,\n\nUne connexion à votre compte Brevet d\'Initiation Aéronautique (BIA) vient\nd’avoir lieu à partir d’un nouvel appareil.\n\n	* Votre compte : bruno.bernard bruno.bernard@unistra.fr\n	* mardi 15 octobre 2024, 12:51\n	* Appareil : Mozilla/5.0 (X11; Ubuntu; Linux x86_64; rv:130.0)\nGecko/20100101 Firefox/130.0\n	* Adresse IP : 2a01:e0a:8d0:ba70:bafd:c705:fbc8:8a10\n\nSi vous vous êtes bien connecté, aucune action n’est nécessaire.\n\nSi vous n’êtes pas au courant de cette connexion, veuillez modifier\nvotre mot de passe [1]\n\n\nLinks:\n------\n[1] https://bia-facile.fr/login/change_password.php\n', 1, '<p>Bonjour Bruno BERNARD,</p>\n<p>Une connexion à votre compte Brevet d\'Initiation Aéronautique (BIA) vient d’avoir lieu à partir d’un nouvel appareil.</p>\n<ul>\n<li>Votre compte : bruno.bernard bruno.bernard@unistra.fr</li>\n<li>mardi 15 octobre 2024, 12:51</li>\n<li>Appareil :  Mozilla/5.0 (X11; Ubuntu; Linux x86_64; rv:130.0) Gecko/20100101 Firefox/130.0</li>\n<li>Adresse IP : 2a01:e0a:8d0:ba70:bafd:c705:fbc8:8a10</li>\n</ul>\n<p>Si vous vous êtes bien connecté, aucune action n’est nécessaire.</p>\n<p>Si vous n’êtes pas au courant de cette connexion, veuillez <a href=\"https://bia-facile.fr/login/change_password.php\">modifier votre mot de passe</a></p>', 'Une connexion à votre compte bruno.bernard vient d’avoir lieu à partir d’un nouvel appareil.', 'moodle', 'newlogin', NULL, NULL, NULL, 1730573151, '{\"notificationiconurl\":\"https:\\/\\/bia-facile.fr\\/theme\\/image.php\\/boost\\/core\\/1730572900\\/u\\/f1\",\"courseid\":\"1\"}'),
(7, -10, 2, 'Nouvelle connexion à votre compte Brevet d\'Initiation Aéronautique (BIA)', 'Bonjour Bruno BERNARD,\n\nUne connexion à votre compte Brevet d\'Initiation Aéronautique (BIA) vient\nd’avoir lieu à partir d’un nouvel appareil.\n\n	* Votre compte : bruno.bernard bruno.bernard@unistra.fr\n	* mardi 29 octobre 2024, 13:18\n	* Appareil : Mozilla/5.0 (X11; Ubuntu; Linux x86_64; rv:131.0)\nGecko/20100101 Firefox/131.0\n	* Adresse IP : 2a01:e0a:8d0:ba70:4402:b867:f36a:c1f3\n\nSi vous vous êtes bien connecté, aucune action n’est nécessaire.\n\nSi vous n’êtes pas au courant de cette connexion, veuillez modifier\nvotre mot de passe [1]\n\n\nLinks:\n------\n[1] https://bia-facile.fr/login/change_password.php\n', 1, '<p>Bonjour Bruno BERNARD,</p>\n<p>Une connexion à votre compte Brevet d\'Initiation Aéronautique (BIA) vient d’avoir lieu à partir d’un nouvel appareil.</p>\n<ul>\n<li>Votre compte : bruno.bernard bruno.bernard@unistra.fr</li>\n<li>mardi 29 octobre 2024, 13:18</li>\n<li>Appareil :  Mozilla/5.0 (X11; Ubuntu; Linux x86_64; rv:131.0) Gecko/20100101 Firefox/131.0</li>\n<li>Adresse IP : 2a01:e0a:8d0:ba70:4402:b867:f36a:c1f3</li>\n</ul>\n<p>Si vous vous êtes bien connecté, aucune action n’est nécessaire.</p>\n<p>Si vous n’êtes pas au courant de cette connexion, veuillez <a href=\"https://bia-facile.fr/login/change_password.php\">modifier votre mot de passe</a></p>', 'Une connexion à votre compte bruno.bernard vient d’avoir lieu à partir d’un nouvel appareil.', 'moodle', 'newlogin', NULL, NULL, NULL, 1730573151, '{\"notificationiconurl\":\"https:\\/\\/bia-facile.fr\\/theme\\/image.php\\/boost\\/core\\/1730572900\\/u\\/f1\",\"courseid\":\"1\"}'),
(8, -10, 2, 'Nouvelle connexion à votre compte Brevet d\'Initiation Aéronautique (BIA)', 'Bonjour Bruno BERNARD,\n\nUne connexion à votre compte Brevet d\'Initiation Aéronautique (BIA) vient\nd’avoir lieu à partir d’un nouvel appareil.\n\n	* Votre compte : bruno.bernard bruno.bernard@unistra.fr\n	* mercredi 30 octobre 2024, 07:02\n	* Appareil : Mozilla/5.0 (X11; Ubuntu; Linux x86_64; rv:131.0)\nGecko/20100101 Firefox/131.0\n	* Adresse IP : 2a01:e0a:8d0:ba70:b3e3:d8e2:b7d8:91e\n\nSi vous vous êtes bien connecté, aucune action n’est nécessaire.\n\nSi vous n’êtes pas au courant de cette connexion, veuillez modifier\nvotre mot de passe [1]\n\n\nLinks:\n------\n[1] https://bia-facile.fr/login/change_password.php\n', 1, '<p>Bonjour Bruno BERNARD,</p>\n<p>Une connexion à votre compte Brevet d\'Initiation Aéronautique (BIA) vient d’avoir lieu à partir d’un nouvel appareil.</p>\n<ul>\n<li>Votre compte : bruno.bernard bruno.bernard@unistra.fr</li>\n<li>mercredi 30 octobre 2024, 07:02</li>\n<li>Appareil :  Mozilla/5.0 (X11; Ubuntu; Linux x86_64; rv:131.0) Gecko/20100101 Firefox/131.0</li>\n<li>Adresse IP : 2a01:e0a:8d0:ba70:b3e3:d8e2:b7d8:91e</li>\n</ul>\n<p>Si vous vous êtes bien connecté, aucune action n’est nécessaire.</p>\n<p>Si vous n’êtes pas au courant de cette connexion, veuillez <a href=\"https://bia-facile.fr/login/change_password.php\">modifier votre mot de passe</a></p>', 'Une connexion à votre compte bruno.bernard vient d’avoir lieu à partir d’un nouvel appareil.', 'moodle', 'newlogin', NULL, NULL, NULL, 1730573151, '{\"notificationiconurl\":\"https:\\/\\/bia-facile.fr\\/theme\\/image.php\\/boost\\/core\\/1730572900\\/u\\/f1\",\"courseid\":\"1\"}'),
(9, -10, 2, 'Nouvelle connexion à votre compte Brevet d\'Initiation Aéronautique (BIA)', 'Bonjour Bruno BERNARD,\n\nUne connexion à votre compte Brevet d\'Initiation Aéronautique (BIA) vient\nd’avoir lieu à partir d’un nouvel appareil.\n\n	* Votre compte : bruno.bernard bruno.bernard@unistra.fr\n	* samedi 2 novembre 2024, 17:41\n	* Appareil : Mozilla/5.0 (X11; Ubuntu; Linux x86_64; rv:132.0)\nGecko/20100101 Firefox/132.0\n	* Adresse IP : 2a01:e0a:8d0:ba70:75ad:60fd:255e:4a2e\n\nSi vous vous êtes bien connecté, aucune action n’est nécessaire.\n\nSi vous n’êtes pas au courant de cette connexion, veuillez modifier\nvotre mot de passe [1]\n\n\nLinks:\n------\n[1] https://bia-facile.fr/login/change_password.php\n', 1, '<p>Bonjour Bruno BERNARD,</p>\n<p>Une connexion à votre compte Brevet d\'Initiation Aéronautique (BIA) vient d’avoir lieu à partir d’un nouvel appareil.</p>\n<ul>\n<li>Votre compte : bruno.bernard bruno.bernard@unistra.fr</li>\n<li>samedi 2 novembre 2024, 17:41</li>\n<li>Appareil :  Mozilla/5.0 (X11; Ubuntu; Linux x86_64; rv:132.0) Gecko/20100101 Firefox/132.0</li>\n<li>Adresse IP : 2a01:e0a:8d0:ba70:75ad:60fd:255e:4a2e</li>\n</ul>\n<p>Si vous vous êtes bien connecté, aucune action n’est nécessaire.</p>\n<p>Si vous n’êtes pas au courant de cette connexion, veuillez <a href=\"https://bia-facile.fr/login/change_password.php\">modifier votre mot de passe</a></p>', 'Une connexion à votre compte bruno.bernard vient d’avoir lieu à partir d’un nouvel appareil.', 'moodle', 'newlogin', NULL, NULL, NULL, 1730573151, '{\"notificationiconurl\":\"https:\\/\\/bia-facile.fr\\/theme\\/image.php\\/boost\\/core\\/1730572900\\/u\\/f1\",\"courseid\":\"1\"}'),
(10, 2, 3, 'Bienvenue sur Météorologie et aérologie', 'Bonjour Bruno etu BERNARD, vous êtes maintenant inscrit au cours Météorologie et aérologie', 4, 'Bonjour Bruno etu BERNARD, vous êtes maintenant inscrit au cours Météorologie et aérologie', NULL, 'moodle', 'enrolcoursewelcomemessage', 'https://bia-facile.fr/user/view.php?id=3&amp;course=3', 'Météorologie et aérologie', 1731092350, 1730787504, NULL),
(11, 2, 3, 'Bienvenue sur Aérodynamique, aérostatique et principes du vol', 'Bonjour Bruno etu BERNARD, vous êtes maintenant inscrit au cours Aérodynamique, aérostatique et principes du vol', 4, 'Bonjour Bruno etu BERNARD, vous êtes maintenant inscrit au cours Aérodynamique, aérostatique et principes du vol', NULL, 'moodle', 'enrolcoursewelcomemessage', 'https://bia-facile.fr/user/view.php?id=3&amp;course=2', 'Aérodynamique, aérostatique et principes du vol', 1731092350, 1730788215, NULL),
(12, 2, 3, 'Bienvenue sur Étude des aéronefs et des engins spatiaux', 'Bonjour Bruno etu BERNARD, vous êtes maintenant inscrit au cours Étude des aéronefs et des engins spatiaux', 4, 'Bonjour Bruno etu BERNARD, vous êtes maintenant inscrit au cours Étude des aéronefs et des engins spatiaux', NULL, 'moodle', 'enrolcoursewelcomemessage', 'https://bia-facile.fr/user/view.php?id=3&amp;course=4', 'Étude des aéronefs et des engins spatiaux', 1731092350, 1730788222, NULL),
(13, 2, 3, 'Bienvenue sur Navigation, réglementation, sécurité des vols', 'Bonjour Bruno etu BERNARD, vous êtes maintenant inscrit au cours Navigation, réglementation, sécurité des vols', 4, 'Bonjour Bruno etu BERNARD, vous êtes maintenant inscrit au cours Navigation, réglementation, sécurité des vols', NULL, 'moodle', 'enrolcoursewelcomemessage', 'https://bia-facile.fr/user/view.php?id=3&amp;course=5', 'Navigation, réglementation, sécurité des vols', 1731092350, 1730788229, NULL),
(14, 2, 3, 'Bienvenue sur Histoire et culture de l’aéronautique et du spatial', 'Bonjour Bruno etu BERNARD, vous êtes maintenant inscrit au cours Histoire et culture de l’aéronautique et du spatial', 4, 'Bonjour Bruno etu BERNARD, vous êtes maintenant inscrit au cours Histoire et culture de l’aéronautique et du spatial', NULL, 'moodle', 'enrolcoursewelcomemessage', 'https://bia-facile.fr/user/view.php?id=3&amp;course=6', 'Histoire et culture de l’aéronautique et du spatial', 1731092350, 1730788235, NULL),
(15, 2, 5, 'Bienvenue sur Météorologie et aérologie', 'Bonjour Marin Descarrega, vous êtes maintenant inscrit au cours Météorologie et aérologie', 4, 'Bonjour Marin Descarrega, vous êtes maintenant inscrit au cours Météorologie et aérologie', NULL, 'moodle', 'enrolcoursewelcomemessage', 'https://bia-facile.fr/user/view.php?id=5&amp;course=3', 'Météorologie et aérologie', 1740495523, 1731012675, NULL),
(16, 2, 5, 'Bienvenue sur Aérodynamique, aérostatique et principes du vol', 'Bonjour Marin Descarrega, vous êtes maintenant inscrit au cours Aérodynamique, aérostatique et principes du vol', 4, 'Bonjour Marin Descarrega, vous êtes maintenant inscrit au cours Aérodynamique, aérostatique et principes du vol', NULL, 'moodle', 'enrolcoursewelcomemessage', 'https://bia-facile.fr/user/view.php?id=5&amp;course=2', 'Aérodynamique, aérostatique et principes du vol', 1740495520, 1731013092, NULL),
(17, 2, 3, 'Bienvenue sur Évaluez votre niveau d\'anglais pour l\'épreuve optionnelle du BIA', 'Bonjour Bruno etu, vous êtes inscrit au cours Évaluez votre niveau d\'anglais pour l\'épreuve optionnelle du BIA', 4, 'Bonjour Bruno etu, vous êtes inscrit au cours Évaluez votre niveau d\'anglais pour l\'épreuve optionnelle du BIA', NULL, 'moodle', 'enrolcoursewelcomemessage', 'https://bia-facile.fr/user/view.php?id=3&amp;course=7', 'Évaluez votre niveau d\'anglais pour l\'épreuve optionnelle du BIA', 1734277474, 1734277455, NULL),
(18, 2, 6, 'Bienvenue sur Évaluez votre niveau d\'anglais pour l\'épreuve optionnelle du BIA', 'Bonjour Bruno, vous êtes inscrit au cours Évaluez votre niveau d\'anglais pour l\'épreuve optionnelle du BIA', 4, 'Bonjour Bruno, vous êtes inscrit au cours Évaluez votre niveau d\'anglais pour l\'épreuve optionnelle du BIA', NULL, 'moodle', 'enrolcoursewelcomemessage', 'https://bia-facile.fr/user/view.php?id=6&amp;course=7', 'Évaluez votre niveau d\'anglais pour l\'épreuve optionnelle du BIA', NULL, 1734381464, NULL),
(19, 2, 6, 'Bienvenue sur Histoire et culture de l’aéronautique et du spatial', 'Bonjour Bruno KungFu, vous êtes maintenant inscrit au cours Histoire et culture de l’aéronautique et du spatial', 4, 'Bonjour Bruno KungFu, vous êtes maintenant inscrit au cours Histoire et culture de l’aéronautique et du spatial', NULL, 'moodle', 'enrolcoursewelcomemessage', 'https://bia-facile.fr/user/view.php?id=6&amp;course=6', 'Histoire et culture de l’aéronautique et du spatial', NULL, 1734394388, NULL),
(20, 2, 3, 'Bienvenue sur Révisons ensemble les annales de l\'examen', 'Bonjour Bruno etu, vous êtes inscrit au cours Révisons ensemble les annales de l\'examen', 4, 'Bonjour Bruno etu, vous êtes inscrit au cours Révisons ensemble les annales de l\'examen', NULL, 'moodle', 'enrolcoursewelcomemessage', 'https://bia-facile.fr/user/view.php?id=3&amp;course=8', 'Révisons ensemble les annales de l\'examen', 1734510119, 1734506531, NULL),
(21, 2, 6, 'Bienvenue sur Navigation, réglementation, sécurité des vols', 'Bonjour Bruno, vous êtes inscrit au cours Navigation, réglementation, sécurité des vols', 4, 'Bonjour Bruno, vous êtes inscrit au cours Navigation, réglementation, sécurité des vols', NULL, 'moodle', 'enrolcoursewelcomemessage', 'https://bia-facile.fr/user/view.php?id=6&amp;course=5', 'Navigation, réglementation, sécurité des vols', NULL, 1734590318, NULL),
(22, 2, 6, 'Bienvenue sur Entrainez vous avec les annales de l\'examen', 'Bonjour Amelia, vous êtes inscrit au cours Entrainez vous avec les annales de l\'examen', 4, 'Bonjour Amelia, vous êtes inscrit au cours Entrainez vous avec les annales de l\'examen', NULL, 'moodle', 'enrolcoursewelcomemessage', 'https://bia-facile.fr/user/view.php?id=6&amp;course=8', 'Entrainez vous avec les annales de l\'examen', NULL, 1734591195, NULL),
(23, 2, 6, 'Bienvenue sur Aérodynamique, aérostatique et principes du vol', 'Bonjour Amelia, vous êtes inscrit au cours Aérodynamique, aérostatique et principes du vol', 4, 'Bonjour Amelia, vous êtes inscrit au cours Aérodynamique, aérostatique et principes du vol', NULL, 'moodle', 'enrolcoursewelcomemessage', 'https://bia-facile.fr/user/view.php?id=6&amp;course=2', 'Aérodynamique, aérostatique et principes du vol', NULL, 1734591239, NULL),
(24, 2, 6, 'Bienvenue sur Étude des aéronefs et des engins spatiaux', 'Bonjour Amelia, vous êtes inscrit au cours Étude des aéronefs et des engins spatiaux', 4, 'Bonjour Amelia, vous êtes inscrit au cours Étude des aéronefs et des engins spatiaux', NULL, 'moodle', 'enrolcoursewelcomemessage', 'https://bia-facile.fr/user/view.php?id=6&amp;course=4', 'Étude des aéronefs et des engins spatiaux', NULL, 1734591247, NULL),
(25, 2, 6, 'Bienvenue sur Météorologie et aérologie', 'Bonjour Amelia, vous êtes inscrit au cours Météorologie et aérologie', 4, 'Bonjour Amelia, vous êtes inscrit au cours Météorologie et aérologie', NULL, 'moodle', 'enrolcoursewelcomemessage', 'https://bia-facile.fr/user/view.php?id=6&amp;course=3', 'Météorologie et aérologie', NULL, 1734591295, NULL),
(26, 2, 3, 'Bienvenue sur Cours Test', 'Bonjour Bruno etu, vous êtes inscrit au cours Cours Test', 4, 'Bonjour Bruno etu, vous êtes inscrit au cours Cours Test', NULL, 'moodle', 'enrolcoursewelcomemessage', 'https://bia-facile.fr/user/view.php?id=3&amp;course=9', 'Cours Test', 1735563263, 1735554442, NULL),
(27, 2, 6, 'Bienvenue sur Cours Test', 'Bonjour Amelia, vous êtes inscrit au cours Cours Test', 4, 'Bonjour Amelia, vous êtes inscrit au cours Cours Test', NULL, 'moodle', 'enrolcoursewelcomemessage', 'https://bia-facile.fr/user/view.php?id=6&amp;course=9', 'Cours Test', NULL, 1735568724, NULL),
(28, 2, 8, 'Bienvenue sur Étude des aéronefs et des engins spatiaux', 'Bonjour Louis, vous êtes inscrit au cours Étude des aéronefs et des engins spatiaux', 4, 'Bonjour Louis, vous êtes inscrit au cours Étude des aéronefs et des engins spatiaux', NULL, 'moodle', 'enrolcoursewelcomemessage', 'https://bia-facile.fr/user/view.php?id=8&amp;course=4', 'Étude des aéronefs et des engins spatiaux', NULL, 1736521711, NULL),
(29, 2, 9, 'Bienvenue sur Histoire et culture de l’aéronautique et du spatial', 'Bonjour Axelle Mangier, vous êtes maintenant inscrit au cours Histoire et culture de l’aéronautique et du spatial', 4, 'Bonjour Axelle Mangier, vous êtes maintenant inscrit au cours Histoire et culture de l’aéronautique et du spatial', NULL, 'moodle', 'enrolcoursewelcomemessage', 'https://bia-facile.fr/user/view.php?id=9&amp;course=6', 'Histoire et culture de l’aéronautique et du spatial', NULL, 1736887788, NULL),
(30, 2, 8, 'Bienvenue sur Aérodynamique, aérostatique et principes du vol', 'Bonjour Louis, vous êtes inscrit au cours Aérodynamique, aérostatique et principes du vol', 4, 'Bonjour Louis, vous êtes inscrit au cours Aérodynamique, aérostatique et principes du vol', NULL, 'moodle', 'enrolcoursewelcomemessage', 'https://bia-facile.fr/user/view.php?id=8&amp;course=2', 'Aérodynamique, aérostatique et principes du vol', NULL, 1736952977, NULL),
(31, 2, 8, 'Bienvenue sur Entrainez vous avec les annales de l\'examen', 'Bonjour Louis, vous êtes inscrit au cours Entrainez vous avec les annales de l\'examen', 4, 'Bonjour Louis, vous êtes inscrit au cours Entrainez vous avec les annales de l\'examen', NULL, 'moodle', 'enrolcoursewelcomemessage', 'https://bia-facile.fr/user/view.php?id=8&amp;course=8', 'Entrainez vous avec les annales de l\'examen', NULL, 1737484534, NULL),
(32, 2, 8, 'Bienvenue sur Histoire et culture de l’aéronautique et du spatial', 'Bonjour Louis, vous êtes inscrit au cours Histoire et culture de l’aéronautique et du spatial', 4, 'Bonjour Louis, vous êtes inscrit au cours Histoire et culture de l’aéronautique et du spatial', NULL, 'moodle', 'enrolcoursewelcomemessage', 'https://bia-facile.fr/user/view.php?id=8&amp;course=6', 'Histoire et culture de l’aéronautique et du spatial', NULL, 1737484566, NULL),
(33, 2, 8, 'Bienvenue sur Navigation, réglementation, sécurité des vols', 'Bonjour Louis, vous êtes inscrit au cours Navigation, réglementation, sécurité des vols', 4, 'Bonjour Louis, vous êtes inscrit au cours Navigation, réglementation, sécurité des vols', NULL, 'moodle', 'enrolcoursewelcomemessage', 'https://bia-facile.fr/user/view.php?id=8&amp;course=5', 'Navigation, réglementation, sécurité des vols', NULL, 1737484587, NULL),
(34, 2, 8, 'Bienvenue sur Météorologie et aérologie', 'Bonjour Louis Blériot, vous êtes maintenant inscrit au cours Météorologie et aérologie', 4, 'Bonjour Louis Blériot, vous êtes maintenant inscrit au cours Météorologie et aérologie', NULL, 'moodle', 'enrolcoursewelcomemessage', 'https://bia-facile.fr/user/view.php?id=8&amp;course=3', 'Météorologie et aérologie', NULL, 1737484619, NULL),
(35, 2, 10, 'Bienvenue sur Entrainez vous avec les annales de l\'examen', 'Bonjour Frédéric, vous êtes inscrit au cours Entrainez vous avec les annales de l\'examen', 4, 'Bonjour Frédéric, vous êtes inscrit au cours Entrainez vous avec les annales de l\'examen', NULL, 'moodle', 'enrolcoursewelcomemessage', 'https://bia-facile.fr/user/view.php?id=10&amp;course=8', 'Entrainez vous avec les annales de l\'examen', NULL, 1737906630, NULL),
(36, 2, 10, 'Bienvenue sur Météorologie et aérologie', 'Bonjour Frédéric, vous êtes inscrit au cours Météorologie et aérologie', 4, 'Bonjour Frédéric, vous êtes inscrit au cours Météorologie et aérologie', NULL, 'moodle', 'enrolcoursewelcomemessage', 'https://bia-facile.fr/user/view.php?id=10&amp;course=3', 'Météorologie et aérologie', NULL, 1737906679, NULL),
(37, 2, 10, 'Bienvenue sur Aérodynamique, aérostatique et principes du vol', 'Bonjour Frédéric, vous êtes inscrit au cours Aérodynamique, aérostatique et principes du vol', 4, 'Bonjour Frédéric, vous êtes inscrit au cours Aérodynamique, aérostatique et principes du vol', NULL, 'moodle', 'enrolcoursewelcomemessage', 'https://bia-facile.fr/user/view.php?id=10&amp;course=2', 'Aérodynamique, aérostatique et principes du vol', NULL, 1737906682, NULL),
(38, 2, 10, 'Bienvenue sur Histoire et culture de l’aéronautique et du spatial', 'Bonjour Frédéric Lerognon, vous êtes maintenant inscrit au cours Histoire et culture de l’aéronautique et du spatial', 4, 'Bonjour Frédéric Lerognon, vous êtes maintenant inscrit au cours Histoire et culture de l’aéronautique et du spatial', NULL, 'moodle', 'enrolcoursewelcomemessage', 'https://bia-facile.fr/user/view.php?id=10&amp;course=6', 'Histoire et culture de l’aéronautique et du spatial', NULL, 1737906685, NULL),
(39, 2, 10, 'Bienvenue sur Navigation, réglementation, sécurité des vols', 'Bonjour Frédéric, vous êtes inscrit au cours Navigation, réglementation, sécurité des vols', 4, 'Bonjour Frédéric, vous êtes inscrit au cours Navigation, réglementation, sécurité des vols', NULL, 'moodle', 'enrolcoursewelcomemessage', 'https://bia-facile.fr/user/view.php?id=10&amp;course=5', 'Navigation, réglementation, sécurité des vols', NULL, 1737906689, NULL),
(40, 2, 10, 'Bienvenue sur Étude des aéronefs et des engins spatiaux', 'Bonjour Frédéric, vous êtes inscrit au cours Étude des aéronefs et des engins spatiaux', 4, 'Bonjour Frédéric, vous êtes inscrit au cours Étude des aéronefs et des engins spatiaux', NULL, 'moodle', 'enrolcoursewelcomemessage', 'https://bia-facile.fr/user/view.php?id=10&amp;course=4', 'Étude des aéronefs et des engins spatiaux', NULL, 1737906693, NULL),
(41, 2, 13, 'Bienvenue sur Entrainez vous avec les annales de l\'examen', 'Bonjour Yannick, vous êtes inscrit au cours Entrainez vous avec les annales de l\'examen', 4, 'Bonjour Yannick, vous êtes inscrit au cours Entrainez vous avec les annales de l\'examen', NULL, 'moodle', 'enrolcoursewelcomemessage', 'https://bia-facile.fr/user/view.php?id=13&amp;course=8', 'Entrainez vous avec les annales de l\'examen', 1740476647, 1738870576, NULL),
(42, 2, 11, 'Bienvenue sur Étude des aéronefs et des engins spatiaux', 'Bonjour Patricia, vous êtes inscrit au cours Étude des aéronefs et des engins spatiaux', 4, 'Bonjour Patricia, vous êtes inscrit au cours Étude des aéronefs et des engins spatiaux', NULL, 'moodle', 'enrolcoursewelcomemessage', 'https://bia-facile.fr/user/view.php?id=11&amp;course=4', 'Étude des aéronefs et des engins spatiaux', NULL, 1738870714, NULL),
(43, 2, 12, 'Bienvenue sur Étude des aéronefs et des engins spatiaux', 'Bonjour Adrien, vous êtes inscrit au cours Étude des aéronefs et des engins spatiaux', 4, 'Bonjour Adrien, vous êtes inscrit au cours Étude des aéronefs et des engins spatiaux', NULL, 'moodle', 'enrolcoursewelcomemessage', 'https://bia-facile.fr/user/view.php?id=12&amp;course=4', 'Étude des aéronefs et des engins spatiaux', NULL, 1738870717, NULL),
(44, 2, 13, 'Bienvenue sur Anglais aéronautique', 'Bonjour Yannick, vous êtes inscrit au cours Anglais aéronautique', 4, 'Bonjour Yannick, vous êtes inscrit au cours Anglais aéronautique', NULL, 'moodle', 'enrolcoursewelcomemessage', 'https://bia-facile.fr/user/view.php?id=13&amp;course=7', 'Anglais aéronautique', 1740476647, 1738870811, NULL),
(45, 2, 13, 'Bienvenue sur Aérodynamique, aérostatique et principes du vol', 'Bonjour Yannick, vous êtes inscrit au cours Aérodynamique, aérostatique et principes du vol', 4, 'Bonjour Yannick, vous êtes inscrit au cours Aérodynamique, aérostatique et principes du vol', NULL, 'moodle', 'enrolcoursewelcomemessage', 'https://bia-facile.fr/user/view.php?id=13&amp;course=2', 'Aérodynamique, aérostatique et principes du vol', 1740476647, 1738872281, NULL),
(46, 2, 13, 'Bienvenue sur Météorologie et aérologie', 'Bonjour Yannick, vous êtes inscrit au cours Météorologie et aérologie', 4, 'Bonjour Yannick, vous êtes inscrit au cours Météorologie et aérologie', NULL, 'moodle', 'enrolcoursewelcomemessage', 'https://bia-facile.fr/user/view.php?id=13&amp;course=3', 'Météorologie et aérologie', 1740476647, 1738872416, NULL),
(47, 2, 15, 'Bienvenue sur Entrainez vous avec les annales de l\'examen', 'Bonjour Mamadou Abibou, vous êtes inscrit au cours Entrainez vous avec les annales de l\'examen', 4, 'Bonjour Mamadou Abibou, vous êtes inscrit au cours Entrainez vous avec les annales de l\'examen', NULL, 'moodle', 'enrolcoursewelcomemessage', 'https://bia-facile.fr/user/view.php?id=15&amp;course=8', 'Entrainez vous avec les annales de l\'examen', NULL, 1738874099, NULL),
(48, 2, 15, 'Bienvenue sur Aérodynamique, aérostatique et principes du vol', 'Bonjour Mamadou Abibou, vous êtes inscrit au cours Aérodynamique, aérostatique et principes du vol', 4, 'Bonjour Mamadou Abibou, vous êtes inscrit au cours Aérodynamique, aérostatique et principes du vol', NULL, 'moodle', 'enrolcoursewelcomemessage', 'https://bia-facile.fr/user/view.php?id=15&amp;course=2', 'Aérodynamique, aérostatique et principes du vol', NULL, 1738874216, NULL),
(49, 2, 13, 'Bienvenue sur Histoire et culture de l’aéronautique et du spatial', 'Bonjour Yannick KOHLER, vous êtes maintenant inscrit au cours Histoire et culture de l’aéronautique et du spatial', 4, 'Bonjour Yannick KOHLER, vous êtes maintenant inscrit au cours Histoire et culture de l’aéronautique et du spatial', NULL, 'moodle', 'enrolcoursewelcomemessage', 'https://bia-facile.fr/user/view.php?id=13&amp;course=6', 'Histoire et culture de l’aéronautique et du spatial', 1740476647, 1738874222, NULL),
(50, 2, 15, 'Bienvenue sur Météorologie et aérologie', 'Bonjour Mamadou Abibou, vous êtes inscrit au cours Météorologie et aérologie', 4, 'Bonjour Mamadou Abibou, vous êtes inscrit au cours Météorologie et aérologie', NULL, 'moodle', 'enrolcoursewelcomemessage', 'https://bia-facile.fr/user/view.php?id=15&amp;course=3', 'Météorologie et aérologie', NULL, 1738874453, NULL),
(51, 2, 15, 'Bienvenue sur Anglais aéronautique', 'Bonjour Mamadou Abibou, vous êtes inscrit au cours Anglais aéronautique', 4, 'Bonjour Mamadou Abibou, vous êtes inscrit au cours Anglais aéronautique', NULL, 'moodle', 'enrolcoursewelcomemessage', 'https://bia-facile.fr/user/view.php?id=15&amp;course=7', 'Anglais aéronautique', NULL, 1738874484, NULL),
(52, 2, 13, 'Bienvenue sur Étude des aéronefs et des engins spatiaux', 'Bonjour Yannick, vous êtes inscrit au cours Étude des aéronefs et des engins spatiaux', 4, 'Bonjour Yannick, vous êtes inscrit au cours Étude des aéronefs et des engins spatiaux', NULL, 'moodle', 'enrolcoursewelcomemessage', 'https://bia-facile.fr/user/view.php?id=13&amp;course=4', 'Étude des aéronefs et des engins spatiaux', 1740476647, 1738874491, NULL),
(53, 2, 15, 'Bienvenue sur Étude des aéronefs et des engins spatiaux', 'Bonjour Mamadou Abibou, vous êtes inscrit au cours Étude des aéronefs et des engins spatiaux', 4, 'Bonjour Mamadou Abibou, vous êtes inscrit au cours Étude des aéronefs et des engins spatiaux', NULL, 'moodle', 'enrolcoursewelcomemessage', 'https://bia-facile.fr/user/view.php?id=15&amp;course=4', 'Étude des aéronefs et des engins spatiaux', NULL, 1738874551, NULL),
(54, 2, 15, 'Bienvenue sur Navigation, réglementation, sécurité des vols', 'Bonjour Mamadou Abibou, vous êtes inscrit au cours Navigation, réglementation, sécurité des vols', 4, 'Bonjour Mamadou Abibou, vous êtes inscrit au cours Navigation, réglementation, sécurité des vols', NULL, 'moodle', 'enrolcoursewelcomemessage', 'https://bia-facile.fr/user/view.php?id=15&amp;course=5', 'Navigation, réglementation, sécurité des vols', NULL, 1738874625, NULL),
(55, 2, 11, 'Bienvenue sur Histoire et culture de l’aéronautique et du spatial', 'Bonjour Patricia Soare, vous êtes maintenant inscrit au cours Histoire et culture de l’aéronautique et du spatial', 4, 'Bonjour Patricia Soare, vous êtes maintenant inscrit au cours Histoire et culture de l’aéronautique et du spatial', NULL, 'moodle', 'enrolcoursewelcomemessage', 'https://bia-facile.fr/user/view.php?id=11&amp;course=6', 'Histoire et culture de l’aéronautique et du spatial', NULL, 1738874626, NULL),
(56, 2, 15, 'Bienvenue sur Histoire et culture de l’aéronautique et du spatial', 'Bonjour Mamadou Abibou Diallo, vous êtes maintenant inscrit au cours Histoire et culture de l’aéronautique et du spatial', 4, 'Bonjour Mamadou Abibou Diallo, vous êtes maintenant inscrit au cours Histoire et culture de l’aéronautique et du spatial', NULL, 'moodle', 'enrolcoursewelcomemessage', 'https://bia-facile.fr/user/view.php?id=15&amp;course=6', 'Histoire et culture de l’aéronautique et du spatial', NULL, 1738874648, NULL),
(57, 2, 11, 'Bienvenue sur Aérodynamique, aérostatique et principes du vol', 'Bonjour Patricia, vous êtes inscrit au cours Aérodynamique, aérostatique et principes du vol', 4, 'Bonjour Patricia, vous êtes inscrit au cours Aérodynamique, aérostatique et principes du vol', NULL, 'moodle', 'enrolcoursewelcomemessage', 'https://bia-facile.fr/user/view.php?id=11&amp;course=2', 'Aérodynamique, aérostatique et principes du vol', NULL, 1738875008, NULL),
(58, 2, 16, 'Bienvenue sur Entrainez vous avec les annales de l\'examen', 'Bonjour Maxence, vous êtes inscrit au cours Entrainez vous avec les annales de l\'examen', 4, 'Bonjour Maxence, vous êtes inscrit au cours Entrainez vous avec les annales de l\'examen', NULL, 'moodle', 'enrolcoursewelcomemessage', 'https://bia-facile.fr/user/view.php?id=16&amp;course=8', 'Entrainez vous avec les annales de l\'examen', NULL, 1738881534, NULL),
(59, 2, 13, 'Bienvenue sur Navigation, réglementation, sécurité des vols', 'Bonjour Yannick, vous êtes inscrit au cours Navigation, réglementation, sécurité des vols', 4, 'Bonjour Yannick, vous êtes inscrit au cours Navigation, réglementation, sécurité des vols', NULL, 'moodle', 'enrolcoursewelcomemessage', 'https://bia-facile.fr/user/view.php?id=13&amp;course=5', 'Navigation, réglementation, sécurité des vols', 1740476647, 1738925469, NULL),
(60, 2, 16, 'Bienvenue sur Anglais aéronautique', 'Bonjour Maxence, vous êtes inscrit au cours Anglais aéronautique', 4, 'Bonjour Maxence, vous êtes inscrit au cours Anglais aéronautique', NULL, 'moodle', 'enrolcoursewelcomemessage', 'https://bia-facile.fr/user/view.php?id=16&amp;course=7', 'Anglais aéronautique', NULL, 1739095603, NULL),
(61, 2, 12, 'Bienvenue sur Navigation, réglementation, sécurité des vols', 'Bonjour Adrien, vous êtes inscrit au cours Navigation, réglementation, sécurité des vols', 4, 'Bonjour Adrien, vous êtes inscrit au cours Navigation, réglementation, sécurité des vols', NULL, 'moodle', 'enrolcoursewelcomemessage', 'https://bia-facile.fr/user/view.php?id=12&amp;course=5', 'Navigation, réglementation, sécurité des vols', NULL, 1739389295, NULL),
(62, 2, 17, 'Bienvenue sur Météorologie et aérologie', 'Bonjour Anaïs, vous êtes inscrit au cours Météorologie et aérologie', 4, 'Bonjour Anaïs, vous êtes inscrit au cours Météorologie et aérologie', NULL, 'moodle', 'enrolcoursewelcomemessage', 'https://bia-facile.fr/user/view.php?id=17&amp;course=3', 'Météorologie et aérologie', 1739476984, 1739476928, NULL),
(63, 2, 16, 'Bienvenue sur Navigation, réglementation, sécurité des vols', 'Bonjour Maxence, vous êtes inscrit au cours Navigation, réglementation, sécurité des vols', 4, 'Bonjour Maxence, vous êtes inscrit au cours Navigation, réglementation, sécurité des vols', NULL, 'moodle', 'enrolcoursewelcomemessage', 'https://bia-facile.fr/user/view.php?id=16&amp;course=5', 'Navigation, réglementation, sécurité des vols', NULL, 1739482414, NULL),
(64, 2, 18, 'Bienvenue sur Étude des aéronefs et des engins spatiaux', 'Bonjour Marc-Olivier, vous êtes inscrit au cours Étude des aéronefs et des engins spatiaux', 4, 'Bonjour Marc-Olivier, vous êtes inscrit au cours Étude des aéronefs et des engins spatiaux', NULL, 'moodle', 'enrolcoursewelcomemessage', 'https://bia-facile.fr/user/view.php?id=18&amp;course=4', 'Étude des aéronefs et des engins spatiaux', NULL, 1739873179, NULL),
(65, 2, 18, 'Bienvenue sur Navigation, réglementation, sécurité des vols', 'Bonjour Marc-Olivier, vous êtes inscrit au cours Navigation, réglementation, sécurité des vols', 4, 'Bonjour Marc-Olivier, vous êtes inscrit au cours Navigation, réglementation, sécurité des vols', NULL, 'moodle', 'enrolcoursewelcomemessage', 'https://bia-facile.fr/user/view.php?id=18&amp;course=5', 'Navigation, réglementation, sécurité des vols', NULL, 1739873203, NULL),
(66, 2, 18, 'Bienvenue sur Aérodynamique, aérostatique et principes du vol', 'Bonjour Marc-Olivier, vous êtes inscrit au cours Aérodynamique, aérostatique et principes du vol', 4, 'Bonjour Marc-Olivier, vous êtes inscrit au cours Aérodynamique, aérostatique et principes du vol', NULL, 'moodle', 'enrolcoursewelcomemessage', 'https://bia-facile.fr/user/view.php?id=18&amp;course=2', 'Aérodynamique, aérostatique et principes du vol', NULL, 1739873208, NULL),
(67, 2, 18, 'Bienvenue sur Entrainez vous avec les annales de l\'examen', 'Bonjour Marc-Olivier, vous êtes inscrit au cours Entrainez vous avec les annales de l\'examen', 4, 'Bonjour Marc-Olivier, vous êtes inscrit au cours Entrainez vous avec les annales de l\'examen', NULL, 'moodle', 'enrolcoursewelcomemessage', 'https://bia-facile.fr/user/view.php?id=18&amp;course=8', 'Entrainez vous avec les annales de l\'examen', NULL, 1739873220, NULL),
(68, 2, 18, 'Bienvenue sur Météorologie et aérologie', 'Bonjour Marc-Olivier, vous êtes inscrit au cours Météorologie et aérologie', 4, 'Bonjour Marc-Olivier, vous êtes inscrit au cours Météorologie et aérologie', NULL, 'moodle', 'enrolcoursewelcomemessage', 'https://bia-facile.fr/user/view.php?id=18&amp;course=3', 'Météorologie et aérologie', NULL, 1739873238, NULL),
(69, 2, 18, 'Bienvenue sur Histoire et culture de l’aéronautique et du spatial', 'Bonjour Marc-Olivier Berthier, vous êtes maintenant inscrit au cours Histoire et culture de l’aéronautique et du spatial', 4, 'Bonjour Marc-Olivier Berthier, vous êtes maintenant inscrit au cours Histoire et culture de l’aéronautique et du spatial', NULL, 'moodle', 'enrolcoursewelcomemessage', 'https://bia-facile.fr/user/view.php?id=18&amp;course=6', 'Histoire et culture de l’aéronautique et du spatial', NULL, 1739873250, NULL),
(70, 2, 19, 'Bienvenue sur Entrainez vous avec les annales de l\'examen', 'Bonjour Pierre-Etienne, vous êtes inscrit au cours Entrainez vous avec les annales de l\'examen', 4, 'Bonjour Pierre-Etienne, vous êtes inscrit au cours Entrainez vous avec les annales de l\'examen', NULL, 'moodle', 'enrolcoursewelcomemessage', 'https://bia-facile.fr/user/view.php?id=19&amp;course=8', 'Entrainez vous avec les annales de l\'examen', NULL, 1740349763, NULL),
(71, 2, 19, 'Bienvenue sur Étude des aéronefs et des engins spatiaux', 'Bonjour Pierre-Etienne, vous êtes inscrit au cours Étude des aéronefs et des engins spatiaux', 4, 'Bonjour Pierre-Etienne, vous êtes inscrit au cours Étude des aéronefs et des engins spatiaux', NULL, 'moodle', 'enrolcoursewelcomemessage', 'https://bia-facile.fr/user/view.php?id=19&amp;course=4', 'Étude des aéronefs et des engins spatiaux', NULL, 1740349775, NULL),
(72, 2, 19, 'Bienvenue sur Météorologie et aérologie', 'Bonjour Pierre-Etienne, vous êtes inscrit au cours Météorologie et aérologie', 4, 'Bonjour Pierre-Etienne, vous êtes inscrit au cours Météorologie et aérologie', NULL, 'moodle', 'enrolcoursewelcomemessage', 'https://bia-facile.fr/user/view.php?id=19&amp;course=3', 'Météorologie et aérologie', NULL, 1740349789, NULL),
(73, 2, 19, 'Bienvenue sur Aérodynamique, aérostatique et principes du vol', 'Bonjour Pierre-Etienne, vous êtes inscrit au cours Aérodynamique, aérostatique et principes du vol', 4, 'Bonjour Pierre-Etienne, vous êtes inscrit au cours Aérodynamique, aérostatique et principes du vol', NULL, 'moodle', 'enrolcoursewelcomemessage', 'https://bia-facile.fr/user/view.php?id=19&amp;course=2', 'Aérodynamique, aérostatique et principes du vol', NULL, 1740349800, NULL),
(74, 2, 19, 'Bienvenue sur Histoire et culture de l’aéronautique et du spatial', 'Bonjour Pierre-Etienne Colard, vous êtes maintenant inscrit au cours Histoire et culture de l’aéronautique et du spatial', 4, 'Bonjour Pierre-Etienne Colard, vous êtes maintenant inscrit au cours Histoire et culture de l’aéronautique et du spatial', NULL, 'moodle', 'enrolcoursewelcomemessage', 'https://bia-facile.fr/user/view.php?id=19&amp;course=6', 'Histoire et culture de l’aéronautique et du spatial', NULL, 1740349811, NULL),
(75, 2, 19, 'Bienvenue sur Navigation, réglementation, sécurité des vols', 'Bonjour Pierre-Etienne, vous êtes inscrit au cours Navigation, réglementation, sécurité des vols', 4, 'Bonjour Pierre-Etienne, vous êtes inscrit au cours Navigation, réglementation, sécurité des vols', NULL, 'moodle', 'enrolcoursewelcomemessage', 'https://bia-facile.fr/user/view.php?id=19&amp;course=5', 'Navigation, réglementation, sécurité des vols', NULL, 1740349830, NULL),
(76, 2, 20, 'Bienvenue sur Entrainez vous avec les annales de l\'examen', 'Bonjour Pascal, vous êtes inscrit au cours Entrainez vous avec les annales de l\'examen', 4, 'Bonjour Pascal, vous êtes inscrit au cours Entrainez vous avec les annales de l\'examen', NULL, 'moodle', 'enrolcoursewelcomemessage', 'https://bia-facile.fr/user/view.php?id=20&amp;course=8', 'Entrainez vous avec les annales de l\'examen', NULL, 1740472900, NULL),
(77, 2, 20, 'Bienvenue sur Étude des aéronefs et des engins spatiaux', 'Bonjour Pascal, vous êtes inscrit au cours Étude des aéronefs et des engins spatiaux', 4, 'Bonjour Pascal, vous êtes inscrit au cours Étude des aéronefs et des engins spatiaux', NULL, 'moodle', 'enrolcoursewelcomemessage', 'https://bia-facile.fr/user/view.php?id=20&amp;course=4', 'Étude des aéronefs et des engins spatiaux', NULL, 1740472906, NULL),
(78, 2, 20, 'Bienvenue sur Navigation, réglementation, sécurité des vols', 'Bonjour Pascal, vous êtes inscrit au cours Navigation, réglementation, sécurité des vols', 4, 'Bonjour Pascal, vous êtes inscrit au cours Navigation, réglementation, sécurité des vols', NULL, 'moodle', 'enrolcoursewelcomemessage', 'https://bia-facile.fr/user/view.php?id=20&amp;course=5', 'Navigation, réglementation, sécurité des vols', NULL, 1740472909, NULL),
(79, 2, 20, 'Bienvenue sur Histoire et culture de l’aéronautique et du spatial', 'Bonjour Pascal Université, vous êtes maintenant inscrit au cours Histoire et culture de l’aéronautique et du spatial', 4, 'Bonjour Pascal Université, vous êtes maintenant inscrit au cours Histoire et culture de l’aéronautique et du spatial', NULL, 'moodle', 'enrolcoursewelcomemessage', 'https://bia-facile.fr/user/view.php?id=20&amp;course=6', 'Histoire et culture de l’aéronautique et du spatial', NULL, 1740472911, NULL),
(80, 2, 20, 'Bienvenue sur Météorologie et aérologie', 'Bonjour Pascal, vous êtes inscrit au cours Météorologie et aérologie', 4, 'Bonjour Pascal, vous êtes inscrit au cours Météorologie et aérologie', NULL, 'moodle', 'enrolcoursewelcomemessage', 'https://bia-facile.fr/user/view.php?id=20&amp;course=3', 'Météorologie et aérologie', NULL, 1740472913, NULL),
(81, 2, 20, 'Bienvenue sur Aérodynamique, aérostatique et principes du vol', 'Bonjour Pascal, vous êtes inscrit au cours Aérodynamique, aérostatique et principes du vol', 4, 'Bonjour Pascal, vous êtes inscrit au cours Aérodynamique, aérostatique et principes du vol', NULL, 'moodle', 'enrolcoursewelcomemessage', 'https://bia-facile.fr/user/view.php?id=20&amp;course=2', 'Aérodynamique, aérostatique et principes du vol', NULL, 1740472917, NULL),
(82, 2, 16, 'Bienvenue sur Étude des aéronefs et des engins spatiaux', 'Bonjour Maxence, vous êtes inscrit au cours Étude des aéronefs et des engins spatiaux', 4, 'Bonjour Maxence, vous êtes inscrit au cours Étude des aéronefs et des engins spatiaux', NULL, 'moodle', 'enrolcoursewelcomemessage', 'https://bia-facile.fr/user/view.php?id=16&amp;course=4', 'Étude des aéronefs et des engins spatiaux', NULL, 1741040287, NULL),
(83, 2, 21, 'Bienvenue sur Étude des aéronefs et des engins spatiaux', 'Bonjour Nathan, vous êtes inscrit au cours Étude des aéronefs et des engins spatiaux', 4, 'Bonjour Nathan, vous êtes inscrit au cours Étude des aéronefs et des engins spatiaux', NULL, 'moodle', 'enrolcoursewelcomemessage', 'https://bia-facile.fr/user/view.php?id=21&amp;course=4', 'Étude des aéronefs et des engins spatiaux', NULL, 1741040287, NULL),
(84, 2, 22, 'Bienvenue sur Étude des aéronefs et des engins spatiaux', 'Bonjour Mélanie, vous êtes inscrit au cours Étude des aéronefs et des engins spatiaux', 4, 'Bonjour Mélanie, vous êtes inscrit au cours Étude des aéronefs et des engins spatiaux', NULL, 'moodle', 'enrolcoursewelcomemessage', 'https://bia-facile.fr/user/view.php?id=22&amp;course=4', 'Étude des aéronefs et des engins spatiaux', NULL, 1741040287, NULL),
(85, 2, 23, 'Bienvenue sur Étude des aéronefs et des engins spatiaux', 'Bonjour Maxence, vous êtes inscrit au cours Étude des aéronefs et des engins spatiaux', 4, 'Bonjour Maxence, vous êtes inscrit au cours Étude des aéronefs et des engins spatiaux', NULL, 'moodle', 'enrolcoursewelcomemessage', 'https://bia-facile.fr/user/view.php?id=23&amp;course=4', 'Étude des aéronefs et des engins spatiaux', NULL, 1741040288, NULL),
(86, 2, 24, 'Bienvenue sur Étude des aéronefs et des engins spatiaux', 'Bonjour Rodolphe, vous êtes inscrit au cours Étude des aéronefs et des engins spatiaux', 4, 'Bonjour Rodolphe, vous êtes inscrit au cours Étude des aéronefs et des engins spatiaux', NULL, 'moodle', 'enrolcoursewelcomemessage', 'https://bia-facile.fr/user/view.php?id=24&amp;course=4', 'Étude des aéronefs et des engins spatiaux', 1741091008, 1741040288, NULL),
(87, 2, 25, 'Bienvenue sur Étude des aéronefs et des engins spatiaux', 'Bonjour Bastien, vous êtes inscrit au cours Étude des aéronefs et des engins spatiaux', 4, 'Bonjour Bastien, vous êtes inscrit au cours Étude des aéronefs et des engins spatiaux', NULL, 'moodle', 'enrolcoursewelcomemessage', 'https://bia-facile.fr/user/view.php?id=25&amp;course=4', 'Étude des aéronefs et des engins spatiaux', NULL, 1741040288, NULL),
(88, 2, 28, 'Bienvenue sur Étude des aéronefs et des engins spatiaux', 'Bonjour Raphaël, vous êtes inscrit au cours Étude des aéronefs et des engins spatiaux', 4, 'Bonjour Raphaël, vous êtes inscrit au cours Étude des aéronefs et des engins spatiaux', NULL, 'moodle', 'enrolcoursewelcomemessage', 'https://bia-facile.fr/user/view.php?id=28&amp;course=4', 'Étude des aéronefs et des engins spatiaux', 1741089394, 1741040288, NULL),
(89, 2, 5, 'Bienvenue sur Étude des aéronefs et des engins spatiaux', 'Bonjour Marin, vous êtes inscrit au cours Étude des aéronefs et des engins spatiaux', 4, 'Bonjour Marin, vous êtes inscrit au cours Étude des aéronefs et des engins spatiaux', NULL, 'moodle', 'enrolcoursewelcomemessage', 'https://bia-facile.fr/user/view.php?id=5&amp;course=4', 'Étude des aéronefs et des engins spatiaux', NULL, 1741040288, NULL);
INSERT INTO `mdl_notifications` (`id`, `useridfrom`, `useridto`, `subject`, `fullmessage`, `fullmessageformat`, `fullmessagehtml`, `smallmessage`, `component`, `eventtype`, `contexturl`, `contexturlname`, `timeread`, `timecreated`, `customdata`) VALUES
(90, 2, 9, 'Bienvenue sur Étude des aéronefs et des engins spatiaux', 'Bonjour Axelle, vous êtes inscrit au cours Étude des aéronefs et des engins spatiaux', 4, 'Bonjour Axelle, vous êtes inscrit au cours Étude des aéronefs et des engins spatiaux', NULL, 'moodle', 'enrolcoursewelcomemessage', 'https://bia-facile.fr/user/view.php?id=9&amp;course=4', 'Étude des aéronefs et des engins spatiaux', NULL, 1741040288, NULL),
(91, 2, 17, 'Bienvenue sur Étude des aéronefs et des engins spatiaux', 'Bonjour Anaïs, vous êtes inscrit au cours Étude des aéronefs et des engins spatiaux', 4, 'Bonjour Anaïs, vous êtes inscrit au cours Étude des aéronefs et des engins spatiaux', NULL, 'moodle', 'enrolcoursewelcomemessage', 'https://bia-facile.fr/user/view.php?id=17&amp;course=4', 'Étude des aéronefs et des engins spatiaux', NULL, 1741040288, NULL),
(92, 2, 21, 'Bienvenue sur Navigation, réglementation, sécurité des vols', 'Bonjour Nathan, vous êtes inscrit au cours Navigation, réglementation, sécurité des vols', 4, 'Bonjour Nathan, vous êtes inscrit au cours Navigation, réglementation, sécurité des vols', NULL, 'moodle', 'enrolcoursewelcomemessage', 'https://bia-facile.fr/user/view.php?id=21&amp;course=5', 'Navigation, réglementation, sécurité des vols', NULL, 1741041375, NULL),
(93, 2, 22, 'Bienvenue sur Navigation, réglementation, sécurité des vols', 'Bonjour Mélanie, vous êtes inscrit au cours Navigation, réglementation, sécurité des vols', 4, 'Bonjour Mélanie, vous êtes inscrit au cours Navigation, réglementation, sécurité des vols', NULL, 'moodle', 'enrolcoursewelcomemessage', 'https://bia-facile.fr/user/view.php?id=22&amp;course=5', 'Navigation, réglementation, sécurité des vols', NULL, 1741041375, NULL),
(94, 2, 23, 'Bienvenue sur Navigation, réglementation, sécurité des vols', 'Bonjour Maxence, vous êtes inscrit au cours Navigation, réglementation, sécurité des vols', 4, 'Bonjour Maxence, vous êtes inscrit au cours Navigation, réglementation, sécurité des vols', NULL, 'moodle', 'enrolcoursewelcomemessage', 'https://bia-facile.fr/user/view.php?id=23&amp;course=5', 'Navigation, réglementation, sécurité des vols', NULL, 1741041375, NULL),
(95, 2, 24, 'Bienvenue sur Navigation, réglementation, sécurité des vols', 'Bonjour Rodolphe, vous êtes inscrit au cours Navigation, réglementation, sécurité des vols', 4, 'Bonjour Rodolphe, vous êtes inscrit au cours Navigation, réglementation, sécurité des vols', NULL, 'moodle', 'enrolcoursewelcomemessage', 'https://bia-facile.fr/user/view.php?id=24&amp;course=5', 'Navigation, réglementation, sécurité des vols', 1741091008, 1741041375, NULL),
(96, 2, 25, 'Bienvenue sur Navigation, réglementation, sécurité des vols', 'Bonjour Bastien, vous êtes inscrit au cours Navigation, réglementation, sécurité des vols', 4, 'Bonjour Bastien, vous êtes inscrit au cours Navigation, réglementation, sécurité des vols', NULL, 'moodle', 'enrolcoursewelcomemessage', 'https://bia-facile.fr/user/view.php?id=25&amp;course=5', 'Navigation, réglementation, sécurité des vols', NULL, 1741041375, NULL),
(97, 2, 26, 'Bienvenue sur Navigation, réglementation, sécurité des vols', 'Bonjour Jules, vous êtes inscrit au cours Navigation, réglementation, sécurité des vols', 4, 'Bonjour Jules, vous êtes inscrit au cours Navigation, réglementation, sécurité des vols', NULL, 'moodle', 'enrolcoursewelcomemessage', 'https://bia-facile.fr/user/view.php?id=26&amp;course=5', 'Navigation, réglementation, sécurité des vols', 1741091037, 1741041375, NULL),
(98, 2, 27, 'Bienvenue sur Navigation, réglementation, sécurité des vols', 'Bonjour Paul, vous êtes inscrit au cours Navigation, réglementation, sécurité des vols', 4, 'Bonjour Paul, vous êtes inscrit au cours Navigation, réglementation, sécurité des vols', NULL, 'moodle', 'enrolcoursewelcomemessage', 'https://bia-facile.fr/user/view.php?id=27&amp;course=5', 'Navigation, réglementation, sécurité des vols', NULL, 1741041375, NULL),
(99, 2, 28, 'Bienvenue sur Navigation, réglementation, sécurité des vols', 'Bonjour Raphaël, vous êtes inscrit au cours Navigation, réglementation, sécurité des vols', 4, 'Bonjour Raphaël, vous êtes inscrit au cours Navigation, réglementation, sécurité des vols', NULL, 'moodle', 'enrolcoursewelcomemessage', 'https://bia-facile.fr/user/view.php?id=28&amp;course=5', 'Navigation, réglementation, sécurité des vols', 1741089394, 1741041375, NULL),
(100, 2, 3, 'Bienvenue sur Navigation, réglementation, sécurité des vols', 'Bonjour Bruno etu, vous êtes inscrit au cours Navigation, réglementation, sécurité des vols', 4, 'Bonjour Bruno etu, vous êtes inscrit au cours Navigation, réglementation, sécurité des vols', NULL, 'moodle', 'enrolcoursewelcomemessage', 'https://bia-facile.fr/user/view.php?id=3&amp;course=5', 'Navigation, réglementation, sécurité des vols', NULL, 1741041375, NULL),
(101, 2, 5, 'Bienvenue sur Navigation, réglementation, sécurité des vols', 'Bonjour Marin, vous êtes inscrit au cours Navigation, réglementation, sécurité des vols', 4, 'Bonjour Marin, vous êtes inscrit au cours Navigation, réglementation, sécurité des vols', NULL, 'moodle', 'enrolcoursewelcomemessage', 'https://bia-facile.fr/user/view.php?id=5&amp;course=5', 'Navigation, réglementation, sécurité des vols', NULL, 1741041376, NULL),
(102, 2, 9, 'Bienvenue sur Navigation, réglementation, sécurité des vols', 'Bonjour Axelle, vous êtes inscrit au cours Navigation, réglementation, sécurité des vols', 4, 'Bonjour Axelle, vous êtes inscrit au cours Navigation, réglementation, sécurité des vols', NULL, 'moodle', 'enrolcoursewelcomemessage', 'https://bia-facile.fr/user/view.php?id=9&amp;course=5', 'Navigation, réglementation, sécurité des vols', NULL, 1741041377, NULL),
(103, 2, 11, 'Bienvenue sur Navigation, réglementation, sécurité des vols', 'Bonjour Patricia, vous êtes inscrit au cours Navigation, réglementation, sécurité des vols', 4, 'Bonjour Patricia, vous êtes inscrit au cours Navigation, réglementation, sécurité des vols', NULL, 'moodle', 'enrolcoursewelcomemessage', 'https://bia-facile.fr/user/view.php?id=11&amp;course=5', 'Navigation, réglementation, sécurité des vols', NULL, 1741041377, NULL),
(104, 2, 17, 'Bienvenue sur Navigation, réglementation, sécurité des vols', 'Bonjour Anaïs, vous êtes inscrit au cours Navigation, réglementation, sécurité des vols', 4, 'Bonjour Anaïs, vous êtes inscrit au cours Navigation, réglementation, sécurité des vols', NULL, 'moodle', 'enrolcoursewelcomemessage', 'https://bia-facile.fr/user/view.php?id=17&amp;course=5', 'Navigation, réglementation, sécurité des vols', NULL, 1741041377, NULL),
(105, 2, 5, 'Bienvenue sur Entrainez vous avec les annales de l\'examen', 'Bonjour Marin, vous êtes inscrit au cours Entrainez vous avec les annales de l\'examen', 4, 'Bonjour Marin, vous êtes inscrit au cours Entrainez vous avec les annales de l\'examen', NULL, 'moodle', 'enrolcoursewelcomemessage', 'https://bia-facile.fr/user/view.php?id=5&amp;course=8', 'Entrainez vous avec les annales de l\'examen', NULL, 1741042026, NULL),
(106, 2, 9, 'Bienvenue sur Entrainez vous avec les annales de l\'examen', 'Bonjour Axelle, vous êtes inscrit au cours Entrainez vous avec les annales de l\'examen', 4, 'Bonjour Axelle, vous êtes inscrit au cours Entrainez vous avec les annales de l\'examen', NULL, 'moodle', 'enrolcoursewelcomemessage', 'https://bia-facile.fr/user/view.php?id=9&amp;course=8', 'Entrainez vous avec les annales de l\'examen', NULL, 1741042027, NULL),
(107, 2, 11, 'Bienvenue sur Entrainez vous avec les annales de l\'examen', 'Bonjour Patricia, vous êtes inscrit au cours Entrainez vous avec les annales de l\'examen', 4, 'Bonjour Patricia, vous êtes inscrit au cours Entrainez vous avec les annales de l\'examen', NULL, 'moodle', 'enrolcoursewelcomemessage', 'https://bia-facile.fr/user/view.php?id=11&amp;course=8', 'Entrainez vous avec les annales de l\'examen', NULL, 1741042027, NULL),
(108, 2, 17, 'Bienvenue sur Entrainez vous avec les annales de l\'examen', 'Bonjour Anaïs, vous êtes inscrit au cours Entrainez vous avec les annales de l\'examen', 4, 'Bonjour Anaïs, vous êtes inscrit au cours Entrainez vous avec les annales de l\'examen', NULL, 'moodle', 'enrolcoursewelcomemessage', 'https://bia-facile.fr/user/view.php?id=17&amp;course=8', 'Entrainez vous avec les annales de l\'examen', NULL, 1741042027, NULL),
(109, 2, 21, 'Bienvenue sur Entrainez vous avec les annales de l\'examen', 'Bonjour Nathan, vous êtes inscrit au cours Entrainez vous avec les annales de l\'examen', 4, 'Bonjour Nathan, vous êtes inscrit au cours Entrainez vous avec les annales de l\'examen', NULL, 'moodle', 'enrolcoursewelcomemessage', 'https://bia-facile.fr/user/view.php?id=21&amp;course=8', 'Entrainez vous avec les annales de l\'examen', NULL, 1741042028, NULL),
(110, 2, 22, 'Bienvenue sur Entrainez vous avec les annales de l\'examen', 'Bonjour Mélanie, vous êtes inscrit au cours Entrainez vous avec les annales de l\'examen', 4, 'Bonjour Mélanie, vous êtes inscrit au cours Entrainez vous avec les annales de l\'examen', NULL, 'moodle', 'enrolcoursewelcomemessage', 'https://bia-facile.fr/user/view.php?id=22&amp;course=8', 'Entrainez vous avec les annales de l\'examen', NULL, 1741042028, NULL),
(111, 2, 23, 'Bienvenue sur Entrainez vous avec les annales de l\'examen', 'Bonjour Maxence, vous êtes inscrit au cours Entrainez vous avec les annales de l\'examen', 4, 'Bonjour Maxence, vous êtes inscrit au cours Entrainez vous avec les annales de l\'examen', NULL, 'moodle', 'enrolcoursewelcomemessage', 'https://bia-facile.fr/user/view.php?id=23&amp;course=8', 'Entrainez vous avec les annales de l\'examen', NULL, 1741042028, NULL),
(112, 2, 24, 'Bienvenue sur Entrainez vous avec les annales de l\'examen', 'Bonjour Rodolphe, vous êtes inscrit au cours Entrainez vous avec les annales de l\'examen', 4, 'Bonjour Rodolphe, vous êtes inscrit au cours Entrainez vous avec les annales de l\'examen', NULL, 'moodle', 'enrolcoursewelcomemessage', 'https://bia-facile.fr/user/view.php?id=24&amp;course=8', 'Entrainez vous avec les annales de l\'examen', 1741091008, 1741042028, NULL),
(113, 2, 25, 'Bienvenue sur Entrainez vous avec les annales de l\'examen', 'Bonjour Bastien, vous êtes inscrit au cours Entrainez vous avec les annales de l\'examen', 4, 'Bonjour Bastien, vous êtes inscrit au cours Entrainez vous avec les annales de l\'examen', NULL, 'moodle', 'enrolcoursewelcomemessage', 'https://bia-facile.fr/user/view.php?id=25&amp;course=8', 'Entrainez vous avec les annales de l\'examen', NULL, 1741042028, NULL),
(114, 2, 26, 'Bienvenue sur Entrainez vous avec les annales de l\'examen', 'Bonjour Jules, vous êtes inscrit au cours Entrainez vous avec les annales de l\'examen', 4, 'Bonjour Jules, vous êtes inscrit au cours Entrainez vous avec les annales de l\'examen', NULL, 'moodle', 'enrolcoursewelcomemessage', 'https://bia-facile.fr/user/view.php?id=26&amp;course=8', 'Entrainez vous avec les annales de l\'examen', 1741091037, 1741042028, NULL),
(115, 2, 27, 'Bienvenue sur Entrainez vous avec les annales de l\'examen', 'Bonjour Paul, vous êtes inscrit au cours Entrainez vous avec les annales de l\'examen', 4, 'Bonjour Paul, vous êtes inscrit au cours Entrainez vous avec les annales de l\'examen', NULL, 'moodle', 'enrolcoursewelcomemessage', 'https://bia-facile.fr/user/view.php?id=27&amp;course=8', 'Entrainez vous avec les annales de l\'examen', NULL, 1741042028, NULL),
(116, 2, 28, 'Bienvenue sur Entrainez vous avec les annales de l\'examen', 'Bonjour Raphaël, vous êtes inscrit au cours Entrainez vous avec les annales de l\'examen', 4, 'Bonjour Raphaël, vous êtes inscrit au cours Entrainez vous avec les annales de l\'examen', NULL, 'moodle', 'enrolcoursewelcomemessage', 'https://bia-facile.fr/user/view.php?id=28&amp;course=8', 'Entrainez vous avec les annales de l\'examen', 1741089394, 1741042028, NULL),
(117, 2, 21, 'Bienvenue sur Aérodynamique, aérostatique et principes du vol', 'Bonjour Nathan, vous êtes inscrit au cours Aérodynamique, aérostatique et principes du vol', 4, 'Bonjour Nathan, vous êtes inscrit au cours Aérodynamique, aérostatique et principes du vol', NULL, 'moodle', 'enrolcoursewelcomemessage', 'https://bia-facile.fr/user/view.php?id=21&amp;course=2', 'Aérodynamique, aérostatique et principes du vol', NULL, 1741042093, NULL),
(118, 2, 22, 'Bienvenue sur Aérodynamique, aérostatique et principes du vol', 'Bonjour Mélanie, vous êtes inscrit au cours Aérodynamique, aérostatique et principes du vol', 4, 'Bonjour Mélanie, vous êtes inscrit au cours Aérodynamique, aérostatique et principes du vol', NULL, 'moodle', 'enrolcoursewelcomemessage', 'https://bia-facile.fr/user/view.php?id=22&amp;course=2', 'Aérodynamique, aérostatique et principes du vol', NULL, 1741042093, NULL),
(119, 2, 23, 'Bienvenue sur Aérodynamique, aérostatique et principes du vol', 'Bonjour Maxence, vous êtes inscrit au cours Aérodynamique, aérostatique et principes du vol', 4, 'Bonjour Maxence, vous êtes inscrit au cours Aérodynamique, aérostatique et principes du vol', NULL, 'moodle', 'enrolcoursewelcomemessage', 'https://bia-facile.fr/user/view.php?id=23&amp;course=2', 'Aérodynamique, aérostatique et principes du vol', NULL, 1741042093, NULL),
(120, 2, 24, 'Bienvenue sur Aérodynamique, aérostatique et principes du vol', 'Bonjour Rodolphe, vous êtes inscrit au cours Aérodynamique, aérostatique et principes du vol', 4, 'Bonjour Rodolphe, vous êtes inscrit au cours Aérodynamique, aérostatique et principes du vol', NULL, 'moodle', 'enrolcoursewelcomemessage', 'https://bia-facile.fr/user/view.php?id=24&amp;course=2', 'Aérodynamique, aérostatique et principes du vol', 1741091008, 1741042093, NULL),
(121, 2, 25, 'Bienvenue sur Aérodynamique, aérostatique et principes du vol', 'Bonjour Bastien, vous êtes inscrit au cours Aérodynamique, aérostatique et principes du vol', 4, 'Bonjour Bastien, vous êtes inscrit au cours Aérodynamique, aérostatique et principes du vol', NULL, 'moodle', 'enrolcoursewelcomemessage', 'https://bia-facile.fr/user/view.php?id=25&amp;course=2', 'Aérodynamique, aérostatique et principes du vol', NULL, 1741042093, NULL),
(122, 2, 26, 'Bienvenue sur Aérodynamique, aérostatique et principes du vol', 'Bonjour Jules, vous êtes inscrit au cours Aérodynamique, aérostatique et principes du vol', 4, 'Bonjour Jules, vous êtes inscrit au cours Aérodynamique, aérostatique et principes du vol', NULL, 'moodle', 'enrolcoursewelcomemessage', 'https://bia-facile.fr/user/view.php?id=26&amp;course=2', 'Aérodynamique, aérostatique et principes du vol', 1741091037, 1741042093, NULL),
(123, 2, 27, 'Bienvenue sur Aérodynamique, aérostatique et principes du vol', 'Bonjour Paul, vous êtes inscrit au cours Aérodynamique, aérostatique et principes du vol', 4, 'Bonjour Paul, vous êtes inscrit au cours Aérodynamique, aérostatique et principes du vol', NULL, 'moodle', 'enrolcoursewelcomemessage', 'https://bia-facile.fr/user/view.php?id=27&amp;course=2', 'Aérodynamique, aérostatique et principes du vol', NULL, 1741042093, NULL),
(124, 2, 28, 'Bienvenue sur Aérodynamique, aérostatique et principes du vol', 'Bonjour Raphaël, vous êtes inscrit au cours Aérodynamique, aérostatique et principes du vol', 4, 'Bonjour Raphaël, vous êtes inscrit au cours Aérodynamique, aérostatique et principes du vol', NULL, 'moodle', 'enrolcoursewelcomemessage', 'https://bia-facile.fr/user/view.php?id=28&amp;course=2', 'Aérodynamique, aérostatique et principes du vol', 1741089394, 1741042093, NULL),
(125, 2, 9, 'Bienvenue sur Aérodynamique, aérostatique et principes du vol', 'Bonjour Axelle, vous êtes inscrit au cours Aérodynamique, aérostatique et principes du vol', 4, 'Bonjour Axelle, vous êtes inscrit au cours Aérodynamique, aérostatique et principes du vol', NULL, 'moodle', 'enrolcoursewelcomemessage', 'https://bia-facile.fr/user/view.php?id=9&amp;course=2', 'Aérodynamique, aérostatique et principes du vol', NULL, 1741042093, NULL),
(126, 2, 16, 'Bienvenue sur Aérodynamique, aérostatique et principes du vol', 'Bonjour Maxence, vous êtes inscrit au cours Aérodynamique, aérostatique et principes du vol', 4, 'Bonjour Maxence, vous êtes inscrit au cours Aérodynamique, aérostatique et principes du vol', NULL, 'moodle', 'enrolcoursewelcomemessage', 'https://bia-facile.fr/user/view.php?id=16&amp;course=2', 'Aérodynamique, aérostatique et principes du vol', NULL, 1741042094, NULL),
(127, 2, 17, 'Bienvenue sur Aérodynamique, aérostatique et principes du vol', 'Bonjour Anaïs, vous êtes inscrit au cours Aérodynamique, aérostatique et principes du vol', 4, 'Bonjour Anaïs, vous êtes inscrit au cours Aérodynamique, aérostatique et principes du vol', NULL, 'moodle', 'enrolcoursewelcomemessage', 'https://bia-facile.fr/user/view.php?id=17&amp;course=2', 'Aérodynamique, aérostatique et principes du vol', NULL, 1741042094, NULL),
(128, 2, 21, 'Bienvenue sur Histoire et culture de l’aéronautique et du spatial', 'Bonjour Nathan, vous êtes inscrit au cours Histoire et culture de l’aéronautique et du spatial', 4, 'Bonjour Nathan, vous êtes inscrit au cours Histoire et culture de l’aéronautique et du spatial', NULL, 'moodle', 'enrolcoursewelcomemessage', 'https://bia-facile.fr/user/view.php?id=21&amp;course=6', 'Histoire et culture de l’aéronautique et du spatial', NULL, 1741042189, NULL),
(129, 2, 22, 'Bienvenue sur Histoire et culture de l’aéronautique et du spatial', 'Bonjour Mélanie, vous êtes inscrit au cours Histoire et culture de l’aéronautique et du spatial', 4, 'Bonjour Mélanie, vous êtes inscrit au cours Histoire et culture de l’aéronautique et du spatial', NULL, 'moodle', 'enrolcoursewelcomemessage', 'https://bia-facile.fr/user/view.php?id=22&amp;course=6', 'Histoire et culture de l’aéronautique et du spatial', NULL, 1741042190, NULL),
(130, 2, 23, 'Bienvenue sur Histoire et culture de l’aéronautique et du spatial', 'Bonjour Maxence, vous êtes inscrit au cours Histoire et culture de l’aéronautique et du spatial', 4, 'Bonjour Maxence, vous êtes inscrit au cours Histoire et culture de l’aéronautique et du spatial', NULL, 'moodle', 'enrolcoursewelcomemessage', 'https://bia-facile.fr/user/view.php?id=23&amp;course=6', 'Histoire et culture de l’aéronautique et du spatial', NULL, 1741042190, NULL),
(131, 2, 24, 'Bienvenue sur Histoire et culture de l’aéronautique et du spatial', 'Bonjour Rodolphe, vous êtes inscrit au cours Histoire et culture de l’aéronautique et du spatial', 4, 'Bonjour Rodolphe, vous êtes inscrit au cours Histoire et culture de l’aéronautique et du spatial', NULL, 'moodle', 'enrolcoursewelcomemessage', 'https://bia-facile.fr/user/view.php?id=24&amp;course=6', 'Histoire et culture de l’aéronautique et du spatial', 1741091008, 1741042190, NULL),
(132, 2, 25, 'Bienvenue sur Histoire et culture de l’aéronautique et du spatial', 'Bonjour Bastien, vous êtes inscrit au cours Histoire et culture de l’aéronautique et du spatial', 4, 'Bonjour Bastien, vous êtes inscrit au cours Histoire et culture de l’aéronautique et du spatial', NULL, 'moodle', 'enrolcoursewelcomemessage', 'https://bia-facile.fr/user/view.php?id=25&amp;course=6', 'Histoire et culture de l’aéronautique et du spatial', NULL, 1741042190, NULL),
(133, 2, 26, 'Bienvenue sur Histoire et culture de l’aéronautique et du spatial', 'Bonjour Jules, vous êtes inscrit au cours Histoire et culture de l’aéronautique et du spatial', 4, 'Bonjour Jules, vous êtes inscrit au cours Histoire et culture de l’aéronautique et du spatial', NULL, 'moodle', 'enrolcoursewelcomemessage', 'https://bia-facile.fr/user/view.php?id=26&amp;course=6', 'Histoire et culture de l’aéronautique et du spatial', 1741091037, 1741042190, NULL),
(134, 2, 27, 'Bienvenue sur Histoire et culture de l’aéronautique et du spatial', 'Bonjour Paul, vous êtes inscrit au cours Histoire et culture de l’aéronautique et du spatial', 4, 'Bonjour Paul, vous êtes inscrit au cours Histoire et culture de l’aéronautique et du spatial', NULL, 'moodle', 'enrolcoursewelcomemessage', 'https://bia-facile.fr/user/view.php?id=27&amp;course=6', 'Histoire et culture de l’aéronautique et du spatial', NULL, 1741042190, NULL),
(135, 2, 28, 'Bienvenue sur Histoire et culture de l’aéronautique et du spatial', 'Bonjour Raphaël, vous êtes inscrit au cours Histoire et culture de l’aéronautique et du spatial', 4, 'Bonjour Raphaël, vous êtes inscrit au cours Histoire et culture de l’aéronautique et du spatial', NULL, 'moodle', 'enrolcoursewelcomemessage', 'https://bia-facile.fr/user/view.php?id=28&amp;course=6', 'Histoire et culture de l’aéronautique et du spatial', 1741089394, 1741042190, NULL),
(136, 2, 5, 'Bienvenue sur Histoire et culture de l’aéronautique et du spatial', 'Bonjour Marin, vous êtes inscrit au cours Histoire et culture de l’aéronautique et du spatial', 4, 'Bonjour Marin, vous êtes inscrit au cours Histoire et culture de l’aéronautique et du spatial', NULL, 'moodle', 'enrolcoursewelcomemessage', 'https://bia-facile.fr/user/view.php?id=5&amp;course=6', 'Histoire et culture de l’aéronautique et du spatial', NULL, 1741042190, NULL),
(137, 2, 16, 'Bienvenue sur Histoire et culture de l’aéronautique et du spatial', 'Bonjour Maxence, vous êtes inscrit au cours Histoire et culture de l’aéronautique et du spatial', 4, 'Bonjour Maxence, vous êtes inscrit au cours Histoire et culture de l’aéronautique et du spatial', NULL, 'moodle', 'enrolcoursewelcomemessage', 'https://bia-facile.fr/user/view.php?id=16&amp;course=6', 'Histoire et culture de l’aéronautique et du spatial', NULL, 1741042190, NULL),
(138, 2, 17, 'Bienvenue sur Histoire et culture de l’aéronautique et du spatial', 'Bonjour Anaïs, vous êtes inscrit au cours Histoire et culture de l’aéronautique et du spatial', 4, 'Bonjour Anaïs, vous êtes inscrit au cours Histoire et culture de l’aéronautique et du spatial', NULL, 'moodle', 'enrolcoursewelcomemessage', 'https://bia-facile.fr/user/view.php?id=17&amp;course=6', 'Histoire et culture de l’aéronautique et du spatial', NULL, 1741042190, NULL),
(139, 2, 21, 'Bienvenue sur Météorologie et aérologie', 'Bonjour Nathan GAILLARD, vous êtes maintenant inscrit au cours Météorologie et aérologie', 4, 'Bonjour Nathan GAILLARD, vous êtes maintenant inscrit au cours Météorologie et aérologie', NULL, 'moodle', 'enrolcoursewelcomemessage', 'https://bia-facile.fr/user/view.php?id=21&amp;course=3', 'Météorologie et aérologie', NULL, 1741042260, NULL),
(140, 2, 22, 'Bienvenue sur Météorologie et aérologie', 'Bonjour Mélanie GEORGES, vous êtes maintenant inscrit au cours Météorologie et aérologie', 4, 'Bonjour Mélanie GEORGES, vous êtes maintenant inscrit au cours Météorologie et aérologie', NULL, 'moodle', 'enrolcoursewelcomemessage', 'https://bia-facile.fr/user/view.php?id=22&amp;course=3', 'Météorologie et aérologie', NULL, 1741042260, NULL),
(141, 2, 23, 'Bienvenue sur Météorologie et aérologie', 'Bonjour Maxence GIROUD, vous êtes maintenant inscrit au cours Météorologie et aérologie', 4, 'Bonjour Maxence GIROUD, vous êtes maintenant inscrit au cours Météorologie et aérologie', NULL, 'moodle', 'enrolcoursewelcomemessage', 'https://bia-facile.fr/user/view.php?id=23&amp;course=3', 'Météorologie et aérologie', NULL, 1741042260, NULL),
(142, 2, 24, 'Bienvenue sur Météorologie et aérologie', 'Bonjour Rodolphe GONTHIER, vous êtes maintenant inscrit au cours Météorologie et aérologie', 4, 'Bonjour Rodolphe GONTHIER, vous êtes maintenant inscrit au cours Météorologie et aérologie', NULL, 'moodle', 'enrolcoursewelcomemessage', 'https://bia-facile.fr/user/view.php?id=24&amp;course=3', 'Météorologie et aérologie', 1741091008, 1741042260, NULL),
(143, 2, 25, 'Bienvenue sur Météorologie et aérologie', 'Bonjour Bastien KLUR, vous êtes maintenant inscrit au cours Météorologie et aérologie', 4, 'Bonjour Bastien KLUR, vous êtes maintenant inscrit au cours Météorologie et aérologie', NULL, 'moodle', 'enrolcoursewelcomemessage', 'https://bia-facile.fr/user/view.php?id=25&amp;course=3', 'Météorologie et aérologie', NULL, 1741042260, NULL),
(144, 2, 26, 'Bienvenue sur Météorologie et aérologie', 'Bonjour Jules NOLL, vous êtes maintenant inscrit au cours Météorologie et aérologie', 4, 'Bonjour Jules NOLL, vous êtes maintenant inscrit au cours Météorologie et aérologie', NULL, 'moodle', 'enrolcoursewelcomemessage', 'https://bia-facile.fr/user/view.php?id=26&amp;course=3', 'Météorologie et aérologie', 1741091037, 1741042260, NULL),
(145, 2, 27, 'Bienvenue sur Météorologie et aérologie', 'Bonjour Paul SCHMITT, vous êtes maintenant inscrit au cours Météorologie et aérologie', 4, 'Bonjour Paul SCHMITT, vous êtes maintenant inscrit au cours Météorologie et aérologie', NULL, 'moodle', 'enrolcoursewelcomemessage', 'https://bia-facile.fr/user/view.php?id=27&amp;course=3', 'Météorologie et aérologie', NULL, 1741042260, NULL),
(146, 2, 28, 'Bienvenue sur Météorologie et aérologie', 'Bonjour Raphaël TREMBLIER, vous êtes maintenant inscrit au cours Météorologie et aérologie', 4, 'Bonjour Raphaël TREMBLIER, vous êtes maintenant inscrit au cours Météorologie et aérologie', NULL, 'moodle', 'enrolcoursewelcomemessage', 'https://bia-facile.fr/user/view.php?id=28&amp;course=3', 'Météorologie et aérologie', 1741089394, 1741042260, NULL),
(147, 2, 9, 'Bienvenue sur Météorologie et aérologie', 'Bonjour Axelle M, vous êtes maintenant inscrit au cours Météorologie et aérologie', 4, 'Bonjour Axelle M, vous êtes maintenant inscrit au cours Météorologie et aérologie', NULL, 'moodle', 'enrolcoursewelcomemessage', 'https://bia-facile.fr/user/view.php?id=9&amp;course=3', 'Météorologie et aérologie', NULL, 1741042260, NULL),
(148, 2, 11, 'Bienvenue sur Météorologie et aérologie', 'Bonjour Patricia Soare, vous êtes maintenant inscrit au cours Météorologie et aérologie', 4, 'Bonjour Patricia Soare, vous êtes maintenant inscrit au cours Météorologie et aérologie', NULL, 'moodle', 'enrolcoursewelcomemessage', 'https://bia-facile.fr/user/view.php?id=11&amp;course=3', 'Météorologie et aérologie', NULL, 1741042261, NULL),
(149, 2, 16, 'Bienvenue sur Météorologie et aérologie', 'Bonjour Maxence Paris, vous êtes maintenant inscrit au cours Météorologie et aérologie', 4, 'Bonjour Maxence Paris, vous êtes maintenant inscrit au cours Météorologie et aérologie', NULL, 'moodle', 'enrolcoursewelcomemessage', 'https://bia-facile.fr/user/view.php?id=16&amp;course=3', 'Météorologie et aérologie', NULL, 1741042261, NULL),
(150, 28, 24, 'Brevet d\'Initiation Aéronautique (BIA) : demande de contact de Raphaël TREMBLIER', '<div class=\"text_to_html\">Raphaël TREMBLIER demande à être ajouté comme contact. Veuillez visiter la page des <a href=\"https://bia-facile.fr/message/index.php?view=contactrequests\">demandes de contact</a> pour répondre à la demande</div>', 1, 'Raphaël TREMBLIER demande à être ajouté comme contact. Veuillez visiter la page des <a href=\"https://bia-facile.fr/message/index.php?view=contactrequests\">demandes de contact</a> pour répondre à la demande', '', 'moodle', 'messagecontactrequests', 'https://bia-facile.fr/message/index.php?view=contactrequests', NULL, 1741091008, 1741088975, '{\"notificationiconurl\":\"https:\\/\\/bia-facile.fr\\/theme\\/image.php\\/boost_magnific\\/core\\/1741066408\\/u\\/f1\",\"actionbuttons\":{\"accept\":\"Accepter\",\"reject\":\"Rejeter\"},\"courseid\":\"1\"}'),
(151, 2, 26, 'Bienvenue sur Étude des aéronefs et des engins spatiaux', 'Bonjour Jules, vous êtes inscrit au cours Étude des aéronefs et des engins spatiaux', 4, 'Bonjour Jules, vous êtes inscrit au cours Étude des aéronefs et des engins spatiaux', NULL, 'moodle', 'enrolcoursewelcomemessage', 'https://bia-facile.fr/user/view.php?id=26&amp;course=4', 'Étude des aéronefs et des engins spatiaux', 1741091037, 1741090476, NULL),
(152, 2, 27, 'Bienvenue sur Étude des aéronefs et des engins spatiaux', 'Bonjour Paul, vous êtes inscrit au cours Étude des aéronefs et des engins spatiaux', 4, 'Bonjour Paul, vous êtes inscrit au cours Étude des aéronefs et des engins spatiaux', NULL, 'moodle', 'enrolcoursewelcomemessage', 'https://bia-facile.fr/user/view.php?id=27&amp;course=4', 'Étude des aéronefs et des engins spatiaux', NULL, 1741090477, NULL),
(153, 26, 25, 'Brevet d\'Initiation Aéronautique (BIA) : demande de contact de Jules NOLL', '<div class=\"text_to_html\">Jules NOLL demande à être ajouté comme contact. Veuillez visiter la page des <a href=\"https://bia-facile.fr/message/index.php?view=contactrequests\">demandes de contact</a> pour répondre à la demande</div>', 1, 'Jules NOLL demande à être ajouté comme contact. Veuillez visiter la page des <a href=\"https://bia-facile.fr/message/index.php?view=contactrequests\">demandes de contact</a> pour répondre à la demande', '', 'moodle', 'messagecontactrequests', 'https://bia-facile.fr/message/index.php?view=contactrequests', NULL, NULL, 1741618513, '{\"notificationiconurl\":\"https:\\/\\/bia-facile.fr\\/theme\\/image.php\\/boost_magnific\\/core\\/1741066408\\/u\\/f1\",\"actionbuttons\":{\"accept\":\"Accepter\",\"reject\":\"Rejeter\"},\"courseid\":\"1\"}'),
(154, 26, 28, 'Brevet d\'Initiation Aéronautique (BIA) : demande de contact de Jules NOLL', '<div class=\"text_to_html\">Jules NOLL demande à être ajouté comme contact. Veuillez visiter la page des <a href=\"https://bia-facile.fr/message/index.php?view=contactrequests\">demandes de contact</a> pour répondre à la demande</div>', 1, 'Jules NOLL demande à être ajouté comme contact. Veuillez visiter la page des <a href=\"https://bia-facile.fr/message/index.php?view=contactrequests\">demandes de contact</a> pour répondre à la demande', '', 'moodle', 'messagecontactrequests', 'https://bia-facile.fr/message/index.php?view=contactrequests', NULL, NULL, 1741619863, '{\"notificationiconurl\":\"https:\\/\\/bia-facile.fr\\/tokenpluginfile.php\\/3c11bdaeabebf139997458f32da5b3ff\\/432\\/user\\/icon\\/boost_magnific\\/f1?rev=9002\",\"actionbuttons\":{\"accept\":\"Accepter\",\"reject\":\"Rejeter\"},\"courseid\":\"1\"}'),
(155, 27, 26, 'Brevet d\'Initiation Aéronautique (BIA) : demande de contact de Paul SCHMITT', '<div class=\"text_to_html\">Paul SCHMITT demande à être ajouté comme contact. Veuillez visiter la page des <a href=\"https://bia-facile.fr/message/index.php?view=contactrequests\">demandes de contact</a> pour répondre à la demande</div>', 1, 'Paul SCHMITT demande à être ajouté comme contact. Veuillez visiter la page des <a href=\"https://bia-facile.fr/message/index.php?view=contactrequests\">demandes de contact</a> pour répondre à la demande', '', 'moodle', 'messagecontactrequests', 'https://bia-facile.fr/message/index.php?view=contactrequests', NULL, NULL, 1741694288, '{\"notificationiconurl\":\"https:\\/\\/bia-facile.fr\\/theme\\/image.php\\/boost_magnific\\/core\\/1741066408\\/u\\/f1\",\"actionbuttons\":{\"accept\":\"Accepter\",\"reject\":\"Rejeter\"},\"courseid\":\"1\"}'),
(156, 26, 23, 'Brevet d\'Initiation Aéronautique (BIA) : demande de contact de Jules NOLL', '<div class=\"text_to_html\">Jules NOLL demande à être ajouté comme contact. Veuillez visiter la page des <a href=\"https://bia-facile.fr/message/index.php?view=contactrequests\">demandes de contact</a> pour répondre à la demande</div>', 1, 'Jules NOLL demande à être ajouté comme contact. Veuillez visiter la page des <a href=\"https://bia-facile.fr/message/index.php?view=contactrequests\">demandes de contact</a> pour répondre à la demande', '', 'moodle', 'messagecontactrequests', 'https://bia-facile.fr/message/index.php?view=contactrequests', NULL, NULL, 1741694773, '{\"notificationiconurl\":\"https:\\/\\/bia-facile.fr\\/tokenpluginfile.php\\/3949957937a612850aaace01ac9e3feb\\/432\\/user\\/icon\\/boost_magnific\\/f1?rev=9022\",\"actionbuttons\":{\"accept\":\"Accepter\",\"reject\":\"Rejeter\"},\"courseid\":\"1\"}'),
(157, 26, 27, 'Brevet d\'Initiation Aéronautique (BIA) : demande de contact de Jules NOLL', '<div class=\"text_to_html\">Jules NOLL demande à être ajouté comme contact. Veuillez visiter la page des <a href=\"https://bia-facile.fr/message/index.php?view=contactrequests\">demandes de contact</a> pour répondre à la demande</div>', 1, 'Jules NOLL demande à être ajouté comme contact. Veuillez visiter la page des <a href=\"https://bia-facile.fr/message/index.php?view=contactrequests\">demandes de contact</a> pour répondre à la demande', '', 'moodle', 'messagecontactrequests', 'https://bia-facile.fr/message/index.php?view=contactrequests', NULL, NULL, 1741695355, '{\"notificationiconurl\":\"https:\\/\\/bia-facile.fr\\/tokenpluginfile.php\\/876b37a758b348694ec8fa4d9949b392\\/432\\/user\\/icon\\/boost_magnific\\/f1?rev=9022\",\"actionbuttons\":{\"accept\":\"Accepter\",\"reject\":\"Rejeter\"},\"courseid\":\"1\"}'),
(158, 26, 21, 'Brevet d\'Initiation Aéronautique (BIA) : demande de contact de Jules NOLL', '<div class=\"text_to_html\">Jules NOLL demande à être ajouté comme contact. Veuillez visiter la page des <a href=\"https://bia-facile.fr/message/index.php?view=contactrequests\">demandes de contact</a> pour répondre à la demande</div>', 1, 'Jules NOLL demande à être ajouté comme contact. Veuillez visiter la page des <a href=\"https://bia-facile.fr/message/index.php?view=contactrequests\">demandes de contact</a> pour répondre à la demande', '', 'moodle', 'messagecontactrequests', 'https://bia-facile.fr/message/index.php?view=contactrequests', NULL, NULL, 1741695394, '{\"notificationiconurl\":\"https:\\/\\/bia-facile.fr\\/tokenpluginfile.php\\/2b1d8c90bd074a5299490e0d38d84c8f\\/432\\/user\\/icon\\/boost_magnific\\/f1?rev=9022\",\"actionbuttons\":{\"accept\":\"Accepter\",\"reject\":\"Rejeter\"},\"courseid\":\"1\"}'),
(159, 2, 30, 'Bienvenue sur Aérodynamique, aérostatique et principes du vol', 'Bonjour Frédéric, vous êtes inscrit au cours Aérodynamique, aérostatique et principes du vol', 4, 'Bonjour Frédéric, vous êtes inscrit au cours Aérodynamique, aérostatique et principes du vol', NULL, 'moodle', 'enrolcoursewelcomemessage', 'https://bia-facile.fr/user/view.php?id=30&amp;course=2', 'Aérodynamique, aérostatique et principes du vol', NULL, 1741734725, NULL),
(160, 2, 32, 'Bienvenue sur Météorologie et aérologie', 'Bonjour pouyan, vous êtes inscrit au cours Météorologie et aérologie', 4, 'Bonjour pouyan, vous êtes inscrit au cours Météorologie et aérologie', NULL, 'moodle', 'enrolcoursewelcomemessage', 'https://bia-facile.fr/user/view.php?id=32&amp;course=3', 'Météorologie et aérologie', 1742120876, 1742029145, NULL),
(161, 2, 32, 'Bienvenue sur Anglais aéronautique', 'Bonjour pouyan, vous êtes inscrit au cours Anglais aéronautique', 4, 'Bonjour pouyan, vous êtes inscrit au cours Anglais aéronautique', NULL, 'moodle', 'enrolcoursewelcomemessage', 'https://bia-facile.fr/user/view.php?id=32&amp;course=7', 'Anglais aéronautique', 1742120876, 1742029237, NULL),
(162, 27, 28, 'Brevet d\'Initiation Aéronautique (BIA) : demande de contact de Paul SCHMITT', '<div class=\"text_to_html\">Paul SCHMITT demande à être ajouté comme contact. Veuillez visiter la page des <a href=\"https://bia-facile.fr/message/index.php?view=contactrequests\">demandes de contact</a> pour répondre à la demande</div>', 1, 'Paul SCHMITT demande à être ajouté comme contact. Veuillez visiter la page des <a href=\"https://bia-facile.fr/message/index.php?view=contactrequests\">demandes de contact</a> pour répondre à la demande', '', 'moodle', 'messagecontactrequests', 'https://bia-facile.fr/message/index.php?view=contactrequests', NULL, NULL, 1742297936, '{\"notificationiconurl\":\"https:\\/\\/bia-facile.fr\\/tokenpluginfile.php\\/3c11bdaeabebf139997458f32da5b3ff\\/433\\/user\\/icon\\/boost_magnific\\/f1?rev=9046\",\"actionbuttons\":{\"accept\":\"Accepter\",\"reject\":\"Rejeter\"},\"courseid\":\"1\"}'),
(163, 28, 25, 'Brevet d\'Initiation Aéronautique (BIA) : demande de contact de Raphaël TREMBLIER', '<div class=\"text_to_html\">Raphaël TREMBLIER demande à être ajouté comme contact. Veuillez visiter la page des <a href=\"https://bia-facile.fr/message/index.php?view=contactrequests\">demandes de contact</a> pour répondre à la demande</div>', 1, 'Raphaël TREMBLIER demande à être ajouté comme contact. Veuillez visiter la page des <a href=\"https://bia-facile.fr/message/index.php?view=contactrequests\">demandes de contact</a> pour répondre à la demande', '', 'moodle', 'messagecontactrequests', 'https://bia-facile.fr/message/index.php?view=contactrequests', NULL, NULL, 1742298164, '{\"notificationiconurl\":\"https:\\/\\/bia-facile.fr\\/theme\\/image.php\\/boost_magnific\\/core\\/1741066408\\/u\\/f1\",\"actionbuttons\":{\"accept\":\"Accepter\",\"reject\":\"Rejeter\"},\"courseid\":\"1\"}');

-- --------------------------------------------------------

--
-- Structure de la table `mdl_oauth2_access_token`
--

