INSERT INTO `mdl_messages` (`id`, `useridfrom`, `conversationid`, `subject`, `fullmessage`, `fullmessageformat`, `fullmessagehtml`, `smallmessage`, `timecreated`, `fullmessagetrust`, `customdata`) VALUES
(776, 57, 92, NULL, 'ok', 0, '', 'ok', 1743774295, 0, '{\"actionbuttons\":{\"send\":\"Envoyer\"},\"placeholders\":{\"send\":\"\\u00c9crire un message\"},\"notificationiconurl\":\"https:\\/\\/bia-facile.fr\\/theme\\/image.php\\/boost_magnific\\/core\\/1742798794\\/u\\/f1\",\"courseid\":1}'),
(777, 50, 143, NULL, 't\'es le skinny', 0, '', 't\'es le skinny', 1743774295, 0, '{\"actionbuttons\":{\"send\":\"Envoyer\"},\"placeholders\":{\"send\":\"\\u00c9crire un message\"},\"notificationiconurl\":\"https:\\/\\/bia-facile.fr\\/pluginfile.php\\/585\\/user\\/icon\\/boost_magnific\\/f1?rev=9242\",\"courseid\":1}'),
(778, 44, 149, 'Nouveau message de Eliott GENELOT', 't\'es tellement moche que même google t\'as censuré', 0, '', 't\'es tellement moche que même google t\'as censuré', 1743774298, 0, '{\"notificationiconurl\":\"https:\\/\\/bia-facile.fr\\/theme\\/image.php\\/boost_magnific\\/core\\/1742798794\\/u\\/f1\",\"actionbuttons\":{\"send\":\"Envoyer\"},\"placeholders\":{\"send\":\"\\u00c9crire un message\"},\"courseid\":1}'),
(779, 58, 107, NULL, '⢀⡴⠑⡄⠀⠀⠀⠀⠀⠀⠀⣀⣀⣤⣤⣤⣀⡀⠀⠀⠀⠀⠀⠀⠀⠀⠀⠀⠀⠀ \n⠸⡇⠀⠿⡀⠀⠀⠀⣀⡴⢿⣿⣿⣿⣿⣿⣿⣿⣷⣦⡀⠀⠀⠀⠀⠀⠀⠀⠀⠀ \n⠀⠀⠀⠀⠑⢄⣠⠾⠁⣀⣄⡈⠙⣿⣿⣿⣿⣿⣿⣿⣿⣆⠀⠀⠀⠀⠀⠀⠀⠀ \n⠀⠀⠀⠀⢀⡀⠁⠀⠀⠈⠙⠛⠂⠈⣿⣿⣿⣿⣿⠿⡿⢿⣆⠀⠀⠀⠀⠀⠀⠀ \n⠀⠀⠀⢀⡾⣁⣀⠀⠴⠂⠙⣗⡀⠀⢻⣿⣿⠭⢤⣴⣦⣤⣹⠀⠀⠀⢀⢴⣶⣆ \n⠀⠀⢀⣾⣿⣿⣿⣷⣮⣽⣾⣿⣥⣴⣿⣿⡿⢂⠔⢚⡿⢿⣿⣦⣴⣾⠁⠸⣼⡿ \n⠀⢀⡞⠁⠙⠻⠿⠟⠉⠀⠛⢹⣿⣿⣿⣿⣿⣌⢤⣼⣿⣾⣿⡟⠉⠀⠀⠀⠀⠀ \n⠀⣾⣷⣶⠇⠀⠀⣤⣄⣀⡀⠈⠻⣿⣿⣿⣿⣿⣿⣿⣿⣿⣿⡇⠀⠀⠀⠀⠀⠀ \n⠀⠉⠈⠉⠀⠀⢦⡈⢻⣿⣿⣿⣶⣶⣶⣶⣤⣽⡹⣿⣿⣿⣿⡇⠀⠀⠀⠀⠀⠀ \n⠀⠀⠀⠀⠀⠀⠀⠉⠲⣽⡻⢿⣿⣿⣿⣿⣿⣿⣷⣜⣿⣿⣿⡇⠀⠀⠀⠀⠀⠀ \n⠀⠀⠀⠀⠀⠀⠀⠀⢸⣿⣿⣷⣶⣮⣭⣽⣿⣿⣿⣿⣿⣿⣿⠀⠀⠀⠀⠀⠀⠀ \n⠀⠀⠀⠀⠀⠀⣀⣀⣈⣿⣿⣿⣿⣿⣿⣿⣿⣿⣿⣿⣿⣿⠇⠀⠀⠀⠀⠀⠀⠀ \n⠀⠀⠀⠀⠀⠀⢿⣿⣿⣿⣿⣿⣿⣿⣿⣿⣿⣿⣿⣿⣿⠃⠀⠀⠀⠀⠀⠀⠀⠀ \n⠀⠀⠀⠀⠀⠀⠀⠹⣿⣿⣿⣿⣿⣿⣿⣿⣿⣿⡿⠟⠁⠀⠀⠀⠀⠀⠀⠀⠀⠀ \n⠀⠀⠀⠀⠀⠀⠀⠀⠀⠉⠛⠻⠿⠿⠿⠿⠛⠉', 0, '', '⢀⡴⠑⡄⠀⠀⠀⠀⠀⠀⠀⣀⣀⣤⣤⣤⣀⡀⠀⠀⠀⠀⠀⠀⠀⠀⠀⠀⠀⠀ \n⠸⡇⠀⠿⡀⠀⠀⠀⣀⡴⢿⣿⣿⣿⣿⣿⣿⣿⣷⣦⡀⠀⠀⠀⠀⠀⠀⠀⠀⠀ \n⠀⠀⠀⠀⠑⢄⣠⠾⠁⣀⣄⡈⠙⣿⣿⣿⣿⣿⣿⣿⣿⣆⠀⠀⠀⠀⠀⠀⠀⠀ \n⠀⠀⠀⠀⢀⡀⠁⠀⠀⠈⠙⠛⠂⠈⣿⣿⣿⣿⣿⠿⡿⢿⣆⠀⠀⠀⠀⠀⠀⠀ \n⠀⠀⠀⢀⡾⣁⣀⠀⠴⠂⠙⣗⡀⠀⢻⣿⣿⠭⢤⣴⣦⣤⣹⠀⠀⠀⢀⢴⣶⣆ \n⠀⠀⢀⣾⣿⣿⣿⣷⣮⣽⣾⣿⣥⣴⣿⣿⡿⢂⠔⢚⡿⢿⣿⣦⣴⣾⠁⠸⣼⡿ \n⠀⢀⡞⠁⠙⠻⠿⠟⠉⠀⠛⢹⣿⣿⣿⣿⣿⣌⢤⣼⣿⣾⣿⡟⠉⠀⠀⠀⠀⠀ \n⠀⣾⣷⣶⠇⠀⠀⣤⣄⣀⡀⠈⠻⣿⣿⣿⣿⣿⣿⣿⣿⣿⣿⡇⠀⠀⠀⠀⠀⠀ \n⠀⠉⠈⠉⠀⠀⢦⡈⢻⣿⣿⣿⣶⣶⣶⣶⣤⣽⡹⣿⣿⣿⣿⡇⠀⠀⠀⠀⠀⠀ \n⠀⠀⠀⠀⠀⠀⠀⠉⠲⣽⡻⢿⣿⣿⣿⣿⣿⣿⣷⣜⣿⣿⣿⡇⠀⠀⠀⠀⠀⠀ \n⠀⠀⠀⠀⠀⠀⠀⠀⢸⣿⣿⣷⣶⣮⣭⣽⣿⣿⣿⣿⣿⣿⣿⠀⠀⠀⠀⠀⠀⠀ \n⠀⠀⠀⠀⠀⠀⣀⣀⣈⣿⣿⣿⣿⣿⣿⣿⣿⣿⣿⣿⣿⣿⠇⠀⠀⠀⠀⠀⠀⠀ \n⠀⠀⠀⠀⠀⠀⢿⣿⣿⣿⣿⣿⣿⣿⣿⣿⣿⣿⣿⣿⣿⠃⠀⠀⠀⠀⠀⠀⠀⠀ \n⠀⠀⠀⠀⠀⠀⠀⠹⣿⣿⣿⣿⣿⣿⣿⣿⣿⣿⡿⠟⠁⠀⠀⠀⠀⠀⠀⠀⠀⠀ \n⠀⠀⠀⠀⠀⠀⠀⠀⠀⠉⠛⠻⠿⠿⠿⠿⠛⠉', 1743774307, 0, '{\"actionbuttons\":{\"send\":\"Envoyer\"},\"placeholders\":{\"send\":\"\\u00c9crire un message\"},\"notificationiconurl\":\"https:\\/\\/bia-facile.fr\\/pluginfile.php\\/593\\/user\\/icon\\/boost_magnific\\/f1?rev=9165\",\"courseid\":1}'),
(780, 61, 149, NULL, 'mdrr az', 0, '', 'mdrr az', 1743774311, 0, '{\"actionbuttons\":{\"send\":\"Envoyer\"},\"placeholders\":{\"send\":\"\\u00c9crire un message\"},\"notificationiconurl\":\"https:\\/\\/bia-facile.fr\\/pluginfile.php\\/596\\/user\\/icon\\/boost_magnific\\/f1?rev=9174\",\"courseid\":1}'),
(781, 56, 41, NULL, 'je te dis apres', 0, '', 'je te dis apres', 1743774317, 0, '{\"actionbuttons\":{\"send\":\"Envoyer\"},\"placeholders\":{\"send\":\"\\u00c9crire un message\"},\"notificationiconurl\":\"https:\\/\\/bia-facile.fr\\/theme\\/image.php\\/boost_magnific\\/core\\/1742798794\\/u\\/f1\",\"courseid\":1}'),
(782, 44, 150, 'Nouveau message de Eliott GENELOT', 't\'es tellement moche que même google t\'as censuré', 0, '', 't\'es tellement moche que même google t\'as censuré', 1743774317, 0, '{\"notificationiconurl\":\"https:\\/\\/bia-facile.fr\\/theme\\/image.php\\/boost_magnific\\/core\\/1742798794\\/u\\/f1\",\"actionbuttons\":{\"send\":\"Envoyer\"},\"placeholders\":{\"send\":\"\\u00c9crire un message\"},\"courseid\":1}'),
(783, 68, 137, NULL, 'on a comprit tu la dit a tout le monde', 0, '', 'on a comprit tu la dit a tout le monde', 1743774319, 0, '{\"actionbuttons\":{\"send\":\"Envoyer\"},\"placeholders\":{\"send\":\"\\u00c9crire un message\"},\"notificationiconurl\":\"https:\\/\\/bia-facile.fr\\/pluginfile.php\\/603\\/user\\/icon\\/boost_magnific\\/f1?rev=9138\",\"courseid\":1}'),
(784, 56, 41, NULL, 'La récrééééééé', 0, '', 'La récrééééééé', 1743774323, 0, '{\"actionbuttons\":{\"send\":\"Envoyer\"},\"placeholders\":{\"send\":\"\\u00c9crire un message\"},\"notificationiconurl\":\"https:\\/\\/bia-facile.fr\\/theme\\/image.php\\/boost_magnific\\/core\\/1742798794\\/u\\/f1\",\"courseid\":1}'),
(785, 61, 33, NULL, 'oh ?', 0, '', 'oh ?', 1743774326, 0, '{\"actionbuttons\":{\"send\":\"Envoyer\"},\"placeholders\":{\"send\":\"\\u00c9crire un message\"},\"notificationiconurl\":\"https:\\/\\/bia-facile.fr\\/pluginfile.php\\/596\\/user\\/icon\\/boost_magnific\\/f1?rev=9174\",\"courseid\":1}'),
(786, 56, 41, NULL, 'puréee', 0, '', 'puréee', 1743774326, 0, '{\"actionbuttons\":{\"send\":\"Envoyer\"},\"placeholders\":{\"send\":\"\\u00c9crire un message\"},\"notificationiconurl\":\"https:\\/\\/bia-facile.fr\\/theme\\/image.php\\/boost_magnific\\/core\\/1742798794\\/u\\/f1\",\"courseid\":1}'),
(787, 47, 41, NULL, 'azzzzzz', 0, '', 'azzzzzz', 1743774326, 0, '{\"actionbuttons\":{\"send\":\"Envoyer\"},\"placeholders\":{\"send\":\"\\u00c9crire un message\"},\"notificationiconurl\":\"https:\\/\\/bia-facile.fr\\/pluginfile.php\\/582\\/user\\/icon\\/boost_magnific\\/f1?rev=9185\",\"courseid\":1}'),
(788, 44, 151, 'Nouveau message de Eliott GENELOT', 't\'es tellement moche que même google t\'as censuré', 0, '', 't\'es tellement moche que même google t\'as censuré', 1743774328, 0, '{\"notificationiconurl\":\"https:\\/\\/bia-facile.fr\\/theme\\/image.php\\/boost_magnific\\/core\\/1742798794\\/u\\/f1\",\"actionbuttons\":{\"send\":\"Envoyer\"},\"placeholders\":{\"send\":\"\\u00c9crire un message\"},\"courseid\":1}'),
(789, 56, 41, NULL, 'déjà on a anglais', 0, '', 'déjà on a anglais', 1743774331, 0, '{\"actionbuttons\":{\"send\":\"Envoyer\"},\"placeholders\":{\"send\":\"\\u00c9crire un message\"},\"notificationiconurl\":\"https:\\/\\/bia-facile.fr\\/theme\\/image.php\\/boost_magnific\\/core\\/1742798794\\/u\\/f1\",\"courseid\":1}'),
(790, 44, 152, 'Nouveau message de Eliott GENELOT', 't\'es tellement moche que même google t\'as censuré', 0, '', 't\'es tellement moche que même google t\'as censuré', 1743774337, 0, '{\"notificationiconurl\":\"https:\\/\\/bia-facile.fr\\/theme\\/image.php\\/boost_magnific\\/core\\/1742798794\\/u\\/f1\",\"actionbuttons\":{\"send\":\"Envoyer\"},\"placeholders\":{\"send\":\"\\u00c9crire un message\"},\"courseid\":1}'),
(791, 56, 41, NULL, 'laisser nous une pause', 0, '', 'laisser nous une pause', 1743774338, 0, '{\"actionbuttons\":{\"send\":\"Envoyer\"},\"placeholders\":{\"send\":\"\\u00c9crire un message\"},\"notificationiconurl\":\"https:\\/\\/bia-facile.fr\\/theme\\/image.php\\/boost_magnific\\/core\\/1742798794\\/u\\/f1\",\"courseid\":1}'),
(792, 53, 141, NULL, 'hein ?!?', 0, '', 'hein ?!?', 1743774338, 0, '{\"actionbuttons\":{\"send\":\"Envoyer\"},\"placeholders\":{\"send\":\"\\u00c9crire un message\"},\"notificationiconurl\":\"https:\\/\\/bia-facile.fr\\/theme\\/image.php\\/boost_magnific\\/core\\/1742798794\\/u\\/f1\",\"courseid\":1}'),
(793, 52, 147, NULL, 'huh?', 0, '', 'huh?', 1743774342, 0, '{\"actionbuttons\":{\"send\":\"Envoyer\"},\"placeholders\":{\"send\":\"\\u00c9crire un message\"},\"notificationiconurl\":\"https:\\/\\/bia-facile.fr\\/pluginfile.php\\/587\\/user\\/icon\\/boost_magnific\\/f1?rev=9156\",\"courseid\":1}'),
(794, 53, 141, NULL, 'mais toi aussi t\'as craqué', 0, '', 'mais toi aussi t\'as craqué', 1743774344, 0, '{\"actionbuttons\":{\"send\":\"Envoyer\"},\"placeholders\":{\"send\":\"\\u00c9crire un message\"},\"notificationiconurl\":\"https:\\/\\/bia-facile.fr\\/theme\\/image.php\\/boost_magnific\\/core\\/1742798794\\/u\\/f1\",\"courseid\":1}'),
(795, 64, 138, NULL, 'ah', 0, '', 'ah', 1743774345, 0, '{\"actionbuttons\":{\"send\":\"Envoyer\"},\"placeholders\":{\"send\":\"\\u00c9crire un message\"},\"notificationiconurl\":\"https:\\/\\/bia-facile.fr\\/pluginfile.php\\/599\\/user\\/icon\\/boost_magnific\\/f1?rev=9147\",\"courseid\":1}'),
(796, 56, 116, NULL, 'ma femmeeeee', 0, '', 'ma femmeeeee', 1743774352, 0, '{\"actionbuttons\":{\"send\":\"Envoyer\"},\"placeholders\":{\"send\":\"\\u00c9crire un message\"},\"notificationiconurl\":\"https:\\/\\/bia-facile.fr\\/theme\\/image.php\\/boost_magnific\\/core\\/1742798794\\/u\\/f1\",\"courseid\":1}'),
(797, 44, 153, 'Nouveau message de Eliott GENELOT', 't\'es tellement moche que même google t\'as censuré', 0, '', 't\'es tellement moche que même google t\'as censuré', 1743774352, 0, '{\"notificationiconurl\":\"https:\\/\\/bia-facile.fr\\/theme\\/image.php\\/boost_magnific\\/core\\/1742798794\\/u\\/f1\",\"actionbuttons\":{\"send\":\"Envoyer\"},\"placeholders\":{\"send\":\"\\u00c9crire un message\"},\"courseid\":1}'),
(798, 56, 116, NULL, 'euh par contre la récrée la', 0, '', 'euh par contre la récrée la', 1743774362, 0, '{\"actionbuttons\":{\"send\":\"Envoyer\"},\"placeholders\":{\"send\":\"\\u00c9crire un message\"},\"notificationiconurl\":\"https:\\/\\/bia-facile.fr\\/theme\\/image.php\\/boost_magnific\\/core\\/1742798794\\/u\\/f1\",\"courseid\":1}'),
(799, 56, 116, NULL, 'c\'est quoi cette histoire', 0, '', 'c\'est quoi cette histoire', 1743774369, 0, '{\"actionbuttons\":{\"send\":\"Envoyer\"},\"placeholders\":{\"send\":\"\\u00c9crire un message\"},\"notificationiconurl\":\"https:\\/\\/bia-facile.fr\\/theme\\/image.php\\/boost_magnific\\/core\\/1742798794\\/u\\/f1\",\"courseid\":1}'),
(800, 44, 154, 'Nouveau message de Eliott GENELOT', 't\'es tellement moche que même google t\'as censuré', 0, '', 't\'es tellement moche que même google t\'as censuré', 1743774372, 0, '{\"notificationiconurl\":\"https:\\/\\/bia-facile.fr\\/theme\\/image.php\\/boost_magnific\\/core\\/1742798794\\/u\\/f1\",\"actionbuttons\":{\"send\":\"Envoyer\"},\"placeholders\":{\"send\":\"\\u00c9crire un message\"},\"courseid\":1}'),
(801, 56, 116, NULL, 'déjà on a anglais je veux une PAUSE', 0, '', 'déjà on a anglais je veux une PAUSE', 1743774383, 0, '{\"actionbuttons\":{\"send\":\"Envoyer\"},\"placeholders\":{\"send\":\"\\u00c9crire un message\"},\"notificationiconurl\":\"https:\\/\\/bia-facile.fr\\/theme\\/image.php\\/boost_magnific\\/core\\/1742798794\\/u\\/f1\",\"courseid\":1}'),
(802, 52, 155, 'Nouveau message de Enzo LALLI', 'PETE MOI LE CUL', 0, '', 'PETE MOI LE CUL', 1743774386, 0, '{\"notificationiconurl\":\"https:\\/\\/bia-facile.fr\\/tokenpluginfile.php\\/89e6ea97c58dfe8898e0981675f1ed5a\\/587\\/user\\/icon\\/boost_magnific\\/f1?rev=9156\",\"actionbuttons\":{\"send\":\"Envoyer\"},\"placeholders\":{\"send\":\"\\u00c9crire un message\"},\"courseid\":1}'),
(803, 48, 116, NULL, 'c le roux et l\'égyptien qui t\'écrive mdrrr', 0, '', 'c le roux et l\'égyptien qui t\'écrive mdrrr', 1743774386, 0, '{\"actionbuttons\":{\"send\":\"Envoyer\"},\"placeholders\":{\"send\":\"\\u00c9crire un message\"},\"notificationiconurl\":\"https:\\/\\/bia-facile.fr\\/theme\\/image.php\\/boost_magnific\\/core\\/1742798794\\/u\\/f1\",\"courseid\":1}'),
(804, 47, 41, NULL, 'wowowowowowwowowowowwwowo calmmmmmmmmmmmme', 0, '', 'wowowowowowwowowowowwwowo calmmmmmmmmmmmme', 1743774393, 0, '{\"actionbuttons\":{\"send\":\"Envoyer\"},\"placeholders\":{\"send\":\"\\u00c9crire un message\"},\"notificationiconurl\":\"https:\\/\\/bia-facile.fr\\/pluginfile.php\\/582\\/user\\/icon\\/boost_magnific\\/f1?rev=9185\",\"courseid\":1}'),
(805, 48, 116, NULL, '🤣', 0, '', '🤣', 1743774393, 0, '{\"actionbuttons\":{\"send\":\"Envoyer\"},\"placeholders\":{\"send\":\"\\u00c9crire un message\"},\"notificationiconurl\":\"https:\\/\\/bia-facile.fr\\/theme\\/image.php\\/boost_magnific\\/core\\/1742798794\\/u\\/f1\",\"courseid\":1}'),
(806, 49, 97, NULL, 'aaaahhhh', 0, '', 'aaaahhhh', 1743774394, 0, '{\"actionbuttons\":{\"send\":\"Envoyer\"},\"placeholders\":{\"send\":\"\\u00c9crire un message\"},\"notificationiconurl\":\"https:\\/\\/bia-facile.fr\\/pluginfile.php\\/584\\/user\\/icon\\/boost_magnific\\/f1?rev=9231\",\"courseid\":1}'),
(807, 44, 156, 'Nouveau message de Eliott GENELOT', 't\'es tellement moche que même google t\'as censuré', 0, '', 't\'es tellement moche que même google t\'as censuré', 1743774405, 0, '{\"notificationiconurl\":\"https:\\/\\/bia-facile.fr\\/theme\\/image.php\\/boost_magnific\\/core\\/1742798794\\/u\\/f1\",\"actionbuttons\":{\"send\":\"Envoyer\"},\"placeholders\":{\"send\":\"\\u00c9crire un message\"},\"courseid\":1}'),
(808, 47, 155, NULL, '🍆👌', 0, '', '🍆👌', 1743774409, 0, '{\"actionbuttons\":{\"send\":\"Envoyer\"},\"placeholders\":{\"send\":\"\\u00c9crire un message\"},\"notificationiconurl\":\"https:\\/\\/bia-facile.fr\\/pluginfile.php\\/582\\/user\\/icon\\/boost_magnific\\/f1?rev=9185\",\"courseid\":1}'),
(809, 58, 156, NULL, '⢀⡴⠑⡄⠀⠀⠀⠀⠀⠀⠀⣀⣀⣤⣤⣤⣀⡀⠀⠀⠀⠀⠀⠀⠀⠀⠀⠀⠀⠀ \n⠸⡇⠀⠿⡀⠀⠀⠀⣀⡴⢿⣿⣿⣿⣿⣿⣿⣿⣷⣦⡀⠀⠀⠀⠀⠀⠀⠀⠀⠀ \n⠀⠀⠀⠀⠑⢄⣠⠾⠁⣀⣄⡈⠙⣿⣿⣿⣿⣿⣿⣿⣿⣆⠀⠀⠀⠀⠀⠀⠀⠀ \n⠀⠀⠀⠀⢀⡀⠁⠀⠀⠈⠙⠛⠂⠈⣿⣿⣿⣿⣿⠿⡿⢿⣆⠀⠀⠀⠀⠀⠀⠀ \n⠀⠀⠀⢀⡾⣁⣀⠀⠴⠂⠙⣗⡀⠀⢻⣿⣿⠭⢤⣴⣦⣤⣹⠀⠀⠀⢀⢴⣶⣆ \n⠀⠀⢀⣾⣿⣿⣿⣷⣮⣽⣾⣿⣥⣴⣿⣿⡿⢂⠔⢚⡿⢿⣿⣦⣴⣾⠁⠸⣼⡿ \n⠀⢀⡞⠁⠙⠻⠿⠟⠉⠀⠛⢹⣿⣿⣿⣿⣿⣌⢤⣼⣿⣾⣿⡟⠉⠀⠀⠀⠀⠀ \n⠀⣾⣷⣶⠇⠀⠀⣤⣄⣀⡀⠈⠻⣿⣿⣿⣿⣿⣿⣿⣿⣿⣿⡇⠀⠀⠀⠀⠀⠀ \n⠀⠉⠈⠉⠀⠀⢦⡈⢻⣿⣿⣿⣶⣶⣶⣶⣤⣽⡹⣿⣿⣿⣿⡇⠀⠀⠀⠀⠀⠀ \n⠀⠀⠀⠀⠀⠀⠀⠉⠲⣽⡻⢿⣿⣿⣿⣿⣿⣿⣷⣜⣿⣿⣿⡇⠀⠀⠀⠀⠀⠀ \n⠀⠀⠀⠀⠀⠀⠀⠀⢸⣿⣿⣷⣶⣮⣭⣽⣿⣿⣿⣿⣿⣿⣿⠀⠀⠀⠀⠀⠀⠀ \n⠀⠀⠀⠀⠀⠀⣀⣀⣈⣿⣿⣿⣿⣿⣿⣿⣿⣿⣿⣿⣿⣿⠇⠀⠀⠀⠀⠀⠀⠀ \n⠀⠀⠀⠀⠀⠀⢿⣿⣿⣿⣿⣿⣿⣿⣿⣿⣿⣿⣿⣿⣿⠃⠀⠀⠀⠀⠀⠀⠀⠀ \n⠀⠀⠀⠀⠀⠀⠀⠹⣿⣿⣿⣿⣿⣿⣿⣿⣿⣿⡿⠟⠁⠀⠀⠀⠀⠀⠀⠀⠀⠀ \n⠀⠀⠀⠀⠀⠀⠀⠀⠀⠉⠛⠻⠿⠿⠿⠿⠛⠉', 0, '', '⢀⡴⠑⡄⠀⠀⠀⠀⠀⠀⠀⣀⣀⣤⣤⣤⣀⡀⠀⠀⠀⠀⠀⠀⠀⠀⠀⠀⠀⠀ \n⠸⡇⠀⠿⡀⠀⠀⠀⣀⡴⢿⣿⣿⣿⣿⣿⣿⣿⣷⣦⡀⠀⠀⠀⠀⠀⠀⠀⠀⠀ \n⠀⠀⠀⠀⠑⢄⣠⠾⠁⣀⣄⡈⠙⣿⣿⣿⣿⣿⣿⣿⣿⣆⠀⠀⠀⠀⠀⠀⠀⠀ \n⠀⠀⠀⠀⢀⡀⠁⠀⠀⠈⠙⠛⠂⠈⣿⣿⣿⣿⣿⠿⡿⢿⣆⠀⠀⠀⠀⠀⠀⠀ \n⠀⠀⠀⢀⡾⣁⣀⠀⠴⠂⠙⣗⡀⠀⢻⣿⣿⠭⢤⣴⣦⣤⣹⠀⠀⠀⢀⢴⣶⣆ \n⠀⠀⢀⣾⣿⣿⣿⣷⣮⣽⣾⣿⣥⣴⣿⣿⡿⢂⠔⢚⡿⢿⣿⣦⣴⣾⠁⠸⣼⡿ \n⠀⢀⡞⠁⠙⠻⠿⠟⠉⠀⠛⢹⣿⣿⣿⣿⣿⣌⢤⣼⣿⣾⣿⡟⠉⠀⠀⠀⠀⠀ \n⠀⣾⣷⣶⠇⠀⠀⣤⣄⣀⡀⠈⠻⣿⣿⣿⣿⣿⣿⣿⣿⣿⣿⡇⠀⠀⠀⠀⠀⠀ \n⠀⠉⠈⠉⠀⠀⢦⡈⢻⣿⣿⣿⣶⣶⣶⣶⣤⣽⡹⣿⣿⣿⣿⡇⠀⠀⠀⠀⠀⠀ \n⠀⠀⠀⠀⠀⠀⠀⠉⠲⣽⡻⢿⣿⣿⣿⣿⣿⣿⣷⣜⣿⣿⣿⡇⠀⠀⠀⠀⠀⠀ \n⠀⠀⠀⠀⠀⠀⠀⠀⢸⣿⣿⣷⣶⣮⣭⣽⣿⣿⣿⣿⣿⣿⣿⠀⠀⠀⠀⠀⠀⠀ \n⠀⠀⠀⠀⠀⠀⣀⣀⣈⣿⣿⣿⣿⣿⣿⣿⣿⣿⣿⣿⣿⣿⠇⠀⠀⠀⠀⠀⠀⠀ \n⠀⠀⠀⠀⠀⠀⢿⣿⣿⣿⣿⣿⣿⣿⣿⣿⣿⣿⣿⣿⣿⠃⠀⠀⠀⠀⠀⠀⠀⠀ \n⠀⠀⠀⠀⠀⠀⠀⠹⣿⣿⣿⣿⣿⣿⣿⣿⣿⣿⡿⠟⠁⠀⠀⠀⠀⠀⠀⠀⠀⠀ \n⠀⠀⠀⠀⠀⠀⠀⠀⠀⠉⠛⠻⠿⠿⠿⠿⠛⠉', 1743774418, 0, '{\"actionbuttons\":{\"send\":\"Envoyer\"},\"placeholders\":{\"send\":\"\\u00c9crire un message\"},\"notificationiconurl\":\"https:\\/\\/bia-facile.fr\\/pluginfile.php\\/593\\/user\\/icon\\/boost_magnific\\/f1?rev=9165\",\"courseid\":1}'),
(810, 44, 137, NULL, 'oui', 0, '', 'oui', 1743774445, 0, '{\"actionbuttons\":{\"send\":\"Envoyer\"},\"placeholders\":{\"send\":\"\\u00c9crire un message\"},\"notificationiconurl\":\"https:\\/\\/bia-facile.fr\\/theme\\/image.php\\/boost_magnific\\/core\\/1742798794\\/u\\/f1\",\"courseid\":1}'),
(811, 56, 116, NULL, 'bande de connard', 0, '', 'bande de connard', 1743774449, 0, '{\"actionbuttons\":{\"send\":\"Envoyer\"},\"placeholders\":{\"send\":\"\\u00c9crire un message\"},\"notificationiconurl\":\"https:\\/\\/bia-facile.fr\\/theme\\/image.php\\/boost_magnific\\/core\\/1742798794\\/u\\/f1\",\"courseid\":1}'),
(812, 51, 97, NULL, 'BHHHHHHHHHHHH', 0, '', 'BHHHHHHHHHHHH', 1743774497, 0, '{\"actionbuttons\":{\"send\":\"Envoyer\"},\"placeholders\":{\"send\":\"\\u00c9crire un message\"},\"notificationiconurl\":\"https:\\/\\/bia-facile.fr\\/pluginfile.php\\/586\\/user\\/icon\\/boost_magnific\\/f1?rev=9251\",\"courseid\":1}'),
(813, 51, 117, NULL, 'https://www.youtube.com/watch?v=K8uo_SJ_PKA', 0, '', 'https://www.youtube.com/watch?v=K8uo_SJ_PKA', 1743774506, 0, '{\"actionbuttons\":{\"send\":\"Envoyer\"},\"placeholders\":{\"send\":\"\\u00c9crire un message\"},\"notificationiconurl\":\"https:\\/\\/bia-facile.fr\\/pluginfile.php\\/586\\/user\\/icon\\/boost_magnific\\/f1?rev=9251\",\"courseid\":1}'),
(814, 65, 107, NULL, '⣠⣤⣤⣤⣤⣤⣄⡀⠀⠀⠀⠀⠀⠀⠀⠀⠀⠀⠀⠀⠀⠀⠀ ⠀⠀⠀⠀⠀⢰⡿⠋⠁⠀⠀⠈⠉⠙⠻⣷⣄⠀⠀⠀⠀⠀⠀⠀⠀⠀⠀⠀⠀⠀ ⠀⠀⠀⠀⢀⣿⠇⠀⢀⣴⣶⡾⠿⠿⠿⢿⣿⣦⡀⠀⠀⠀⠀⠀⠀⠀⠀⠀⠀⠀ ⠀⠀⣀⣀⣸⡿⠀⠀⢸⣿⣇⠀⠀⠀⠀⠀⠀⠙⣷⡀⠀⠀⠀⠀⠀⠀⠀⠀⠀⠀ ⠀⣾⡟⠛⣿⡇⠀⠀⢸⣿⣿⣷⣤⣤⣤⣤⣶⣶⣿⠇⠀⠀⠀⠀⠀⠀⠀⣀⠀⠀ ⢀⣿⠀⢀⣿⡇⠀⠀⠀⠻⢿⣿⣿⣿⣿⣿⠿⣿⡏⠀⠀⠀⠀⢴⣶⣶⣿⣿⣿⣆ ⢸⣿⠀⢸⣿⡇⠀⠀⠀⠀⠀⠈⠉⠁⠀⠀⠀⣿⡇⣀⣠⣴⣾⣮⣝⠿⠿⠿⣻⡟ ⢸⣿⠀⠘⣿⡇⠀⠀⠀⠀⠀⠀⠀⣠⣶⣾⣿⣿⣿⣿⣿⣿⣿⣿⣿⣿⡿⠁⠉⠀ ⠸⣿⠀⠀⣿⡇⠀⠀⠀⠀⠀⣠⣾⣿⣿⣿⣿⣿⣿⣿⣿⣿⣿⡿⠟⠉⠀⠀⠀⠀ ⠀⠻⣷⣶⣿⣇⠀⠀⠀⢠⣼⣿⣿⣿⣿⣿⣿⣿⣛⣛⣻⠉⠁⠀⠀⠀⠀⠀⠀⠀ ⠀⠀⠀⠀⢸⣿⠀⠀⠀⢸⣿⣿⣿⣿⣿⣿⣿⣿⣿⣿⣿⡇⠀⠀⠀⠀⠀⠀⠀⠀ ⠀⠀⠀⠀⢸⣿⣀⣀⣀⣼⡿⢿⣿⣿⣿⣿⣿⡿⣿⣿⡿⠀⠀⠀⠀⠀⠀⠀⠀⠀ ⠀⠀⠀⠀⠀⠙⠛⠛⠛⠋⠁⠀⠙⠻⠿⠟⠋⠑⠛⠋', 0, '', '⣠⣤⣤⣤⣤⣤⣄⡀⠀⠀⠀⠀⠀⠀⠀⠀⠀⠀⠀⠀⠀⠀⠀ ⠀⠀⠀⠀⠀⢰⡿⠋⠁⠀⠀⠈⠉⠙⠻⣷⣄⠀⠀⠀⠀⠀⠀⠀⠀⠀⠀⠀⠀⠀ ⠀⠀⠀⠀⢀⣿⠇⠀⢀⣴⣶⡾⠿⠿⠿⢿⣿⣦⡀⠀⠀⠀⠀⠀⠀⠀⠀⠀⠀⠀ ⠀⠀⣀⣀⣸⡿⠀⠀⢸⣿⣇⠀⠀⠀⠀⠀⠀⠙⣷⡀⠀⠀⠀⠀⠀⠀⠀⠀⠀⠀ ⠀⣾⡟⠛⣿⡇⠀⠀⢸⣿⣿⣷⣤⣤⣤⣤⣶⣶⣿⠇⠀⠀⠀⠀⠀⠀⠀⣀⠀⠀ ⢀⣿⠀⢀⣿⡇⠀⠀⠀⠻⢿⣿⣿⣿⣿⣿⠿⣿⡏⠀⠀⠀⠀⢴⣶⣶⣿⣿⣿⣆ ⢸⣿⠀⢸⣿⡇⠀⠀⠀⠀⠀⠈⠉⠁⠀⠀⠀⣿⡇⣀⣠⣴⣾⣮⣝⠿⠿⠿⣻⡟ ⢸⣿⠀⠘⣿⡇⠀⠀⠀⠀⠀⠀⠀⣠⣶⣾⣿⣿⣿⣿⣿⣿⣿⣿⣿⣿⡿⠁⠉⠀ ⠸⣿⠀⠀⣿⡇⠀⠀⠀⠀⠀⣠⣾⣿⣿⣿⣿⣿⣿⣿⣿⣿⣿⡿⠟⠉⠀⠀⠀⠀ ⠀⠻⣷⣶⣿⣇⠀⠀⠀⢠⣼⣿⣿⣿⣿⣿⣿⣿⣛⣛⣻⠉⠁⠀⠀⠀⠀⠀⠀⠀ ⠀⠀⠀⠀⢸⣿⠀⠀⠀⢸⣿⣿⣿⣿⣿⣿⣿⣿⣿⣿⣿⡇⠀⠀⠀⠀⠀⠀⠀⠀ ⠀⠀⠀⠀⢸⣿⣀⣀⣀⣼⡿⢿⣿⣿⣿⣿⣿⡿⣿⣿⡿⠀⠀⠀⠀⠀⠀⠀⠀⠀ ⠀⠀⠀⠀⠀⠙⠛⠛⠛⠋⠁⠀⠙⠻⠿⠟⠋⠑⠛⠋', 1743774541, 0, '{\"actionbuttons\":{\"send\":\"Envoyer\"},\"placeholders\":{\"send\":\"\\u00c9crire un message\"},\"notificationiconurl\":\"https:\\/\\/bia-facile.fr\\/pluginfile.php\\/600\\/user\\/icon\\/boost_magnific\\/f1?rev=9194\",\"courseid\":1}'),
(815, 66, 145, NULL, 't vrm un cucurbitacé', 0, '', 't vrm un cucurbitacé', 1743774655, 0, '{\"actionbuttons\":{\"send\":\"Envoyer\"},\"placeholders\":{\"send\":\"\\u00c9crire un message\"},\"notificationiconurl\":\"https:\\/\\/bia-facile.fr\\/pluginfile.php\\/601\\/user\\/icon\\/boost_magnific\\/f1?rev=9300\",\"courseid\":1}'),
(816, 37, 104, NULL, 'coucouuuuuuuuuuj', 0, '', 'coucouuuuuuuuuuj', 1744031821, 0, '{\"actionbuttons\":{\"send\":\"Envoyer\"},\"placeholders\":{\"send\":\"\\u00c9crire un message\"},\"notificationiconurl\":\"https:\\/\\/bia-facile.fr\\/theme\\/image.php\\/boost_magnific\\/core\\/1742798794\\/u\\/f1\",\"courseid\":1}'),
(817, 27, 28, NULL, 'Mais quoi ?', 0, '', 'Mais quoi ?', 1744531433, 0, '{\"actionbuttons\":{\"send\":\"Envoyer\"},\"placeholders\":{\"send\":\"\\u00c9crire un message\"},\"notificationiconurl\":\"https:\\/\\/bia-facile.fr\\/pluginfile.php\\/433\\/user\\/icon\\/boost_magnific\\/f1?rev=9046\",\"courseid\":1}'),
(818, 50, 63, NULL, 'salut vieux', 0, '', 'salut vieux', 1744965389, 0, '{\"actionbuttons\":{\"send\":\"Envoyer\"},\"placeholders\":{\"send\":\"\\u00c9crire un message\"},\"notificationiconurl\":\"https:\\/\\/bia-facile.fr\\/pluginfile.php\\/585\\/user\\/icon\\/boost_magnific\\/f1?rev=9269\",\"courseid\":1}'),
(819, 24, 17, NULL, 'slt cv ?', 0, '', 'slt cv ?', 1745318537, 0, '{\"actionbuttons\":{\"send\":\"Envoyer\"},\"placeholders\":{\"send\":\"\\u00c9crire un message\"},\"notificationiconurl\":\"https:\\/\\/bia-facile.fr\\/theme\\/image.php\\/boost_magnific\\/core\\/1742798794\\/u\\/f1\",\"courseid\":1}'),
(820, 28, 17, NULL, 'quel CV ?', 0, '', 'quel CV ?', 1745318794, 0, '{\"actionbuttons\":{\"send\":\"Envoyer\"},\"placeholders\":{\"send\":\"\\u00c9crire un message\"},\"notificationiconurl\":\"https:\\/\\/bia-facile.fr\\/theme\\/image.php\\/boost_magnific\\/core\\/1742798794\\/u\\/f1\",\"courseid\":1}'),
(821, 28, 17, NULL, 'd\'accord !!!', 0, '', 'd\'accord !!!', 1745922886, 0, '{\"actionbuttons\":{\"send\":\"Envoyer\"},\"placeholders\":{\"send\":\"\\u00c9crire un message\"},\"notificationiconurl\":\"https:\\/\\/bia-facile.fr\\/theme\\/image.php\\/boost_magnific\\/core\\/1742798794\\/u\\/f1\",\"courseid\":1}'),
(822, 24, 157, 'Nouveau message de Rodolphe GONTHIER', 'slt cv ?', 0, '', 'slt cv ?', 1745922893, 0, '{\"notificationiconurl\":\"https:\\/\\/bia-facile.fr\\/theme\\/image.php\\/boost_magnific\\/core\\/1742798794\\/u\\/f1\",\"actionbuttons\":{\"send\":\"Envoyer\"},\"placeholders\":{\"send\":\"\\u00c9crire un message\"},\"courseid\":1}'),
(823, 21, 157, NULL, 'ça va', 0, '', 'ça va', 1745922909, 0, '{\"actionbuttons\":{\"send\":\"Envoyer\"},\"placeholders\":{\"send\":\"\\u00c9crire un message\"},\"notificationiconurl\":\"https:\\/\\/bia-facile.fr\\/theme\\/image.php\\/boost_magnific\\/core\\/1742798794\\/u\\/f1\",\"courseid\":1}'),
(824, 24, 17, NULL, 'ahhhhhhhhhhhh', 0, '', 'ahhhhhhhhhhhh', 1745923034, 0, '{\"actionbuttons\":{\"send\":\"Envoyer\"},\"placeholders\":{\"send\":\"\\u00c9crire un message\"},\"notificationiconurl\":\"https:\\/\\/bia-facile.fr\\/theme\\/image.php\\/boost_magnific\\/core\\/1742798794\\/u\\/f1\",\"courseid\":1}'),
(825, 28, 17, NULL, 'bbbbbbbbbbbbbbbbbbbbbb', 0, '', 'bbbbbbbbbbbbbbbbbbbbbb', 1745923766, 0, '{\"actionbuttons\":{\"send\":\"Envoyer\"},\"placeholders\":{\"send\":\"\\u00c9crire un message\"},\"notificationiconurl\":\"https:\\/\\/bia-facile.fr\\/theme\\/image.php\\/boost_magnific\\/core\\/1742798794\\/u\\/f1\",\"courseid\":1}'),
(826, 24, 17, NULL, 'ccccccccccccccccccccccccccccccccccccccccccccccccccccccccccccccccccccccccccccccccccccccccccccccccccccccccccccccccccccccccccccccccccccccccccccccccccccccccccccccccccccccccccccccccccccccccccccccccccccccccccccccccccccccccccccccccccccccccccccccccccccccccccccccccccccccccccccccccccccccccccccccccccccccccccccccccccccccccccccccccccccccccccccccccccccccccccccccccccccccccccccccccccccccccccccc', 0, '', 'ccccccccccccccccccccccccccccccccccccccccccccccccccccccccccccccccccccccccccccccccccccccccccccccccccccccccccccccccccccccccccccccccccccccccccccccccccccccccccccccccccccccccccccccccccccccccccccccccccccccccccccccccccccccccccccccccccccccccccccccccccccccccccccccccccccccccccccccccccccccccccccccccccccccccccccccccccccccccccccccccccccccccccccccccccccccccccccccccccccccccccccccccccccccccccccc', 1745923791, 0, '{\"actionbuttons\":{\"send\":\"Envoyer\"},\"placeholders\":{\"send\":\"\\u00c9crire un message\"},\"notificationiconurl\":\"https:\\/\\/bia-facile.fr\\/theme\\/image.php\\/boost_magnific\\/core\\/1742798794\\/u\\/f1\",\"courseid\":1}'),
(827, 28, 17, NULL, 'vos culottes', 0, '', 'vos culottes', 1745923874, 0, '{\"actionbuttons\":{\"send\":\"Envoyer\"},\"placeholders\":{\"send\":\"\\u00c9crire un message\"},\"notificationiconurl\":\"https:\\/\\/bia-facile.fr\\/theme\\/image.php\\/boost_magnific\\/core\\/1742798794\\/u\\/f1\",\"courseid\":1}'),
(828, 28, 17, NULL, 'j\'adore les supers cacas', 0, '', 'j\'adore les supers cacas', 1745923910, 0, '{\"actionbuttons\":{\"send\":\"Envoyer\"},\"placeholders\":{\"send\":\"\\u00c9crire un message\"},\"notificationiconurl\":\"https:\\/\\/bia-facile.fr\\/theme\\/image.php\\/boost_magnific\\/core\\/1742798794\\/u\\/f1\",\"courseid\":1}'),
(829, 24, 17, NULL, 'abcdefghijklmnopqrstuvwxyz', 0, '', 'abcdefghijklmnopqrstuvwxyz', 1745923919, 0, '{\"actionbuttons\":{\"send\":\"Envoyer\"},\"placeholders\":{\"send\":\"\\u00c9crire un message\"},\"notificationiconurl\":\"https:\\/\\/bia-facile.fr\\/theme\\/image.php\\/boost_magnific\\/core\\/1742798794\\/u\\/f1\",\"courseid\":1}'),
(830, 28, 17, NULL, 'cacaaaaaaaaaaaaaaaaaaaaaaaaaaaaaaaaaaaaaaaaaaaaaaaaa', 0, '', 'cacaaaaaaaaaaaaaaaaaaaaaaaaaaaaaaaaaaaaaaaaaaaaaaaaa', 1745925216, 0, '{\"actionbuttons\":{\"send\":\"Envoyer\"},\"placeholders\":{\"send\":\"\\u00c9crire un message\"},\"notificationiconurl\":\"https:\\/\\/bia-facile.fr\\/theme\\/image.php\\/boost_magnific\\/core\\/1742798794\\/u\\/f1\",\"courseid\":1}'),
(831, 24, 17, NULL, '3333333333333333333333333333333333333333333333333333333333333333333333333333333333333333333333333333333333333333333333', 0, '', '3333333333333333333333333333333333333333333333333333333333333333333333333333333333333333333333333333333333333333333333', 1745925231, 0, '{\"actionbuttons\":{\"send\":\"Envoyer\"},\"placeholders\":{\"send\":\"\\u00c9crire un message\"},\"notificationiconurl\":\"https:\\/\\/bia-facile.fr\\/theme\\/image.php\\/boost_magnific\\/core\\/1742798794\\/u\\/f1\",\"courseid\":1}'),
(832, 28, 17, NULL, '😪', 0, '', '😪', 1745925243, 0, '{\"actionbuttons\":{\"send\":\"Envoyer\"},\"placeholders\":{\"send\":\"\\u00c9crire un message\"},\"notificationiconurl\":\"https:\\/\\/bia-facile.fr\\/theme\\/image.php\\/boost_magnific\\/core\\/1742798794\\/u\\/f1\",\"courseid\":1}'),
(833, 28, 12, NULL, 'je me fais caca dessus', 0, '', 'je me fais caca dessus', 1747132725, 0, '{\"actionbuttons\":{\"send\":\"Envoyer\"},\"placeholders\":{\"send\":\"\\u00c9crire un message\"},\"courseid\":1}'),
(834, 28, 17, NULL, 'je me fais caca dessus', 0, '', 'je me fais caca dessus', 1747132740, 0, '{\"actionbuttons\":{\"send\":\"Envoyer\"},\"placeholders\":{\"send\":\"\\u00c9crire un message\"},\"notificationiconurl\":\"https:\\/\\/bia-facile.fr\\/theme\\/image.php\\/boost_magnific\\/core\\/1742798794\\/u\\/f1\",\"courseid\":1}'),
(835, 24, 17, NULL, 't genant frr', 0, '', 't genant frr', 1747133056, 0, '{\"actionbuttons\":{\"send\":\"Envoyer\"},\"placeholders\":{\"send\":\"\\u00c9crire un message\"},\"notificationiconurl\":\"https:\\/\\/bia-facile.fr\\/theme\\/image.php\\/boost_magnific\\/core\\/1742798794\\/u\\/f1\",\"courseid\":1}'),
(836, 24, 17, NULL, 'arrt', 0, '', 'arrt', 1747133062, 0, '{\"actionbuttons\":{\"send\":\"Envoyer\"},\"placeholders\":{\"send\":\"\\u00c9crire un message\"},\"notificationiconurl\":\"https:\\/\\/bia-facile.fr\\/theme\\/image.php\\/boost_magnific\\/core\\/1742798794\\/u\\/f1\",\"courseid\":1}'),
(837, 28, 17, NULL, 'okkkkkkkkkk', 0, '', 'okkkkkkkkkk', 1747133079, 0, '{\"actionbuttons\":{\"send\":\"Envoyer\"},\"placeholders\":{\"send\":\"\\u00c9crire un message\"},\"notificationiconurl\":\"https:\\/\\/bia-facile.fr\\/theme\\/image.php\\/boost_magnific\\/core\\/1742798794\\/u\\/f1\",\"courseid\":1}'),
(838, 28, 17, NULL, 'aaaaccccccccccchhhhhhhhh', 0, '', 'aaaaccccccccccchhhhhhhhh', 1747133091, 0, '{\"actionbuttons\":{\"send\":\"Envoyer\"},\"placeholders\":{\"send\":\"\\u00c9crire un message\"},\"notificationiconurl\":\"https:\\/\\/bia-facile.fr\\/theme\\/image.php\\/boost_magnific\\/core\\/1742798794\\/u\\/f1\",\"courseid\":1}'),
(839, 28, 17, NULL, 'neeeeeeeeeeeein', 0, '', 'neeeeeeeeeeeein', 1747133097, 0, '{\"actionbuttons\":{\"send\":\"Envoyer\"},\"placeholders\":{\"send\":\"\\u00c9crire un message\"},\"notificationiconurl\":\"https:\\/\\/bia-facile.fr\\/theme\\/image.php\\/boost_magnific\\/core\\/1742798794\\/u\\/f1\",\"courseid\":1}'),
(840, 24, 17, NULL, 'to belling jeans back ma jones', 0, '', 'to belling jeans back ma jones', 1747133127, 0, '{\"actionbuttons\":{\"send\":\"Envoyer\"},\"placeholders\":{\"send\":\"\\u00c9crire un message\"},\"notificationiconurl\":\"https:\\/\\/bia-facile.fr\\/theme\\/image.php\\/boost_magnific\\/core\\/1742798794\\/u\\/f1\",\"courseid\":1}'),
(841, 23, 19, NULL, '🦄', 0, '', '🦄', 1747133327, 0, '{\"actionbuttons\":{\"send\":\"Envoyer\"},\"placeholders\":{\"send\":\"\\u00c9crire un message\"},\"notificationiconurl\":\"https:\\/\\/bia-facile.fr\\/theme\\/image.php\\/boost_magnific\\/core\\/1742798794\\/u\\/f1\",\"courseid\":1}'),
(842, 28, 19, NULL, '🤓', 0, '', '🤓', 1747134313, 0, '{\"actionbuttons\":{\"send\":\"Envoyer\"},\"placeholders\":{\"send\":\"\\u00c9crire un message\"},\"notificationiconurl\":\"https:\\/\\/bia-facile.fr\\/theme\\/image.php\\/boost_magnific\\/core\\/1742798794\\/u\\/f1\",\"courseid\":1}'),
(843, 28, 17, NULL, '🤓', 0, '', '🤓', 1747134365, 0, '{\"actionbuttons\":{\"send\":\"Envoyer\"},\"placeholders\":{\"send\":\"\\u00c9crire un message\"},\"notificationiconurl\":\"https:\\/\\/bia-facile.fr\\/theme\\/image.php\\/boost_magnific\\/core\\/1742798794\\/u\\/f1\",\"courseid\":1}'),
(844, 23, 19, NULL, '♉', 0, '', '♉', 1747134483, 0, '{\"actionbuttons\":{\"send\":\"Envoyer\"},\"placeholders\":{\"send\":\"\\u00c9crire un message\"},\"notificationiconurl\":\"https:\\/\\/bia-facile.fr\\/theme\\/image.php\\/boost_magnific\\/core\\/1742798794\\/u\\/f1\",\"courseid\":1}'),
(845, 41, 67, NULL, 'allez', 0, '', 'allez', 1747142832, 0, '{\"actionbuttons\":{\"send\":\"Envoyer\"},\"placeholders\":{\"send\":\"\\u00c9crire un message\"},\"notificationiconurl\":\"https:\\/\\/bia-facile.fr\\/theme\\/image.php\\/boost_magnific\\/core\\/1742798794\\/u\\/f1\",\"courseid\":1}'),
(846, 41, 67, NULL, 'euhmm pchtpcht euhm', 0, '', 'euhmm pchtpcht euhm', 1747142859, 0, '{\"actionbuttons\":{\"send\":\"Envoyer\"},\"placeholders\":{\"send\":\"\\u00c9crire un message\"},\"notificationiconurl\":\"https:\\/\\/bia-facile.fr\\/theme\\/image.php\\/boost_magnific\\/core\\/1742798794\\/u\\/f1\",\"courseid\":1}'),
(847, 43, 82, NULL, 'slt', 0, '', 'slt', 1747143463, 0, '{\"actionbuttons\":{\"send\":\"Envoyer\"},\"placeholders\":{\"send\":\"\\u00c9crire un message\"},\"notificationiconurl\":\"https:\\/\\/bia-facile.fr\\/theme\\/image.php\\/boost_magnific\\/core\\/1742798794\\/u\\/f1\",\"courseid\":1}'),
(848, 28, 19, NULL, 'caca', 0, '', 'caca', 1747662101, 0, '{\"actionbuttons\":{\"send\":\"Envoyer\"},\"placeholders\":{\"send\":\"\\u00c9crire un message\"},\"notificationiconurl\":\"https:\\/\\/bia-facile.fr\\/theme\\/image.php\\/boost_magnific\\/core\\/1742798794\\/u\\/f1\",\"courseid\":1}'),
(849, 28, 158, 'Nouveau message de Raphaël TREMBLIER', 'coucou', 0, '', 'coucou', 1747662157, 0, '{\"notificationiconurl\":\"https:\\/\\/bia-facile.fr\\/theme\\/image.php\\/boost_magnific\\/core\\/1742798794\\/u\\/f1\",\"actionbuttons\":{\"send\":\"Envoyer\"},\"placeholders\":{\"send\":\"\\u00c9crire un message\"},\"courseid\":1}'),
(850, 21, 158, NULL, 'salut', 0, '', 'salut', 1747663488, 0, '{\"actionbuttons\":{\"send\":\"Envoyer\"},\"placeholders\":{\"send\":\"\\u00c9crire un message\"},\"notificationiconurl\":\"https:\\/\\/bia-facile.fr\\/theme\\/image.php\\/boost_magnific\\/core\\/1742798794\\/u\\/f1\",\"courseid\":1}'),
(851, 28, 158, NULL, 'NATHAN !!!!!!!!!!🤩🥸', 0, '', 'NATHAN !!!!!!!!!!🤩🥸', 1747664192, 0, '{\"actionbuttons\":{\"send\":\"Envoyer\"},\"placeholders\":{\"send\":\"\\u00c9crire un message\"},\"notificationiconurl\":\"https:\\/\\/bia-facile.fr\\/theme\\/image.php\\/boost_magnific\\/core\\/1742798794\\/u\\/f1\",\"courseid\":1}'),
(852, 21, 158, NULL, 'oui?', 0, '', 'oui?', 1747664545, 0, '{\"actionbuttons\":{\"send\":\"Envoyer\"},\"placeholders\":{\"send\":\"\\u00c9crire un message\"},\"notificationiconurl\":\"https:\\/\\/bia-facile.fr\\/theme\\/image.php\\/boost_magnific\\/core\\/1742798794\\/u\\/f1\",\"courseid\":1}'),
(853, 28, 17, NULL, 'c\'est chiant !', 0, '', 'c\'est chiant !', 1747737807, 0, '{\"actionbuttons\":{\"send\":\"Envoyer\"},\"placeholders\":{\"send\":\"\\u00c9crire un message\"},\"notificationiconurl\":\"https:\\/\\/bia-facile.fr\\/theme\\/image.php\\/boost_magnific\\/core\\/1742798794\\/u\\/f1\",\"courseid\":1}'),
(854, 28, 17, NULL, 't\'es à quelle question ?', 0, '', 't\'es à quelle question ?', 1747739631, 0, '{\"actionbuttons\":{\"send\":\"Envoyer\"},\"placeholders\":{\"send\":\"\\u00c9crire un message\"},\"notificationiconurl\":\"https:\\/\\/bia-facile.fr\\/theme\\/image.php\\/boost_magnific\\/core\\/1742798794\\/u\\/f1\",\"courseid\":1}'),
(855, 24, 17, NULL, 'jsp ca marche pas mais je crois je suis a la 65', 0, '', 'jsp ca marche pas mais je crois je suis a la 65', 1747739815, 0, '{\"actionbuttons\":{\"send\":\"Envoyer\"},\"placeholders\":{\"send\":\"\\u00c9crire un message\"},\"notificationiconurl\":\"https:\\/\\/bia-facile.fr\\/theme\\/image.php\\/boost_magnific\\/core\\/1742798794\\/u\\/f1\",\"courseid\":1}'),
(856, 24, 17, NULL, 'le code OACI c mondiale ou europe', 0, '', 'le code OACI c mondiale ou europe', 1747739919, 0, '{\"actionbuttons\":{\"send\":\"Envoyer\"},\"placeholders\":{\"send\":\"\\u00c9crire un message\"},\"notificationiconurl\":\"https:\\/\\/bia-facile.fr\\/theme\\/image.php\\/boost_magnific\\/core\\/1742798794\\/u\\/f1\",\"courseid\":1}'),
(857, 28, 17, NULL, 'mondiale je crois', 0, '', 'mondiale je crois', 1747739942, 0, '{\"actionbuttons\":{\"send\":\"Envoyer\"},\"placeholders\":{\"send\":\"\\u00c9crire un message\"},\"notificationiconurl\":\"https:\\/\\/bia-facile.fr\\/theme\\/image.php\\/boost_magnific\\/core\\/1742798794\\/u\\/f1\",\"courseid\":1}'),
(858, 28, 17, NULL, 'pas sur', 0, '', 'pas sur', 1747739948, 0, '{\"actionbuttons\":{\"send\":\"Envoyer\"},\"placeholders\":{\"send\":\"\\u00c9crire un message\"},\"notificationiconurl\":\"https:\\/\\/bia-facile.fr\\/theme\\/image.php\\/boost_magnific\\/core\\/1742798794\\/u\\/f1\",\"courseid\":1}'),
(859, 28, 17, NULL, 'mais j\'ai mis mondiale', 0, '', 'mais j\'ai mis mondiale', 1747739957, 0, '{\"actionbuttons\":{\"send\":\"Envoyer\"},\"placeholders\":{\"send\":\"\\u00c9crire un message\"},\"notificationiconurl\":\"https:\\/\\/bia-facile.fr\\/theme\\/image.php\\/boost_magnific\\/core\\/1742798794\\/u\\/f1\",\"courseid\":1}'),
(860, 24, 17, NULL, 'ok merci', 0, '', 'ok merci', 1747739965, 0, '{\"actionbuttons\":{\"send\":\"Envoyer\"},\"placeholders\":{\"send\":\"\\u00c9crire un message\"},\"notificationiconurl\":\"https:\\/\\/bia-facile.fr\\/theme\\/image.php\\/boost_magnific\\/core\\/1742798794\\/u\\/f1\",\"courseid\":1}'),
(861, 28, 17, NULL, 'mais je suis pas sur', 0, '', 'mais je suis pas sur', 1747739965, 0, '{\"actionbuttons\":{\"send\":\"Envoyer\"},\"placeholders\":{\"send\":\"\\u00c9crire un message\"},\"notificationiconurl\":\"https:\\/\\/bia-facile.fr\\/theme\\/image.php\\/boost_magnific\\/core\\/1742798794\\/u\\/f1\",\"courseid\":1}'),
(862, 28, 17, NULL, 't\'as mis quoi ?', 0, '', 't\'as mis quoi ?', 1747739974, 0, '{\"actionbuttons\":{\"send\":\"Envoyer\"},\"placeholders\":{\"send\":\"\\u00c9crire un message\"},\"notificationiconurl\":\"https:\\/\\/bia-facile.fr\\/theme\\/image.php\\/boost_magnific\\/core\\/1742798794\\/u\\/f1\",\"courseid\":1}'),
(863, 24, 17, NULL, 'oui tqt', 0, '', 'oui tqt', 1747739975, 0, '{\"actionbuttons\":{\"send\":\"Envoyer\"},\"placeholders\":{\"send\":\"\\u00c9crire un message\"},\"notificationiconurl\":\"https:\\/\\/bia-facile.fr\\/theme\\/image.php\\/boost_magnific\\/core\\/1742798794\\/u\\/f1\",\"courseid\":1}'),
(864, 28, 17, NULL, 'de rien', 0, '', 'de rien', 1747739978, 0, '{\"actionbuttons\":{\"send\":\"Envoyer\"},\"placeholders\":{\"send\":\"\\u00c9crire un message\"},\"notificationiconurl\":\"https:\\/\\/bia-facile.fr\\/theme\\/image.php\\/boost_magnific\\/core\\/1742798794\\/u\\/f1\",\"courseid\":1}'),
(865, 28, 17, NULL, 'c\'est super chiant!', 0, '', 'c\'est super chiant!', 1747739986, 0, '{\"actionbuttons\":{\"send\":\"Envoyer\"},\"placeholders\":{\"send\":\"\\u00c9crire un message\"},\"notificationiconurl\":\"https:\\/\\/bia-facile.fr\\/theme\\/image.php\\/boost_magnific\\/core\\/1742798794\\/u\\/f1\",\"courseid\":1}'),
(866, 24, 17, NULL, 'ouais vrm je vais me prendre une tuile', 0, '', 'ouais vrm je vais me prendre une tuile', 1747740009, 0, '{\"actionbuttons\":{\"send\":\"Envoyer\"},\"placeholders\":{\"send\":\"\\u00c9crire un message\"},\"notificationiconurl\":\"https:\\/\\/bia-facile.fr\\/theme\\/image.php\\/boost_magnific\\/core\\/1742798794\\/u\\/f1\",\"courseid\":1}'),
(867, 28, 17, NULL, 'je vais avoir bientôt fini mais j\'ai pas envie d\'aller en euro !!', 0, '', 'je vais avoir bientôt fini mais j\'ai pas envie d\'aller en euro !!', 1747740014, 0, '{\"actionbuttons\":{\"send\":\"Envoyer\"},\"placeholders\":{\"send\":\"\\u00c9crire un message\"},\"notificationiconurl\":\"https:\\/\\/bia-facile.fr\\/theme\\/image.php\\/boost_magnific\\/core\\/1742798794\\/u\\/f1\",\"courseid\":1}'),
(868, 24, 17, NULL, 'je comprend', 0, '', 'je comprend', 1747740031, 0, '{\"actionbuttons\":{\"send\":\"Envoyer\"},\"placeholders\":{\"send\":\"\\u00c9crire un message\"},\"notificationiconurl\":\"https:\\/\\/bia-facile.fr\\/theme\\/image.php\\/boost_magnific\\/core\\/1742798794\\/u\\/f1\",\"courseid\":1}'),
(869, 24, 17, NULL, 'moi j ai perm', 0, '', 'moi j ai perm', 1747740036, 0, '{\"actionbuttons\":{\"send\":\"Envoyer\"},\"placeholders\":{\"send\":\"\\u00c9crire un message\"},\"notificationiconurl\":\"https:\\/\\/bia-facile.fr\\/theme\\/image.php\\/boost_magnific\\/core\\/1742798794\\/u\\/f1\",\"courseid\":1}'),
(870, 28, 17, NULL, '😢', 0, '', '😢', 1747740041, 0, '{\"actionbuttons\":{\"send\":\"Envoyer\"},\"placeholders\":{\"send\":\"\\u00c9crire un message\"},\"notificationiconurl\":\"https:\\/\\/bia-facile.fr\\/theme\\/image.php\\/boost_magnific\\/core\\/1742798794\\/u\\/f1\",\"courseid\":1}'),
(871, 24, 17, NULL, 'j ai pas trop envie aussi', 0, '', 'j ai pas trop envie aussi', 1747740045, 0, '{\"actionbuttons\":{\"send\":\"Envoyer\"},\"placeholders\":{\"send\":\"\\u00c9crire un message\"},\"notificationiconurl\":\"https:\\/\\/bia-facile.fr\\/theme\\/image.php\\/boost_magnific\\/core\\/1742798794\\/u\\/f1\",\"courseid\":1}'),
(872, 24, 17, NULL, '🤐', 0, '', '🤐', 1747740058, 0, '{\"actionbuttons\":{\"send\":\"Envoyer\"},\"placeholders\":{\"send\":\"\\u00c9crire un message\"},\"notificationiconurl\":\"https:\\/\\/bia-facile.fr\\/theme\\/image.php\\/boost_magnific\\/core\\/1742798794\\/u\\/f1\",\"courseid\":1}'),
(873, 28, 17, NULL, 't\'as mis quoi à la 32 ?', 0, '', 't\'as mis quoi à la 32 ?', 1747740068, 0, '{\"actionbuttons\":{\"send\":\"Envoyer\"},\"placeholders\":{\"send\":\"\\u00c9crire un message\"},\"notificationiconurl\":\"https:\\/\\/bia-facile.fr\\/theme\\/image.php\\/boost_magnific\\/core\\/1742798794\\/u\\/f1\",\"courseid\":1}'),
(874, 28, 17, NULL, 'et à la 258', 0, '', 'et à la 258', 1747740073, 0, '{\"actionbuttons\":{\"send\":\"Envoyer\"},\"placeholders\":{\"send\":\"\\u00c9crire un message\"},\"notificationiconurl\":\"https:\\/\\/bia-facile.fr\\/theme\\/image.php\\/boost_magnific\\/core\\/1742798794\\/u\\/f1\",\"courseid\":1}'),
(875, 28, 17, NULL, 'et à la 14 ?', 0, '', 'et à la 14 ?', 1747740085, 0, '{\"actionbuttons\":{\"send\":\"Envoyer\"},\"placeholders\":{\"send\":\"\\u00c9crire un message\"},\"notificationiconurl\":\"https:\\/\\/bia-facile.fr\\/theme\\/image.php\\/boost_magnific\\/core\\/1742798794\\/u\\/f1\",\"courseid\":1}'),
(876, 28, 17, NULL, 'et à la 68 ?', 0, '', 'et à la 68 ?', 1747740094, 0, '{\"actionbuttons\":{\"send\":\"Envoyer\"},\"placeholders\":{\"send\":\"\\u00c9crire un message\"},\"notificationiconurl\":\"https:\\/\\/bia-facile.fr\\/theme\\/image.php\\/boost_magnific\\/core\\/1742798794\\/u\\/f1\",\"courseid\":1}'),
(877, 28, 17, NULL, 'et à la 2656589687987605?', 0, '', 'et à la 2656589687987605?', 1747740104, 0, '{\"actionbuttons\":{\"send\":\"Envoyer\"},\"placeholders\":{\"send\":\"\\u00c9crire un message\"},\"notificationiconurl\":\"https:\\/\\/bia-facile.fr\\/theme\\/image.php\\/boost_magnific\\/core\\/1742798794\\/u\\/f1\",\"courseid\":1}'),
(878, 28, 158, NULL, 'non !', 0, '', 'non !', 1747740117, 0, '{\"actionbuttons\":{\"send\":\"Envoyer\"},\"placeholders\":{\"send\":\"\\u00c9crire un message\"},\"notificationiconurl\":\"https:\\/\\/bia-facile.fr\\/theme\\/image.php\\/boost_magnific\\/core\\/1742798794\\/u\\/f1\",\"courseid\":1}'),
(879, 28, 18, NULL, 'je vais avoir bientôt fini mais j\'ai pas envie d\'aller en euro !!', 0, '', 'je vais avoir bientôt fini mais j\'ai pas envie d\'aller en euro !!', 1747740128, 0, '{\"actionbuttons\":{\"send\":\"Envoyer\"},\"placeholders\":{\"send\":\"\\u00c9crire un message\"},\"notificationiconurl\":\"https:\\/\\/bia-facile.fr\\/theme\\/image.php\\/boost_magnific\\/core\\/1742798794\\/u\\/f1\",\"courseid\":1}'),
(880, 24, 17, NULL, 'j ai mis les chaussettes de la barone des saints pingouins pour la 259', 0, '', 'j ai mis les chaussettes de la barone des saints pingouins pour la 259', 1747740140, 0, '{\"actionbuttons\":{\"send\":\"Envoyer\"},\"placeholders\":{\"send\":\"\\u00c9crire un message\"},\"notificationiconurl\":\"https:\\/\\/bia-facile.fr\\/theme\\/image.php\\/boost_magnific\\/core\\/1742798794\\/u\\/f1\",\"courseid\":1}'),
(881, 28, 17, NULL, 'moi j\'ai choisi le gros zeub du roi d\'agobert', 0, '', 'moi j\'ai choisi le gros zeub du roi d\'agobert', 1747740182, 0, '{\"actionbuttons\":{\"send\":\"Envoyer\"},\"placeholders\":{\"send\":\"\\u00c9crire un message\"},\"notificationiconurl\":\"https:\\/\\/bia-facile.fr\\/theme\\/image.php\\/boost_magnific\\/core\\/1742798794\\/u\\/f1\",\"courseid\":1}'),
(882, 24, 17, NULL, 'ah j ai hesiter', 0, '', 'ah j ai hesiter', 1747740198, 0, '{\"actionbuttons\":{\"send\":\"Envoyer\"},\"placeholders\":{\"send\":\"\\u00c9crire un message\"},\"notificationiconurl\":\"https:\\/\\/bia-facile.fr\\/theme\\/image.php\\/boost_magnific\\/core\\/1742798794\\/u\\/f1\",\"courseid\":1}'),
(883, 24, 17, NULL, 'baboum baboum', 0, '', 'baboum baboum', 1747740260, 0, '{\"actionbuttons\":{\"send\":\"Envoyer\"},\"placeholders\":{\"send\":\"\\u00c9crire un message\"},\"notificationiconurl\":\"https:\\/\\/bia-facile.fr\\/theme\\/image.php\\/boost_magnific\\/core\\/1742798794\\/u\\/f1\",\"courseid\":1}'),
(884, 28, 17, NULL, 'creve en silence !!!!!!!!!!!!!!!!!!!!!!!!!!!!!!!!!!!!!!!!!!!', 0, '', 'creve en silence !!!!!!!!!!!!!!!!!!!!!!!!!!!!!!!!!!!!!!!!!!!', 1747740261, 0, '{\"actionbuttons\":{\"send\":\"Envoyer\"},\"placeholders\":{\"send\":\"\\u00c9crire un message\"},\"notificationiconurl\":\"https:\\/\\/bia-facile.fr\\/theme\\/image.php\\/boost_magnific\\/core\\/1742798794\\/u\\/f1\",\"courseid\":1}'),
(885, 24, 17, NULL, 'ta la ref', 0, '', 'ta la ref', 1747740264, 0, '{\"actionbuttons\":{\"send\":\"Envoyer\"},\"placeholders\":{\"send\":\"\\u00c9crire un message\"},\"notificationiconurl\":\"https:\\/\\/bia-facile.fr\\/theme\\/image.php\\/boost_magnific\\/core\\/1742798794\\/u\\/f1\",\"courseid\":1}'),
(886, 24, 17, NULL, '??', 0, '', '??', 1747740270, 0, '{\"actionbuttons\":{\"send\":\"Envoyer\"},\"placeholders\":{\"send\":\"\\u00c9crire un message\"},\"notificationiconurl\":\"https:\\/\\/bia-facile.fr\\/theme\\/image.php\\/boost_magnific\\/core\\/1742798794\\/u\\/f1\",\"courseid\":1}'),
(887, 28, 17, NULL, 'heuuuu non', 0, '', 'heuuuu non', 1747740282, 0, '{\"actionbuttons\":{\"send\":\"Envoyer\"},\"placeholders\":{\"send\":\"\\u00c9crire un message\"},\"notificationiconurl\":\"https:\\/\\/bia-facile.fr\\/theme\\/image.php\\/boost_magnific\\/core\\/1742798794\\/u\\/f1\",\"courseid\":1}'),
(888, 24, 17, NULL, 'le rythme en euro', 0, '', 'le rythme en euro', 1747740323, 0, '{\"actionbuttons\":{\"send\":\"Envoyer\"},\"placeholders\":{\"send\":\"\\u00c9crire un message\"},\"notificationiconurl\":\"https:\\/\\/bia-facile.fr\\/theme\\/image.php\\/boost_magnific\\/core\\/1742798794\\/u\\/f1\",\"courseid\":1}'),
(889, 28, 18, NULL, 't\'as mis quoi à la 32 ?\net à la 258 ?\net à la 14 ?\net à la 68 ?\net à la 2656589687987605?', 0, '', 't\'as mis quoi à la 32 ?\net à la 258 ?\net à la 14 ?\net à la 68 ?\net à la 2656589687987605?', 1747740333, 0, '{\"actionbuttons\":{\"send\":\"Envoyer\"},\"placeholders\":{\"send\":\"\\u00c9crire un message\"},\"notificationiconurl\":\"https:\\/\\/bia-facile.fr\\/theme\\/image.php\\/boost_magnific\\/core\\/1742798794\\/u\\/f1\",\"courseid\":1}'),
(890, 28, 18, NULL, 'moi j\'ai choisi le gros zeub du roi d\'agobert', 0, '', 'moi j\'ai choisi le gros zeub du roi d\'agobert', 1747740352, 0, '{\"actionbuttons\":{\"send\":\"Envoyer\"},\"placeholders\":{\"send\":\"\\u00c9crire un message\"},\"notificationiconurl\":\"https:\\/\\/bia-facile.fr\\/theme\\/image.php\\/boost_magnific\\/core\\/1742798794\\/u\\/f1\",\"courseid\":1}'),
(891, 23, 19, NULL, 't\'arrive ou pas ?', 0, '', 't\'arrive ou pas ?', 1747740352, 0, '{\"actionbuttons\":{\"send\":\"Envoyer\"},\"placeholders\":{\"send\":\"\\u00c9crire un message\"},\"notificationiconurl\":\"https:\\/\\/bia-facile.fr\\/theme\\/image.php\\/boost_magnific\\/core\\/1742798794\\/u\\/f1\",\"courseid\":1}'),
(892, 28, 17, NULL, 'ba baooouuuum', 0, '', 'ba baooouuuum', 1747740449, 0, '{\"actionbuttons\":{\"send\":\"Envoyer\"},\"placeholders\":{\"send\":\"\\u00c9crire un message\"},\"notificationiconurl\":\"https:\\/\\/bia-facile.fr\\/theme\\/image.php\\/boost_magnific\\/core\\/1742798794\\/u\\/f1\",\"courseid\":1}'),
(893, 24, 17, NULL, 'ahh my bad', 0, '', 'ahh my bad', 1747740499, 0, '{\"actionbuttons\":{\"send\":\"Envoyer\"},\"placeholders\":{\"send\":\"\\u00c9crire un message\"},\"notificationiconurl\":\"https:\\/\\/bia-facile.fr\\/theme\\/image.php\\/boost_magnific\\/core\\/1742798794\\/u\\/f1\",\"courseid\":1}'),
(894, 24, 17, NULL, 'j avais pas compris', 0, '', 'j avais pas compris', 1747740515, 0, '{\"actionbuttons\":{\"send\":\"Envoyer\"},\"placeholders\":{\"send\":\"\\u00c9crire un message\"},\"notificationiconurl\":\"https:\\/\\/bia-facile.fr\\/theme\\/image.php\\/boost_magnific\\/core\\/1742798794\\/u\\/f1\",\"courseid\":1}'),
(895, 24, 17, NULL, 'reppppppppppppppppppppp', 0, '', 'reppppppppppppppppppppp', 1747740599, 0, '{\"actionbuttons\":{\"send\":\"Envoyer\"},\"placeholders\":{\"send\":\"\\u00c9crire un message\"},\"notificationiconurl\":\"https:\\/\\/bia-facile.fr\\/theme\\/image.php\\/boost_magnific\\/core\\/1742798794\\/u\\/f1\",\"courseid\":1}'),
(896, 28, 17, NULL, 'hun ?', 0, '', 'hun ?', 1747740606, 0, '{\"actionbuttons\":{\"send\":\"Envoyer\"},\"placeholders\":{\"send\":\"\\u00c9crire un message\"},\"notificationiconurl\":\"https:\\/\\/bia-facile.fr\\/theme\\/image.php\\/boost_magnific\\/core\\/1742798794\\/u\\/f1\",\"courseid\":1}'),
(897, 28, 17, NULL, 'hien ??????????', 0, '', 'hien ??????????', 1747740620, 0, '{\"actionbuttons\":{\"send\":\"Envoyer\"},\"placeholders\":{\"send\":\"\\u00c9crire un message\"},\"notificationiconurl\":\"https:\\/\\/bia-facile.fr\\/theme\\/image.php\\/boost_magnific\\/core\\/1742798794\\/u\\/f1\",\"courseid\":1}'),
(898, 24, 17, NULL, 'haaaaan ??', 0, '', 'haaaaan ??', 1747740637, 0, '{\"actionbuttons\":{\"send\":\"Envoyer\"},\"placeholders\":{\"send\":\"\\u00c9crire un message\"},\"notificationiconurl\":\"https:\\/\\/bia-facile.fr\\/theme\\/image.php\\/boost_magnific\\/core\\/1742798794\\/u\\/f1\",\"courseid\":1}'),
(899, 24, 17, NULL, 'haaaaa', 0, '', 'haaaaa', 1747740660, 0, '{\"actionbuttons\":{\"send\":\"Envoyer\"},\"placeholders\":{\"send\":\"\\u00c9crire un message\"},\"notificationiconurl\":\"https:\\/\\/bia-facile.fr\\/theme\\/image.php\\/boost_magnific\\/core\\/1742798794\\/u\\/f1\",\"courseid\":1}'),
(900, 24, 17, NULL, 'trop relou', 0, '', 'trop relou', 1747740711, 0, '{\"actionbuttons\":{\"send\":\"Envoyer\"},\"placeholders\":{\"send\":\"\\u00c9crire un message\"},\"notificationiconurl\":\"https:\\/\\/bia-facile.fr\\/theme\\/image.php\\/boost_magnific\\/core\\/1742798794\\/u\\/f1\",\"courseid\":1}'),
(901, 24, 17, NULL, 'j ai la flemme de lire les consignes', 0, '', 'j ai la flemme de lire les consignes', 1747740738, 0, '{\"actionbuttons\":{\"send\":\"Envoyer\"},\"placeholders\":{\"send\":\"\\u00c9crire un message\"},\"notificationiconurl\":\"https:\\/\\/bia-facile.fr\\/theme\\/image.php\\/boost_magnific\\/core\\/1742798794\\/u\\/f1\",\"courseid\":1}'),
(902, 24, 17, NULL, 'le mec il va voir mon résultat et il va me dire de tout réviser', 0, '', 'le mec il va voir mon résultat et il va me dire de tout réviser', 1747740867, 0, '{\"actionbuttons\":{\"send\":\"Envoyer\"},\"placeholders\":{\"send\":\"\\u00c9crire un message\"},\"notificationiconurl\":\"https:\\/\\/bia-facile.fr\\/theme\\/image.php\\/boost_magnific\\/core\\/1742798794\\/u\\/f1\",\"courseid\":1}'),
(903, 28, 17, NULL, 'moi j\'ai la flemme d\'aller en euro ducoup ça fait 20 min que je suis sur la même question', 0, '', 'moi j\'ai la flemme d\'aller en euro ducoup ça fait 20 min que je suis sur la même question', 1747740888, 0, '{\"actionbuttons\":{\"send\":\"Envoyer\"},\"placeholders\":{\"send\":\"\\u00c9crire un message\"},\"notificationiconurl\":\"https:\\/\\/bia-facile.fr\\/theme\\/image.php\\/boost_magnific\\/core\\/1742798794\\/u\\/f1\",\"courseid\":1}'),
(904, 24, 17, NULL, 'mm moi', 0, '', 'mm moi', 1747740928, 0, '{\"actionbuttons\":{\"send\":\"Envoyer\"},\"placeholders\":{\"send\":\"\\u00c9crire un message\"},\"notificationiconurl\":\"https:\\/\\/bia-facile.fr\\/theme\\/image.php\\/boost_magnific\\/core\\/1742798794\\/u\\/f1\",\"courseid\":1}'),
(905, 28, 17, NULL, 'ils rattrapent l\'assr', 0, '', 'ils rattrapent l\'assr', 1747740929, 0, '{\"actionbuttons\":{\"send\":\"Envoyer\"},\"placeholders\":{\"send\":\"\\u00c9crire un message\"},\"notificationiconurl\":\"https:\\/\\/bia-facile.fr\\/theme\\/image.php\\/boost_magnific\\/core\\/1742798794\\/u\\/f1\",\"courseid\":1}'),
(906, 28, 17, NULL, 'il font le rattrapage de l\'ASSR2', 0, '', 'il font le rattrapage de l\'ASSR2', 1747740951, 0, '{\"actionbuttons\":{\"send\":\"Envoyer\"},\"placeholders\":{\"send\":\"\\u00c9crire un message\"},\"notificationiconurl\":\"https:\\/\\/bia-facile.fr\\/theme\\/image.php\\/boost_magnific\\/core\\/1742798794\\/u\\/f1\",\"courseid\":1}'),
(907, 24, 17, NULL, 'ahhhh', 0, '', 'ahhhh', 1747740957, 0, '{\"actionbuttons\":{\"send\":\"Envoyer\"},\"placeholders\":{\"send\":\"\\u00c9crire un message\"},\"notificationiconurl\":\"https:\\/\\/bia-facile.fr\\/theme\\/image.php\\/boost_magnific\\/core\\/1742798794\\/u\\/f1\",\"courseid\":1}'),
(908, 28, 17, NULL, 'tu as compris ???????', 0, '', 'tu as compris ???????', 1747740960, 0, '{\"actionbuttons\":{\"send\":\"Envoyer\"},\"placeholders\":{\"send\":\"\\u00c9crire un message\"},\"notificationiconurl\":\"https:\\/\\/bia-facile.fr\\/theme\\/image.php\\/boost_magnific\\/core\\/1742798794\\/u\\/f1\",\"courseid\":1}'),
(909, 28, 17, NULL, 'oui ou non ?!', 0, '', 'oui ou non ?!', 1747740972, 0, '{\"actionbuttons\":{\"send\":\"Envoyer\"},\"placeholders\":{\"send\":\"\\u00c9crire un message\"},\"notificationiconurl\":\"https:\\/\\/bia-facile.fr\\/theme\\/image.php\\/boost_magnific\\/core\\/1742798794\\/u\\/f1\",\"courseid\":1}'),
(910, 24, 17, NULL, 'oui', 0, '', 'oui', 1747740974, 0, '{\"actionbuttons\":{\"send\":\"Envoyer\"},\"placeholders\":{\"send\":\"\\u00c9crire un message\"},\"notificationiconurl\":\"https:\\/\\/bia-facile.fr\\/theme\\/image.php\\/boost_magnific\\/core\\/1742798794\\/u\\/f1\",\"courseid\":1}'),
(911, 28, 17, NULL, 'd\'aaaaaaaaaaaaaaaacord', 0, '', 'd\'aaaaaaaaaaaaaaaacord', 1747740981, 0, '{\"actionbuttons\":{\"send\":\"Envoyer\"},\"placeholders\":{\"send\":\"\\u00c9crire un message\"},\"notificationiconurl\":\"https:\\/\\/bia-facile.fr\\/theme\\/image.php\\/boost_magnific\\/core\\/1742798794\\/u\\/f1\",\"courseid\":1}'),
(912, 28, 17, NULL, 'j\'ai rien compris à une seule propossition dans la questoin 89', 0, '', 'j\'ai rien compris à une seule propossition dans la questoin 89', 1747741065, 0, '{\"actionbuttons\":{\"send\":\"Envoyer\"},\"placeholders\":{\"send\":\"\\u00c9crire un message\"},\"notificationiconurl\":\"https:\\/\\/bia-facile.fr\\/theme\\/image.php\\/boost_magnific\\/core\\/1742798794\\/u\\/f1\",\"courseid\":1}'),
(913, 28, 17, NULL, 'c\'est quoi : la convection de fin de nuit qui déclenche une condensation adiabatique', 0, '', 'c\'est quoi : la convection de fin de nuit qui déclenche une condensation adiabatique', 1747741089, 0, '{\"actionbuttons\":{\"send\":\"Envoyer\"},\"placeholders\":{\"send\":\"\\u00c9crire un message\"},\"notificationiconurl\":\"https:\\/\\/bia-facile.fr\\/theme\\/image.php\\/boost_magnific\\/core\\/1742798794\\/u\\/f1\",\"courseid\":1}'),
(914, 28, 17, NULL, 'et c\'est quoi ça : un profond thalweg ?', 0, '', 'et c\'est quoi ça : un profond thalweg ?', 1747741158, 0, '{\"actionbuttons\":{\"send\":\"Envoyer\"},\"placeholders\":{\"send\":\"\\u00c9crire un message\"},\"notificationiconurl\":\"https:\\/\\/bia-facile.fr\\/theme\\/image.php\\/boost_magnific\\/core\\/1742798794\\/u\\/f1\",\"courseid\":1}');
INSERT INTO `mdl_messages` (`id`, `useridfrom`, `conversationid`, `subject`, `fullmessage`, `fullmessageformat`, `fullmessagehtml`, `smallmessage`, `timecreated`, `fullmessagetrust`, `customdata`) VALUES
(915, 24, 17, NULL, 'en soit si on prends d un coter ca oui mais de l\'autre coter ca reste a voir', 0, '', 'en soit si on prends d un coter ca oui mais de l\'autre coter ca reste a voir', 1747741160, 0, '{\"actionbuttons\":{\"send\":\"Envoyer\"},\"placeholders\":{\"send\":\"\\u00c9crire un message\"},\"notificationiconurl\":\"https:\\/\\/bia-facile.fr\\/theme\\/image.php\\/boost_magnific\\/core\\/1742798794\\/u\\/f1\",\"courseid\":1}'),
(916, 28, 17, NULL, 'hannnnnnnnnnnnnnnnn ?', 0, '', 'hannnnnnnnnnnnnnnnn ?', 1747741185, 0, '{\"actionbuttons\":{\"send\":\"Envoyer\"},\"placeholders\":{\"send\":\"\\u00c9crire un message\"},\"notificationiconurl\":\"https:\\/\\/bia-facile.fr\\/theme\\/image.php\\/boost_magnific\\/core\\/1742798794\\/u\\/f1\",\"courseid\":1}'),
(917, 28, 17, NULL, 'gi nè pa conpri', 0, '', 'gi nè pa conpri', 1747741206, 0, '{\"actionbuttons\":{\"send\":\"Envoyer\"},\"placeholders\":{\"send\":\"\\u00c9crire un message\"},\"notificationiconurl\":\"https:\\/\\/bia-facile.fr\\/theme\\/image.php\\/boost_magnific\\/core\\/1742798794\\/u\\/f1\",\"courseid\":1}'),
(918, 24, 17, NULL, 'pk tu fais l ane', 0, '', 'pk tu fais l ane', 1747741207, 0, '{\"actionbuttons\":{\"send\":\"Envoyer\"},\"placeholders\":{\"send\":\"\\u00c9crire un message\"},\"notificationiconurl\":\"https:\\/\\/bia-facile.fr\\/theme\\/image.php\\/boost_magnific\\/core\\/1742798794\\/u\\/f1\",\"courseid\":1}'),
(919, 24, 17, NULL, 'arrt', 0, '', 'arrt', 1747741212, 0, '{\"actionbuttons\":{\"send\":\"Envoyer\"},\"placeholders\":{\"send\":\"\\u00c9crire un message\"},\"notificationiconurl\":\"https:\\/\\/bia-facile.fr\\/theme\\/image.php\\/boost_magnific\\/core\\/1742798794\\/u\\/f1\",\"courseid\":1}'),
(920, 24, 17, NULL, 'dans cette situation :', 0, '', 'dans cette situation :', 1747741244, 0, '{\"actionbuttons\":{\"send\":\"Envoyer\"},\"placeholders\":{\"send\":\"\\u00c9crire un message\"},\"notificationiconurl\":\"https:\\/\\/bia-facile.fr\\/theme\\/image.php\\/boost_magnific\\/core\\/1742798794\\/u\\/f1\",\"courseid\":1}'),
(921, 28, 17, NULL, 'ahhhhhhhhhhhh', 0, '', 'ahhhhhhhhhhhh', 1747741273, 0, '{\"actionbuttons\":{\"send\":\"Envoyer\"},\"placeholders\":{\"send\":\"\\u00c9crire un message\"},\"notificationiconurl\":\"https:\\/\\/bia-facile.fr\\/theme\\/image.php\\/boost_magnific\\/core\\/1742798794\\/u\\/f1\",\"courseid\":1}'),
(922, 28, 17, NULL, 'caca', 0, '', 'caca', 1747741347, 0, '{\"actionbuttons\":{\"send\":\"Envoyer\"},\"placeholders\":{\"send\":\"\\u00c9crire un message\"},\"notificationiconurl\":\"https:\\/\\/bia-facile.fr\\/theme\\/image.php\\/boost_magnific\\/core\\/1742798794\\/u\\/f1\",\"courseid\":1}'),
(923, 28, 17, NULL, 'ah non je voulais écrire coucou', 0, '', 'ah non je voulais écrire coucou', 1747741364, 0, '{\"actionbuttons\":{\"send\":\"Envoyer\"},\"placeholders\":{\"send\":\"\\u00c9crire un message\"},\"notificationiconurl\":\"https:\\/\\/bia-facile.fr\\/theme\\/image.php\\/boost_magnific\\/core\\/1742798794\\/u\\/f1\",\"courseid\":1}'),
(924, 24, 17, NULL, 'dans cette situation:                                 réponse a : je m\'arrête                                     réponse b : j\'accélère                                     réponse c : je tourne a droite dans le supermarcher', 0, '', 'dans cette situation:                                 réponse a : je m\'arrête                                     réponse b : j\'accélère                                     réponse c : je tourne a droite dans le supermarcher', 1747741426, 0, '{\"actionbuttons\":{\"send\":\"Envoyer\"},\"placeholders\":{\"send\":\"\\u00c9crire un message\"},\"notificationiconurl\":\"https:\\/\\/bia-facile.fr\\/theme\\/image.php\\/boost_magnific\\/core\\/1742798794\\/u\\/f1\",\"courseid\":1}'),
(925, 24, 17, NULL, 'reponse bonus : je prends de la drogue', 0, '', 'reponse bonus : je prends de la drogue', 1747741439, 0, '{\"actionbuttons\":{\"send\":\"Envoyer\"},\"placeholders\":{\"send\":\"\\u00c9crire un message\"},\"notificationiconurl\":\"https:\\/\\/bia-facile.fr\\/theme\\/image.php\\/boost_magnific\\/core\\/1742798794\\/u\\/f1\",\"courseid\":1}'),
(926, 28, 18, NULL, 'le mec il va voir mon résultat et il va me dire de tout réviser', 0, '', 'le mec il va voir mon résultat et il va me dire de tout réviser', 1747741502, 0, '{\"actionbuttons\":{\"send\":\"Envoyer\"},\"placeholders\":{\"send\":\"\\u00c9crire un message\"},\"notificationiconurl\":\"https:\\/\\/bia-facile.fr\\/theme\\/image.php\\/boost_magnific\\/core\\/1742798794\\/u\\/f1\",\"courseid\":1}'),
(927, 24, 17, NULL, 'du coup ?', 0, '', 'du coup ?', 1747741522, 0, '{\"actionbuttons\":{\"send\":\"Envoyer\"},\"placeholders\":{\"send\":\"\\u00c9crire un message\"},\"notificationiconurl\":\"https:\\/\\/bia-facile.fr\\/theme\\/image.php\\/boost_magnific\\/core\\/1742798794\\/u\\/f1\",\"courseid\":1}'),
(928, 24, 17, NULL, 'ducoup ?', 0, '', 'ducoup ?', 1747741532, 0, '{\"actionbuttons\":{\"send\":\"Envoyer\"},\"placeholders\":{\"send\":\"\\u00c9crire un message\"},\"notificationiconurl\":\"https:\\/\\/bia-facile.fr\\/theme\\/image.php\\/boost_magnific\\/core\\/1742798794\\/u\\/f1\",\"courseid\":1}'),
(929, 28, 17, NULL, 'je paye une pute et je la demonte dans la voiture !!!', 0, '', 'je paye une pute et je la demonte dans la voiture !!!', 1747741651, 0, '{\"actionbuttons\":{\"send\":\"Envoyer\"},\"placeholders\":{\"send\":\"\\u00c9crire un message\"},\"notificationiconurl\":\"https:\\/\\/bia-facile.fr\\/theme\\/image.php\\/boost_magnific\\/core\\/1742798794\\/u\\/f1\",\"courseid\":1}'),
(930, 24, 17, NULL, 'bonne reponse', 0, '', 'bonne reponse', 1747741666, 0, '{\"actionbuttons\":{\"send\":\"Envoyer\"},\"placeholders\":{\"send\":\"\\u00c9crire un message\"},\"notificationiconurl\":\"https:\\/\\/bia-facile.fr\\/theme\\/image.php\\/boost_magnific\\/core\\/1742798794\\/u\\/f1\",\"courseid\":1}'),
(931, 28, 17, NULL, '😋', 0, '', '😋', 1747741728, 0, '{\"actionbuttons\":{\"send\":\"Envoyer\"},\"placeholders\":{\"send\":\"\\u00c9crire un message\"},\"notificationiconurl\":\"https:\\/\\/bia-facile.fr\\/theme\\/image.php\\/boost_magnific\\/core\\/1742798794\\/u\\/f1\",\"courseid\":1}'),
(932, 28, 17, NULL, 'miam miam miam !!!', 0, '', 'miam miam miam !!!', 1747741750, 0, '{\"actionbuttons\":{\"send\":\"Envoyer\"},\"placeholders\":{\"send\":\"\\u00c9crire un message\"},\"notificationiconurl\":\"https:\\/\\/bia-facile.fr\\/theme\\/image.php\\/boost_magnific\\/core\\/1742798794\\/u\\/f1\",\"courseid\":1}'),
(933, 24, 17, NULL, 'à la convection de fin de nuit qui déclenche une condensation adiabatique', 0, '', 'à la convection de fin de nuit qui déclenche une condensation adiabatique', 1747741757, 0, '{\"actionbuttons\":{\"send\":\"Envoyer\"},\"placeholders\":{\"send\":\"\\u00c9crire un message\"},\"notificationiconurl\":\"https:\\/\\/bia-facile.fr\\/theme\\/image.php\\/boost_magnific\\/core\\/1742798794\\/u\\/f1\",\"courseid\":1}'),
(934, 28, 17, NULL, 'hannnnnnnnnnnnnnnnnnnnnnnnnnnnnnnnnnnnnnnnnnnnnnnnnnnnnnnnnnnnnnnnnnnnnnnnnnnnnnnn ?', 0, '', 'hannnnnnnnnnnnnnnnnnnnnnnnnnnnnnnnnnnnnnnnnnnnnnnnnnnnnnnnnnnnnnnnnnnnnnnnnnnnnnnn ?', 1747741781, 0, '{\"actionbuttons\":{\"send\":\"Envoyer\"},\"placeholders\":{\"send\":\"\\u00c9crire un message\"},\"notificationiconurl\":\"https:\\/\\/bia-facile.fr\\/theme\\/image.php\\/boost_magnific\\/core\\/1742798794\\/u\\/f1\",\"courseid\":1}'),
(935, 25, 18, NULL, 'Un petit garçon, Toto, va aux toilettes et laisse la porte grande ouverte. Sa maman arrive et lui demande :\n— Toto, pourquoi tu laisses la porte ouverte ?\n— Parce que j’ai peur que quelqu’un regarde par le trou de la serrure !', 0, '', 'Un petit garçon, Toto, va aux toilettes et laisse la porte grande ouverte. Sa maman arrive et lui demande :\n— Toto, pourquoi tu laisses la porte ouverte ?\n— Parce que j’ai peur que quelqu’un regarde par le trou de la serrure !', 1747741788, 0, '{\"actionbuttons\":{\"send\":\"Envoyer\"},\"placeholders\":{\"send\":\"\\u00c9crire un message\"},\"notificationiconurl\":\"https:\\/\\/bia-facile.fr\\/theme\\/image.php\\/boost_magnific\\/core\\/1742798794\\/u\\/f1\",\"courseid\":1}'),
(936, 28, 18, NULL, 't\'as bientôt fini ?', 0, '', 't\'as bientôt fini ?', 1747741850, 0, '{\"actionbuttons\":{\"send\":\"Envoyer\"},\"placeholders\":{\"send\":\"\\u00c9crire un message\"},\"notificationiconurl\":\"https:\\/\\/bia-facile.fr\\/theme\\/image.php\\/boost_magnific\\/core\\/1742798794\\/u\\/f1\",\"courseid\":1}'),
(937, 28, 18, NULL, 'Pourquoi les poissons vivent-ils dans l\'eau salée ?\n\nParce que le poivre les fait éternuer !', 0, '', 'Pourquoi les poissons vivent-ils dans l\'eau salée ?\n\nParce que le poivre les fait éternuer !', 1747741852, 0, '{\"actionbuttons\":{\"send\":\"Envoyer\"},\"placeholders\":{\"send\":\"\\u00c9crire un message\"},\"notificationiconurl\":\"https:\\/\\/bia-facile.fr\\/theme\\/image.php\\/boost_magnific\\/core\\/1742798794\\/u\\/f1\",\"courseid\":1}'),
(938, 28, 18, NULL, 'Que fait un crocodile quand il rencontre un alligator ?\nIl lui dit : « Rien, on est cousins ! »', 0, '', 'Que fait un crocodile quand il rencontre un alligator ?\nIl lui dit : « Rien, on est cousins ! »', 1747741890, 0, '{\"actionbuttons\":{\"send\":\"Envoyer\"},\"placeholders\":{\"send\":\"\\u00c9crire un message\"},\"notificationiconurl\":\"https:\\/\\/bia-facile.fr\\/theme\\/image.php\\/boost_magnific\\/core\\/1742798794\\/u\\/f1\",\"courseid\":1}'),
(939, 28, 18, NULL, 'Pourquoi les poissons détestent l’ordinateur ?\nParce qu’ils ont peur du net.', 0, '', 'Pourquoi les poissons détestent l’ordinateur ?\nParce qu’ils ont peur du net.', 1747741900, 0, '{\"actionbuttons\":{\"send\":\"Envoyer\"},\"placeholders\":{\"send\":\"\\u00c9crire un message\"},\"notificationiconurl\":\"https:\\/\\/bia-facile.fr\\/theme\\/image.php\\/boost_magnific\\/core\\/1742798794\\/u\\/f1\",\"courseid\":1}'),
(940, 28, 18, NULL, 'Pourquoi les fantômes aiment-ils les ascenseurs ?\nParce que ça les élève.', 0, '', 'Pourquoi les fantômes aiment-ils les ascenseurs ?\nParce que ça les élève.', 1747741908, 0, '{\"actionbuttons\":{\"send\":\"Envoyer\"},\"placeholders\":{\"send\":\"\\u00c9crire un message\"},\"notificationiconurl\":\"https:\\/\\/bia-facile.fr\\/theme\\/image.php\\/boost_magnific\\/core\\/1742798794\\/u\\/f1\",\"courseid\":1}'),
(941, 28, 18, NULL, 'Pourquoi les plongeurs plongent-ils toujours en arrière et jamais en avant ?\nParce que sinon ils tombent dans le bateau !', 0, '', 'Pourquoi les plongeurs plongent-ils toujours en arrière et jamais en avant ?\nParce que sinon ils tombent dans le bateau !', 1747741919, 0, '{\"actionbuttons\":{\"send\":\"Envoyer\"},\"placeholders\":{\"send\":\"\\u00c9crire un message\"},\"notificationiconurl\":\"https:\\/\\/bia-facile.fr\\/theme\\/image.php\\/boost_magnific\\/core\\/1742798794\\/u\\/f1\",\"courseid\":1}'),
(942, 28, 17, NULL, 'Pourquoi les plongeurs plongent-ils toujours en arrière et jamais en avant ?\nParce que sinon ils tombent dans le bateau !', 0, '', 'Pourquoi les plongeurs plongent-ils toujours en arrière et jamais en avant ?\nParce que sinon ils tombent dans le bateau !', 1747741944, 0, '{\"actionbuttons\":{\"send\":\"Envoyer\"},\"placeholders\":{\"send\":\"\\u00c9crire un message\"},\"notificationiconurl\":\"https:\\/\\/bia-facile.fr\\/theme\\/image.php\\/boost_magnific\\/core\\/1742798794\\/u\\/f1\",\"courseid\":1}'),
(943, 28, 17, NULL, 'Quel est le comble pour un électricien ?\nDe ne pas être au courant.', 0, '', 'Quel est le comble pour un électricien ?\nDe ne pas être au courant.', 1747741954, 0, '{\"actionbuttons\":{\"send\":\"Envoyer\"},\"placeholders\":{\"send\":\"\\u00c9crire un message\"},\"notificationiconurl\":\"https:\\/\\/bia-facile.fr\\/theme\\/image.php\\/boost_magnific\\/core\\/1742798794\\/u\\/f1\",\"courseid\":1}'),
(944, 28, 17, NULL, 'Pourquoi les squelettes ne se battent jamais entre eux ?\nParce qu’ils n’ont pas le cran.', 0, '', 'Pourquoi les squelettes ne se battent jamais entre eux ?\nParce qu’ils n’ont pas le cran.', 1747741964, 0, '{\"actionbuttons\":{\"send\":\"Envoyer\"},\"placeholders\":{\"send\":\"\\u00c9crire un message\"},\"notificationiconurl\":\"https:\\/\\/bia-facile.fr\\/theme\\/image.php\\/boost_magnific\\/core\\/1742798794\\/u\\/f1\",\"courseid\":1}'),
(945, 24, 17, NULL, '.........', 0, '', '.........', 1747741974, 0, '{\"actionbuttons\":{\"send\":\"Envoyer\"},\"placeholders\":{\"send\":\"\\u00c9crire un message\"},\"notificationiconurl\":\"https:\\/\\/bia-facile.fr\\/theme\\/image.php\\/boost_magnific\\/core\\/1742798794\\/u\\/f1\",\"courseid\":1}'),
(946, 28, 17, NULL, 'Que dit une imprimante à une autre imprimante ?\n« Tu as de l’encre ? »', 0, '', 'Que dit une imprimante à une autre imprimante ?\n« Tu as de l’encre ? »', 1747741989, 0, '{\"actionbuttons\":{\"send\":\"Envoyer\"},\"placeholders\":{\"send\":\"\\u00c9crire un message\"},\"notificationiconurl\":\"https:\\/\\/bia-facile.fr\\/theme\\/image.php\\/boost_magnific\\/core\\/1742798794\\/u\\/f1\",\"courseid\":1}'),
(947, 28, 17, NULL, 'Quelle est la différence entre un chat et un cambrioleur ?\nLe chat, lui, il miaule avant d’entrer.', 0, '', 'Quelle est la différence entre un chat et un cambrioleur ?\nLe chat, lui, il miaule avant d’entrer.', 1747742005, 0, '{\"actionbuttons\":{\"send\":\"Envoyer\"},\"placeholders\":{\"send\":\"\\u00c9crire un message\"},\"notificationiconurl\":\"https:\\/\\/bia-facile.fr\\/theme\\/image.php\\/boost_magnific\\/core\\/1742798794\\/u\\/f1\",\"courseid\":1}'),
(948, 28, 17, NULL, 'Pourquoi les poissons détestent l’ordinateur ?\nParce qu’ils ont peur du net.', 0, '', 'Pourquoi les poissons détestent l’ordinateur ?\nParce qu’ils ont peur du net.', 1747742016, 0, '{\"actionbuttons\":{\"send\":\"Envoyer\"},\"placeholders\":{\"send\":\"\\u00c9crire un message\"},\"notificationiconurl\":\"https:\\/\\/bia-facile.fr\\/theme\\/image.php\\/boost_magnific\\/core\\/1742798794\\/u\\/f1\",\"courseid\":1}'),
(949, 28, 17, NULL, 'Couler un bronze\n\nDéposer le bilan\n\nPoser une pêche (ou poser une bûche, poser un tronc)\n\nDémouler un cake\n\nLâcher les amarres\n\nLabourer les chiottes\n\nFaire tourner la guillotine à boudin\n\nAvoir la taupe au guichet\n\nAvoir le cigare au bord des lèvres\n\nFaire la grosse commission (plus formel)\n\nAller à la selle (expression médicale)\n\nBénir les lieux\n\nRecycler le dîner\n\nFaire sortir le Twix (ou le Mars)\n\nMiner le terrain / poser une mine\n\nMéditer sur le trône (le trône = WC)\n\nLibérer le kraken\n\nFaire un moulage (édition limitée !)\n\nEmmener les enfants à la piscine', 0, '', 'Couler un bronze\n\nDéposer le bilan\n\nPoser une pêche (ou poser une bûche, poser un tronc)\n\nDémouler un cake\n\nLâcher les amarres\n\nLabourer les chiottes\n\nFaire tourner la guillotine à boudin\n\nAvoir la taupe au guichet\n\nAvoir le cigare au bord des lèvres\n\nFaire la grosse commission (plus formel)\n\nAller à la selle (expression médicale)\n\nBénir les lieux\n\nRecycler le dîner\n\nFaire sortir le Twix (ou le Mars)\n\nMiner le terrain / poser une mine\n\nMéditer sur le trône (le trône = WC)\n\nLibérer le kraken\n\nFaire un moulage (édition limitée !)\n\nEmmener les enfants à la piscine', 1747742096, 0, '{\"actionbuttons\":{\"send\":\"Envoyer\"},\"placeholders\":{\"send\":\"\\u00c9crire un message\"},\"notificationiconurl\":\"https:\\/\\/bia-facile.fr\\/theme\\/image.php\\/boost_magnific\\/core\\/1742798794\\/u\\/f1\",\"courseid\":1}'),
(950, 28, 18, NULL, 'Couler un bronze\n\nDéposer le bilan\n\nPoser une pêche (ou poser une bûche, poser un tronc)\n\nDémouler un cake\n\nLâcher les amarres\n\nLabourer les chiottes\n\nFaire tourner la guillotine à boudin\n\nAvoir la taupe au guichet\n\nAvoir le cigare au bord des lèvres\n\nFaire la grosse commission (plus formel)\n\nAller à la selle (expression médicale)\n\nBénir les lieux\n\nRecycler le dîner\n\nFaire sortir le Twix (ou le Mars)\n\nMiner le terrain / poser une mine\n\nMéditer sur le trône (le trône = WC)\n\nLibérer le kraken\n\nFaire un moulage (édition limitée !)\n\nEmmener les enfants à la piscine', 0, '', 'Couler un bronze\n\nDéposer le bilan\n\nPoser une pêche (ou poser une bûche, poser un tronc)\n\nDémouler un cake\n\nLâcher les amarres\n\nLabourer les chiottes\n\nFaire tourner la guillotine à boudin\n\nAvoir la taupe au guichet\n\nAvoir le cigare au bord des lèvres\n\nFaire la grosse commission (plus formel)\n\nAller à la selle (expression médicale)\n\nBénir les lieux\n\nRecycler le dîner\n\nFaire sortir le Twix (ou le Mars)\n\nMiner le terrain / poser une mine\n\nMéditer sur le trône (le trône = WC)\n\nLibérer le kraken\n\nFaire un moulage (édition limitée !)\n\nEmmener les enfants à la piscine', 1747742253, 0, '{\"actionbuttons\":{\"send\":\"Envoyer\"},\"placeholders\":{\"send\":\"\\u00c9crire un message\"},\"notificationiconurl\":\"https:\\/\\/bia-facile.fr\\/theme\\/image.php\\/boost_magnific\\/core\\/1742798794\\/u\\/f1\",\"courseid\":1}'),
(951, 28, 18, NULL, 'j\'ai fais un black flip avec mon super camion !', 0, '', 'j\'ai fais un black flip avec mon super camion !', 1747742619, 0, '{\"actionbuttons\":{\"send\":\"Envoyer\"},\"placeholders\":{\"send\":\"\\u00c9crire un message\"},\"notificationiconurl\":\"https:\\/\\/bia-facile.fr\\/theme\\/image.php\\/boost_magnific\\/core\\/1742798794\\/u\\/f1\",\"courseid\":1}'),
(952, 28, 17, NULL, 'j\'ai fais un black flip avec mon super camion !', 0, '', 'j\'ai fais un black flip avec mon super camion !', 1747742736, 0, '{\"actionbuttons\":{\"send\":\"Envoyer\"},\"placeholders\":{\"send\":\"\\u00c9crire un message\"},\"notificationiconurl\":\"https:\\/\\/bia-facile.fr\\/theme\\/image.php\\/boost_magnific\\/core\\/1742798794\\/u\\/f1\",\"courseid\":1}'),
(953, 21, 158, NULL, 'pourquoi', 0, '', 'pourquoi', 1747742827, 0, '{\"actionbuttons\":{\"send\":\"Envoyer\"},\"placeholders\":{\"send\":\"\\u00c9crire un message\"},\"notificationiconurl\":\"https:\\/\\/bia-facile.fr\\/theme\\/image.php\\/boost_magnific\\/core\\/1742798794\\/u\\/f1\",\"courseid\":1}'),
(954, 28, 17, NULL, 'moi j\'aime le caca !!!!!!!!!!!!!!!!!!!!!!!!!!!!!!!!!!!!!', 0, '', 'moi j\'aime le caca !!!!!!!!!!!!!!!!!!!!!!!!!!!!!!!!!!!!!', 1747743537, 0, '{\"actionbuttons\":{\"send\":\"Envoyer\"},\"placeholders\":{\"send\":\"\\u00c9crire un message\"},\"notificationiconurl\":\"https:\\/\\/bia-facile.fr\\/theme\\/image.php\\/boost_magnific\\/core\\/1742798794\\/u\\/f1\",\"courseid\":1}'),
(955, 28, 158, NULL, 'parce que !!!!!!!!!!!!!!', 0, '', 'parce que !!!!!!!!!!!!!!', 1748342119, 0, '{\"actionbuttons\":{\"send\":\"Envoyer\"},\"placeholders\":{\"send\":\"\\u00c9crire un message\"},\"notificationiconurl\":\"https:\\/\\/bia-facile.fr\\/theme\\/image.php\\/boost_magnific\\/core\\/1748193560\\/u\\/f1\",\"courseid\":1}'),
(956, 21, 160, 'Nouveau message de Nathan GAILLARD', 'Salut maxence', 0, '', 'Salut maxence', 1748342163, 0, '{\"notificationiconurl\":\"https:\\/\\/bia-facile.fr\\/theme\\/image.php\\/boost_magnific\\/core\\/1748193560\\/u\\/f1\",\"actionbuttons\":{\"send\":\"Envoyer\"},\"placeholders\":{\"send\":\"\\u00c9crire un message\"},\"courseid\":1}'),
(957, 23, 160, NULL, 'slt', 0, '', 'slt', 1748342189, 0, '{\"actionbuttons\":{\"send\":\"Envoyer\"},\"placeholders\":{\"send\":\"\\u00c9crire un message\"},\"notificationiconurl\":\"https:\\/\\/bia-facile.fr\\/theme\\/image.php\\/boost_magnific\\/core\\/1748193560\\/u\\/f1\",\"courseid\":1}'),
(958, 28, 17, NULL, 'pas toi ????????', 0, '', 'pas toi ????????', 1748342494, 0, '{\"actionbuttons\":{\"send\":\"Envoyer\"},\"placeholders\":{\"send\":\"\\u00c9crire un message\"},\"notificationiconurl\":\"https:\\/\\/bia-facile.fr\\/theme\\/image.php\\/boost_magnific\\/core\\/1748193560\\/u\\/f1\",\"courseid\":1}'),
(959, 24, 17, NULL, 'je m\'en fous', 0, '', 'je m\'en fous', 1748342511, 0, '{\"actionbuttons\":{\"send\":\"Envoyer\"},\"placeholders\":{\"send\":\"\\u00c9crire un message\"},\"notificationiconurl\":\"https:\\/\\/bia-facile.fr\\/theme\\/image.php\\/boost_magnific\\/core\\/1748193560\\/u\\/f1\",\"courseid\":1}'),
(960, 24, 17, NULL, 't es a la combien', 0, '', 't es a la combien', 1748342581, 0, '{\"actionbuttons\":{\"send\":\"Envoyer\"},\"placeholders\":{\"send\":\"\\u00c9crire un message\"},\"notificationiconurl\":\"https:\\/\\/bia-facile.fr\\/theme\\/image.php\\/boost_magnific\\/core\\/1748193560\\/u\\/f1\",\"courseid\":1}'),
(961, 21, 160, NULL, 'tu travailles bien?', 0, '', 'tu travailles bien?', 1748342623, 0, '{\"actionbuttons\":{\"send\":\"Envoyer\"},\"placeholders\":{\"send\":\"\\u00c9crire un message\"},\"notificationiconurl\":\"https:\\/\\/bia-facile.fr\\/theme\\/image.php\\/boost_magnific\\/core\\/1748193560\\/u\\/f1\",\"courseid\":1}'),
(962, 24, 17, NULL, 'du ccoup', 0, '', 'du ccoup', 1748342714, 0, '{\"actionbuttons\":{\"send\":\"Envoyer\"},\"placeholders\":{\"send\":\"\\u00c9crire un message\"},\"notificationiconurl\":\"https:\\/\\/bia-facile.fr\\/theme\\/image.php\\/boost_magnific\\/core\\/1748193560\\/u\\/f1\",\"courseid\":1}'),
(963, 28, 18, NULL, 'Couler un bronze : Une expression imagée et populaire pour dire qu\'on va aux toilettes.\n\nPoser une pêche : Une autre expression courante, souvent utilisée de manière humoristique.\n\nAller sur le trône : Une façon de désigner les toilettes avec un peu d\'humour.\n\nBaigner le crocodile : Une expression plus absurde, où le crocodile représente la crotte.\n\nLibérer la marmotte : Une métaphore amusante pour décrire l\'action.\n\nParachuter un gothique : Une expression bizarre et humoristique.\n\nDémouler un cake : Une image drôle pour décrire l\'action de faire caca.\n\nLabourer les chiottes : Une métaphore agricole pour aller aux toilettes.\n\nFaire un moulage : Une expression qui peut être utilisée avec humour.\n\nLâcher les amarres : Une image nautique pour parler de lâcher prise', 0, '', 'Couler un bronze : Une expression imagée et populaire pour dire qu\'on va aux toilettes.\n\nPoser une pêche : Une autre expression courante, souvent utilisée de manière humoristique.\n\nAller sur le trône : Une façon de désigner les toilettes avec un peu d\'humour.\n\nBaigner le crocodile : Une expression plus absurde, où le crocodile représente la crotte.\n\nLibérer la marmotte : Une métaphore amusante pour décrire l\'action.\n\nParachuter un gothique : Une expression bizarre et humoristique.\n\nDémouler un cake : Une image drôle pour décrire l\'action de faire caca.\n\nLabourer les chiottes : Une métaphore agricole pour aller aux toilettes.\n\nFaire un moulage : Une expression qui peut être utilisée avec humour.\n\nLâcher les amarres : Une image nautique pour parler de lâcher prise', 1748342728, 0, '{\"actionbuttons\":{\"send\":\"Envoyer\"},\"placeholders\":{\"send\":\"\\u00c9crire un message\"},\"notificationiconurl\":\"https:\\/\\/bia-facile.fr\\/theme\\/image.php\\/boost_magnific\\/core\\/1748193560\\/u\\/f1\",\"courseid\":1}'),
(964, 28, 17, NULL, 'ssssssssssssssssssssssssssssssiiiiiiiiiiiiiiiiiiiiiiiiiiiiiiiiiiii', 0, '', 'ssssssssssssssssssssssssssssssiiiiiiiiiiiiiiiiiiiiiiiiiiiiiiiiiiii', 1748342758, 0, '{\"actionbuttons\":{\"send\":\"Envoyer\"},\"placeholders\":{\"send\":\"\\u00c9crire un message\"},\"notificationiconurl\":\"https:\\/\\/bia-facile.fr\\/theme\\/image.php\\/boost_magnific\\/core\\/1748193560\\/u\\/f1\",\"courseid\":1}'),
(965, 28, 17, NULL, 'Couler un bronze : Une expression imagée et populaire pour dire qu\'on va aux toilettes.\n\nPoser une pêche : Une autre expression courante, souvent utilisée de manière humoristique.\n\nAller sur le trône : Une façon de désigner les toilettes avec un peu d\'humour.\n\nBaigner le crocodile : Une expression plus absurde, où le crocodile représente la crotte.\n\nLibérer la marmotte : Une métaphore amusante pour décrire l\'action.\n\nParachuter un gothique : Une expression bizarre et humoristique.\n\nDémouler un cake : Une image drôle pour décrire l\'action de faire caca.\n\nLabourer les chiottes : Une métaphore agricole pour aller aux toilettes.\n\nFaire un moulage : Une expression qui peut être utilisée avec humour.\n\nLâcher les amarres : Une image nautique pour parler de lâcher prise', 0, '', 'Couler un bronze : Une expression imagée et populaire pour dire qu\'on va aux toilettes.\n\nPoser une pêche : Une autre expression courante, souvent utilisée de manière humoristique.\n\nAller sur le trône : Une façon de désigner les toilettes avec un peu d\'humour.\n\nBaigner le crocodile : Une expression plus absurde, où le crocodile représente la crotte.\n\nLibérer la marmotte : Une métaphore amusante pour décrire l\'action.\n\nParachuter un gothique : Une expression bizarre et humoristique.\n\nDémouler un cake : Une image drôle pour décrire l\'action de faire caca.\n\nLabourer les chiottes : Une métaphore agricole pour aller aux toilettes.\n\nFaire un moulage : Une expression qui peut être utilisée avec humour.\n\nLâcher les amarres : Une image nautique pour parler de lâcher prise', 1748342760, 0, '{\"actionbuttons\":{\"send\":\"Envoyer\"},\"placeholders\":{\"send\":\"\\u00c9crire un message\"},\"notificationiconurl\":\"https:\\/\\/bia-facile.fr\\/theme\\/image.php\\/boost_magnific\\/core\\/1748193560\\/u\\/f1\",\"courseid\":1}'),
(966, 23, 160, NULL, 'oui', 0, '', 'oui', 1748342872, 0, '{\"actionbuttons\":{\"send\":\"Envoyer\"},\"placeholders\":{\"send\":\"\\u00c9crire un message\"},\"notificationiconurl\":\"https:\\/\\/bia-facile.fr\\/theme\\/image.php\\/boost_magnific\\/core\\/1748193560\\/u\\/f1\",\"courseid\":1}'),
(967, 26, 29, NULL, 'bonjour', 0, '', 'bonjour', 1748343444, 0, '{\"actionbuttons\":{\"send\":\"Envoyer\"},\"placeholders\":{\"send\":\"\\u00c9crire un message\"},\"notificationiconurl\":\"https:\\/\\/bia-facile.fr\\/theme\\/image.php\\/boost_magnific\\/core\\/1748193560\\/u\\/f1\",\"courseid\":1}'),
(968, 26, 29, NULL, '💩', 0, '', '💩', 1748343458, 0, '{\"actionbuttons\":{\"send\":\"Envoyer\"},\"placeholders\":{\"send\":\"\\u00c9crire un message\"},\"notificationiconurl\":\"https:\\/\\/bia-facile.fr\\/theme\\/image.php\\/boost_magnific\\/core\\/1748193560\\/u\\/f1\",\"courseid\":1}'),
(969, 21, 160, NULL, 'je crois pas moi', 0, '', 'je crois pas moi', 1748343509, 0, '{\"actionbuttons\":{\"send\":\"Envoyer\"},\"placeholders\":{\"send\":\"\\u00c9crire un message\"},\"notificationiconurl\":\"https:\\/\\/bia-facile.fr\\/theme\\/image.php\\/boost_magnific\\/core\\/1748193560\\/u\\/f1\",\"courseid\":1}'),
(970, 21, 160, NULL, 'répond un jour', 0, '', 'répond un jour', 1748343724, 0, '{\"actionbuttons\":{\"send\":\"Envoyer\"},\"placeholders\":{\"send\":\"\\u00c9crire un message\"},\"notificationiconurl\":\"https:\\/\\/bia-facile.fr\\/theme\\/image.php\\/boost_magnific\\/core\\/1748193560\\/u\\/f1\",\"courseid\":1}'),
(971, 21, 160, NULL, 'répond!!!!!!!!!!!!!!!!!!!!!!!!!!!!!!!!!!!!!!!!!!!!!!!!!!!!!!!!!!!!!!!!!!!!!!!!!!!!!!!!!!!!!!!!!!!!!!!!!!!!!!!!!!!!!!', 0, '', 'répond!!!!!!!!!!!!!!!!!!!!!!!!!!!!!!!!!!!!!!!!!!!!!!!!!!!!!!!!!!!!!!!!!!!!!!!!!!!!!!!!!!!!!!!!!!!!!!!!!!!!!!!!!!!!!!', 1748343770, 0, '{\"actionbuttons\":{\"send\":\"Envoyer\"},\"placeholders\":{\"send\":\"\\u00c9crire un message\"},\"notificationiconurl\":\"https:\\/\\/bia-facile.fr\\/theme\\/image.php\\/boost_magnific\\/core\\/1748193560\\/u\\/f1\",\"courseid\":1}'),
(972, 21, 160, NULL, 'sinon t\'auras pas le BIA', 0, '', 'sinon t\'auras pas le BIA', 1748343789, 0, '{\"actionbuttons\":{\"send\":\"Envoyer\"},\"placeholders\":{\"send\":\"\\u00c9crire un message\"},\"notificationiconurl\":\"https:\\/\\/bia-facile.fr\\/theme\\/image.php\\/boost_magnific\\/core\\/1748193560\\/u\\/f1\",\"courseid\":1}'),
(973, 23, 160, NULL, '🖕', 0, '', '🖕', 1748343822, 0, '{\"actionbuttons\":{\"send\":\"Envoyer\"},\"placeholders\":{\"send\":\"\\u00c9crire un message\"},\"notificationiconurl\":\"https:\\/\\/bia-facile.fr\\/theme\\/image.php\\/boost_magnific\\/core\\/1748193560\\/u\\/f1\",\"courseid\":1}'),
(974, 21, 160, NULL, '🖕🖕🖕nathan🤜🤜maxence😭😭', 0, '', '🖕🖕🖕nathan🤜🤜maxence😭😭', 1748343918, 0, '{\"actionbuttons\":{\"send\":\"Envoyer\"},\"placeholders\":{\"send\":\"\\u00c9crire un message\"},\"notificationiconurl\":\"https:\\/\\/bia-facile.fr\\/theme\\/image.php\\/boost_magnific\\/core\\/1748193560\\/u\\/f1\",\"courseid\":1}'),
(975, 23, 160, NULL, 'ok', 0, '', 'ok', 1748344023, 0, '{\"actionbuttons\":{\"send\":\"Envoyer\"},\"placeholders\":{\"send\":\"\\u00c9crire un message\"},\"notificationiconurl\":\"https:\\/\\/bia-facile.fr\\/theme\\/image.php\\/boost_magnific\\/core\\/1748193560\\/u\\/f1\",\"courseid\":1}'),
(976, 28, 18, NULL, 'toi aussi tu révises. Je te vois', 0, '', 'toi aussi tu révises. Je te vois', 1748592959, 0, '{\"actionbuttons\":{\"send\":\"Envoyer\"},\"placeholders\":{\"send\":\"\\u00c9crire un message\"},\"notificationiconurl\":\"https:\\/\\/bia-facile.fr\\/theme\\/image.php\\/boost_magnific\\/core\\/1748193560\\/u\\/f1\",\"courseid\":1}'),
(977, 21, 160, NULL, 'Bonjour', 0, '', 'Bonjour', 1748947010, 0, '{\"actionbuttons\":{\"send\":\"Envoyer\"},\"placeholders\":{\"send\":\"\\u00c9crire un message\"},\"notificationiconurl\":\"https:\\/\\/bia-facile.fr\\/theme\\/image.php\\/boost_magnific\\/core\\/1748193560\\/u\\/f1\",\"courseid\":1}'),
(978, 23, 160, NULL, 'jute', 0, '', 'jute', 1748947030, 0, '{\"actionbuttons\":{\"send\":\"Envoyer\"},\"placeholders\":{\"send\":\"\\u00c9crire un message\"},\"notificationiconurl\":\"https:\\/\\/bia-facile.fr\\/theme\\/image.php\\/boost_magnific\\/core\\/1748193560\\/u\\/f1\",\"courseid\":1}'),
(979, 21, 160, NULL, 'pourquoi tu écris ça', 0, '', 'pourquoi tu écris ça', 1748947227, 0, '{\"actionbuttons\":{\"send\":\"Envoyer\"},\"placeholders\":{\"send\":\"\\u00c9crire un message\"},\"notificationiconurl\":\"https:\\/\\/bia-facile.fr\\/theme\\/image.php\\/boost_magnific\\/core\\/1748193560\\/u\\/f1\",\"courseid\":1}'),
(980, 23, 160, NULL, 'pk je veux travailler', 0, '', 'pk je veux travailler', 1748947279, 0, '{\"actionbuttons\":{\"send\":\"Envoyer\"},\"placeholders\":{\"send\":\"\\u00c9crire un message\"},\"notificationiconurl\":\"https:\\/\\/bia-facile.fr\\/theme\\/image.php\\/boost_magnific\\/core\\/1748193560\\/u\\/f1\",\"courseid\":1}'),
(981, 21, 160, NULL, 'tung tung tung tung tung tung tung tung tung tung tung tung tung tung tung tung tung tung tung tung tung sahur', 0, '', 'tung tung tung tung tung tung tung tung tung tung tung tung tung tung tung tung tung tung tung tung tung sahur', 1748948068, 0, '{\"actionbuttons\":{\"send\":\"Envoyer\"},\"placeholders\":{\"send\":\"\\u00c9crire un message\"},\"notificationiconurl\":\"https:\\/\\/bia-facile.fr\\/theme\\/image.php\\/boost_magnific\\/core\\/1748193560\\/u\\/f1\",\"courseid\":1}'),
(982, 21, 160, NULL, 'udin din din din din din dun ma din din din din din din din din dun', 0, '', 'udin din din din din din dun ma din din din din din din din din dun', 1748948252, 0, '{\"actionbuttons\":{\"send\":\"Envoyer\"},\"placeholders\":{\"send\":\"\\u00c9crire un message\"},\"notificationiconurl\":\"https:\\/\\/bia-facile.fr\\/theme\\/image.php\\/boost_magnific\\/core\\/1748193560\\/u\\/f1\",\"courseid\":1}'),
(983, 23, 160, NULL, 'jutttttttttttteeeeeeeeee$*', 0, '', 'jutttttttttttteeeeeeeeee$*', 1748948352, 0, '{\"actionbuttons\":{\"send\":\"Envoyer\"},\"placeholders\":{\"send\":\"\\u00c9crire un message\"},\"notificationiconurl\":\"https:\\/\\/bia-facile.fr\\/theme\\/image.php\\/boost_magnific\\/core\\/1748193560\\/u\\/f1\",\"courseid\":1}'),
(984, 23, 160, NULL, '🤫', 0, '', '🤫', 1748948370, 0, '{\"actionbuttons\":{\"send\":\"Envoyer\"},\"placeholders\":{\"send\":\"\\u00c9crire un message\"},\"notificationiconurl\":\"https:\\/\\/bia-facile.fr\\/theme\\/image.php\\/boost_magnific\\/core\\/1748193560\\/u\\/f1\",\"courseid\":1}'),
(985, 21, 160, NULL, 'ta ta ta ta ta ta ta ta ta ta ta ta ta ta ta ta ta ta ta ta ta ta ta ta ta ta ta ta sahur', 0, '', 'ta ta ta ta ta ta ta ta ta ta ta ta ta ta ta ta ta ta ta ta ta ta ta ta ta ta ta ta sahur', 1748948385, 0, '{\"actionbuttons\":{\"send\":\"Envoyer\"},\"placeholders\":{\"send\":\"\\u00c9crire un message\"},\"notificationiconurl\":\"https:\\/\\/bia-facile.fr\\/theme\\/image.php\\/boost_magnific\\/core\\/1748193560\\/u\\/f1\",\"courseid\":1}'),
(986, 21, 160, NULL, '🔞📵', 0, '', '🔞📵', 1748948504, 0, '{\"actionbuttons\":{\"send\":\"Envoyer\"},\"placeholders\":{\"send\":\"\\u00c9crire un message\"},\"notificationiconurl\":\"https:\\/\\/bia-facile.fr\\/theme\\/image.php\\/boost_magnific\\/core\\/1748193560\\/u\\/f1\",\"courseid\":1}'),
(987, 21, 160, NULL, 'tralalero tralala', 0, '', 'tralalero tralala', 1748948615, 0, '{\"actionbuttons\":{\"send\":\"Envoyer\"},\"placeholders\":{\"send\":\"\\u00c9crire un message\"},\"notificationiconurl\":\"https:\\/\\/bia-facile.fr\\/theme\\/image.php\\/boost_magnific\\/core\\/1748193560\\/u\\/f1\",\"courseid\":1}'),
(988, 21, 160, NULL, 'bombardino crocodilo', 0, '', 'bombardino crocodilo', 1748948628, 0, '{\"actionbuttons\":{\"send\":\"Envoyer\"},\"placeholders\":{\"send\":\"\\u00c9crire un message\"},\"notificationiconurl\":\"https:\\/\\/bia-facile.fr\\/theme\\/image.php\\/boost_magnific\\/core\\/1748193560\\/u\\/f1\",\"courseid\":1}'),
(989, 21, 160, NULL, 'chimpanzini bananini', 0, '', 'chimpanzini bananini', 1748948640, 0, '{\"actionbuttons\":{\"send\":\"Envoyer\"},\"placeholders\":{\"send\":\"\\u00c9crire un message\"},\"notificationiconurl\":\"https:\\/\\/bia-facile.fr\\/theme\\/image.php\\/boost_magnific\\/core\\/1748193560\\/u\\/f1\",\"courseid\":1}'),
(990, 21, 160, NULL, 'ballerina cappucina mi mi mi mi', 0, '', 'ballerina cappucina mi mi mi mi', 1748948654, 0, '{\"actionbuttons\":{\"send\":\"Envoyer\"},\"placeholders\":{\"send\":\"\\u00c9crire un message\"},\"notificationiconurl\":\"https:\\/\\/bia-facile.fr\\/theme\\/image.php\\/boost_magnific\\/core\\/1748193560\\/u\\/f1\",\"courseid\":1}'),
(991, 21, 160, NULL, 'cappuccino assassino', 0, '', 'cappuccino assassino', 1748948668, 0, '{\"actionbuttons\":{\"send\":\"Envoyer\"},\"placeholders\":{\"send\":\"\\u00c9crire un message\"},\"notificationiconurl\":\"https:\\/\\/bia-facile.fr\\/theme\\/image.php\\/boost_magnific\\/core\\/1748193560\\/u\\/f1\",\"courseid\":1}'),
(992, 21, 160, NULL, 'unta tobi tob tob tobi tob tob tobi tob tob tobi tob tob tobi tob tob tobi tob tob tobi tob tob tobi tob tob tobi tob tob tobi tob tob tobi tob tob tobi tob tob tobi tob tob tobi', 0, '', 'unta tobi tob tob tobi tob tob tobi tob tob tobi tob tob tobi tob tob tobi tob tob tobi tob tob tobi tob tob tobi tob tob tobi tob tob tobi tob tob tobi tob tob tobi tob tob tobi', 1748948729, 0, '{\"actionbuttons\":{\"send\":\"Envoyer\"},\"placeholders\":{\"send\":\"\\u00c9crire un message\"},\"notificationiconurl\":\"https:\\/\\/bia-facile.fr\\/theme\\/image.php\\/boost_magnific\\/core\\/1748193560\\/u\\/f1\",\"courseid\":1}'),
(993, 21, 160, NULL, 'dead rails c\'est trop bien', 0, '', 'dead rails c\'est trop bien', 1748948884, 0, '{\"actionbuttons\":{\"send\":\"Envoyer\"},\"placeholders\":{\"send\":\"\\u00c9crire un message\"},\"notificationiconurl\":\"https:\\/\\/bia-facile.fr\\/theme\\/image.php\\/boost_magnific\\/core\\/1748193560\\/u\\/f1\",\"courseid\":1}');

-- --------------------------------------------------------

--
-- Structure de la table `mdl_message_airnotifier_devices`
--

CREATE TABLE `mdl_message_airnotifier_devices` (
  `id` bigint NOT NULL,
  `userdeviceid` bigint NOT NULL,
  `enable` tinyint(1) NOT NULL DEFAULT '1'
) ENGINE=InnoDB DEFAULT CHARSET=utf8mb4 COLLATE=utf8mb4_0900_ai_ci COMMENT='Store information about the devices registered in Airnotifie' ROW_FORMAT=COMPRESSED;

--
-- Déchargement des données de la table `mdl_message_airnotifier_devices`
--

INSERT INTO `mdl_message_airnotifier_devices` (`id`, `userdeviceid`, `enable`) VALUES
(1, 1, 1),
(2, 2, 1),
(3, 3, 1),
(4, 4, 1),
(5, 5, 1),
(6, 6, 1);

-- --------------------------------------------------------

--
-- Structure de la table `mdl_message_contacts`
--

CREATE TABLE `mdl_message_contacts` (
  `id` bigint NOT NULL,
  `userid` bigint NOT NULL,
  `contactid` bigint NOT NULL,
  `timecreated` bigint DEFAULT NULL
) ENGINE=InnoDB DEFAULT CHARSET=utf8mb4 COLLATE=utf8mb4_0900_ai_ci COMMENT='Maintains lists of contacts between users' ROW_FORMAT=COMPRESSED;

--
-- Déchargement des données de la table `mdl_message_contacts`
--

INSERT INTO `mdl_message_contacts` (`id`, `userid`, `contactid`, `timecreated`) VALUES
(1, 28, 24, 1741089319),
(2, 26, 28, 1741693004),
(3, 26, 25, 1741693182),
(5, 26, 23, 1741695148),
(6, 26, 27, 1742228535),
(7, 27, 28, 1742297953),
(8, 28, 25, 1742298461),
(9, 26, 21, 1742299563),
(10, 49, 66, 1743772338),
(11, 60, 64, 1743772380),
(12, 58, 65, 1743772456),
(13, 60, 68, 1743773128),
(14, 40, 57, 1743773437),
(15, 63, 64, 1743773457),
(16, 60, 52, 1743773702),
(17, 38, 44, 1743773742),
(18, 49, 51, 1743774493),
(19, 60, 58, 1745385335);

-- --------------------------------------------------------

--
-- Structure de la table `mdl_message_contact_requests`
--

CREATE TABLE `mdl_message_contact_requests` (
  `id` bigint NOT NULL,
  `userid` bigint NOT NULL,
  `requesteduserid` bigint NOT NULL,
  `timecreated` bigint NOT NULL
) ENGINE=InnoDB DEFAULT CHARSET=utf8mb4 COLLATE=utf8mb4_0900_ai_ci COMMENT='Maintains list of contact requests between users' ROW_FORMAT=COMPRESSED;

--
-- Déchargement des données de la table `mdl_message_contact_requests`
--

INSERT INTO `mdl_message_contact_requests` (`id`, `userid`, `requesteduserid`, `timecreated`) VALUES
(11, 58, 62, 1743772302),
(12, 60, 54, 1743772303),
(13, 68, 54, 1743772319),
(15, 60, 67, 1743772339),
(17, 60, 55, 1743772376);

-- --------------------------------------------------------

--
-- Structure de la table `mdl_message_conversations`
--

CREATE TABLE `mdl_message_conversations` (
  `id` bigint NOT NULL,
  `type` bigint NOT NULL DEFAULT '1',
  `name` varchar(255) CHARACTER SET utf8mb4 COLLATE utf8mb4_0900_ai_ci DEFAULT NULL,
  `convhash` varchar(40) CHARACTER SET utf8mb4 COLLATE utf8mb4_0900_ai_ci DEFAULT NULL,
  `component` varchar(100) CHARACTER SET utf8mb4 COLLATE utf8mb4_0900_ai_ci DEFAULT NULL,
  `itemtype` varchar(100) CHARACTER SET utf8mb4 COLLATE utf8mb4_0900_ai_ci DEFAULT NULL,
  `itemid` bigint DEFAULT NULL,
  `contextid` bigint DEFAULT NULL,
  `enabled` tinyint(1) NOT NULL DEFAULT '0',
  `timecreated` bigint NOT NULL,
  `timemodified` bigint DEFAULT NULL
) ENGINE=InnoDB DEFAULT CHARSET=utf8mb4 COLLATE=utf8mb4_0900_ai_ci COMMENT='Stores all message conversations' ROW_FORMAT=COMPRESSED;

--
-- Déchargement des données de la table `mdl_message_conversations`
--

INSERT INTO `mdl_message_conversations` (`id`, `type`, `name`, `convhash`, `component`, `itemtype`, `itemid`, `contextid`, `enabled`, `timecreated`, `timemodified`) VALUES
(1, 3, NULL, 'da4b9237bacccdf19c0760cab7aec4a8359010b0', NULL, NULL, NULL, NULL, 1, 1728146439, 1728146439),
(2, 3, NULL, '77de68daecd823babbb58edb1c8e14d7106e83bb', NULL, NULL, NULL, NULL, 1, 1730593526, 1730593526),
(3, 1, NULL, '287da0651bbe7af557b588ce0c9aeaa9a39487a6', NULL, NULL, NULL, NULL, 1, 1730809963, 1730809963),
(4, 1, NULL, '2f92f60a2bd2a3b2990e64d7288a99531d7491ee', NULL, NULL, NULL, NULL, 1, 1731067766, 1731067766),
(5, 3, NULL, 'c1dfd96eea8cc2b62785275bca38ac261256e278', NULL, NULL, NULL, NULL, 1, 1734592043, 1734592043),
(6, 1, NULL, '71d1c58c2a49c133825341887ed230da06146708', NULL, NULL, NULL, NULL, 1, 1734592056, 1734592056),
(7, 3, NULL, 'ac3478d69a3c81fa62e60f5c3696165a4e5e6ac4', NULL, NULL, NULL, NULL, 1, 1737583781, 1737583781),
(8, 3, NULL, 'bd307a3ec329e10a2cff8fb87480823da114f8f4', NULL, NULL, NULL, NULL, 1, 1740481210, 1740481210),
(9, 1, NULL, '7dac9352f0b7cb57bbb067c07867ef77cf7fda2a', NULL, NULL, NULL, NULL, 1, 1740481228, 1740481228),
(10, 3, NULL, '472b07b9fcf2c2451e8781e944bf5f77cd8457c8', NULL, NULL, NULL, NULL, 1, 1741066642, 1741066642),
(11, 3, NULL, 'd435a6cdd786300dff204ee7c2ef942d3e9034e2', NULL, NULL, NULL, NULL, 1, 1741088918, 1741088918),
(12, 3, NULL, '0a57cb53ba59c46fc4b692527a38a87c78d84028', NULL, NULL, NULL, NULL, 1, 1741088937, 1741088937),
(13, 1, NULL, '6c6baa979177a833d9667348128188c5e6c09f06', NULL, NULL, NULL, NULL, 1, 1741088943, 1741088943),
(14, 3, NULL, '4d134bc072212ace2df385dae143139da74ec0ef', NULL, NULL, NULL, NULL, 1, 1741088951, 1741088951),
(15, 3, NULL, 'f6e1126cedebf23e1463aee73f9df08783640400', NULL, NULL, NULL, NULL, 1, 1741088961, 1741088961),
(16, 1, NULL, '390ed8d84220c84fc07db1ae2d23e92900f462ab', NULL, NULL, NULL, NULL, 1, 1741088964, 1741088964),
(17, 1, NULL, 'cf7eb93681e1548514f7066e9d49639d7321e1f1', NULL, NULL, NULL, NULL, 1, 1741088980, 1741088980),
(18, 1, NULL, 'edb3bba7acc789545f59bd6fb5dac8a6506036b8', NULL, NULL, NULL, NULL, 1, 1741089021, 1741089021),
(19, 1, NULL, '8cc0ad51c3cfc6db2a20f85f1edd5485d8c50957', NULL, NULL, NULL, NULL, 1, 1741089508, 1741089508),
(20, 3, NULL, '887309d048beef83ad3eabf2a79a64a389ab1c9f', NULL, NULL, NULL, NULL, 1, 1741100895, 1741100895),
(21, 1, NULL, '608033945cfc6be85955e4f6d316c03bcd1371a0', NULL, NULL, NULL, NULL, 1, 1741100900, 1741100900),
(22, 3, NULL, 'bc33ea4e26e5e1af1408321416956113a4658763', NULL, NULL, NULL, NULL, 1, 1741540058, 1741540058),
(23, 1, NULL, 'b83dc4ef6851be79fa868a5fed167fb9761cbe8e', NULL, NULL, NULL, NULL, 1, 1741618521, 1741618521),
(24, 1, NULL, '871d0ce0d542418cec9e37dd6854d22315f8e35d', NULL, NULL, NULL, NULL, 1, 1741618558, 1741618558),
(25, 1, NULL, 'bc98895abf416b161bdfad9f3dec0ac0928e3f70', NULL, NULL, NULL, NULL, 1, 1741618597, 1741618597),
(26, 1, NULL, '5685fad5530c922c1d899eb108a8a25f3bbdfc01', NULL, NULL, NULL, NULL, 1, 1741618638, 1741618638),
(27, 1, NULL, '81154bac6d0915b7bd71aaac7f09558642e977a7', NULL, NULL, NULL, NULL, 1, 1741693396, 1741693396),
(28, 1, NULL, '017b8dea548c78e7ceca075bec4066e9b85279a9', NULL, NULL, NULL, NULL, 1, 1742297966, 1742297966),
(29, 1, NULL, 'f5e457762ac70a1eff8f16823a99778db0df8a22', NULL, NULL, NULL, NULL, 1, 1742299581, 1742299581),
(30, 3, NULL, '972a67c48192728a34979d9a35164c1295401b71', NULL, NULL, NULL, NULL, 1, 1742993898, 1742993898),
(31, 3, NULL, 'f1abd670358e036c31296e66b3b66c382ac00812', NULL, NULL, NULL, NULL, 1, 1743355787, 1743355787),
(32, 3, NULL, '6c1e671f9af5b46d9c1a52067bdf0e53685674f7', NULL, NULL, NULL, NULL, 1, 1743772034, 1743772034),
(33, 1, NULL, '8a7c5bdce4d1184d8ee6e7aab51482fe74e63592', NULL, NULL, NULL, NULL, 1, 1743772039, 1743772039),
(34, 3, NULL, '761f22b2c1593d0bb87e0b606f990ba4974706de', NULL, NULL, NULL, NULL, 1, 1743772049, 1743772049),
(35, 3, NULL, 'af3e133428b9e25c55bc59fe534248e6a0c0f17b', NULL, NULL, NULL, NULL, 1, 1743772072, 1743772072),
(36, 3, NULL, '827bfc458708f0b442009c9c9836f7e4b65557fb', NULL, NULL, NULL, NULL, 1, 1743772075, 1743772075),
(37, 3, NULL, '64e095fe763fc62418378753f9402623bea9e227', NULL, NULL, NULL, NULL, 1, 1743772077, 1743772077),
(38, 1, NULL, '81053f49e8bd11b64bcc3ab05d105ef4237e4156', NULL, NULL, NULL, NULL, 1, 1743772078, 1743772078),
(39, 3, NULL, 'cb7a1d775e800fd1ee4049f7dca9e041eb9ba083', NULL, NULL, NULL, NULL, 1, 1743772079, 1743772079),
(40, 3, NULL, '9109c85a45b703f87f1413a405549a2cea9ab556', NULL, NULL, NULL, NULL, 1, 1743772083, 1743772083),
(41, 1, NULL, 'ac4e8290522c2a42aea07209668713f74b3b9b3d', NULL, NULL, NULL, NULL, 1, 1743772084, 1743772084),
(42, 1, NULL, '60b46bd84afede9518fa53e67850f5acec9098c0', NULL, NULL, NULL, NULL, 1, 1743772084, 1743772084),
(43, 3, NULL, 'e1822db470e60d090affd0956d743cb0e7cdf113', NULL, NULL, NULL, NULL, 1, 1743772086, 1743772086),
(44, 1, NULL, 'f70d9fa005c641f3e2409f66df9e1faea619bdf0', NULL, NULL, NULL, NULL, 1, 1743772090, 1743772090),
(45, 1, NULL, '7fbfdc90469b6ab1a9255b0402a6c9fd301d8c9f', NULL, NULL, NULL, NULL, 1, 1743772095, 1743772095),
(46, 3, NULL, '80e28a51cbc26fa4bd34938c5e593b36146f5e0c', NULL, NULL, NULL, NULL, 1, 1743772096, 1743772096),
(47, 3, NULL, '511a418e72591eb7e33f703f04c3fa16df6c90bd', NULL, NULL, NULL, NULL, 1, 1743772108, 1743772108),
(48, 3, NULL, '92cfceb39d57d914ed8b14d0e37643de0797ae56', NULL, NULL, NULL, NULL, 1, 1743772120, 1743772120),
(49, 1, NULL, '35e985612da7343286843f07fac552accc722496', NULL, NULL, NULL, NULL, 1, 1743772125, 1743772125),
(50, 3, NULL, 'e6c3dd630428fd54834172b8fd2735fed9416da4', NULL, NULL, NULL, NULL, 1, 1743772126, 1743772126),
(51, 1, NULL, 'a96ecb3413621b65a6badd0fb680464a373ad8a4', NULL, NULL, NULL, NULL, 1, 1743772126, 1743772126),
(52, 3, NULL, '2a459380709e2fe4ac2dae5733c73225ff6cfee1', NULL, NULL, NULL, NULL, 1, 1743772136, 1743772136),
(53, 1, NULL, '0c568be66d79be7c8c7a33d81e90604c3f39bde6', NULL, NULL, NULL, NULL, 1, 1743772146, 1743772146),
(54, 1, NULL, 'b64fc5553e1c9c753762fe487b416343392a1fda', NULL, NULL, NULL, NULL, 1, 1743772147, 1743772147),
(55, 3, NULL, 'b4c96d80854dd27e76d8cc9e21960eebda52e962', NULL, NULL, NULL, NULL, 1, 1743772148, 1743772148),
(56, 3, NULL, 'c5b76da3e608d34edb07244cd9b875ee86906328', NULL, NULL, NULL, NULL, 1, 1743772152, 1743772152),
(57, 3, NULL, '54ceb91256e8190e474aa752a6e0650a2df5ba37', NULL, NULL, NULL, NULL, 1, 1743772153, 1743772153),
(58, 1, NULL, 'd132cde0069d4830879d475ed5c324a602e43fbe', NULL, NULL, NULL, NULL, 1, 1743772154, 1743772154),
(59, 3, NULL, 'ca3512f4dfa95a03169c5a670a4c91a19b3077b4', NULL, NULL, NULL, NULL, 1, 1743772160, 1743772160),
(60, 3, NULL, '4d89d294cd4ca9f2ca57dc24a53ffb3ef5303122', NULL, NULL, NULL, NULL, 1, 1743772163, 1743772163),
(61, 3, NULL, '98fbc42faedc02492397cb5962ea3a3ffc0a9243', NULL, NULL, NULL, NULL, 1, 1743772163, 1743772163),
(62, 1, NULL, '3ae35f897e5d26fae4a9ed8dde6a4fe09fb876b1', NULL, NULL, NULL, NULL, 1, 1743772166, 1743772166),
(63, 1, NULL, 'c4a3fb2c0cc47c4b87a8e6c6834768a25e3abf2c', NULL, NULL, NULL, NULL, 1, 1743772166, 1743772166),
(64, 1, NULL, 'f038ced48eb0d7c7c53085188195581937853163', NULL, NULL, NULL, NULL, 1, 1743772171, 1743772171),
(65, 3, NULL, '0286dd552c9bea9a69ecb3759e7b94777635514b', NULL, NULL, NULL, NULL, 1, 1743772181, 1743772181),
(66, 1, NULL, 'b9562d5e3aafb918b4cdb6a352c10eb5d216926d', NULL, NULL, NULL, NULL, 1, 1743772183, 1743772183),
(67, 1, NULL, '6f7ac15d5cd2dfe483a81ec00687a98cb4c804a2', NULL, NULL, NULL, NULL, 1, 1743772186, 1743772186),
(68, 3, NULL, 'a17554a0d2b15a664c0e73900184544f19e70227', NULL, NULL, NULL, NULL, 1, 1743772195, 1743772195),
(69, 3, NULL, '5a5b0f9b7d3f8fc84c3cef8fd8efaaa6c70d75ab', NULL, NULL, NULL, NULL, 1, 1743772200, 1743772200),
(70, 1, NULL, '1dc79799d7791ae9e1b8a9283bc10c716507a213', NULL, NULL, NULL, NULL, 1, 1743772200, 1743772200),
(71, 1, NULL, 'fed802871c7e693da615281678ea3753cbb71447', NULL, NULL, NULL, NULL, 1, 1743772200, 1743772200),
(72, 3, NULL, 'c66c65175fecc3103b3b587be9b5b230889c8628', NULL, NULL, NULL, NULL, 1, 1743772200, 1743772200),
(73, 3, NULL, '8effee409c625e1a2d8f5033631840e6ce1dcb64', NULL, NULL, NULL, NULL, 1, 1743772201, 1743772201),
(74, 1, NULL, 'c067a0c8ae7b86d52b8c242cd20578cc4b6a577d', NULL, NULL, NULL, NULL, 1, 1743772202, 1743772202),
(75, 1, NULL, '19773f79bc5883b56ecb41af5ba5f18c63ff3962', NULL, NULL, NULL, NULL, 1, 1743772207, 1743772207),
(76, 1, NULL, 'fba5b3a5355322ca71397bff586a1efc6ff1b0b1', NULL, NULL, NULL, NULL, 1, 1743772223, 1743772223),
(77, 3, NULL, 'a9334987ece78b6fe8bf130ef00b74847c1d3da6', NULL, NULL, NULL, NULL, 1, 1743772226, 1743772226),
(78, 3, NULL, 'b7eb6c689c037217079766fdb77c3bac3e51cb4c', NULL, NULL, NULL, NULL, 1, 1743772227, 1743772227),
(79, 3, NULL, 'fe2ef495a1152561572949784c16bf23abb28057', NULL, NULL, NULL, NULL, 1, 1743772228, 1743772228),
(80, 1, NULL, 'a2ce042fcbc80a204b10be76648adccd8bec1965', NULL, NULL, NULL, NULL, 1, 1743772232, 1743772232),
(81, 1, NULL, '5937918e131ac15509020206ba5b644b08b2a575', NULL, NULL, NULL, NULL, 1, 1743772250, 1743772250),
(82, 1, NULL, '98c6c7c05de53efa40e724e434da448a3c1985da', NULL, NULL, NULL, NULL, 1, 1743772251, 1743772251),
(83, 3, NULL, '667be543b02294b7624119adc3a725473df39885', NULL, NULL, NULL, NULL, 1, 1743772252, 1743772252),
(84, 1, NULL, '0bd228a0056bcea27a45d8b0ff00947dc4fb3a6d', NULL, NULL, NULL, NULL, 1, 1743772258, 1743772258),
(85, 3, NULL, '59129aacfb6cebbe2c52f30ef3424209f7252e82', NULL, NULL, NULL, NULL, 1, 1743772265, 1743772265),
(86, 1, NULL, '658b5d6dcb74fe83a2899afc18a53aa0f6735603', NULL, NULL, NULL, NULL, 1, 1743772282, 1743772282),
(87, 1, NULL, 'c7a87570d28d5ab7aa6b447c5d0152166fbe52a1', NULL, NULL, NULL, NULL, 1, 1743772282, 1743772282),
(88, 1, NULL, '0587c379be4598d5aec57723cd0d6d80b43da1d5', NULL, NULL, NULL, NULL, 1, 1743772283, 1743772283),
(89, 3, NULL, '2e01e17467891f7c933dbaa00e1459d23db3fe4f', NULL, NULL, NULL, NULL, 1, 1743772285, 1743772285),
(90, 1, NULL, 'a31756ed0f098075d7a961616f57fbc0848198ca', NULL, NULL, NULL, NULL, 1, 1743772288, 1743772288),
(91, 1, NULL, '484fe46b2c545aa06260555dbdcb5d8073ff949e', NULL, NULL, NULL, NULL, 1, 1743772339, 1743772339),
(92, 1, NULL, 'e8ca5a99e01c71700183a995ec27345af4ae359c', NULL, NULL, NULL, NULL, 1, 1743772355, 1743772355),
(93, 1, NULL, 'addd8202d8d2f211240a7033e09f457d7fa7d466', NULL, NULL, NULL, NULL, 1, 1743772356, 1743772356),
(94, 3, NULL, 'fb644351560d8296fe6da332236b1f8d61b2828a', NULL, NULL, NULL, NULL, 1, 1743772362, 1743772362),
(95, 1, NULL, '91070485cf5ee80790d2e3cace525736f5d01916', NULL, NULL, NULL, NULL, 1, 1743772366, 1743772366),
(96, 1, NULL, '5ca4f787fa39e0bcdc7888f2278e2a7c59442df5', NULL, NULL, NULL, NULL, 1, 1743772369, 1743772369),
(97, 1, NULL, '66c2baaf2734955d265fb6ab9699c0b24759d008', NULL, NULL, NULL, NULL, 1, 1743772379, 1743772379),
(98, 1, NULL, 'eacd3180499392127259447178e1d387ba6ed0ca', NULL, NULL, NULL, NULL, 1, 1743772384, 1743772384),
(99, 1, NULL, '53d959afc835f23ae0ae07d624de8989e7195ae2', NULL, NULL, NULL, NULL, 1, 1743772388, 1743772388),
(100, 1, NULL, '917c2f94fd509dc307d10392081bdc03d9e3231a', NULL, NULL, NULL, NULL, 1, 1743772395, 1743772395),
(101, 1, NULL, '25f07e442ea15a2ef60ee1c0b5814950398dbcfb', NULL, NULL, NULL, NULL, 1, 1743772397, 1743772397),
(102, 1, NULL, 'e454d62df448c1fa91f0a5e983566f682d27c836', NULL, NULL, NULL, NULL, 1, 1743772406, 1743772406),
(103, 3, NULL, '5b384ce32d8cdef02bc3a139d4cac0a22bb029e8', NULL, NULL, NULL, NULL, 1, 1743772409, 1743772409),
(104, 1, NULL, '510a28b83dd5fb712de0cfc1652282f3e3f84f12', NULL, NULL, NULL, NULL, 1, 1743772413, 1743772413),
(105, 1, NULL, 'b931d70a3000d0c1d3f9da9abc7ec97387c97b24', NULL, NULL, NULL, NULL, 1, 1743772416, 1743772416),
(106, 1, NULL, 'df464a472a4d5409a376a705a45b18ca614098e0', NULL, NULL, NULL, NULL, 1, 1743772441, 1743772441),
(107, 1, NULL, '90d3c2bd9d8298a651b63bfacfd99cb339bedbdc', NULL, NULL, NULL, NULL, 1, 1743772444, 1743772444),
(108, 1, NULL, '9d93cd0450eb1e23d784d287dfdeb927798870e7', NULL, NULL, NULL, NULL, 1, 1743772487, 1743772487),
(109, 1, NULL, '418ae2be166c434d82cf20516ff7244f982af898', NULL, NULL, NULL, NULL, 1, 1743772513, 1743772513),
(110, 1, NULL, 'c44d98f273f9e97966f7d9e65385a3f975045995', NULL, NULL, NULL, NULL, 1, 1743772516, 1743772516),
(111, 1, NULL, 'ea363742511a7b88f5ab008d2392fc18b4833608', NULL, NULL, NULL, NULL, 1, 1743772581, 1743772581),
(112, 1, NULL, 'fffbbc371ad9555ee08503e5a8acae0d6c3f910a', NULL, NULL, NULL, NULL, 1, 1743772623, 1743772623),
(113, 1, NULL, 'f14456e5a11cddcab9a7f6c992ea247120f35cb4', NULL, NULL, NULL, NULL, 1, 1743772657, 1743772657),
(114, 1, NULL, '8f27ca833e74fbe908cb8df5c66bc02a6f6dc9aa', NULL, NULL, NULL, NULL, 1, 1743772658, 1743772658),
(115, 1, NULL, '24c3d6aa2f15c158cad7b9519a77128e096ba555', NULL, NULL, NULL, NULL, 1, 1743772666, 1743772666),
(116, 1, NULL, '2b484b6a336e1bff713a5a9540ba765ea701b59f', NULL, NULL, NULL, NULL, 1, 1743772692, 1743772692),
(117, 1, NULL, '402aff7ee65a3fb958e472c858ca1218b8c73c43', NULL, NULL, NULL, NULL, 1, 1743772729, 1743772729),
(118, 1, NULL, '5b1f8fe7b8fc41c7626c574652c15007d818d879', NULL, NULL, NULL, NULL, 1, 1743772868, 1743772868),
(119, 1, NULL, '70c198d25fdde50916c9b4f1356a26fd0d26e269', NULL, NULL, NULL, NULL, 1, 1743772954, 1743772954),
(120, 1, NULL, 'f793b6d647da4f7a245fcd1d8311a1696497688d', NULL, NULL, NULL, NULL, 1, 1743773001, 1743773001),
(121, 1, NULL, '42a403e2014cf6c92325034b5c7786d6369247ca', NULL, NULL, NULL, NULL, 1, 1743773030, 1743773030),
(122, 1, NULL, '579540b45c3bb022bec9f930402f0470e82936fa', NULL, NULL, NULL, NULL, 1, 1743773137, 1743773137),
(123, 1, NULL, '9569cd569ded8a5a3c56fcf2e7a4829184cba93b', NULL, NULL, NULL, NULL, 1, 1743773139, 1743773139),
(124, 1, NULL, '0674f352bb06029e9815889519ed1c601f11b47d', NULL, NULL, NULL, NULL, 1, 1743773181, 1743773181),
(125, 1, NULL, '03dd0d045e9529693486def4eac36c26666c72e0', NULL, NULL, NULL, NULL, 1, 1743773189, 1743773189),
(126, 1, NULL, 'aa788cac33496035fcc8d467de12ccf81980e896', NULL, NULL, NULL, NULL, 1, 1743773197, 1743773197),
(127, 1, NULL, 'bc615db74ea85be7419a9bacd5a18a1d6cf471eb', NULL, NULL, NULL, NULL, 1, 1743773210, 1743773210),
(128, 1, NULL, '7c591e6cefa983d6f30fd3d3b49b4e79f0d083c7', NULL, NULL, NULL, NULL, 1, 1743773212, 1743773212),
(129, 1, NULL, '12dec706cff6ae09f1302ab7d2689075470691f0', NULL, NULL, NULL, NULL, 1, 1743773230, 1743773230),
(130, 1, NULL, 'abe10e31e8c36fe0ea10a84bd763ab930631462a', NULL, NULL, NULL, NULL, 1, 1743773660, 1743773660),
(131, 1, NULL, '454390fc7b927a4fe79d25ad0de7f69974cd67c0', NULL, NULL, NULL, NULL, 1, 1743773751, 1743773751),
(132, 1, NULL, '6266141478d9f5ac5e5f83484361b1e8b23458bc', NULL, NULL, NULL, NULL, 1, 1743773898, 1743773898),
(133, 1, NULL, '1b9db4f99dbe5e1cabc1a8b63934407dbd7936c5', NULL, NULL, NULL, NULL, 1, 1743774003, 1743774003),
(134, 1, NULL, '28bfae3cf30649d01273d6cb9efa0e98f7615762', NULL, NULL, NULL, NULL, 1, 1743774061, 1743774061),
(135, 1, NULL, '78f17d71fd57034b7493df90c81a04dbd67067aa', NULL, NULL, NULL, NULL, 1, 1743774095, 1743774095),
(136, 1, NULL, 'f91136bef92f225009c6c0d16b2e637d61602180', NULL, NULL, NULL, NULL, 1, 1743774111, 1743774111),
(137, 1, NULL, '1b8554e781c94fd0e9a58cb1f51fed60554c997c', NULL, NULL, NULL, NULL, 1, 1743774125, 1743774125),
(138, 1, NULL, '20b51d049daff2801d82db9bbf90db2f9402f6b1', NULL, NULL, NULL, NULL, 1, 1743774136, 1743774136),
(139, 1, NULL, '6d83040cb669bd0793874cb5a4cacfbe093865f6', NULL, NULL, NULL, NULL, 1, 1743774147, 1743774147),
(140, 1, NULL, '398b6304ab2657207a1f5ad1c94dcab6dc81e127', NULL, NULL, NULL, NULL, 1, 1743774152, 1743774152),
(141, 1, NULL, '7c4e2f9e7056340c2dd065d938b80a0f7ae0055f', NULL, NULL, NULL, NULL, 1, 1743774171, 1743774171),
(142, 1, NULL, '398360d5f22b6d35933d0525018f218b4128d94e', NULL, NULL, NULL, NULL, 1, 1743774179, 1743774179),
(143, 1, NULL, '2d3c337ff922abb29c0b8f4765c2c023ab8d8823', NULL, NULL, NULL, NULL, 1, 1743774193, 1743774193),
(144, 1, NULL, 'd2ec9b9e1b84741a2a0e4795cfcd06b1a2d00811', NULL, NULL, NULL, NULL, 1, 1743774197, 1743774197),
(145, 1, NULL, '43975811eac74496177b1c494e1d90bc1ea1a482', NULL, NULL, NULL, NULL, 1, 1743774203, 1743774203),
(146, 1, NULL, '09e4d520af4fd38490e9c99618dad01613c8109f', NULL, NULL, NULL, NULL, 1, 1743774226, 1743774226),
(147, 1, NULL, '2a3c60c83d065ced660ee38f17226f10d9f96840', NULL, NULL, NULL, NULL, 1, 1743774248, 1743774248),
(148, 1, NULL, '73ff91ff614c27cfa94b549d489687e8dc6178dc', NULL, NULL, NULL, NULL, 1, 1743774261, 1743774261),
(149, 1, NULL, 'cc0760e4a516cee20cf69e0c909bfc9217fb7a29', NULL, NULL, NULL, NULL, 1, 1743774298, 1743774298),
(150, 1, NULL, 'c48be27218818299b9688c9445e2fa3fb347b41e', NULL, NULL, NULL, NULL, 1, 1743774317, 1743774317),
(151, 1, NULL, '811b845e1cc75cb6c415317a2f3316498fab0828', NULL, NULL, NULL, NULL, 1, 1743774328, 1743774328),
(152, 1, NULL, '381f135b04b9e54c3438f4232af3d138137bd64e', NULL, NULL, NULL, NULL, 1, 1743774337, 1743774337),
(153, 1, NULL, '13513a1e84b45c21e45bd3c3a73b2b4bfe1418bf', NULL, NULL, NULL, NULL, 1, 1743774352, 1743774352),
(154, 1, NULL, '7df4e830f2400236df8aace2e1b5b12f6c87d6b2', NULL, NULL, NULL, NULL, 1, 1743774372, 1743774372),
(155, 1, NULL, '8bf01640625a2988a3612b1b04603ffeb2cb83a5', NULL, NULL, NULL, NULL, 1, 1743774386, 1743774386),
(156, 1, NULL, '2d456e64dc262f1260c95a3794221e37c61277e1', NULL, NULL, NULL, NULL, 1, 1743774405, 1743774405),
(157, 1, NULL, '5b077231e221b36073434115c9f5c5cc049e9e8a', NULL, NULL, NULL, NULL, 1, 1745922893, 1745922893),
(158, 1, NULL, '444bda9403b961be2c294b3bdaede68d78f2e5aa', NULL, NULL, NULL, NULL, 1, 1747662157, 1747662157),
(159, 3, NULL, '12c6fc06c99a462375eeb3f43dfd832b08ca9e17', NULL, NULL, NULL, NULL, 1, 1747740319, 1747740319),
(160, 1, NULL, 'c1f73b1a2d634566c179c39184f6ebdbb391030b', NULL, NULL, NULL, NULL, 1, 1748342163, 1748342163),
(161, 3, NULL, '7b52009b64fd0a2a49e6d8a939753077792b0554', NULL, NULL, NULL, NULL, 1, 1753988821, 1753988821);

-- --------------------------------------------------------

--
-- Structure de la table `mdl_message_conversation_actions`
--

CREATE TABLE `mdl_message_conversation_actions` (
  `id` bigint NOT NULL,
  `userid` bigint NOT NULL,
  `conversationid` bigint NOT NULL,
  `action` bigint NOT NULL,
  `timecreated` bigint NOT NULL
) ENGINE=InnoDB DEFAULT CHARSET=utf8mb4 COLLATE=utf8mb4_0900_ai_ci COMMENT='Stores all per-user actions on individual conversations' ROW_FORMAT=COMPRESSED;

--
-- Déchargement des données de la table `mdl_message_conversation_actions`
--

INSERT INTO `mdl_message_conversation_actions` (`id`, `userid`, `conversationid`, `action`, `timecreated`) VALUES
(1, 21, 27, 1, 1741695354),
(2, 46, 74, 1, 1743772244),
(3, 21, 29, 1, 1748871332);

-- --------------------------------------------------------

--
-- Structure de la table `mdl_message_conversation_members`
--

CREATE TABLE `mdl_message_conversation_members` (
  `id` bigint NOT NULL,
  `conversationid` bigint NOT NULL,
  `userid` bigint NOT NULL,
  `timecreated` bigint NOT NULL
) ENGINE=InnoDB DEFAULT CHARSET=utf8mb4 COLLATE=utf8mb4_0900_ai_ci COMMENT='Stores all members in a conversations' ROW_FORMAT=COMPRESSED;

--
-- Déchargement des données de la table `mdl_message_conversation_members`
--

INSERT INTO `mdl_message_conversation_members` (`id`, `conversationid`, `userid`, `timecreated`) VALUES
(1, 1, 2, 1728146439),
(2, 2, 3, 1730593526),
(3, 3, 3, 1730809963),
(4, 3, 2, 1730809963),
(5, 4, 3, 1731067766),
(6, 4, 5, 1731067766),
(7, 5, 6, 1734592043),
(8, 6, 6, 1734592056),
(9, 6, 3, 1734592056),
(10, 7, 5, 1737583782),
(11, 8, 13, 1740481210),
(12, 9, 13, 1740481228),
(13, 9, 5, 1740481228),
(14, 10, 21, 1741066642),
(15, 11, 23, 1741088918),
(16, 12, 28, 1741088937),
(17, 13, 23, 1741088943),
(18, 13, 24, 1741088943),
(19, 14, 24, 1741088951),
(20, 15, 25, 1741088961),
(21, 16, 25, 1741088964),
(22, 16, 23, 1741088964),
(23, 17, 28, 1741088980),
(24, 17, 24, 1741088980),
(25, 18, 25, 1741089021),
(26, 18, 28, 1741089021),
(27, 19, 23, 1741089508),
(28, 19, 28, 1741089508),
(29, 20, 26, 1741100895),
(30, 21, 26, 1741100900),
(31, 21, 28, 1741100900),
(32, 22, 27, 1741540058),
(33, 23, 26, 1741618521),
(34, 23, 25, 1741618521),
(35, 24, 26, 1741618558),
(36, 24, 23, 1741618558),
(37, 25, 26, 1741618597),
(38, 25, 27, 1741618597),
(39, 26, 26, 1741618638),
(40, 26, 24, 1741618638),
(41, 27, 21, 1741693396),
(42, 27, 27, 1741693396),
(43, 28, 28, 1742297966),
(44, 28, 27, 1742297966),
(45, 29, 21, 1742299581),
(46, 29, 26, 1742299581),
(47, 30, 35, 1742993898),
(48, 31, 15, 1743355787),
(49, 32, 61, 1743772034),
(50, 33, 61, 1743772039),
(51, 33, 48, 1743772039),
(52, 34, 41, 1743772049),
(53, 35, 40, 1743772072),
(54, 36, 47, 1743772075),
(55, 37, 48, 1743772077),
(56, 38, 40, 1743772078),
(57, 38, 56, 1743772078),
(58, 39, 37, 1743772079),
(59, 40, 57, 1743772083),
(60, 41, 47, 1743772084),
(61, 41, 56, 1743772084),
(62, 42, 37, 1743772084),
(63, 42, 55, 1743772084),
(64, 43, 50, 1743772086),
(65, 44, 50, 1743772090),
(66, 44, 38, 1743772090),
(67, 45, 57, 1743772095),
(68, 45, 48, 1743772095),
(69, 46, 54, 1743772096),
(70, 47, 62, 1743772108),
(71, 48, 42, 1743772120),
(72, 49, 37, 1743772125),
(73, 49, 57, 1743772125),
(74, 50, 60, 1743772126),
(75, 51, 54, 1743772126),
(76, 51, 63, 1743772126),
(77, 52, 65, 1743772136),
(78, 53, 41, 1743772146),
(79, 53, 54, 1743772146),
(80, 54, 65, 1743772147),
(81, 54, 61, 1743772147),
(82, 55, 68, 1743772148),
(83, 56, 53, 1743772152),
(84, 57, 56, 1743772153),
(85, 58, 68, 1743772154),
(86, 58, 55, 1743772154),
(87, 59, 39, 1743772160),
(88, 60, 67, 1743772163),
(89, 61, 44, 1743772163),
(90, 62, 40, 1743772166),
(91, 62, 44, 1743772166),
(92, 63, 62, 1743772166),
(93, 63, 50, 1743772166),
(94, 64, 60, 1743772171),
(95, 64, 54, 1743772171),
(96, 65, 43, 1743772181),
(97, 66, 40, 1743772183),
(98, 66, 53, 1743772183),
(99, 67, 43, 1743772186),
(100, 67, 41, 1743772186),
(101, 68, 63, 1743772195),
(102, 69, 59, 1743772200),
(103, 70, 67, 1743772200),
(104, 70, 64, 1743772200),
(105, 71, 40, 1743772200),
(106, 71, 60, 1743772200),
(107, 72, 64, 1743772200),
(108, 73, 55, 1743772201),
(109, 74, 44, 1743772202),
(110, 74, 46, 1743772202),
(111, 75, 59, 1743772207),
(112, 75, 50, 1743772207),
(113, 76, 40, 1743772223),
(114, 76, 48, 1743772223),
(115, 77, 52, 1743772226),
(116, 78, 51, 1743772227),
(117, 79, 46, 1743772228),
(118, 80, 52, 1743772232),
(119, 80, 55, 1743772232),
(120, 81, 68, 1743772250),
(121, 81, 54, 1743772250),
(122, 82, 43, 1743772251),
(123, 82, 54, 1743772251),
(124, 83, 58, 1743772252),
(125, 84, 58, 1743772258),
(126, 84, 61, 1743772258),
(127, 85, 66, 1743772265),
(128, 86, 66, 1743772282),
(129, 86, 49, 1743772282),
(130, 87, 40, 1743772282),
(131, 87, 50, 1743772282),
(132, 88, 59, 1743772283),
(133, 88, 65, 1743772283),
(134, 89, 49, 1743772285),
(135, 90, 37, 1743772288),
(136, 90, 39, 1743772288),
(137, 91, 52, 1743772339),
(138, 91, 64, 1743772339),
(139, 92, 40, 1743772355),
(140, 92, 57, 1743772355),
(141, 93, 67, 1743772356),
(142, 93, 52, 1743772356),
(143, 94, 45, 1743772362),
(144, 95, 47, 1743772366),
(145, 95, 57, 1743772366),
(146, 96, 64, 1743772369),
(147, 96, 55, 1743772369),
(148, 97, 49, 1743772379),
(149, 97, 51, 1743772379),
(150, 98, 64, 1743772384),
(151, 98, 60, 1743772384),
(152, 99, 60, 1743772388),
(153, 99, 55, 1743772388),
(154, 100, 53, 1743772395),
(155, 100, 42, 1743772395),
(156, 101, 45, 1743772397),
(157, 101, 38, 1743772397),
(158, 102, 37, 1743772406),
(159, 102, 40, 1743772406),
(160, 103, 38, 1743772409),
(161, 104, 38, 1743772413),
(162, 104, 37, 1743772413),
(163, 105, 63, 1743772416),
(164, 105, 64, 1743772416),
(165, 106, 66, 1743772441),
(166, 106, 55, 1743772441),
(167, 107, 58, 1743772444),
(168, 107, 65, 1743772444),
(169, 108, 59, 1743772487),
(170, 108, 61, 1743772487),
(171, 109, 47, 1743772513),
(172, 109, 61, 1743772513),
(173, 110, 63, 1743772516),
(174, 110, 52, 1743772516),
(175, 111, 47, 1743772581),
(176, 111, 50, 1743772581),
(177, 112, 37, 1743772623),
(178, 112, 45, 1743772623),
(179, 113, 47, 1743772657),
(180, 113, 62, 1743772657),
(181, 114, 38, 1743772658),
(182, 114, 44, 1743772658),
(183, 115, 64, 1743772666),
(184, 115, 54, 1743772666),
(185, 116, 48, 1743772692),
(186, 116, 56, 1743772692),
(187, 117, 51, 1743772729),
(188, 117, 52, 1743772729),
(189, 118, 47, 1743772868),
(190, 118, 65, 1743772868),
(191, 119, 47, 1743772954),
(192, 119, 48, 1743772954),
(193, 120, 47, 1743773001),
(194, 120, 40, 1743773001),
(195, 121, 47, 1743773030),
(196, 121, 45, 1743773030),
(197, 122, 64, 1743773137),
(198, 122, 47, 1743773137),
(199, 123, 68, 1743773139),
(200, 123, 60, 1743773139),
(201, 124, 60, 1743773181),
(202, 124, 58, 1743773181),
(203, 125, 40, 1743773189),
(204, 125, 61, 1743773189),
(205, 126, 68, 1743773197),
(206, 126, 52, 1743773197),
(207, 127, 40, 1743773210),
(208, 127, 59, 1743773210),
(209, 128, 63, 1743773212),
(210, 128, 47, 1743773212),
(211, 129, 40, 1743773230),
(212, 129, 45, 1743773230),
(213, 130, 60, 1743773660),
(214, 130, 52, 1743773660),
(215, 131, 68, 1743773751),
(216, 131, 64, 1743773751),
(217, 132, 44, 1743773898),
(218, 132, 60, 1743773898),
(219, 133, 44, 1743774003),
(220, 133, 37, 1743774003),
(221, 134, 44, 1743774061),
(222, 134, 43, 1743774061),
(223, 135, 44, 1743774095),
(224, 135, 41, 1743774095),
(225, 136, 44, 1743774111),
(226, 136, 51, 1743774111),
(227, 137, 44, 1743774125),
(228, 137, 68, 1743774125),
(229, 138, 44, 1743774136),
(230, 138, 64, 1743774136),
(231, 139, 44, 1743774147),
(232, 139, 45, 1743774147),
(233, 140, 44, 1743774152),
(234, 140, 67, 1743774152),
(235, 141, 44, 1743774171),
(236, 141, 53, 1743774171),
(237, 142, 44, 1743774179),
(238, 142, 57, 1743774179),
(239, 143, 44, 1743774193),
(240, 143, 50, 1743774193),
(241, 144, 44, 1743774197),
(242, 144, 26, 1743774197),
(243, 145, 44, 1743774203),
(244, 145, 66, 1743774203),
(245, 146, 44, 1743774226),
(246, 146, 54, 1743774226),
(247, 147, 44, 1743774248),
(248, 147, 52, 1743774248),
(249, 148, 44, 1743774261),
(250, 148, 48, 1743774261),
(251, 149, 44, 1743774298),
(252, 149, 61, 1743774298),
(253, 150, 44, 1743774317),
(254, 150, 56, 1743774317),
(255, 151, 44, 1743774328),
(256, 151, 39, 1743774328),
(257, 152, 44, 1743774337),
(258, 152, 42, 1743774337),
(259, 153, 44, 1743774352),
(260, 153, 62, 1743774352),
(261, 154, 44, 1743774372),
(262, 154, 59, 1743774372),
(263, 155, 52, 1743774386),
(264, 155, 47, 1743774386),
(265, 156, 44, 1743774405),
(266, 156, 58, 1743774405),
(267, 157, 24, 1745922893),
(268, 157, 21, 1745922893),
(269, 158, 28, 1747662157),
(270, 158, 21, 1747662157),
(271, 159, 22, 1747740319),
(272, 160, 21, 1748342163),
(273, 160, 23, 1748342163),
(274, 161, 12, 1753988821);

-- --------------------------------------------------------

--
-- Structure de la table `mdl_message_email_messages`
--

CREATE TABLE `mdl_message_email_messages` (
  `id` bigint NOT NULL,
  `useridto` bigint NOT NULL,
  `conversationid` bigint NOT NULL,
  `messageid` bigint NOT NULL
) ENGINE=InnoDB DEFAULT CHARSET=utf8mb4 COLLATE=utf8mb4_0900_ai_ci COMMENT='Keeps track of what emails to send in an email digest' ROW_FORMAT=COMPRESSED;

-- --------------------------------------------------------

--
-- Structure de la table `mdl_message_popup`
--

CREATE TABLE `mdl_message_popup` (
  `id` bigint NOT NULL,
  `messageid` bigint NOT NULL,
  `isread` tinyint(1) NOT NULL DEFAULT '0'
) ENGINE=InnoDB DEFAULT CHARSET=utf8mb4 COLLATE=utf8mb4_0900_ai_ci COMMENT='Keep state of notifications for the popup message processor' ROW_FORMAT=COMPRESSED;

-- --------------------------------------------------------

--
-- Structure de la table `mdl_message_popup_notifications`
--

CREATE TABLE `mdl_message_popup_notifications` (
  `id` bigint NOT NULL,
  `notificationid` bigint NOT NULL
) ENGINE=InnoDB DEFAULT CHARSET=utf8mb4 COLLATE=utf8mb4_0900_ai_ci COMMENT='List of notifications to display in the message output popup' ROW_FORMAT=COMPRESSED;

--
-- Déchargement des données de la table `mdl_message_popup_notifications`
--

INSERT INTO `mdl_message_popup_notifications` (`id`, `notificationid`) VALUES
(1, 1),
(2, 2),
(3, 3),
(4, 4),
(5, 5),
(6, 6),
(7, 7),
(8, 8),
(9, 9),
(10, 10),
(11, 11),
(12, 12),
(13, 13),
(14, 14),
(15, 15),
(16, 16),
(17, 17),
(18, 18),
(19, 19),
(20, 20),
(21, 21),
(22, 22),
(23, 23),
(24, 24),
(25, 25),
(26, 26),
(27, 27),
(28, 28),
(29, 29),
(30, 30),
(31, 31),
(32, 32),
(33, 33),
(34, 34),
(35, 35),
(36, 36),
(37, 37),
(38, 38),
(39, 39),
(40, 40),
(41, 41),
(42, 42),
(43, 43),
(44, 44),
(45, 45),
(46, 46),
(47, 47),
(48, 48),
(49, 49),
(50, 50),
(51, 51),
(52, 52),
(53, 53),
(54, 54),
(55, 55),
(56, 56),
(57, 57),
(58, 58),
(59, 59),
(60, 60),
(61, 61),
(62, 62),
(63, 63),
(64, 64),
(65, 65),
(66, 66),
(67, 67),
(68, 68),
(69, 69),
(70, 70),
(71, 71),
(72, 72),
(73, 73),
(74, 74),
(75, 75),
(76, 76),
(77, 77),
(78, 78),
(79, 79),
(80, 80),
(81, 81),
(82, 82),
(83, 83),
(84, 84),
(85, 85),
(86, 86),
(87, 87),
(88, 88),
(89, 89),
(90, 90),
(91, 91),
(92, 92),
(93, 93),
(94, 94),
(95, 95),
(96, 96),
(97, 97),
(98, 98),
(99, 99),
(100, 100),
(101, 101),
(102, 102),
(103, 103),
(104, 104),
(105, 105),
(106, 106),
(107, 107),
(108, 108),
(109, 109),
(110, 110),
(111, 111),
(112, 112),
(113, 113),
(114, 114),
(115, 115),
(116, 116),
(117, 117),
(118, 118),
(119, 119),
(120, 120),
(121, 121),
(122, 122),
(123, 123),
(124, 124),
(125, 125),
(126, 126),
(127, 127),
(128, 128),
(129, 129),
(130, 130),
(131, 131),
(132, 132),
(133, 133),
(134, 134),
(135, 135),
(136, 136),
(137, 137),
(138, 138),
(139, 139),
(140, 140),
(141, 141),
(142, 142),
(143, 143),
(144, 144),
(145, 145),
(146, 146),
(147, 147),
(148, 148),
(149, 149),
(150, 151),
(151, 152),
(152, 159),
(153, 160),
(154, 161),
(155, 164),
(156, 165),
(157, 166),
(158, 167),
(159, 168),
(160, 169),
(161, 170),
(162, 171),
(163, 172),
(164, 173),
(165, 174),
(166, 175),
(167, 176),
(168, 177),
(169, 178),
(170, 179),
(171, 180),
(172, 181),
(173, 182),
(174, 183),
(175, 184),
(176, 185),
(177, 186),
(178, 187),
(179, 204),
(180, 206),
(181, 207),
(182, 208),
(183, 209),
(184, 210),
(185, 211),
(186, 212),
(187, 213),
(188, 214),
(189, 215),
(190, 216),
(191, 217),
(192, 218),
(193, 219),
(194, 220),
(195, 221),
(196, 222),
(197, 223),
(198, 224),
(199, 225),
(200, 226),
(201, 227),
(202, 228),
(203, 229),
(204, 230),
(205, 231),
(206, 232),
(207, 233),
(208, 234),
(209, 235),
(210, 236),
(211, 237),
(212, 238),
(213, 239),
(214, 240),
(215, 241),
(216, 242),
(217, 243),
(218, 244),
(219, 245),
(220, 246),
(221, 247),
(222, 248),
(223, 249),
(224, 250),
(225, 251),
(226, 252),
(227, 253),
(228, 254),
(229, 255),
(230, 256),
(231, 257),
(232, 258),
(233, 259),
(234, 260),
(235, 261),
(236, 262),
(237, 263),
(238, 264),
(239, 265),
(240, 266),
(241, 267),
(242, 268),
(243, 269),
(244, 270),
(245, 271),
(246, 272);

-- --------------------------------------------------------

--
-- Structure de la table `mdl_message_processors`
--

CREATE TABLE `mdl_message_processors` (
  `id` bigint NOT NULL,
  `name` varchar(166) CHARACTER SET utf8mb4 COLLATE utf8mb4_0900_ai_ci NOT NULL DEFAULT '',
  `enabled` tinyint(1) NOT NULL DEFAULT '1'
) ENGINE=InnoDB DEFAULT CHARSET=utf8mb4 COLLATE=utf8mb4_0900_ai_ci COMMENT='List of message output plugins' ROW_FORMAT=COMPRESSED;

--
-- Déchargement des données de la table `mdl_message_processors`
--

INSERT INTO `mdl_message_processors` (`id`, `name`, `enabled`) VALUES
(1, 'airnotifier', 1),
(2, 'email', 1),
(3, 'popup', 1);

-- --------------------------------------------------------

--
-- Structure de la table `mdl_message_providers`
--

CREATE TABLE `mdl_message_providers` (
  `id` bigint NOT NULL,
  `name` varchar(100) CHARACTER SET utf8mb4 COLLATE utf8mb4_0900_ai_ci NOT NULL DEFAULT '',
  `component` varchar(200) CHARACTER SET utf8mb4 COLLATE utf8mb4_0900_ai_ci NOT NULL DEFAULT '',
  `capability` varchar(255) CHARACTER SET utf8mb4 COLLATE utf8mb4_0900_ai_ci DEFAULT NULL
) ENGINE=InnoDB DEFAULT CHARSET=utf8mb4 COLLATE=utf8mb4_0900_ai_ci COMMENT='This table stores the message providers (modules and core sy' ROW_FORMAT=COMPRESSED;

--
-- Déchargement des données de la table `mdl_message_providers`
--

INSERT INTO `mdl_message_providers` (`id`, `name`, `component`, `capability`) VALUES
(1, 'newlogin', 'moodle', NULL),
(2, 'notices', 'moodle', 'moodle/site:config'),
(3, 'errors', 'moodle', 'moodle/site:config'),
(4, 'availableupdate', 'moodle', 'moodle/site:config'),
(5, 'instantmessage', 'moodle', NULL),
(6, 'backup', 'moodle', 'moodle/site:config'),
(7, 'courserequested', 'moodle', 'moodle/site:approvecourse'),
(8, 'courserequestapproved', 'moodle', 'moodle/course:request'),
(9, 'courserequestrejected', 'moodle', 'moodle/course:request'),
(10, 'coursecompleted', 'moodle', NULL),
(11, 'coursecontentupdated', 'moodle', NULL),
(12, 'badgerecipientnotice', 'moodle', 'moodle/badges:earnbadge'),
(13, 'badgecreatornotice', 'moodle', NULL),
(14, 'competencyplancomment', 'moodle', NULL),
(15, 'competencyusercompcomment', 'moodle', NULL),
(16, 'insights', 'moodle', NULL),
(17, 'messagecontactrequests', 'moodle', NULL),
(18, 'asyncbackupnotification', 'moodle', NULL),
(19, 'gradenotifications', 'moodle', NULL),
(20, 'infected', 'moodle', 'moodle/site:config'),
(21, 'reportbuilderschedule', 'moodle', NULL),
(22, 'failedtaskmaxdelay', 'moodle', 'moodle/site:config'),
(23, 'enrolcoursewelcomemessage', 'moodle', NULL),
(24, 'assign_notification', 'mod_assign', NULL),
(25, 'recording_ready', 'mod_bigbluebuttonbn', NULL),
(26, 'instance_updated', 'mod_bigbluebuttonbn', NULL),
(27, 'submission', 'mod_feedback', NULL),
(28, 'message', 'mod_feedback', NULL),
(29, 'posts', 'mod_forum', NULL),
(30, 'digests', 'mod_forum', NULL),
(31, 'graded_essay', 'mod_lesson', NULL),
(32, 'submission', 'mod_quiz', 'mod/quiz:emailnotifysubmission'),
(33, 'confirmation', 'mod_quiz', 'mod/quiz:emailconfirmsubmission'),
(34, 'attempt_overdue', 'mod_quiz', 'mod/quiz:emailwarnoverdue'),
(35, 'attempt_grading_complete', 'mod_quiz', 'mod/quiz:emailnotifyattemptgraded'),
(36, 'flatfile_enrolment', 'enrol_flatfile', NULL),
(37, 'imsenterprise_enrolment', 'enrol_imsenterprise', NULL),
(38, 'expiry_notification', 'enrol_manual', NULL),
(39, 'paypal_enrolment', 'enrol_paypal', NULL),
(40, 'expiry_notification', 'enrol_self', NULL),
(41, 'contactdataprotectionofficer', 'tool_dataprivacy', 'tool/dataprivacy:managedatarequests'),
(42, 'datarequestprocessingresults', 'tool_dataprivacy', NULL),
(43, 'notifyexceptions', 'tool_dataprivacy', 'tool/dataprivacy:managedatarequests'),
(44, 'invalidrecipienthandler', 'tool_messageinbound', NULL),
(45, 'messageprocessingerror', 'tool_messageinbound', NULL),
(46, 'messageprocessingsuccess', 'tool_messageinbound', NULL),
(47, 'notification', 'tool_monitor', 'tool/monitor:subscribe'),
(48, 'dataform_notification', 'mod_dataform', NULL),
(49, 'assign_due_soon', 'mod_assign', NULL),
(50, 'assign_overdue', 'mod_assign', NULL),
(51, 'assign_due_digest', 'mod_assign', NULL),
(52, 'quiz_open_soon', 'mod_quiz', NULL),
(53, 'adminnotice', 'block_xp', 'moodle/site:config'),
(54, 'questionchanged', 'mod_studentquiz', 'mod/studentquiz:emailnotifyquestion'),
(55, 'commentadded', 'mod_studentquiz', 'mod/studentquiz:emailnotifycommentadded'),
(56, 'commentdeleted', 'mod_studentquiz', 'mod/studentquiz:emailnotifycommentdeleted'),
(57, 'deleteorphanedquestions', 'mod_studentquiz', 'mod/studentquiz:systemnotifytaskdeleteorphanedquestions'),
(58, 'minecommentdeleted', 'mod_studentquiz', 'mod/studentquiz:emailnotifycommentdeleted'),
(59, 'welcomemessage', 'enrol_xp', NULL),
(60, 'blockcompleted', 'block_completion_levels', NULL),
(61, 'intelliboard_notification', 'local_intelliboard', NULL),
(62, 'message', 'mod_questionnaire', NULL),
(63, 'notification', 'mod_questionnaire', NULL),
(64, 'invalidresponses', 'mod_threesixo', NULL);

-- --------------------------------------------------------

--
-- Structure de la table `mdl_message_read`
--

CREATE TABLE `mdl_message_read` (
  `id` bigint NOT NULL,
  `useridfrom` bigint NOT NULL DEFAULT '0',
  `useridto` bigint NOT NULL DEFAULT '0',
  `subject` longtext CHARACTER SET utf8mb4 COLLATE utf8mb4_0900_ai_ci,
  `fullmessage` longtext CHARACTER SET utf8mb4 COLLATE utf8mb4_0900_ai_ci,
  `fullmessageformat` smallint DEFAULT '0',
  `fullmessagehtml` longtext CHARACTER SET utf8mb4 COLLATE utf8mb4_0900_ai_ci,
  `smallmessage` longtext CHARACTER SET utf8mb4 COLLATE utf8mb4_0900_ai_ci,
  `notification` tinyint(1) DEFAULT '0',
  `contexturl` longtext CHARACTER SET utf8mb4 COLLATE utf8mb4_0900_ai_ci,
  `contexturlname` longtext CHARACTER SET utf8mb4 COLLATE utf8mb4_0900_ai_ci,
  `timecreated` bigint NOT NULL DEFAULT '0',
  `timeread` bigint NOT NULL DEFAULT '0',
  `timeuserfromdeleted` bigint NOT NULL DEFAULT '0',
  `timeusertodeleted` bigint NOT NULL DEFAULT '0',
  `component` varchar(100) CHARACTER SET utf8mb4 COLLATE utf8mb4_0900_ai_ci DEFAULT NULL,
  `eventtype` varchar(100) CHARACTER SET utf8mb4 COLLATE utf8mb4_0900_ai_ci DEFAULT NULL
) ENGINE=InnoDB DEFAULT CHARSET=utf8mb4 COLLATE=utf8mb4_0900_ai_ci COMMENT='Stores all messages that have been read' ROW_FORMAT=COMPRESSED;

-- --------------------------------------------------------

--
-- Structure de la table `mdl_message_users_blocked`
--

CREATE TABLE `mdl_message_users_blocked` (
  `id` bigint NOT NULL,
  `userid` bigint NOT NULL,
  `blockeduserid` bigint NOT NULL,
  `timecreated` bigint DEFAULT NULL
) ENGINE=InnoDB DEFAULT CHARSET=utf8mb4 COLLATE=utf8mb4_0900_ai_ci COMMENT='Maintains lists of blocked users' ROW_FORMAT=COMPRESSED;

--
-- Déchargement des données de la table `mdl_message_users_blocked`
--

INSERT INTO `mdl_message_users_blocked` (`id`, `userid`, `blockeduserid`, `timecreated`) VALUES
(1, 46, 44, 1743772249),
(2, 48, 56, 1743774485);

-- --------------------------------------------------------

--
-- Structure de la table `mdl_message_user_actions`
--

CREATE TABLE `mdl_message_user_actions` (
  `id` bigint NOT NULL,
  `userid` bigint NOT NULL,
  `messageid` bigint NOT NULL,
  `action` bigint NOT NULL,
  `timecreated` bigint NOT NULL
) ENGINE=InnoDB DEFAULT CHARSET=utf8mb4 COLLATE=utf8mb4_0900_ai_ci COMMENT='Stores all per-user actions on individual messages' ROW_FORMAT=COMPRESSED;

--
-- Déchargement des données de la table `mdl_message_user_actions`
--

INSERT INTO `mdl_message_user_actions` (`id`, `userid`, `messageid`, `action`, `timecreated`) VALUES
(1, 2, 2, 1, 1730871358),
(2, 3, 3, 1, 1730920891),
(3, 2, 7, 1, 1734477427),
(4, 3, 8, 1, 1734505976),
(5, 2, 9, 1, 1734506083),
(6, 2, 10, 1, 1734506083),
(7, 3, 11, 1, 1734506103),
(8, 3, 14, 1, 1734551387),
(9, 3, 15, 1, 1734608330),
(10, 2, 16, 1, 1735554291),
(11, 3, 17, 1, 1735554428),
(12, 3, 18, 1, 1736460129),
(13, 5, 4, 1, 1737583784),
(14, 3, 19, 1, 1737584978),
(15, 5, 24, 1, 1740495458),
(16, 5, 25, 1, 1740495458),
(17, 5, 26, 1, 1740495458),
(18, 5, 27, 1, 1740495458),
(19, 13, 28, 1, 1740569487),
(20, 13, 29, 1, 1740569487),
(21, 24, 32, 1, 1741088952),
(22, 23, 33, 1, 1741088974),
(23, 25, 34, 1, 1741088996),
(24, 24, 35, 1, 1741089317),
(25, 28, 36, 1, 1741089332),
(26, 28, 38, 1, 1741089401),
(27, 24, 37, 1, 1741089442),
(28, 24, 41, 1, 1741089442),
(29, 28, 42, 2, 1741089447),
(30, 28, 40, 2, 1741089451),
(31, 23, 43, 1, 1741089451),
(32, 24, 45, 1, 1741089481),
(33, 25, 39, 1, 1741089503),
(34, 24, 40, 1, 1741089532),
(35, 24, 42, 1, 1741089532),
(36, 24, 44, 1, 1741089532),
(37, 23, 50, 1, 1741089583),
(38, 28, 47, 1, 1741090444),
(39, 28, 48, 1, 1741090444),
(40, 28, 49, 1, 1741090444),
(41, 28, 46, 1, 1741090461),
(42, 25, 52, 1, 1741090474),
(43, 24, 51, 1, 1741090651),
(44, 24, 57, 1, 1741090672),
(45, 23, 56, 1, 1741090672),
(46, 24, 58, 1, 1741090702),
(47, 24, 59, 1, 1741090713),
(48, 24, 60, 1, 1741090713),
(49, 23, 61, 1, 1741090733),
(50, 23, 62, 1, 1741090744),
(51, 24, 64, 1, 1741090764),
(52, 24, 65, 1, 1741090805),
(53, 23, 51, 2, 1741090830),
(54, 23, 57, 2, 1741090830),
(55, 23, 58, 2, 1741090830),
(56, 23, 59, 2, 1741090830),
(57, 23, 60, 2, 1741090830),
(58, 23, 61, 2, 1741090830),
(59, 23, 62, 2, 1741090830),
(60, 23, 64, 2, 1741090830),
(61, 23, 65, 2, 1741090830),
(62, 23, 32, 2, 1741090837),
(63, 23, 37, 2, 1741090837),
(64, 23, 41, 2, 1741090837),
(65, 23, 43, 2, 1741090837),
(66, 23, 45, 2, 1741090837),
(67, 23, 50, 2, 1741090837),
(68, 24, 32, 2, 1741090849),
(69, 24, 37, 2, 1741090849),
(70, 24, 41, 2, 1741090849),
(71, 24, 43, 2, 1741090849),
(72, 24, 45, 2, 1741090849),
(73, 24, 50, 2, 1741090849),
(74, 24, 51, 2, 1741090849),
(75, 24, 56, 2, 1741090849),
(76, 24, 57, 2, 1741090849),
(77, 24, 58, 2, 1741090849),
(78, 24, 59, 2, 1741090849),
(79, 24, 60, 2, 1741090849),
(80, 24, 61, 2, 1741090849),
(81, 24, 62, 2, 1741090849),
(82, 24, 64, 2, 1741090849),
(83, 24, 65, 2, 1741090849),
(84, 24, 63, 1, 1741090854),
(85, 24, 35, 2, 1741090856),
(86, 24, 38, 2, 1741090856),
(87, 24, 40, 2, 1741090856),
(88, 24, 42, 2, 1741090856),
(89, 24, 44, 2, 1741090856),
(90, 24, 63, 2, 1741090856),
(91, 28, 54, 1, 1741090958),
(92, 23, 56, 2, 1741090962),
(93, 24, 66, 1, 1741090964),
(94, 24, 66, 2, 1741090967),
(95, 23, 53, 1, 1741090999),
(96, 23, 55, 1, 1741090999),
(97, 23, 69, 1, 1741091019),
(98, 28, 70, 1, 1741091025),
(99, 28, 71, 1, 1741091036),
(100, 28, 72, 1, 1741091056),
(101, 25, 67, 1, 1741091123),
(102, 25, 68, 1, 1741091123),
(103, 28, 73, 1, 1741100888),
(104, 28, 74, 1, 1741100888),
(105, 28, 75, 1, 1741100888),
(106, 28, 76, 1, 1741100888),
(107, 26, 80, 2, 1741100939),
(108, 26, 77, 2, 1741100947),
(109, 26, 78, 2, 1741100947),
(110, 26, 79, 2, 1741100947),
(111, 28, 53, 2, 1741101033),
(112, 28, 55, 2, 1741101033),
(113, 28, 69, 2, 1741101033),
(114, 28, 70, 2, 1741101033),
(115, 28, 71, 2, 1741101033),
(116, 28, 72, 2, 1741101033),
(117, 28, 83, 2, 1741101033),
(118, 28, 77, 1, 1741101044),
(119, 28, 78, 1, 1741101044),
(120, 28, 79, 1, 1741101044),
(121, 28, 80, 1, 1741101044),
(122, 28, 82, 1, 1741101044),
(123, 26, 84, 1, 1741101197),
(124, 23, 87, 1, 1741693006),
(125, 23, 88, 1, 1741693006),
(126, 23, 83, 1, 1741693010),
(127, 27, 89, 1, 1741693070),
(128, 27, 90, 1, 1741693070),
(129, 25, 81, 1, 1741693167),
(130, 25, 85, 1, 1741693180),
(131, 25, 86, 1, 1741693180),
(132, 28, 93, 1, 1741693180),
(133, 28, 94, 1, 1741693180),
(134, 25, 96, 1, 1741693213),
(135, 28, 97, 1, 1741693221),
(136, 25, 98, 1, 1741693329),
(137, 26, 99, 1, 1741693393),
(138, 27, 100, 1, 1741693410),
(139, 27, 101, 1, 1741693410),
(140, 21, 102, 1, 1741693427),
(141, 26, 95, 1, 1741693449),
(142, 23, 103, 1, 1741693520),
(143, 26, 105, 1, 1741693599),
(144, 26, 106, 1, 1741693599),
(145, 25, 107, 1, 1741693640),
(146, 25, 109, 1, 1741693871),
(147, 27, 104, 1, 1741693978),
(148, 21, 111, 1, 1741693989),
(149, 23, 108, 1, 1741694062),
(150, 23, 110, 1, 1741694062),
(151, 23, 116, 1, 1741694128),
(152, 23, 117, 1, 1741694315),
(153, 23, 118, 1, 1741694315),
(154, 26, 112, 1, 1741694331),
(155, 26, 114, 1, 1741694331),
(156, 28, 119, 1, 1741694370),
(157, 23, 121, 1, 1741694521),
(158, 23, 122, 1, 1741694521),
(159, 23, 123, 1, 1741694521),
(160, 23, 124, 1, 1741694521),
(161, 26, 126, 1, 1741694573),
(162, 27, 127, 1, 1741694576),
(163, 23, 125, 1, 1741694601),
(164, 26, 128, 1, 1741694606),
(165, 27, 129, 1, 1741694630),
(166, 21, 130, 1, 1741694652),
(167, 27, 131, 1, 1741694661),
(168, 23, 132, 1, 1741694666),
(169, 26, 133, 1, 1741694682),
(170, 23, 134, 1, 1741694760),
(171, 26, 135, 1, 1741694781),
(172, 25, 113, 1, 1741694789),
(173, 25, 115, 1, 1741694789),
(174, 25, 120, 1, 1741694789),
(175, 23, 136, 1, 1741694796),
(176, 23, 137, 1, 1741694827),
(177, 26, 138, 1, 1741694975),
(178, 26, 139, 1, 1741694985),
(179, 26, 140, 1, 1741695140),
(180, 26, 87, 2, 1741695172),
(181, 26, 88, 2, 1741695172),
(182, 26, 99, 2, 1741695172),
(183, 26, 103, 2, 1741695172),
(184, 26, 105, 2, 1741695172),
(185, 26, 106, 2, 1741695172),
(186, 26, 108, 2, 1741695172),
(187, 26, 110, 2, 1741695172),
(188, 26, 112, 2, 1741695172),
(189, 26, 114, 2, 1741695172),
(190, 26, 121, 2, 1741695172),
(191, 26, 122, 2, 1741695172),
(192, 26, 123, 2, 1741695172),
(193, 26, 124, 2, 1741695172),
(194, 26, 126, 2, 1741695172),
(195, 26, 128, 2, 1741695172),
(196, 26, 132, 2, 1741695172),
(197, 26, 133, 2, 1741695172),
(198, 26, 134, 2, 1741695172),
(199, 26, 135, 2, 1741695172),
(200, 26, 136, 2, 1741695172),
(201, 26, 137, 2, 1741695172),
(202, 26, 138, 2, 1741695172),
(203, 26, 139, 2, 1741695172),
(204, 26, 141, 2, 1741695172),
(205, 23, 141, 1, 1741695186),
(206, 26, 144, 1, 1741695245),
(207, 26, 142, 1, 1741695276),
(208, 26, 143, 1, 1741695276),
(209, 26, 145, 1, 1741695276),
(210, 26, 146, 1, 1741695276),
(211, 26, 147, 1, 1741695276),
(212, 26, 148, 1, 1741695287),
(213, 26, 149, 1, 1741695287),
(214, 21, 100, 2, 1741695321),
(215, 21, 101, 2, 1741695321),
(216, 21, 102, 2, 1741695321),
(217, 21, 104, 2, 1741695321),
(218, 21, 111, 2, 1741695321),
(219, 21, 127, 2, 1741695321),
(220, 21, 129, 2, 1741695321),
(221, 21, 130, 2, 1741695321),
(222, 21, 131, 2, 1741695321),
(223, 27, 100, 2, 1741695326),
(224, 27, 101, 2, 1741695326),
(225, 27, 102, 2, 1741695326),
(226, 27, 104, 2, 1741695326),
(227, 27, 111, 2, 1741695326),
(228, 27, 127, 2, 1741695326),
(229, 27, 129, 2, 1741695326),
(230, 27, 130, 2, 1741695326),
(231, 27, 131, 2, 1741695326),
(232, 27, 89, 2, 1741695335),
(233, 27, 90, 2, 1741695335),
(234, 27, 95, 2, 1741695335),
(235, 27, 140, 2, 1741695335),
(236, 23, 46, 2, 1741695337),
(237, 23, 53, 2, 1741695337),
(238, 23, 55, 2, 1741695337),
(239, 23, 69, 2, 1741695337),
(240, 23, 70, 2, 1741695337),
(241, 23, 71, 2, 1741695337),
(242, 23, 72, 2, 1741695337),
(243, 23, 83, 2, 1741695337),
(244, 23, 93, 2, 1741695337),
(245, 23, 94, 2, 1741695337),
(246, 23, 116, 2, 1741695337),
(247, 23, 117, 2, 1741695337),
(248, 23, 118, 2, 1741695337),
(249, 23, 119, 2, 1741695337),
(250, 23, 125, 2, 1741695337),
(251, 26, 142, 2, 1741695344),
(252, 26, 143, 2, 1741695344),
(253, 26, 145, 2, 1741695344),
(254, 26, 146, 2, 1741695344),
(255, 26, 147, 2, 1741695344),
(256, 26, 148, 2, 1741695344),
(257, 26, 149, 2, 1741695344),
(258, 26, 89, 2, 1741695353),
(259, 26, 90, 2, 1741695353),
(260, 26, 95, 2, 1741695353),
(261, 26, 140, 2, 1741695353),
(262, 26, 91, 2, 1741695367),
(263, 26, 92, 2, 1741695367),
(264, 23, 121, 2, 1741695370),
(265, 23, 122, 2, 1741695370),
(266, 23, 123, 2, 1741695370),
(267, 23, 124, 2, 1741695370),
(268, 23, 126, 2, 1741695370),
(269, 23, 128, 2, 1741695370),
(270, 23, 132, 2, 1741695370),
(271, 23, 133, 2, 1741695370),
(272, 23, 134, 2, 1741695370),
(273, 23, 135, 2, 1741695370),
(274, 23, 136, 2, 1741695370),
(275, 23, 137, 2, 1741695370),
(276, 23, 138, 2, 1741695370),
(277, 23, 139, 2, 1741695370),
(278, 23, 141, 2, 1741695370),
(279, 23, 142, 2, 1741695370),
(280, 23, 143, 2, 1741695370),
(281, 23, 145, 2, 1741695370),
(282, 23, 146, 2, 1741695370),
(283, 23, 147, 2, 1741695370),
(284, 23, 148, 2, 1741695370),
(285, 23, 149, 2, 1741695370),
(286, 26, 85, 2, 1741695372),
(287, 26, 86, 2, 1741695372),
(288, 26, 82, 2, 1741695376),
(289, 26, 84, 2, 1741695376),
(290, 26, 144, 2, 1741695376),
(291, 27, 151, 2, 1741695430),
(292, 27, 153, 1, 1742298167),
(293, 27, 154, 1, 1742298167),
(294, 27, 155, 1, 1742298167),
(295, 26, 156, 1, 1742298197),
(296, 28, 158, 1, 1742298199),
(297, 25, 157, 1, 1742298461),
(298, 25, 159, 1, 1742298461),
(299, 25, 160, 1, 1742298461),
(300, 23, 163, 1, 1742298795),
(301, 23, 87, 2, 1742298819),
(302, 23, 88, 2, 1742298819),
(303, 23, 99, 2, 1742298819),
(304, 23, 103, 2, 1742298819),
(305, 23, 105, 2, 1742298819),
(306, 23, 106, 2, 1742298819),
(307, 23, 108, 2, 1742298819),
(308, 23, 110, 2, 1742298819),
(309, 23, 112, 2, 1742298819),
(310, 23, 114, 2, 1742298819),
(311, 24, 91, 1, 1742298833),
(312, 24, 92, 1, 1742298833),
(313, 26, 161, 1, 1742298846),
(314, 28, 164, 1, 1742298887),
(315, 26, 152, 1, 1742298905),
(316, 24, 150, 1, 1742298958),
(317, 24, 162, 1, 1742298958),
(318, 24, 167, 1, 1742902811),
(319, 24, 168, 1, 1742902811),
(320, 24, 169, 1, 1742902811),
(321, 24, 170, 1, 1742902811),
(322, 28, 174, 1, 1742902825),
(323, 26, 165, 1, 1742902849),
(324, 26, 166, 1, 1742902849),
(325, 24, 176, 1, 1742903576),
(326, 28, 177, 1, 1742903590),
(327, 28, 178, 1, 1742903621),
(328, 24, 179, 1, 1742903628),
(329, 28, 172, 1, 1742904274),
(330, 28, 173, 1, 1742904274),
(331, 28, 175, 1, 1742904274),
(332, 21, 165, 2, 1742905033),
(333, 21, 166, 2, 1742905033),
(334, 25, 181, 1, 1743000222),
(335, 28, 183, 1, 1743505972),
(336, 28, 171, 1, 1743505987),
(337, 28, 182, 1, 1743505987),
(338, 48, 186, 1, 1743772081),
(339, 61, 191, 1, 1743772097),
(340, 48, 195, 1, 1743772151),
(341, 48, 193, 1, 1743772159),
(342, 61, 202, 1, 1743772159),
(343, 50, 192, 2, 1743772170),
(344, 50, 194, 2, 1743772170),
(345, 54, 206, 1, 1743772175),
(346, 57, 196, 1, 1743772181),
(347, 57, 198, 1, 1743772181),
(348, 50, 205, 1, 1743772184),
(349, 50, 208, 1, 1743772184),
(350, 56, 189, 1, 1743772187),
(351, 54, 199, 1, 1743772191),
(352, 50, 214, 1, 1743772195),
(353, 56, 187, 1, 1743772198),
(354, 56, 188, 1, 1743772198),
(355, 63, 197, 1, 1743772199),
(356, 41, 211, 1, 1743772201),
(357, 57, 203, 1, 1743772201),
(358, 64, 215, 1, 1743772202),
(359, 61, 200, 1, 1743772203),
(360, 53, 207, 1, 1743772210),
(361, 67, 220, 1, 1743772211),
(362, 50, 219, 1, 1743772229),
(363, 40, 221, 1, 1743772234),
(364, 48, 228, 1, 1743772237),
(365, 59, 234, 1, 1743772239),
(366, 60, 216, 1, 1743772241),
(367, 46, 218, 1, 1743772241),
(368, 46, 227, 1, 1743772241),
(369, 46, 230, 1, 1743772241),
(370, 46, 235, 1, 1743772241),
(371, 41, 229, 1, 1743772241),
(372, 47, 213, 1, 1743772241),
(373, 52, 236, 1, 1743772243),
(374, 60, 210, 1, 1743772243),
(375, 65, 222, 1, 1743772244),
(376, 40, 233, 1, 1743772244),
(377, 55, 232, 1, 1743772248),
(378, 48, 209, 1, 1743772251),
(379, 37, 212, 1, 1743772253),
(380, 43, 223, 1, 1743772256),
(381, 46, 218, 2, 1743772259),
(382, 46, 227, 2, 1743772259),
(383, 46, 230, 2, 1743772259),
(384, 46, 235, 2, 1743772259),
(385, 54, 242, 1, 1743772263),
(386, 54, 243, 1, 1743772263),
(387, 50, 240, 1, 1743772272),
(388, 54, 241, 1, 1743772273),
(389, 49, 256, 1, 1743772286),
(390, 54, 238, 1, 1743772289),
(391, 40, 239, 1, 1743772290),
(392, 54, 224, 1, 1743772292),
(393, 54, 231, 1, 1743772292),
(394, 50, 258, 1, 1743772299),
(395, 50, 260, 1, 1743772299),
(396, 56, 248, 1, 1743772299),
(397, 62, 257, 1, 1743772300),
(398, 40, 225, 1, 1743772305),
(399, 40, 226, 1, 1743772305),
(400, 43, 252, 1, 1743772307),
(401, 41, 217, 1, 1743772310),
(402, 43, 250, 1, 1743772313),
(403, 43, 251, 1, 1743772313),
(404, 43, 253, 1, 1743772313),
(405, 43, 254, 1, 1743772313),
(406, 67, 255, 1, 1743772315),
(407, 49, 269, 1, 1743772318),
(408, 49, 270, 1, 1743772328),
(409, 63, 272, 1, 1743772340),
(410, 55, 201, 1, 1743772357),
(411, 40, 268, 1, 1743772363),
(412, 53, 267, 1, 1743772368),
(413, 68, 281, 1, 1743772373),
(414, 65, 259, 1, 1743772379),
(415, 55, 190, 1, 1743772380),
(416, 68, 261, 1, 1743772382),
(417, 48, 263, 1, 1743772400),
(418, 48, 264, 1, 1743772400),
(419, 48, 265, 1, 1743772400),
(420, 42, 296, 1, 1743772402),
(421, 51, 291, 1, 1743772411),
(422, 50, 286, 1, 1743772420),
(423, 50, 290, 1, 1743772420),
(424, 49, 322, 1, 1743772433),
(425, 49, 334, 1, 1743772433),
(426, 49, 348, 1, 1743772433),
(427, 64, 325, 1, 1743772436),
(428, 52, 278, 1, 1743772440),
(429, 59, 293, 1, 1743772441),
(430, 47, 274, 1, 1743772446),
(431, 47, 282, 1, 1743772446),
(432, 61, 245, 1, 1743772452),
(433, 65, 351, 1, 1743772452),
(434, 51, 352, 1, 1743772454),
(435, 49, 275, 1, 1743772459),
(436, 49, 280, 1, 1743772459),
(437, 49, 287, 1, 1743772459),
(438, 49, 295, 1, 1743772459),
(439, 64, 273, 1, 1743772460),
(440, 64, 271, 1, 1743772463),
(441, 50, 266, 1, 1743772465),
(442, 61, 244, 1, 1743772473),
(443, 61, 249, 1, 1743772473),
(444, 38, 314, 2, 1743772478),
(445, 38, 323, 2, 1743772478),
(446, 38, 326, 2, 1743772478),
(447, 38, 347, 2, 1743772478),
(448, 60, 292, 1, 1743772479),
(449, 40, 301, 1, 1743772483),
(450, 40, 302, 1, 1743772483),
(451, 40, 303, 1, 1743772483),
(452, 40, 304, 1, 1743772483),
(453, 40, 305, 1, 1743772483),
(454, 40, 306, 1, 1743772483),
(455, 40, 307, 1, 1743772483),
(456, 40, 308, 1, 1743772483),
(457, 40, 309, 1, 1743772483),
(458, 40, 310, 1, 1743772483),
(459, 40, 311, 1, 1743772483),
(460, 40, 312, 1, 1743772483),
(461, 40, 313, 1, 1743772483),
(462, 40, 315, 1, 1743772483),
(463, 40, 316, 1, 1743772483),
(464, 40, 317, 1, 1743772483),
(465, 40, 318, 1, 1743772483),
(466, 40, 319, 1, 1743772483),
(467, 40, 320, 1, 1743772483),
(468, 40, 321, 1, 1743772483),
(469, 40, 327, 1, 1743772483),
(470, 40, 328, 1, 1743772483),
(471, 40, 329, 1, 1743772483),
(472, 40, 330, 1, 1743772483),
(473, 40, 331, 1, 1743772483),
(474, 40, 332, 1, 1743772483),
(475, 40, 333, 1, 1743772483),
(476, 40, 336, 1, 1743772483),
(477, 40, 337, 1, 1743772483),
(478, 40, 338, 1, 1743772483),
(479, 40, 339, 1, 1743772483),
(480, 40, 340, 1, 1743772483),
(481, 40, 341, 1, 1743772483),
(482, 40, 342, 1, 1743772483),
(483, 40, 343, 1, 1743772483),
(484, 40, 344, 1, 1743772483),
(485, 40, 345, 1, 1743772483),
(486, 37, 314, 1, 1743772488),
(487, 37, 323, 1, 1743772488),
(488, 37, 326, 1, 1743772488),
(489, 37, 347, 1, 1743772488),
(490, 61, 247, 1, 1743772489),
(491, 65, 355, 1, 1743772495),
(492, 40, 299, 1, 1743772497),
(493, 38, 369, 1, 1743772506),
(494, 53, 300, 1, 1743772507),
(495, 40, 335, 1, 1743772509),
(496, 40, 349, 1, 1743772509),
(497, 40, 289, 1, 1743772519),
(498, 66, 360, 1, 1743772521),
(499, 63, 353, 1, 1743772524),
(500, 38, 192, 1, 1743772525),
(501, 38, 194, 1, 1743772525),
(502, 65, 363, 1, 1743772541),
(503, 38, 298, 1, 1743772559),
(504, 59, 379, 1, 1743772563),
(505, 59, 382, 1, 1743772563),
(506, 53, 380, 1, 1743772568),
(507, 53, 383, 1, 1743772568),
(508, 54, 346, 1, 1743772568),
(509, 38, 373, 1, 1743772571),
(510, 38, 386, 1, 1743772571),
(511, 54, 297, 1, 1743772573),
(512, 37, 399, 1, 1743772581),
(513, 38, 402, 1, 1743772593),
(514, 52, 377, 1, 1743772593),
(515, 63, 404, 1, 1743772614),
(516, 40, 398, 1, 1743772625),
(517, 40, 401, 1, 1743772625),
(518, 48, 371, 1, 1743772642),
(519, 48, 368, 1, 1743772654),
(520, 37, 366, 1, 1743772677),
(521, 37, 370, 1, 1743772677),
(522, 42, 376, 1, 1743772685),
(523, 64, 385, 1, 1743772688),
(524, 50, 400, 1, 1743772695),
(525, 50, 408, 1, 1743772695),
(526, 53, 426, 1, 1743772699),
(527, 49, 361, 1, 1743772700),
(528, 37, 403, 1, 1743772707),
(529, 53, 414, 1, 1743772715),
(530, 53, 415, 1, 1743772715),
(531, 49, 387, 1, 1743772716),
(532, 49, 388, 1, 1743772716),
(533, 49, 390, 1, 1743772716),
(534, 49, 392, 1, 1743772716),
(535, 49, 393, 1, 1743772716),
(536, 49, 394, 1, 1743772716),
(537, 49, 395, 1, 1743772716),
(538, 49, 396, 1, 1743772716),
(539, 42, 430, 1, 1743772717),
(540, 50, 384, 1, 1743772718),
(541, 40, 433, 1, 1743772727),
(542, 47, 427, 1, 1743772733),
(543, 47, 428, 1, 1743772733),
(544, 61, 391, 1, 1743772736),
(545, 61, 364, 1, 1743772752),
(546, 50, 375, 1, 1743772759),
(547, 61, 374, 1, 1743772777),
(548, 61, 378, 1, 1743772777),
(549, 38, 436, 1, 1743772787),
(550, 38, 439, 1, 1743772787),
(551, 47, 445, 1, 1743772797),
(552, 47, 447, 1, 1743772797),
(553, 38, 421, 2, 1743772825),
(554, 62, 419, 1, 1743772834),
(555, 62, 429, 1, 1743772834),
(556, 59, 444, 1, 1743772839),
(557, 61, 450, 1, 1743772843),
(558, 47, 457, 1, 1743772849),
(559, 61, 420, 1, 1743772855),
(560, 38, 432, 1, 1743772864),
(561, 38, 441, 1, 1743772864),
(562, 38, 462, 1, 1743772864),
(563, 40, 416, 1, 1743772864),
(564, 40, 417, 1, 1743772864),
(565, 40, 418, 1, 1743772864),
(566, 40, 443, 1, 1743772876),
(567, 40, 424, 1, 1743772886),
(568, 37, 470, 1, 1743772886),
(569, 47, 452, 1, 1743772887),
(570, 47, 453, 1, 1743772887),
(571, 47, 454, 1, 1743772887),
(572, 47, 455, 1, 1743772887),
(573, 47, 456, 1, 1743772887),
(574, 47, 459, 1, 1743772887),
(575, 47, 460, 1, 1743772887),
(576, 47, 463, 1, 1743772887),
(577, 47, 464, 1, 1743772887),
(578, 47, 467, 1, 1743772887),
(579, 62, 475, 1, 1743772907),
(580, 62, 476, 1, 1743772907),
(581, 62, 478, 1, 1743772907),
(582, 62, 479, 1, 1743772918),
(583, 62, 480, 1, 1743772918),
(584, 62, 481, 1, 1743772918),
(585, 67, 362, 1, 1743772920),
(586, 67, 406, 1, 1743772920),
(587, 67, 409, 1, 1743772920),
(588, 62, 482, 1, 1743772928),
(589, 67, 354, 1, 1743772946),
(590, 67, 367, 1, 1743772946),
(591, 67, 372, 1, 1743772946),
(592, 67, 389, 1, 1743772946),
(593, 61, 461, 1, 1743772969),
(594, 61, 465, 1, 1743772969),
(595, 56, 425, 1, 1743772981),
(596, 38, 470, 2, 1743772986),
(597, 61, 458, 1, 1743772988),
(598, 56, 356, 1, 1743772990),
(599, 56, 358, 1, 1743772990),
(600, 56, 365, 1, 1743772990),
(601, 50, 446, 1, 1743772991),
(602, 50, 448, 1, 1743772991),
(603, 50, 449, 1, 1743772991),
(604, 51, 431, 1, 1743773001),
(605, 50, 442, 1, 1743773002),
(606, 56, 237, 1, 1743773005),
(607, 38, 469, 1, 1743773049),
(608, 38, 472, 1, 1743773049),
(609, 38, 477, 1, 1743773049),
(610, 38, 488, 1, 1743773049),
(611, 38, 489, 1, 1743773049),
(612, 38, 490, 1, 1743773049),
(613, 47, 487, 1, 1743773054),
(614, 61, 501, 1, 1743773062),
(615, 61, 502, 1, 1743773062),
(616, 47, 491, 1, 1743773065),
(617, 40, 494, 1, 1743773075),
(618, 45, 412, 1, 1743773075),
(619, 45, 413, 1, 1743773075),
(620, 45, 503, 1, 1743773075),
(621, 47, 495, 1, 1743773084),
(622, 47, 497, 1, 1743773084),
(623, 47, 498, 1, 1743773084),
(624, 47, 499, 1, 1743773084),
(625, 50, 471, 1, 1743773088),
(626, 45, 496, 1, 1743773090),
(627, 54, 422, 1, 1743773091),
(628, 54, 423, 1, 1743773091),
(629, 40, 492, 1, 1743773092),
(630, 40, 508, 1, 1743773112),
(631, 45, 397, 1, 1743773114),
(632, 37, 506, 1, 1743773117),
(633, 47, 510, 1, 1743773127),
(634, 64, 509, 1, 1743773151),
(635, 64, 523, 1, 1743773162),
(636, 50, 511, 1, 1743773162),
(637, 50, 513, 1, 1743773162),
(638, 50, 520, 1, 1743773162),
(639, 64, 451, 1, 1743773171),
(640, 48, 486, 1, 1743773171),
(641, 67, 525, 1, 1743773175),
(642, 50, 514, 1, 1743773177),
(643, 48, 483, 1, 1743773187),
(644, 48, 484, 1, 1743773187),
(645, 60, 518, 1, 1743773188),
(646, 59, 485, 1, 1743773189),
(647, 54, 276, 1, 1743773199),
(648, 54, 284, 1, 1743773199),
(649, 37, 500, 1, 1743773201),
(650, 37, 474, 1, 1743773211),
(651, 48, 473, 1, 1743773214),
(652, 48, 468, 1, 1743773228),
(653, 47, 538, 1, 1743773232),
(654, 63, 539, 1, 1743773233),
(655, 40, 533, 1, 1743773234),
(656, 59, 537, 1, 1743773234),
(657, 47, 530, 1, 1743773258),
(658, 47, 526, 1, 1743773264),
(659, 40, 543, 1, 1743773275),
(660, 47, 517, 1, 1743773277),
(661, 47, 519, 1, 1743773277),
(662, 40, 547, 1, 1743773282),
(663, 63, 542, 1, 1743773291),
(664, 63, 545, 1, 1743773291),
(665, 50, 548, 1, 1743773294),
(666, 47, 512, 1, 1743773295),
(667, 50, 544, 1, 1743773311),
(668, 47, 536, 1, 1743773314),
(669, 61, 546, 1, 1743773319),
(670, 65, 466, 1, 1743773326),
(671, 40, 556, 1, 1743773326),
(672, 40, 557, 1, 1743773326),
(673, 61, 535, 1, 1743773330),
(674, 59, 560, 1, 1743773339),
(675, 61, 532, 1, 1743773343),
(676, 65, 440, 1, 1743773346),
(677, 61, 540, 1, 1743773354),
(678, 40, 564, 1, 1743773362),
(679, 40, 565, 1, 1743773362),
(680, 40, 566, 1, 1743773362),
(681, 40, 567, 1, 1743773362),
(682, 40, 562, 1, 1743773371),
(683, 56, 531, 1, 1743773374),
(684, 59, 549, 1, 1743773375),
(685, 53, 438, 1, 1743773381),
(686, 50, 563, 1, 1743773383),
(687, 64, 550, 1, 1743773387),
(688, 56, 505, 1, 1743773394),
(689, 56, 507, 1, 1743773394),
(690, 57, 246, 1, 1743773399),
(691, 40, 583, 1, 1743773406),
(692, 40, 585, 1, 1743773406),
(693, 56, 504, 1, 1743773408),
(694, 37, 586, 1, 1743773410),
(695, 40, 588, 1, 1743773416),
(696, 57, 587, 1, 1743773420),
(697, 57, 589, 1, 1743773420),
(698, 37, 590, 1, 1743773421),
(699, 47, 561, 1, 1743773421),
(700, 57, 277, 1, 1743773436),
(701, 57, 279, 1, 1743773436),
(702, 57, 283, 1, 1743773444),
(703, 48, 581, 1, 1743773447),
(704, 47, 592, 1, 1743773448),
(705, 47, 594, 1, 1743773448),
(706, 47, 596, 1, 1743773448),
(707, 47, 598, 1, 1743773448),
(708, 48, 558, 1, 1743773450),
(709, 48, 579, 1, 1743773451),
(710, 40, 584, 1, 1743773455),
(711, 40, 578, 1, 1743773467),
(712, 40, 582, 1, 1743773467),
(713, 38, 527, 1, 1743773478),
(714, 40, 580, 1, 1743773483),
(715, 61, 568, 1, 1743773484),
(716, 61, 574, 1, 1743773484),
(717, 48, 571, 1, 1743773489),
(718, 40, 576, 1, 1743773491),
(719, 37, 572, 1, 1743773492),
(720, 61, 569, 1, 1743773499),
(721, 61, 570, 1, 1743773499),
(722, 61, 573, 1, 1743773499),
(723, 59, 607, 1, 1743773499),
(724, 59, 609, 1, 1743773499),
(725, 48, 551, 1, 1743773499),
(726, 48, 552, 1, 1743773499),
(727, 61, 610, 1, 1743773511),
(728, 52, 534, 1, 1743773512),
(729, 40, 611, 1, 1743773516),
(730, 40, 612, 1, 1743773516),
(731, 40, 613, 1, 1743773516),
(732, 61, 575, 1, 1743773520),
(733, 61, 577, 1, 1743773520),
(734, 52, 528, 1, 1743773526),
(735, 40, 621, 1, 1743773527),
(736, 40, 623, 1, 1743773527),
(737, 40, 624, 1, 1743773527),
(738, 40, 625, 1, 1743773527),
(739, 47, 554, 1, 1743773529),
(740, 65, 591, 1, 1743773530),
(741, 50, 618, 1, 1743773532),
(742, 52, 435, 1, 1743773532),
(743, 40, 616, 1, 1743773532),
(744, 37, 626, 1, 1743773533),
(745, 47, 553, 1, 1743773535),
(746, 48, 632, 1, 1743773540),
(747, 40, 597, 1, 1743773544),
(748, 47, 559, 1, 1743773548),
(749, 45, 608, 1, 1743773549),
(750, 39, 262, 1, 1743773549),
(751, 65, 615, 1, 1743773552),
(752, 47, 595, 1, 1743773552),
(753, 45, 555, 1, 1743773554),
(754, 52, 411, 1, 1743773555),
(755, 61, 617, 1, 1743773556),
(756, 45, 515, 1, 1743773558),
(757, 45, 516, 1, 1743773558),
(758, 45, 521, 1, 1743773558),
(759, 45, 522, 1, 1743773558),
(760, 45, 524, 1, 1743773558),
(761, 68, 620, 1, 1743773560),
(762, 59, 614, 1, 1743773569),
(763, 38, 631, 1, 1743773571),
(764, 38, 634, 1, 1743773571),
(765, 38, 643, 1, 1743773571),
(766, 50, 606, 1, 1743773571),
(767, 47, 599, 1, 1743773572),
(768, 40, 600, 1, 1743773591),
(769, 40, 601, 1, 1743773591),
(770, 40, 603, 1, 1743773591),
(771, 51, 639, 1, 1743773591),
(772, 45, 541, 1, 1743773605),
(773, 63, 636, 1, 1743773607),
(774, 40, 647, 1, 1743773612),
(775, 40, 648, 1, 1743773619),
(776, 47, 605, 1, 1743773623),
(777, 59, 665, 1, 1743773631),
(778, 59, 667, 1, 1743773631),
(779, 40, 637, 1, 1743773632),
(780, 40, 660, 1, 1743773632),
(781, 40, 661, 1, 1743773632),
(782, 53, 604, 1, 1743773632),
(783, 37, 669, 1, 1743773636),
(784, 40, 628, 1, 1743773640),
(785, 40, 630, 1, 1743773640),
(786, 40, 633, 1, 1743773640),
(787, 40, 635, 1, 1743773640),
(788, 47, 629, 1, 1743773640),
(789, 47, 638, 1, 1743773640),
(790, 40, 622, 1, 1743773648),
(791, 47, 651, 1, 1743773671),
(792, 40, 670, 1, 1743773683),
(793, 40, 675, 1, 1743773683),
(794, 40, 671, 1, 1743773693),
(795, 52, 676, 1, 1743773695),
(796, 40, 666, 1, 1743773702),
(797, 52, 653, 1, 1743773705),
(798, 52, 658, 1, 1743773705),
(799, 52, 644, 1, 1743773712),
(800, 50, 662, 1, 1743773713),
(801, 48, 679, 1, 1743773713),
(802, 57, 649, 1, 1743773723),
(803, 57, 652, 1, 1743773723),
(804, 57, 655, 1, 1743773723),
(805, 57, 656, 1, 1743773723),
(806, 57, 657, 1, 1743773723),
(807, 57, 659, 1, 1743773723),
(808, 57, 663, 1, 1743773723),
(809, 57, 664, 1, 1743773723),
(810, 44, 204, 1, 1743773725),
(811, 50, 662, 2, 1743773733),
(812, 48, 684, 1, 1743773734),
(813, 50, 654, 1, 1743773739),
(814, 65, 677, 1, 1743773739),
(815, 44, 421, 1, 1743773741),
(816, 47, 672, 1, 1743773744),
(817, 50, 627, 1, 1743773745),
(818, 47, 682, 1, 1743773751),
(819, 47, 685, 1, 1743773751),
(820, 48, 673, 1, 1743773754),
(821, 57, 691, 1, 1743773759),
(822, 48, 668, 1, 1743773761),
(823, 48, 619, 1, 1743773766),
(824, 57, 640, 1, 1743773780),
(825, 57, 641, 1, 1743773780),
(826, 57, 593, 1, 1743773786),
(827, 49, 493, 1, 1743773789),
(828, 37, 696, 1, 1743773793),
(829, 37, 680, 1, 1743773799),
(830, 40, 683, 1, 1743773801),
(831, 48, 698, 1, 1743773801),
(832, 48, 699, 1, 1743773801),
(833, 57, 695, 1, 1743773803),
(834, 47, 690, 1, 1743773825),
(835, 47, 692, 1, 1743773825),
(836, 37, 646, 1, 1743773833),
(837, 37, 650, 1, 1743773833),
(838, 45, 687, 1, 1743773837),
(839, 47, 688, 1, 1743773839),
(840, 47, 686, 1, 1743773846),
(841, 40, 694, 1, 1743773854),
(842, 40, 704, 1, 1743773854),
(843, 48, 701, 1, 1743773857),
(844, 40, 702, 1, 1743773863),
(845, 65, 706, 1, 1743773865),
(846, 45, 681, 1, 1743773866),
(847, 61, 693, 1, 1743773879),
(848, 61, 674, 1, 1743773899),
(849, 48, 712, 1, 1743773900),
(850, 57, 716, 1, 1743773910),
(851, 48, 711, 1, 1743773912),
(852, 60, 714, 1, 1743773917),
(853, 57, 708, 1, 1743773918),
(854, 47, 709, 1, 1743773919),
(855, 57, 703, 1, 1743773930),
(856, 44, 718, 1, 1743773946),
(857, 47, 723, 1, 1743773954),
(858, 56, 645, 1, 1743773963),
(859, 48, 717, 1, 1743773991),
(860, 48, 720, 1, 1743773991),
(861, 48, 729, 1, 1743773991),
(862, 56, 602, 1, 1743773992),
(863, 53, 678, 1, 1743773995),
(864, 40, 715, 1, 1743774002),
(865, 47, 726, 1, 1743774006),
(866, 47, 727, 1, 1743774006),
(867, 47, 730, 1, 1743774006),
(868, 40, 721, 1, 1743774008),
(869, 44, 724, 1, 1743774013),
(870, 40, 713, 1, 1743774017),
(871, 44, 700, 1, 1743774019),
(872, 48, 740, 1, 1743774033),
(873, 51, 697, 1, 1743774096),
(874, 51, 743, 1, 1743774096),
(875, 49, 745, 1, 1743774151),
(876, 51, 746, 1, 1743774184),
(877, 47, 751, 1, 1743774186),
(878, 51, 756, 1, 1743774196),
(879, 44, 763, 2, 1743774214),
(880, 61, 719, 1, 1743774214),
(881, 48, 766, 1, 1743774223),
(882, 48, 760, 1, 1743774238),
(883, 49, 764, 1, 1743774241),
(884, 49, 767, 1, 1743774241),
(885, 57, 725, 1, 1743774258),
(886, 57, 728, 1, 1743774258),
(887, 57, 757, 1, 1743774258),
(888, 57, 759, 1, 1743774271),
(889, 50, 761, 1, 1743774275),
(890, 48, 770, 1, 1743774285),
(891, 57, 741, 1, 1743774287),
(892, 57, 747, 1, 1743774287),
(893, 57, 748, 1, 1743774287),
(894, 57, 749, 1, 1743774287),
(895, 57, 734, 1, 1743774291),
(896, 58, 359, 1, 1743774305),
(897, 61, 778, 1, 1743774306),
(898, 68, 750, 1, 1743774308),
(899, 56, 737, 1, 1743774312),
(900, 47, 781, 1, 1743774323),
(901, 53, 758, 1, 1743774331),
(902, 61, 733, 1, 1743774333),
(903, 56, 787, 1, 1743774333),
(904, 52, 769, 1, 1743774335),
(905, 61, 642, 1, 1743774337),
(906, 64, 752, 1, 1743774341),
(907, 56, 753, 1, 1743774341),
(908, 64, 689, 1, 1743774352),
(909, 48, 796, 1, 1743774370),
(910, 48, 798, 1, 1743774370),
(911, 48, 799, 1, 1743774370),
(912, 47, 784, 1, 1743774380),
(913, 47, 786, 1, 1743774380),
(914, 47, 789, 1, 1743774380),
(915, 47, 791, 1, 1743774380),
(916, 67, 755, 1, 1743774390),
(917, 48, 801, 1, 1743774391),
(918, 47, 802, 1, 1743774403),
(919, 58, 807, 1, 1743774412),
(920, 44, 795, 1, 1743774419),
(921, 44, 792, 1, 1743774428),
(922, 44, 794, 1, 1743774428),
(923, 56, 782, 1, 1743774436),
(924, 44, 793, 1, 1743774437),
(925, 44, 783, 1, 1743774442),
(926, 56, 803, 1, 1743774443),
(927, 56, 805, 1, 1743774443),
(928, 44, 780, 1, 1743774449),
(929, 65, 779, 1, 1743774451),
(930, 56, 804, 1, 1743774453),
(931, 44, 772, 1, 1743774457),
(932, 44, 773, 1, 1743774457),
(933, 44, 777, 1, 1743774457),
(934, 44, 774, 1, 1743774468),
(935, 48, 811, 1, 1743774470),
(936, 44, 771, 1, 1743774471),
(937, 44, 762, 1, 1743774476),
(938, 51, 806, 1, 1743774492),
(939, 48, 425, 2, 1743774496),
(940, 48, 486, 2, 1743774496),
(941, 48, 531, 2, 1743774496),
(942, 48, 581, 2, 1743774496),
(943, 48, 753, 2, 1743774496),
(944, 48, 796, 2, 1743774496),
(945, 48, 798, 2, 1743774496),
(946, 48, 799, 2, 1743774496),
(947, 48, 801, 2, 1743774496),
(948, 48, 803, 2, 1743774496),
(949, 48, 805, 2, 1743774496),
(950, 48, 811, 2, 1743774496),
(951, 40, 735, 1, 1743774523),
(952, 40, 736, 1, 1743774523),
(953, 43, 742, 1, 1743774534),
(954, 66, 765, 1, 1743774612),
(955, 65, 814, 2, 1743774642),
(956, 41, 744, 1, 1743775461),
(957, 55, 285, 1, 1743841889),
(958, 55, 434, 1, 1743841889),
(959, 55, 437, 1, 1743841889),
(960, 55, 350, 1, 1743841901),
(961, 55, 405, 1, 1743841901),
(962, 55, 407, 1, 1743841901),
(963, 55, 410, 1, 1743841901),
(964, 55, 288, 1, 1743841908),
(965, 55, 324, 1, 1743841908),
(966, 55, 294, 1, 1743841912),
(967, 60, 718, 2, 1744019734),
(968, 60, 724, 2, 1744019734),
(969, 37, 732, 1, 1744028166),
(970, 37, 710, 1, 1744028171),
(971, 39, 788, 1, 1744359477),
(972, 27, 185, 1, 1744531420),
(973, 54, 768, 1, 1744621402),
(974, 63, 707, 1, 1745168209),
(975, 28, 817, 1, 1745318768),
(976, 28, 819, 1, 1745318777),
(977, 24, 820, 1, 1745318798),
(978, 25, 184, 1, 1745341654),
(979, 42, 790, 1, 1745345033),
(980, 58, 814, 1, 1745353262),
(981, 58, 357, 1, 1745353269),
(982, 58, 529, 1, 1745353271),
(983, 52, 813, 1, 1745386176),
(984, 52, 808, 1, 1745386183),
(985, 21, 822, 1, 1745922896),
(986, 24, 823, 1, 1745923021),
(987, 24, 821, 1, 1745923024),
(988, 28, 824, 1, 1745923762),
(989, 24, 825, 1, 1745923775),
(990, 28, 826, 1, 1745923793),
(991, 24, 827, 1, 1745923878),
(992, 24, 827, 2, 1745923884),
(993, 28, 827, 2, 1745923894),
(994, 28, 829, 1, 1745924714),
(995, 24, 828, 1, 1745925183),
(996, 24, 830, 1, 1745925224),
(997, 28, 831, 1, 1745925236),
(998, 24, 832, 1, 1745925245),
(999, 24, 834, 1, 1747132787),
(1000, 28, 835, 1, 1747133072),
(1001, 28, 836, 1, 1747133072),
(1002, 24, 837, 1, 1747133080),
(1003, 24, 838, 1, 1747133094),
(1004, 24, 839, 1, 1747133104),
(1005, 28, 840, 1, 1747133134),
(1006, 26, 763, 1, 1747133369),
(1007, 26, 763, 2, 1747134053),
(1008, 28, 841, 1, 1747134303),
(1009, 24, 843, 1, 1747134366),
(1010, 23, 842, 1, 1747134453),
(1011, 28, 844, 1, 1747662099),
(1012, 21, 849, 1, 1747663477),
(1013, 28, 850, 1, 1747664160),
(1014, 21, 851, 1, 1747664534),
(1015, 23, 848, 1, 1747737276),
(1016, 24, 853, 1, 1747739666),
(1017, 24, 854, 1, 1747739667),
(1018, 28, 855, 1, 1747739816),
(1019, 28, 856, 1, 1747739929),
(1020, 24, 857, 1, 1747739953),
(1021, 24, 858, 1, 1747739953),
(1022, 24, 859, 1, 1747739970),
(1023, 24, 861, 1, 1747739970),
(1024, 28, 860, 1, 1747739970),
(1025, 24, 862, 1, 1747739980),
(1026, 24, 864, 1, 1747739980),
(1027, 28, 863, 1, 1747739980),
(1028, 24, 865, 1, 1747739991),
(1029, 28, 866, 1, 1747740011),
(1030, 24, 867, 1, 1747740022),
(1031, 28, 868, 1, 1747740032),
(1032, 28, 869, 1, 1747740042),
(1033, 24, 870, 1, 1747740042),
(1034, 28, 871, 1, 1747740052),
(1035, 28, 872, 1, 1747740063),
(1036, 24, 873, 1, 1747740073),
(1037, 24, 874, 1, 1747740083),
(1038, 24, 875, 1, 1747740094),
(1039, 24, 876, 1, 1747740094),
(1040, 28, 852, 1, 1747740114),
(1041, 24, 877, 1, 1747740115),
(1042, 28, 880, 1, 1747740153),
(1043, 24, 881, 1, 1747740186),
(1044, 28, 882, 1, 1747740204),
(1045, 28, 883, 1, 1747740266),
(1046, 28, 885, 1, 1747740266),
(1047, 24, 884, 1, 1747740268),
(1048, 28, 886, 1, 1747740280),
(1049, 24, 887, 1, 1747740288),
(1050, 28, 888, 1, 1747740436),
(1051, 24, 892, 1, 1747740452),
(1052, 28, 893, 1, 1747740508),
(1053, 28, 894, 1, 1747740518),
(1054, 28, 895, 1, 1747740600),
(1055, 24, 896, 1, 1747740616),
(1056, 24, 897, 1, 1747740627),
(1057, 28, 898, 1, 1747740642),
(1058, 28, 899, 1, 1747740662),
(1059, 28, 900, 1, 1747740714),
(1060, 28, 901, 1, 1747740744),
(1061, 28, 902, 1, 1747740877),
(1062, 24, 903, 1, 1747740895),
(1063, 24, 905, 1, 1747740936),
(1064, 28, 904, 1, 1747740938),
(1065, 24, 906, 1, 1747740957),
(1066, 28, 907, 1, 1747740959),
(1067, 24, 908, 1, 1747740968),
(1068, 24, 909, 1, 1747740978),
(1069, 28, 910, 1, 1747740979),
(1070, 24, 911, 1, 1747740988),
(1071, 24, 912, 1, 1747741071),
(1072, 24, 913, 1, 1747741091),
(1073, 24, 914, 1, 1747741163),
(1074, 28, 915, 1, 1747741163),
(1075, 24, 916, 1, 1747741194),
(1076, 24, 917, 1, 1747741214),
(1077, 28, 918, 1, 1747741214),
(1078, 28, 919, 1, 1747741214),
(1079, 28, 920, 1, 1747741245),
(1080, 24, 921, 1, 1747741276),
(1081, 24, 922, 1, 1747741347),
(1082, 24, 923, 1, 1747741368),
(1083, 28, 924, 1, 1747741430),
(1084, 28, 925, 1, 1747741440),
(1085, 25, 879, 1, 1747741496),
(1086, 25, 889, 1, 1747741496),
(1087, 25, 890, 1, 1747741496),
(1088, 25, 926, 1, 1747741506),
(1089, 28, 927, 1, 1747741629),
(1090, 28, 928, 1, 1747741629),
(1091, 24, 929, 1, 1747741655),
(1092, 28, 930, 1, 1747741670),
(1093, 28, 891, 1, 1747741715),
(1094, 24, 931, 1, 1747741737),
(1095, 24, 932, 1, 1747741757),
(1096, 28, 933, 1, 1747741760),
(1097, 24, 934, 1, 1747741788),
(1098, 28, 935, 1, 1747741803),
(1099, 24, 942, 1, 1747741952),
(1100, 24, 943, 1, 1747741963),
(1101, 24, 944, 1, 1747741973),
(1102, 28, 945, 1, 1747741983),
(1103, 24, 946, 1, 1747741994),
(1104, 24, 947, 1, 1747742014),
(1105, 24, 948, 1, 1747742025),
(1106, 24, 949, 1, 1747742096),
(1107, 24, 952, 1, 1747742745),
(1108, 21, 878, 1, 1747742820),
(1109, 54, 847, 1, 1748109991),
(1110, 28, 953, 1, 1748342108),
(1111, 24, 954, 1, 1748342113),
(1112, 25, 936, 1, 1748342169),
(1113, 25, 937, 1, 1748342169),
(1114, 25, 938, 1, 1748342169),
(1115, 25, 939, 1, 1748342169),
(1116, 25, 940, 1, 1748342169),
(1117, 25, 941, 1, 1748342169),
(1118, 25, 950, 1, 1748342169),
(1119, 25, 951, 1, 1748342169),
(1120, 21, 955, 1, 1748342174),
(1121, 23, 956, 1, 1748342183),
(1122, 24, 958, 1, 1748342498),
(1123, 21, 957, 1, 1748342613),
(1124, 28, 959, 1, 1748342760),
(1125, 28, 960, 1, 1748342760),
(1126, 28, 962, 1, 1748342760),
(1127, 24, 964, 1, 1748342766),
(1128, 24, 965, 1, 1748342766),
(1129, 23, 961, 1, 1748342866),
(1130, 21, 967, 1, 1748343486),
(1131, 21, 968, 1, 1748343486),
(1132, 21, 966, 1, 1748343501),
(1133, 23, 969, 1, 1748343510),
(1134, 23, 970, 1, 1748343734),
(1135, 23, 971, 1, 1748343775),
(1136, 23, 972, 1, 1748343795),
(1137, 21, 973, 1, 1748343830),
(1138, 23, 973, 2, 1748343855),
(1139, 21, 975, 1, 1748344043),
(1140, 25, 963, 1, 1748767645),
(1141, 25, 976, 1, 1748767645),
(1142, 21, 967, 2, 1748871337),
(1143, 21, 968, 2, 1748871337),
(1144, 23, 974, 1, 1748947022),
(1145, 23, 977, 1, 1748947022),
(1146, 21, 978, 1, 1748947034),
(1147, 23, 979, 1, 1748947237),
(1148, 21, 980, 1, 1748947286),
(1149, 23, 981, 1, 1748948074),
(1150, 23, 982, 1, 1748948258),
(1151, 23, 975, 2, 1748948344),
(1152, 21, 983, 1, 1748948360),
(1153, 21, 984, 1, 1748948371),
(1154, 23, 985, 1, 1748948450),
(1155, 23, 986, 1, 1748948511),
(1156, 23, 987, 1, 1748948625),
(1157, 23, 988, 1, 1748948635),
(1158, 23, 989, 1, 1748948646),
(1159, 23, 990, 1, 1748948657),
(1160, 23, 991, 1, 1748948677),
(1161, 23, 992, 1, 1748948739),
(1162, 23, 993, 1, 1748948893);

-- --------------------------------------------------------

--
-- Structure de la table `mdl_mnetservice_enrol_courses`
--

CREATE TABLE `mdl_mnetservice_enrol_courses` (
  `id` bigint NOT NULL,
  `hostid` bigint NOT NULL,
  `remoteid` bigint NOT NULL,
  `categoryid` bigint NOT NULL,
  `categoryname` varchar(255) CHARACTER SET utf8mb4 COLLATE utf8mb4_0900_ai_ci NOT NULL DEFAULT '',
  `sortorder` bigint NOT NULL DEFAULT '0',
  `fullname` varchar(254) CHARACTER SET utf8mb4 COLLATE utf8mb4_0900_ai_ci NOT NULL DEFAULT '',
  `shortname` varchar(100) CHARACTER SET utf8mb4 COLLATE utf8mb4_0900_ai_ci NOT NULL DEFAULT '',
  `idnumber` varchar(100) CHARACTER SET utf8mb4 COLLATE utf8mb4_0900_ai_ci NOT NULL DEFAULT '',
  `summary` longtext CHARACTER SET utf8mb4 COLLATE utf8mb4_0900_ai_ci NOT NULL,
  `summaryformat` smallint DEFAULT '0',
  `startdate` bigint NOT NULL,
  `roleid` bigint NOT NULL,
  `rolename` varchar(255) CHARACTER SET utf8mb4 COLLATE utf8mb4_0900_ai_ci NOT NULL DEFAULT ''
) ENGINE=InnoDB DEFAULT CHARSET=utf8mb4 COLLATE=utf8mb4_0900_ai_ci COMMENT='Caches the information fetched via XML-RPC about courses on ' ROW_FORMAT=COMPRESSED;

-- --------------------------------------------------------

--
-- Structure de la table `mdl_mnetservice_enrol_enrolments`
--

CREATE TABLE `mdl_mnetservice_enrol_enrolments` (
  `id` bigint NOT NULL,
  `hostid` bigint NOT NULL,
  `userid` bigint NOT NULL,
  `remotecourseid` bigint NOT NULL,
  `rolename` varchar(255) CHARACTER SET utf8mb4 COLLATE utf8mb4_0900_ai_ci NOT NULL DEFAULT '',
  `enroltime` bigint NOT NULL DEFAULT '0',
  `enroltype` varchar(20) CHARACTER SET utf8mb4 COLLATE utf8mb4_0900_ai_ci NOT NULL DEFAULT ''
) ENGINE=InnoDB DEFAULT CHARSET=utf8mb4 COLLATE=utf8mb4_0900_ai_ci COMMENT='Caches the information about enrolments of our local users i' ROW_FORMAT=COMPRESSED;

-- --------------------------------------------------------

--
-- Structure de la table `mdl_mnet_application`
--

CREATE TABLE `mdl_mnet_application` (
  `id` bigint NOT NULL,
  `name` varchar(50) CHARACTER SET utf8mb4 COLLATE utf8mb4_0900_ai_ci NOT NULL DEFAULT '',
  `display_name` varchar(50) CHARACTER SET utf8mb4 COLLATE utf8mb4_0900_ai_ci NOT NULL DEFAULT '',
  `xmlrpc_server_url` varchar(255) CHARACTER SET utf8mb4 COLLATE utf8mb4_0900_ai_ci NOT NULL DEFAULT '',
  `sso_land_url` varchar(255) CHARACTER SET utf8mb4 COLLATE utf8mb4_0900_ai_ci NOT NULL DEFAULT '',
  `sso_jump_url` varchar(255) CHARACTER SET utf8mb4 COLLATE utf8mb4_0900_ai_ci NOT NULL DEFAULT ''
) ENGINE=InnoDB DEFAULT CHARSET=utf8mb4 COLLATE=utf8mb4_0900_ai_ci COMMENT='Information about applications on remote hosts' ROW_FORMAT=COMPRESSED;

--
-- Déchargement des données de la table `mdl_mnet_application`
--

INSERT INTO `mdl_mnet_application` (`id`, `name`, `display_name`, `xmlrpc_server_url`, `sso_land_url`, `sso_jump_url`) VALUES
(1, 'moodle', 'Moodle', '/mnet/xmlrpc/server.php', '/auth/mnet/land.php', '/auth/mnet/jump.php'),
(2, 'mahara', 'Mahara', '/api/xmlrpc/server.php', '/auth/xmlrpc/land.php', '/auth/xmlrpc/jump.php');

-- --------------------------------------------------------

--
-- Structure de la table `mdl_mnet_host`
--

CREATE TABLE `mdl_mnet_host` (
  `id` bigint NOT NULL,
  `deleted` tinyint(1) NOT NULL DEFAULT '0',
  `wwwroot` varchar(255) CHARACTER SET utf8mb4 COLLATE utf8mb4_0900_ai_ci NOT NULL DEFAULT '',
  `ip_address` varchar(45) CHARACTER SET utf8mb4 COLLATE utf8mb4_0900_ai_ci NOT NULL DEFAULT '',
  `name` varchar(80) CHARACTER SET utf8mb4 COLLATE utf8mb4_0900_ai_ci NOT NULL DEFAULT '',
  `public_key` longtext CHARACTER SET utf8mb4 COLLATE utf8mb4_0900_ai_ci NOT NULL,
  `public_key_expires` bigint NOT NULL DEFAULT '0',
  `transport` tinyint NOT NULL DEFAULT '0',
  `portno` mediumint NOT NULL DEFAULT '0',
  `last_connect_time` bigint NOT NULL DEFAULT '0',
  `last_log_id` bigint NOT NULL DEFAULT '0',
  `force_theme` tinyint(1) NOT NULL DEFAULT '0',
  `theme` varchar(100) CHARACTER SET utf8mb4 COLLATE utf8mb4_0900_ai_ci DEFAULT NULL,
  `applicationid` bigint NOT NULL DEFAULT '1',
  `sslverification` tinyint(1) NOT NULL DEFAULT '0'
) ENGINE=InnoDB DEFAULT CHARSET=utf8mb4 COLLATE=utf8mb4_0900_ai_ci COMMENT='Information about the local and remote hosts for RPC' ROW_FORMAT=COMPRESSED;

--
-- Déchargement des données de la table `mdl_mnet_host`
--

INSERT INTO `mdl_mnet_host` (`id`, `deleted`, `wwwroot`, `ip_address`, `name`, `public_key`, `public_key_expires`, `transport`, `portno`, `last_connect_time`, `last_log_id`, `force_theme`, `theme`, `applicationid`, `sslverification`) VALUES
(1, 0, 'https://bia-facile.fr', '10.13.40.107', '', '-----BEGIN CERTIFICATE-----\nMIIEljCCA36gAwIBAgIBADANBgkqhkiG9w0BAQUFADCB4zELMAkGA1UEBhMCRlIx\nEzARBgNVBAgMClN0cmFzYm91cmcxEzARBgNVBAcMClN0cmFzYm91cmcxMDAuBgNV\nBAoMJ0JyZXZldCBkJ0luaXRpYXRpb24gQcOpcm9uYXV0aXF1ZSAoQklBKTEPMA0G\nA1UECwwGTW9vZGxlMR4wHAYDVQQDDBVodHRwczovL2JpYS1mYWNpbGUuZnIxHjAc\nBgNVHREMFWh0dHBzOi8vYmlhLWZhY2lsZS5mcjEnMCUGCSqGSIb3DQEJARYYYnJ1\nbm8uYmVybmFyZEB1bmlzdHJhLmZyMB4XDTI1MDEwNTIxNDUwNVoXDTI1MDIwMjIx\nNDUwNVowgeMxCzAJBgNVBAYTAkZSMRMwEQYDVQQIDApTdHJhc2JvdXJnMRMwEQYD\nVQQHDApTdHJhc2JvdXJnMTAwLgYDVQQKDCdCcmV2ZXQgZCdJbml0aWF0aW9uIEHD\nqXJvbmF1dGlxdWUgKEJJQSkxDzANBgNVBAsMBk1vb2RsZTEeMBwGA1UEAwwVaHR0\ncHM6Ly9iaWEtZmFjaWxlLmZyMR4wHAYDVR0RDBVodHRwczovL2JpYS1mYWNpbGUu\nZnIxJzAlBgkqhkiG9w0BCQEWGGJydW5vLmJlcm5hcmRAdW5pc3RyYS5mcjCCASIw\nDQYJKoZIhvcNAQEBBQADggEPADCCAQoCggEBANaWa4mrk8SYj3gylsQUJtCsBb8B\nCW3JW+EE4XUEIVTmFQtFfZwr1qJiNez1QXTd/I73rQ0YohGWRg74C6JiGR/rpDCW\nW3V5NXo3tY7oIJwuI2hK7Ca2Kpz+Uv4A85nKaa0upwtKSHqDYnm2VIk4DlNeEFAJ\nHwHnoyB/JNpkwnEXd+NNnzJaNjBPEMJYH0hkfuXYlO3GjSSiIlOK6DUrttf6qm+W\nDNqeKIcJ5gQKIFVf+nc+k6v0dH7eMQVnV+/btcvG6FxEK9ofaWUg6wR77DLJVwuw\nTEv37tztdODw+Ec8J7cGzVtM8GGIoBX/JBXBY9DPtQIljLslnLWJ00cr0JMCAwEA\nAaNTMFEwHQYDVR0OBBYEFLNZoV4dqr1FoAmqNUy/7rY+bd9TMB8GA1UdIwQYMBaA\nFLNZoV4dqr1FoAmqNUy/7rY+bd9TMA8GA1UdEwEB/wQFMAMBAf8wDQYJKoZIhvcN\nAQEFBQADggEBALhWUJS/Y4KtHHV4ylDKQcPfmB/omnJkzW4qzFx3YEDhq9MFhH/1\n7ERmHM+tnYzgFkHh/jiflTbG9b/uVIz+JvwQmr9l50AmtL8UTK98PuRHTZYFG++V\natwde6ZaBd8P69P6olEuDJW32WdyRBhuVDOlhA8vqGywsagF5zkErEts5UjawDg+\ndtji0507GhlRr+EC+0+Yxcg6ToB4Wd6iF2ffKb9wZZltFeUE2GL5Qd0i0qHk+unz\nkP+vTuih0U4L/hyv4eDaxaS63tAYRz+kStD538QBYM3iwNS7B3/VMDzWZz5ioo1E\nNhcw2UPrr5SK1HqCTNaj0m32inPOVGf9YwE=\n-----END CERTIFICATE-----\n', 1738532705, 0, 0, 0, 0, 0, NULL, 1, 0),
(2, 0, '', '', 'All Hosts', '', 0, 0, 0, 0, 0, 0, NULL, 1, 0);

-- --------------------------------------------------------

--
-- Structure de la table `mdl_mnet_host2service`
--

CREATE TABLE `mdl_mnet_host2service` (
  `id` bigint NOT NULL,
  `hostid` bigint NOT NULL DEFAULT '0',
  `serviceid` bigint NOT NULL DEFAULT '0',
  `publish` tinyint(1) NOT NULL DEFAULT '0',
  `subscribe` tinyint(1) NOT NULL DEFAULT '0'
) ENGINE=InnoDB DEFAULT CHARSET=utf8mb4 COLLATE=utf8mb4_0900_ai_ci COMMENT='Information about the services for a given host' ROW_FORMAT=COMPRESSED;

-- --------------------------------------------------------

--
-- Structure de la table `mdl_mnet_log`
--

CREATE TABLE `mdl_mnet_log` (
  `id` bigint NOT NULL,
  `hostid` bigint NOT NULL DEFAULT '0',
  `remoteid` bigint NOT NULL DEFAULT '0',
  `time` bigint NOT NULL DEFAULT '0',
  `userid` bigint NOT NULL DEFAULT '0',
  `ip` varchar(45) CHARACTER SET utf8mb4 COLLATE utf8mb4_0900_ai_ci NOT NULL DEFAULT '',
  `course` bigint NOT NULL DEFAULT '0',
  `coursename` varchar(40) CHARACTER SET utf8mb4 COLLATE utf8mb4_0900_ai_ci NOT NULL DEFAULT '',
  `module` varchar(20) CHARACTER SET utf8mb4 COLLATE utf8mb4_0900_ai_ci NOT NULL DEFAULT '',
  `cmid` bigint NOT NULL DEFAULT '0',
  `action` varchar(40) CHARACTER SET utf8mb4 COLLATE utf8mb4_0900_ai_ci NOT NULL DEFAULT '',
  `url` varchar(100) CHARACTER SET utf8mb4 COLLATE utf8mb4_0900_ai_ci NOT NULL DEFAULT '',
  `info` varchar(255) CHARACTER SET utf8mb4 COLLATE utf8mb4_0900_ai_ci NOT NULL DEFAULT ''
) ENGINE=InnoDB DEFAULT CHARSET=utf8mb4 COLLATE=utf8mb4_0900_ai_ci COMMENT='Store session data from users migrating to other sites' ROW_FORMAT=COMPRESSED;

-- --------------------------------------------------------

--
-- Structure de la table `mdl_mnet_remote_rpc`
--

CREATE TABLE `mdl_mnet_remote_rpc` (
  `id` bigint NOT NULL,
  `functionname` varchar(40) CHARACTER SET utf8mb4 COLLATE utf8mb4_0900_ai_ci NOT NULL DEFAULT '',
  `xmlrpcpath` varchar(80) CHARACTER SET utf8mb4 COLLATE utf8mb4_0900_ai_ci NOT NULL DEFAULT '',
  `plugintype` varchar(20) CHARACTER SET utf8mb4 COLLATE utf8mb4_0900_ai_ci NOT NULL DEFAULT '',
  `pluginname` varchar(20) CHARACTER SET utf8mb4 COLLATE utf8mb4_0900_ai_ci NOT NULL DEFAULT '',
  `enabled` tinyint(1) NOT NULL
) ENGINE=InnoDB DEFAULT CHARSET=utf8mb4 COLLATE=utf8mb4_0900_ai_ci COMMENT='This table describes functions that might be called remotely' ROW_FORMAT=COMPRESSED;

--
-- Déchargement des données de la table `mdl_mnet_remote_rpc`
--

INSERT INTO `mdl_mnet_remote_rpc` (`id`, `functionname`, `xmlrpcpath`, `plugintype`, `pluginname`, `enabled`) VALUES
(1, 'user_authorise', 'auth/mnet/auth.php/user_authorise', 'auth', 'mnet', 1),
(2, 'keepalive_server', 'auth/mnet/auth.php/keepalive_server', 'auth', 'mnet', 1),
(3, 'kill_children', 'auth/mnet/auth.php/kill_children', 'auth', 'mnet', 1),
(4, 'refresh_log', 'auth/mnet/auth.php/refresh_log', 'auth', 'mnet', 1),
(5, 'fetch_user_image', 'auth/mnet/auth.php/fetch_user_image', 'auth', 'mnet', 1),
(6, 'fetch_theme_info', 'auth/mnet/auth.php/fetch_theme_info', 'auth', 'mnet', 1),
(7, 'update_enrolments', 'auth/mnet/auth.php/update_enrolments', 'auth', 'mnet', 1),
(8, 'keepalive_client', 'auth/mnet/auth.php/keepalive_client', 'auth', 'mnet', 1),
(9, 'kill_child', 'auth/mnet/auth.php/kill_child', 'auth', 'mnet', 1),
(10, 'available_courses', 'enrol/mnet/enrol.php/available_courses', 'enrol', 'mnet', 1),
(11, 'user_enrolments', 'enrol/mnet/enrol.php/user_enrolments', 'enrol', 'mnet', 1),
(12, 'enrol_user', 'enrol/mnet/enrol.php/enrol_user', 'enrol', 'mnet', 1),
(13, 'unenrol_user', 'enrol/mnet/enrol.php/unenrol_user', 'enrol', 'mnet', 1),
(14, 'course_enrolments', 'enrol/mnet/enrol.php/course_enrolments', 'enrol', 'mnet', 1),
(15, 'send_content_intent', 'portfolio/mahara/lib.php/send_content_intent', 'portfolio', 'mahara', 1),
(16, 'send_content_ready', 'portfolio/mahara/lib.php/send_content_ready', 'portfolio', 'mahara', 1),
(17, 'use_stats_rpc_get_stats', 'blocks/use_stats/rpclib.php/use_stats_rpc_get_stats', 'block', 'use_stats', 1),
(18, 'use_stats_rpc_get_scores', 'blocks/use_stats/rpclib.php/use_stats_rpc_get_scores', 'block', 'use_stats', 1);

-- --------------------------------------------------------

--
-- Structure de la table `mdl_mnet_remote_service2rpc`
--

CREATE TABLE `mdl_mnet_remote_service2rpc` (
  `id` bigint NOT NULL,
  `serviceid` bigint NOT NULL DEFAULT '0',
  `rpcid` bigint NOT NULL DEFAULT '0'
) ENGINE=InnoDB DEFAULT CHARSET=utf8mb4 COLLATE=utf8mb4_0900_ai_ci COMMENT='Group functions or methods under a service' ROW_FORMAT=COMPRESSED;

--
-- Déchargement des données de la table `mdl_mnet_remote_service2rpc`
--

INSERT INTO `mdl_mnet_remote_service2rpc` (`id`, `serviceid`, `rpcid`) VALUES
(1, 1, 1),
(2, 1, 2),
(3, 1, 3),
(4, 1, 4),
(5, 1, 5),
(6, 1, 6),
(7, 1, 7),
(8, 2, 8),
(9, 2, 9),
(10, 3, 10),
(11, 3, 11),
(12, 3, 12),
(13, 3, 13),
(14, 3, 14),
(15, 4, 15),
(16, 4, 16),
(17, 5, 17),
(18, 5, 18);

-- --------------------------------------------------------

--
-- Structure de la table `mdl_mnet_rpc`
--

CREATE TABLE `mdl_mnet_rpc` (
  `id` bigint NOT NULL,
  `functionname` varchar(40) CHARACTER SET utf8mb4 COLLATE utf8mb4_0900_ai_ci NOT NULL DEFAULT '',
  `xmlrpcpath` varchar(80) CHARACTER SET utf8mb4 COLLATE utf8mb4_0900_ai_ci NOT NULL DEFAULT '',
  `plugintype` varchar(20) CHARACTER SET utf8mb4 COLLATE utf8mb4_0900_ai_ci NOT NULL DEFAULT '',
  `pluginname` varchar(20) CHARACTER SET utf8mb4 COLLATE utf8mb4_0900_ai_ci NOT NULL DEFAULT '',
  `enabled` tinyint(1) NOT NULL DEFAULT '0',
  `help` longtext CHARACTER SET utf8mb4 COLLATE utf8mb4_0900_ai_ci NOT NULL,
  `profile` longtext CHARACTER SET utf8mb4 COLLATE utf8mb4_0900_ai_ci NOT NULL,
  `filename` varchar(100) CHARACTER SET utf8mb4 COLLATE utf8mb4_0900_ai_ci NOT NULL DEFAULT '',
  `classname` varchar(150) CHARACTER SET utf8mb4 COLLATE utf8mb4_0900_ai_ci DEFAULT NULL,
  `static` tinyint(1) DEFAULT NULL
) ENGINE=InnoDB DEFAULT CHARSET=utf8mb4 COLLATE=utf8mb4_0900_ai_ci COMMENT='Functions or methods that we may publish or subscribe to' ROW_FORMAT=COMPRESSED;

--
-- Déchargement des données de la table `mdl_mnet_rpc`
--

INSERT INTO `mdl_mnet_rpc` (`id`, `functionname`, `xmlrpcpath`, `plugintype`, `pluginname`, `enabled`, `help`, `profile`, `filename`, `classname`, `static`) VALUES
(1, 'user_authorise', 'auth/mnet/auth.php/user_authorise', 'auth', 'mnet', 1, 'Return user data for the provided token, compare with user_agent string.', 'a:2:{s:10:\"parameters\";a:2:{i:0;a:3:{s:4:\"name\";s:5:\"token\";s:4:\"type\";s:6:\"string\";s:11:\"description\";s:37:\"The unique ID provided by remotehost.\";}i:1;a:3:{s:4:\"name\";s:9:\"useragent\";s:4:\"type\";s:6:\"string\";s:11:\"description\";s:18:\"User Agent string.\";}}s:6:\"return\";a:2:{s:4:\"type\";s:5:\"array\";s:11:\"description\";s:44:\"$userdata Array of user info for remote host\";}}', 'auth.php', 'auth_plugin_mnet', 0),
(2, 'keepalive_server', 'auth/mnet/auth.php/keepalive_server', 'auth', 'mnet', 1, 'Receives an array of usernames from a remote machine and prods their\nsessions to keep them alive', 'a:2:{s:10:\"parameters\";a:1:{i:0;a:3:{s:4:\"name\";s:5:\"array\";s:4:\"type\";s:5:\"array\";s:11:\"description\";s:21:\"An array of usernames\";}}s:6:\"return\";a:2:{s:4:\"type\";s:6:\"string\";s:11:\"description\";s:28:\"\"All ok\" or an error message\";}}', 'auth.php', 'auth_plugin_mnet', 0),
(3, 'kill_children', 'auth/mnet/auth.php/kill_children', 'auth', 'mnet', 1, 'The IdP uses this function to kill child sessions on other hosts', 'a:2:{s:10:\"parameters\";a:2:{i:0;a:3:{s:4:\"name\";s:8:\"username\";s:4:\"type\";s:6:\"string\";s:11:\"description\";s:28:\"Username for session to kill\";}i:1;a:3:{s:4:\"name\";s:9:\"useragent\";s:4:\"type\";s:6:\"string\";s:11:\"description\";s:35:\"SHA1 hash of user agent to look for\";}}s:6:\"return\";a:2:{s:4:\"type\";s:6:\"string\";s:11:\"description\";s:39:\"A plaintext report of what has happened\";}}', 'auth.php', 'auth_plugin_mnet', 0),
(4, 'refresh_log', 'auth/mnet/auth.php/refresh_log', 'auth', 'mnet', 1, 'Receives an array of log entries from an SP and adds them to the mnet_log\ntable', 'a:2:{s:10:\"parameters\";a:1:{i:0;a:3:{s:4:\"name\";s:5:\"array\";s:4:\"type\";s:5:\"array\";s:11:\"description\";s:21:\"An array of usernames\";}}s:6:\"return\";a:2:{s:4:\"type\";s:6:\"string\";s:11:\"description\";s:28:\"\"All ok\" or an error message\";}}', 'auth.php', 'auth_plugin_mnet', 0),
(5, 'fetch_user_image', 'auth/mnet/auth.php/fetch_user_image', 'auth', 'mnet', 1, 'Returns the user\'s profile image info\nIf the user exists and has a profile picture, the returned array will contain keys:\nf1          - the content of the default 100x100px image\nf1_mimetype - the mimetype of the f1 file\nf2          - the content of the 35x35px variant of the image\nf2_mimetype - the mimetype of the f2 file\nThe mimetype information was added in Moodle 2.0. In Moodle 1.x, images are always jpegs.', 'a:2:{s:10:\"parameters\";a:1:{i:0;a:3:{s:4:\"name\";s:8:\"username\";s:4:\"type\";s:3:\"int\";s:11:\"description\";s:18:\"The id of the user\";}}s:6:\"return\";a:2:{s:4:\"type\";s:11:\"false|array\";s:11:\"description\";s:84:\"false if user not found, empty array if no picture exists, array with data otherwise\";}}', 'auth.php', 'auth_plugin_mnet', 0),
(6, 'fetch_theme_info', 'auth/mnet/auth.php/fetch_theme_info', 'auth', 'mnet', 1, 'Returns the theme information and logo url as strings.', 'a:2:{s:10:\"parameters\";a:0:{}s:6:\"return\";a:2:{s:4:\"type\";s:6:\"string\";s:11:\"description\";s:14:\"The theme info\";}}', 'auth.php', 'auth_plugin_mnet', 0),
(7, 'update_enrolments', 'auth/mnet/auth.php/update_enrolments', 'auth', 'mnet', 1, 'Invoke this function _on_ the IDP to update it with enrolment info local to\nthe SP right after calling user_authorise()\nNormally called by the SP after calling user_authorise()', 'a:2:{s:10:\"parameters\";a:2:{i:0;a:3:{s:4:\"name\";s:8:\"username\";s:4:\"type\";s:6:\"string\";s:11:\"description\";s:12:\"The username\";}i:1;a:3:{s:4:\"name\";s:7:\"courses\";s:4:\"type\";s:5:\"array\";s:11:\"description\";s:75:\"Assoc array of courses following the structure of mnetservice_enrol_courses\";}}s:6:\"return\";a:2:{s:4:\"type\";s:4:\"bool\";s:11:\"description\";s:0:\"\";}}', 'auth.php', 'auth_plugin_mnet', 0),
(8, 'keepalive_client', 'auth/mnet/auth.php/keepalive_client', 'auth', 'mnet', 1, 'Poll the IdP server to let it know that a user it has authenticated is still\nonline', 'a:2:{s:10:\"parameters\";a:0:{}s:6:\"return\";a:2:{s:4:\"type\";s:4:\"void\";s:11:\"description\";s:0:\"\";}}', 'auth.php', 'auth_plugin_mnet', 0),
(9, 'kill_child', 'auth/mnet/auth.php/kill_child', 'auth', 'mnet', 1, 'When the IdP requests that child sessions are terminated,\nthis function will be called on each of the child hosts. The machine that\ncalls the function (over xmlrpc) provides us with the mnethostid we need.', 'a:2:{s:10:\"parameters\";a:2:{i:0;a:3:{s:4:\"name\";s:8:\"username\";s:4:\"type\";s:6:\"string\";s:11:\"description\";s:28:\"Username for session to kill\";}i:1;a:3:{s:4:\"name\";s:9:\"useragent\";s:4:\"type\";s:6:\"string\";s:11:\"description\";s:35:\"SHA1 hash of user agent to look for\";}}s:6:\"return\";a:2:{s:4:\"type\";s:4:\"bool\";s:11:\"description\";s:15:\"True on success\";}}', 'auth.php', 'auth_plugin_mnet', 0),
(10, 'available_courses', 'enrol/mnet/enrol.php/available_courses', 'enrol', 'mnet', 1, 'Returns list of courses that we offer to the caller for remote enrolment of their users\nSince Moodle 2.0, courses are made available for MNet peers by creating an instance\nof enrol_mnet plugin for the course. Hidden courses are not returned. If there are two\ninstances - one specific for the host and one for \'All hosts\', the setting of the specific\none is used. The id of the peer is kept in customint1, no other custom fields are used.', 'a:2:{s:10:\"parameters\";a:0:{}s:6:\"return\";a:2:{s:4:\"type\";s:5:\"array\";s:11:\"description\";s:0:\"\";}}', 'enrol.php', 'enrol_mnet_mnetservice_enrol', 0),
(11, 'user_enrolments', 'enrol/mnet/enrol.php/user_enrolments', 'enrol', 'mnet', 1, 'This method has never been implemented in Moodle MNet API', 'a:2:{s:10:\"parameters\";a:0:{}s:6:\"return\";a:2:{s:4:\"type\";s:5:\"array\";s:11:\"description\";s:11:\"empty array\";}}', 'enrol.php', 'enrol_mnet_mnetservice_enrol', 0),
(12, 'enrol_user', 'enrol/mnet/enrol.php/enrol_user', 'enrol', 'mnet', 1, 'Enrol remote user to our course\nIf we do not have local record for the remote user in our database,\nit gets created here.', 'a:2:{s:10:\"parameters\";a:2:{i:0;a:3:{s:4:\"name\";s:8:\"userdata\";s:4:\"type\";s:5:\"array\";s:11:\"description\";s:43:\"user details {@see mnet_fields_to_import()}\";}i:1;a:3:{s:4:\"name\";s:8:\"courseid\";s:4:\"type\";s:3:\"int\";s:11:\"description\";s:19:\"our local course id\";}}s:6:\"return\";a:2:{s:4:\"type\";s:4:\"bool\";s:11:\"description\";s:69:\"true if the enrolment has been successful, throws exception otherwise\";}}', 'enrol.php', 'enrol_mnet_mnetservice_enrol', 0),
(13, 'unenrol_user', 'enrol/mnet/enrol.php/unenrol_user', 'enrol', 'mnet', 1, 'Unenrol remote user from our course\nOnly users enrolled via enrol_mnet plugin can be unenrolled remotely. If the\nremote user is enrolled into the local course via some other enrol plugin\n(enrol_manual for example), the remote host can\'t touch such enrolment. Please\ndo not report this behaviour as bug, it is a feature ;-)', 'a:2:{s:10:\"parameters\";a:2:{i:0;a:3:{s:4:\"name\";s:8:\"username\";s:4:\"type\";s:6:\"string\";s:11:\"description\";s:18:\"of the remote user\";}i:1;a:3:{s:4:\"name\";s:8:\"courseid\";s:4:\"type\";s:3:\"int\";s:11:\"description\";s:19:\"of our local course\";}}s:6:\"return\";a:2:{s:4:\"type\";s:4:\"bool\";s:11:\"description\";s:71:\"true if the unenrolment has been successful, throws exception otherwise\";}}', 'enrol.php', 'enrol_mnet_mnetservice_enrol', 0),
(14, 'course_enrolments', 'enrol/mnet/enrol.php/course_enrolments', 'enrol', 'mnet', 1, 'Returns a list of users from the client server who are enrolled in our course\nSuitable instance of enrol_mnet must be created in the course. This method will not\nreturn any information about the enrolments in courses that are not available for\nremote enrolment, even if their users are enrolled into them via other plugin\n(note the difference from {@link self::user_enrolments()}).\nThis method will return enrolment information for users from hosts regardless\nthe enrolment plugin. It does not matter if the user was enrolled remotely by\ntheir admin or locally. Once the course is available for remote enrolments, we\nwill tell them everything about their users.\nIn Moodle 1.x the returned array used to be indexed by username. The side effect\nof MDL-19219 fix is that we do not need to use such index and therefore we can\nreturn all enrolment records. MNet clients 1.x will only use the last record for\nthe student, if she is enrolled via multiple plugins.', 'a:2:{s:10:\"parameters\";a:2:{i:0;a:3:{s:4:\"name\";s:8:\"courseid\";s:4:\"type\";s:3:\"int\";s:11:\"description\";s:16:\"ID of our course\";}i:1;a:3:{s:4:\"name\";s:5:\"roles\";s:4:\"type\";s:12:\"string|array\";s:11:\"description\";s:58:\"comma separated list of role shortnames (or array of them)\";}}s:6:\"return\";a:2:{s:4:\"type\";s:5:\"array\";s:11:\"description\";s:0:\"\";}}', 'enrol.php', 'enrol_mnet_mnetservice_enrol', 0),
(15, 'fetch_file', 'portfolio/mahara/lib.php/fetch_file', 'portfolio', 'mahara', 1, 'xmlrpc (mnet) function to get the file.\nreads in the file and returns it base_64 encoded\nso that it can be enrypted by mnet.', 'a:2:{s:10:\"parameters\";a:1:{i:0;a:3:{s:4:\"name\";s:5:\"token\";s:4:\"type\";s:6:\"string\";s:11:\"description\";s:56:\"the token recieved previously during send_content_intent\";}}s:6:\"return\";a:2:{s:4:\"type\";s:4:\"void\";s:11:\"description\";s:0:\"\";}}', 'lib.php', 'portfolio_plugin_mahara', 1),
(16, 'use_stats_rpc_get_stats', 'block/use_stats/rpclib.php/use_stats_rpc_get_stats', 'block', 'use_stats', 1, 'get a complete report of user stats for a single user.', 'a:2:{s:10:\"parameters\";a:5:{i:0;a:3:{s:4:\"name\";s:11:\"callinguser\";s:4:\"type\";s:5:\"array\";s:11:\"description\";s:27:\"The calling user descriptor\";}i:1;a:3:{s:4:\"name\";s:10:\"targetuser\";s:4:\"type\";s:6:\"string\";s:11:\"description\";s:26:\"Who stats are required for\";}i:2;a:3:{s:4:\"name\";s:9:\"whereroot\";s:4:\"type\";s:6:\"string\";s:11:\"description\";s:25:\"Where the user comes from\";}i:3;a:3:{s:4:\"name\";s:10:\"statsscope\";s:4:\"type\";s:6:\"string\";s:11:\"description\";s:18:\"Scope of the stats\";}i:4;a:3:{s:4:\"name\";s:8:\"timefrom\";s:4:\"type\";s:6:\"string\";s:11:\"description\";s:18:\"Scope of the stats\";}}s:6:\"return\";a:2:{s:4:\"type\";s:4:\"void\";s:11:\"description\";s:0:\"\";}}', 'rpclib.php', '', 0),
(17, 'use_stats_rpc_get_scores', 'block/use_stats/rpclib.php/use_stats_rpc_get_scores', 'block', 'use_stats', 1, 'get a complete report of user scoring for a single user.', 'a:2:{s:10:\"parameters\";a:7:{i:0;a:3:{s:4:\"name\";s:11:\"callinguser\";s:4:\"type\";s:5:\"array\";s:11:\"description\";s:27:\"The calling user descriptor\";}i:1;a:3:{s:4:\"name\";s:10:\"targetuser\";s:4:\"type\";s:6:\"string\";s:11:\"description\";s:26:\"Who stats are required for\";}i:2;a:3:{s:4:\"name\";s:9:\"whereroot\";s:4:\"type\";s:6:\"string\";s:11:\"description\";s:25:\"Where the user comes from\";}i:3;a:3:{s:4:\"name\";s:10:\"scorescope\";s:4:\"type\";s:6:\"string\";s:11:\"description\";s:17:\"The grading scope\";}i:4;a:3:{s:4:\"name\";s:13:\"courseidfield\";s:4:\"type\";s:6:\"string\";s:11:\"description\";s:62:\"The course identifier field as \'id\', \'idnumber\' or \'shortname\'\";}i:5;a:3:{s:4:\"name\";s:16:\"courseidentifier\";s:4:\"type\";s:6:\"string\";s:11:\"description\";s:31:\"The course effective identifier\";}i:6;a:3:{s:4:\"name\";s:12:\"jsonresponse\";s:4:\"type\";s:6:\"string\";s:11:\"description\";s:43:\"If true expects a jsonified scalar response\";}}s:6:\"return\";a:2:{s:4:\"type\";s:1:\"a\";s:11:\"description\";s:15:\"response object\";}}', 'rpclib.php', '', 0);

-- --------------------------------------------------------

--
-- Structure de la table `mdl_mnet_service`
--

CREATE TABLE `mdl_mnet_service` (
  `id` bigint NOT NULL,
  `name` varchar(40) CHARACTER SET utf8mb4 COLLATE utf8mb4_0900_ai_ci NOT NULL DEFAULT '',
  `description` varchar(40) CHARACTER SET utf8mb4 COLLATE utf8mb4_0900_ai_ci NOT NULL DEFAULT '',
  `apiversion` varchar(10) CHARACTER SET utf8mb4 COLLATE utf8mb4_0900_ai_ci NOT NULL DEFAULT '',
  `offer` tinyint(1) NOT NULL DEFAULT '0'
) ENGINE=InnoDB DEFAULT CHARSET=utf8mb4 COLLATE=utf8mb4_0900_ai_ci COMMENT='A service is a group of functions' ROW_FORMAT=COMPRESSED;

--
-- Déchargement des données de la table `mdl_mnet_service`
--

INSERT INTO `mdl_mnet_service` (`id`, `name`, `description`, `apiversion`, `offer`) VALUES
(1, 'sso_idp', '', '1', 1),
(2, 'sso_sp', '', '1', 1),
(3, 'mnet_enrol', '', '1', 1),
(4, 'pf', '', '1', 1),
(5, 'use_stats', 'Accès à distance aux statistiques', '1', 1);

-- --------------------------------------------------------

--
-- Structure de la table `mdl_mnet_service2rpc`
--

CREATE TABLE `mdl_mnet_service2rpc` (
  `id` bigint NOT NULL,
  `serviceid` bigint NOT NULL DEFAULT '0',
  `rpcid` bigint NOT NULL DEFAULT '0'
) ENGINE=InnoDB DEFAULT CHARSET=utf8mb4 COLLATE=utf8mb4_0900_ai_ci COMMENT='Group functions or methods under a service' ROW_FORMAT=COMPRESSED;

--
-- Déchargement des données de la table `mdl_mnet_service2rpc`
--

INSERT INTO `mdl_mnet_service2rpc` (`id`, `serviceid`, `rpcid`) VALUES
(1, 1, 1),
(2, 1, 2),
(3, 1, 3),
(4, 1, 4),
(5, 1, 5),
(6, 1, 6),
(7, 1, 7),
(8, 2, 8),
(9, 2, 9),
(10, 3, 10),
(11, 3, 11),
(12, 3, 12),
(13, 3, 13),
(14, 3, 14),
(15, 4, 15),
(16, 5, 16),
(17, 5, 17);

-- --------------------------------------------------------

--
-- Structure de la table `mdl_mnet_session`
--

CREATE TABLE `mdl_mnet_session` (
  `id` bigint NOT NULL,
  `userid` bigint NOT NULL DEFAULT '0',
  `username` varchar(100) CHARACTER SET utf8mb4 COLLATE utf8mb4_0900_ai_ci NOT NULL DEFAULT '',
  `token` varchar(40) CHARACTER SET utf8mb4 COLLATE utf8mb4_0900_ai_ci NOT NULL DEFAULT '',
  `mnethostid` bigint NOT NULL DEFAULT '0',
  `useragent` varchar(40) CHARACTER SET utf8mb4 COLLATE utf8mb4_0900_ai_ci NOT NULL DEFAULT '',
  `confirm_timeout` bigint NOT NULL DEFAULT '0',
  `session_id` varchar(40) CHARACTER SET utf8mb4 COLLATE utf8mb4_0900_ai_ci NOT NULL DEFAULT '',
  `expires` bigint NOT NULL DEFAULT '0'
) ENGINE=InnoDB DEFAULT CHARSET=utf8mb4 COLLATE=utf8mb4_0900_ai_ci COMMENT='Store session data from users migrating to other sites' ROW_FORMAT=COMPRESSED;

-- --------------------------------------------------------

--
-- Structure de la table `mdl_mnet_sso_access_control`
--

CREATE TABLE `mdl_mnet_sso_access_control` (
  `id` bigint NOT NULL,
  `username` varchar(100) CHARACTER SET utf8mb4 COLLATE utf8mb4_0900_ai_ci NOT NULL DEFAULT '',
  `mnet_host_id` bigint NOT NULL DEFAULT '0',
  `accessctrl` varchar(20) CHARACTER SET utf8mb4 COLLATE utf8mb4_0900_ai_ci NOT NULL DEFAULT 'allow'
) ENGINE=InnoDB DEFAULT CHARSET=utf8mb4 COLLATE=utf8mb4_0900_ai_ci COMMENT='Users by host permitted (or not) to login from a remote prov' ROW_FORMAT=COMPRESSED;

-- --------------------------------------------------------

--
-- Structure de la table `mdl_modules`
--

CREATE TABLE `mdl_modules` (
  `id` bigint NOT NULL,
  `name` varchar(20) CHARACTER SET utf8mb4 COLLATE utf8mb4_0900_ai_ci NOT NULL DEFAULT '',
  `cron` bigint NOT NULL DEFAULT '0',
  `lastcron` bigint NOT NULL DEFAULT '0',
  `search` varchar(255) CHARACTER SET utf8mb4 COLLATE utf8mb4_0900_ai_ci NOT NULL DEFAULT '',
  `visible` tinyint(1) NOT NULL DEFAULT '1'
) ENGINE=InnoDB DEFAULT CHARSET=utf8mb4 COLLATE=utf8mb4_0900_ai_ci COMMENT='modules available in the site' ROW_FORMAT=COMPRESSED;

--
-- Déchargement des données de la table `mdl_modules`
--

INSERT INTO `mdl_modules` (`id`, `name`, `cron`, `lastcron`, `search`, `visible`) VALUES
(1, 'assign', 0, 0, '', 1),
(2, 'bigbluebuttonbn', 0, 0, '', 0),
(3, 'book', 0, 0, '', 1),
(4, 'chat', 0, 0, '', 0),
(5, 'choice', 0, 0, '', 1),
(6, 'data', 0, 0, '', 1),
(7, 'feedback', 0, 0, '', 1),
(8, 'folder', 0, 0, '', 1),
(9, 'forum', 0, 0, '', 1),
(10, 'glossary', 0, 0, '', 1),
(11, 'h5pactivity', 0, 0, '', 1),
(12, 'imscp', 0, 0, '', 1),
(13, 'label', 0, 0, '', 1),
(14, 'lesson', 0, 0, '', 1),
(15, 'lti', 0, 0, '', 1),
(16, 'page', 0, 0, '', 1),
(17, 'quiz', 0, 0, '', 1),
(18, 'resource', 0, 0, '', 1),
(19, 'scorm', 0, 0, '', 1),
(20, 'survey', 0, 0, '', 1),
(21, 'url', 0, 0, '', 1),
(22, 'wiki', 0, 0, '', 1),
(23, 'workshop', 0, 0, '', 1),
(24, 'dataform', 0, 0, '', 1),
(25, 'subsection', 0, 0, '', 0),
(26, 'otopo', 0, 0, '', 1),
(27, 'forumng', 0, 0, '', 1),
(28, 'hotquestion', 60, 0, '', 1),
(29, 'studentquiz', 0, 0, '', 1),
(30, 'questionnaire', 0, 0, '', 1),
(31, 'threesixo', 0, 0, '', 1),
(32, 'adaptivequiz', 0, 0, '', 1),
(33, 'customcert', 0, 0, '', 1);

-- --------------------------------------------------------

--
-- Structure de la table `mdl_moodlenet_share_progress`
--

CREATE TABLE `mdl_moodlenet_share_progress` (
  `id` bigint NOT NULL,
  `type` tinyint NOT NULL,
  `courseid` bigint NOT NULL,
  `cmid` bigint DEFAULT NULL,
  `userid` bigint NOT NULL,
  `timecreated` bigint NOT NULL,
  `resourceurl` varchar(255) CHARACTER SET utf8mb4 COLLATE utf8mb4_0900_ai_ci DEFAULT NULL,
  `status` tinyint DEFAULT NULL
) ENGINE=InnoDB DEFAULT CHARSET=utf8mb4 COLLATE=utf8mb4_0900_ai_ci COMMENT='Records MoodleNet share progress' ROW_FORMAT=COMPRESSED;

-- --------------------------------------------------------

--
-- Structure de la table `mdl_my_pages`
--

CREATE TABLE `mdl_my_pages` (
  `id` bigint NOT NULL,
  `userid` bigint DEFAULT '0',
  `name` varchar(200) CHARACTER SET utf8mb4 COLLATE utf8mb4_0900_ai_ci NOT NULL DEFAULT '',
  `private` tinyint(1) NOT NULL DEFAULT '1',
  `sortorder` mediumint NOT NULL DEFAULT '0'
) ENGINE=InnoDB DEFAULT CHARSET=utf8mb4 COLLATE=utf8mb4_0900_ai_ci COMMENT='Extra user pages for the My Moodle system' ROW_FORMAT=COMPRESSED;

--
-- Déchargement des données de la table `mdl_my_pages`
--

INSERT INTO `mdl_my_pages` (`id`, `userid`, `name`, `private`, `sortorder`) VALUES
(1, NULL, '__default', 0, 0),
(2, NULL, '__default', 1, 0),
(3, NULL, '__courses', 0, 0),
(5, 2, '__default', 0, 0),
(6, 3, '__default', 0, 0),
(10, 5, '__default', 0, 0),
(13, 6, '__default', 0, 0),
(15, 8, '__default', 0, 0),
(20, 9, '__default', 0, 0),
(21, 6, '__default', 1, 0),
(22, 2, '__default', 1, 0),
(23, 8, '__default', 1, 0),
(24, 5, '__default', 1, 0),
(25, 10, '__default', 1, 0),
(26, 11, '__default', 1, 0),
(27, 12, '__default', 1, 0),
(28, 13, '__default', 1, 0),
(29, 15, '__default', 1, 0),
(31, 15, '__default', 0, 0),
(32, 18, '__default', 0, 0),
(33, 18, '__default', 1, 0),
(34, 14, '__default', 0, 0),
(35, 19, '__default', 0, 0),
(36, 19, '__default', 1, 0),
(37, 20, '__default', 0, 0),
(38, 20, '__default', 1, 0),
(39, 25, '__default', 0, 0),
(40, 25, '__default', 1, 0),
(41, 21, '__default', 1, 0),
(42, 28, '__default', 1, 0),
(43, 24, '__default', 1, 0),
(44, 23, '__default', 1, 0),
(45, 26, '__default', 1, 0),
(46, 23, '__default', 0, 0),
(47, 27, '__default', 1, 0),
(49, 27, '__default', 0, 0),
(50, 29, '__default', 0, 0),
(51, 29, '__default', 1, 0),
(52, 14, '__default', 1, 0),
(53, 16, '__default', 1, 0),
(54, 28, '__default', 0, 0),
(55, 30, '__default', 0, 0),
(56, 30, '__default', 1, 0),
(57, 32, '__default', 0, 0),
(58, 32, '__default', 1, 0),
(59, 33, '__default', 1, 0),
(60, 33, '__default', 0, 0),
(61, 34, '__default', 0, 0),
(62, 34, '__default', 1, 0),
(63, 35, '__default', 1, 0),
(64, 35, '__default', 0, 0),
(65, 13, '__default', 0, 0),
(66, 69, '__default', 0, 0),
(67, 38, '__default', 0, 0),
(68, 38, '__default', 1, 0),
(69, 48, '__default', 1, 0),
(70, 39, '__default', 1, 0),
(71, 65, '__default', 1, 0),
(72, 61, '__default', 1, 0),
(73, 46, '__default', 1, 0),
(74, 56, '__default', 1, 0),
(75, 41, '__default', 1, 0),
(76, 40, '__default', 1, 0),
(77, 53, '__default', 1, 0),
(78, 60, '__default', 1, 0),
(79, 68, '__default', 1, 0),
(80, 44, '__default', 1, 0),
(81, 47, '__default', 1, 0),
(82, 59, '__default', 1, 0),
(83, 44, '__default', 0, 0),
(84, 55, '__default', 1, 0),
(85, 57, '__default', 1, 0),
(86, 37, '__default', 1, 0),
(87, 67, '__default', 1, 0),
(88, 63, '__default', 1, 0),
(90, 46, '__default', 0, 0),
(91, 50, '__default', 1, 0),
(92, 42, '__default', 1, 0),
(93, 51, '__default', 1, 0),
(94, 62, '__default', 1, 0),
(95, 48, '__default', 0, 0),
(96, 64, '__default', 1, 0),
(97, 43, '__default', 1, 0),
(98, 49, '__default', 1, 0),
(99, 37, '__default', 0, 0),
(100, 52, '__default', 1, 0),
(101, 66, '__default', 1, 0),
(103, 45, '__default', 1, 0),
(104, 58, '__default', 1, 0),
(105, 49, '__default', 0, 0),
(106, 47, '__default', 0, 0),
(107, 65, '__default', 0, 0),
(108, 59, '__default', 0, 0),
(109, 63, '__default', 0, 0),
(110, 55, '__default', 0, 0),
(111, 64, '__default', 0, 0),
(112, 58, '__default', 0, 0),
(113, 61, '__default', 0, 0),
(114, 50, '__default', 0, 0),
(115, 68, '__default', 0, 0),
(116, 51, '__default', 0, 0),
(117, 62, '__default', 0, 0),
(118, 52, '__default', 0, 0),
(119, 66, '__default', 0, 0),
(120, 57, '__default', 0, 0),
(121, 40, '__default', 0, 0),
(122, 67, '__default', 0, 0),
(123, 60, '__default', 0, 0),
(124, 39, '__default', 0, 0),
(125, 54, '__default', 0, 0),
(126, 70, '__default', 0, 0),
(127, 70, '__default', 1, 0),
(128, 71, '__default', 0, 0),
(129, 71, '__default', 1, 0),
(130, 72, '__default', 0, 0),
(131, 72, '__default', 1, 0),
(132, 3, '__default', 1, 0),
(133, 36, '__default', 1, 0),
(134, 26, '__default', 0, 0),
(135, 22, '__default', 1, 0),
(136, 22, '__default', 0, 0),
(137, 24, '__default', 0, 0),
(138, 12, '__default', 0, 0),
(139, 76, '__default', 1, 0),
(140, 54, '__default', 1, 0),
(141, 16, '__default', 0, 0);

-- --------------------------------------------------------

--
-- Structure de la table `mdl_notifications`
--

CREATE TABLE `mdl_notifications` (
  `id` bigint NOT NULL,
  `useridfrom` bigint NOT NULL,
  `useridto` bigint NOT NULL,
  `subject` longtext CHARACTER SET utf8mb4 COLLATE utf8mb4_0900_ai_ci,
  `fullmessage` longtext CHARACTER SET utf8mb4 COLLATE utf8mb4_0900_ai_ci,
  `fullmessageformat` tinyint(1) NOT NULL DEFAULT '0',
  `fullmessagehtml` longtext CHARACTER SET utf8mb4 COLLATE utf8mb4_0900_ai_ci,
  `smallmessage` longtext CHARACTER SET utf8mb4 COLLATE utf8mb4_0900_ai_ci,
  `component` varchar(100) CHARACTER SET utf8mb4 COLLATE utf8mb4_0900_ai_ci DEFAULT NULL,
  `eventtype` varchar(100) CHARACTER SET utf8mb4 COLLATE utf8mb4_0900_ai_ci DEFAULT NULL,
  `contexturl` longtext CHARACTER SET utf8mb4 COLLATE utf8mb4_0900_ai_ci,
  `contexturlname` longtext CHARACTER SET utf8mb4 COLLATE utf8mb4_0900_ai_ci,
  `timeread` bigint DEFAULT NULL,
  `timecreated` bigint NOT NULL,
  `customdata` longtext CHARACTER SET utf8mb4 COLLATE utf8mb4_0900_ai_ci
) ENGINE=InnoDB DEFAULT CHARSET=utf8mb4 COLLATE=utf8mb4_0900_ai_ci COMMENT='Stores all notifications' ROW_FORMAT=COMPRESSED;

--
-- Déchargement des données de la table `mdl_notifications`
--

INSERT INTO `mdl_notifications` (`id`, `useridfrom`, `useridto`, `subject`, `fullmessage`, `fullmessageformat`, `fullmessagehtml`, `smallmessage`, `component`, `eventtype`, `contexturl`, `contexturlname`, `timeread`, `timecreated`, `customdata`) VALUES
(1, -10, 2, 'Nouvelle connexion à votre compte Brevet d\'Initiation Aéronautique (BIA)', 'Bonjour Bruno BERNARD,\n\nUne connexion à votre compte Brevet d\'Initiation Aéronautique (BIA) vient\nd’avoir lieu à partir d’un nouvel appareil.\n\n	* Votre compte : bruno.bernard bruno.bernard@unistra.fr\n	* dimanche 6 octobre 2024, 22:13\n	* Appareil : Mozilla/5.0 (X11; Ubuntu; Linux x86_64; rv:131.0)\nGecko/20100101 Firefox/131.0\n	* Adresse IP : 79.93.0.152\n\nSi vous vous êtes bien connecté, aucune action n’est nécessaire.\n\nSi vous n’êtes pas au courant de cette connexion, veuillez modifier\nvotre mot de passe [1]\n\n\nLinks:\n------\n[1] https://bia-facile.fr/login/change_password.php\n', 1, '<p>Bonjour Bruno BERNARD,</p>\n<p>Une connexion à votre compte Brevet d\'Initiation Aéronautique (BIA) vient d’avoir lieu à partir d’un nouvel appareil.</p>\n<ul>\n<li>Votre compte : bruno.bernard bruno.bernard@unistra.fr</li>\n<li>dimanche 6 octobre 2024, 22:13</li>\n<li>Appareil :  Mozilla/5.0 (X11; Ubuntu; Linux x86_64; rv:131.0) Gecko/20100101 Firefox/131.0</li>\n<li>Adresse IP : 79.93.0.152</li>\n</ul>\n<p>Si vous vous êtes bien connecté, aucune action n’est nécessaire.</p>\n<p>Si vous n’êtes pas au courant de cette connexion, veuillez <a href=\"https://bia-facile.fr/login/change_password.php\">modifier votre mot de passe</a></p>', 'Une connexion à votre compte bruno.bernard vient d’avoir lieu à partir d’un nouvel appareil.', 'moodle', 'newlogin', NULL, NULL, NULL, 1730573150, '{\"notificationiconurl\":\"https:\\/\\/bia-facile.fr\\/theme\\/image.php\\/boost\\/core\\/1730572900\\/u\\/f1\",\"courseid\":\"1\"}'),
(2, -10, 2, 'Nouvelle connexion à votre compte Brevet d\'Initiation Aéronautique (BIA)', 'Bonjour Bruno BERNARD,\n\nUne connexion à votre compte Brevet d\'Initiation Aéronautique (BIA) vient\nd’avoir lieu à partir d’un nouvel appareil.\n\n	* Votre compte : bruno.bernard bruno.bernard@unistra.fr\n	* lundi 7 octobre 2024, 22:51\n	* Appareil : Mozilla/5.0 (X11; Ubuntu; Linux x86_64; rv:131.0)\nGecko/20100101 Firefox/131.0\n	* Adresse IP : 79.93.0.152\n\nSi vous vous êtes bien connecté, aucune action n’est nécessaire.\n\nSi vous n’êtes pas au courant de cette connexion, veuillez modifier\nvotre mot de passe [1]\n\n\nLinks:\n------\n[1] https://bia-facile.fr/login/change_password.php\n', 1, '<p>Bonjour Bruno BERNARD,</p>\n<p>Une connexion à votre compte Brevet d\'Initiation Aéronautique (BIA) vient d’avoir lieu à partir d’un nouvel appareil.</p>\n<ul>\n<li>Votre compte : bruno.bernard bruno.bernard@unistra.fr</li>\n<li>lundi 7 octobre 2024, 22:51</li>\n<li>Appareil :  Mozilla/5.0 (X11; Ubuntu; Linux x86_64; rv:131.0) Gecko/20100101 Firefox/131.0</li>\n<li>Adresse IP : 79.93.0.152</li>\n</ul>\n<p>Si vous vous êtes bien connecté, aucune action n’est nécessaire.</p>\n<p>Si vous n’êtes pas au courant de cette connexion, veuillez <a href=\"https://bia-facile.fr/login/change_password.php\">modifier votre mot de passe</a></p>', 'Une connexion à votre compte bruno.bernard vient d’avoir lieu à partir d’un nouvel appareil.', 'moodle', 'newlogin', NULL, NULL, NULL, 1730573151, '{\"notificationiconurl\":\"https:\\/\\/bia-facile.fr\\/theme\\/image.php\\/boost\\/core\\/1730572900\\/u\\/f1\",\"courseid\":\"1\"}'),
(3, -10, 2, 'Nouvelle connexion à votre compte Brevet d\'Initiation Aéronautique (BIA)', 'Bonjour Bruno BERNARD,\n\nUne connexion à votre compte Brevet d\'Initiation Aéronautique (BIA) vient\nd’avoir lieu à partir d’un nouvel appareil.\n\n	* Votre compte : bruno.bernard bruno.bernard@unistra.fr\n	* samedi 12 octobre 2024, 12:00\n	* Appareil : Mozilla/5.0 (X11; Ubuntu; Linux x86_64; rv:131.0)\nGecko/20100101 Firefox/131.0\n	* Adresse IP : 2a01:e0a:8d0:ba70:a05e:87b0:8a35:1033\n\nSi vous vous êtes bien connecté, aucune action n’est nécessaire.\n\nSi vous n’êtes pas au courant de cette connexion, veuillez modifier\nvotre mot de passe [1]\n\n\nLinks:\n------\n[1] https://bia-facile.fr/login/change_password.php\n', 1, '<p>Bonjour Bruno BERNARD,</p>\n<p>Une connexion à votre compte Brevet d\'Initiation Aéronautique (BIA) vient d’avoir lieu à partir d’un nouvel appareil.</p>\n<ul>\n<li>Votre compte : bruno.bernard bruno.bernard@unistra.fr</li>\n<li>samedi 12 octobre 2024, 12:00</li>\n<li>Appareil :  Mozilla/5.0 (X11; Ubuntu; Linux x86_64; rv:131.0) Gecko/20100101 Firefox/131.0</li>\n<li>Adresse IP : 2a01:e0a:8d0:ba70:a05e:87b0:8a35:1033</li>\n</ul>\n<p>Si vous vous êtes bien connecté, aucune action n’est nécessaire.</p>\n<p>Si vous n’êtes pas au courant de cette connexion, veuillez <a href=\"https://bia-facile.fr/login/change_password.php\">modifier votre mot de passe</a></p>', 'Une connexion à votre compte bruno.bernard vient d’avoir lieu à partir d’un nouvel appareil.', 'moodle', 'newlogin', NULL, NULL, NULL, 1730573151, '{\"notificationiconurl\":\"https:\\/\\/bia-facile.fr\\/theme\\/image.php\\/boost\\/core\\/1730572900\\/u\\/f1\",\"courseid\":\"1\"}'),
(4, -10, 2, 'Nouvelle connexion à votre compte Brevet d\'Initiation Aéronautique (BIA)', 'Bonjour Bruno BERNARD,\n\nUne connexion à votre compte Brevet d\'Initiation Aéronautique (BIA) vient\nd’avoir lieu à partir d’un nouvel appareil.\n\n	* Votre compte : bruno.bernard bruno.bernard@unistra.fr\n	* samedi 12 octobre 2024, 12:37\n	* Appareil : Mozilla/5.0 (X11; Ubuntu; Linux x86_64; rv:130.0)\nGecko/20100101 Firefox/130.0\n	* Adresse IP : 2a01:e0a:8d0:ba70:143d:df5a:707d:9a78\n\nSi vous vous êtes bien connecté, aucune action n’est nécessaire.\n\nSi vous n’êtes pas au courant de cette connexion, veuillez modifier\nvotre mot de passe [1]\n\n\nLinks:\n------\n[1] https://bia-facile.fr/login/change_password.php\n', 1, '<p>Bonjour Bruno BERNARD,</p>\n<p>Une connexion à votre compte Brevet d\'Initiation Aéronautique (BIA) vient d’avoir lieu à partir d’un nouvel appareil.</p>\n<ul>\n<li>Votre compte : bruno.bernard bruno.bernard@unistra.fr</li>\n<li>samedi 12 octobre 2024, 12:37</li>\n<li>Appareil :  Mozilla/5.0 (X11; Ubuntu; Linux x86_64; rv:130.0) Gecko/20100101 Firefox/130.0</li>\n<li>Adresse IP : 2a01:e0a:8d0:ba70:143d:df5a:707d:9a78</li>\n</ul>\n<p>Si vous vous êtes bien connecté, aucune action n’est nécessaire.</p>\n<p>Si vous n’êtes pas au courant de cette connexion, veuillez <a href=\"https://bia-facile.fr/login/change_password.php\">modifier votre mot de passe</a></p>', 'Une connexion à votre compte bruno.bernard vient d’avoir lieu à partir d’un nouvel appareil.', 'moodle', 'newlogin', NULL, NULL, NULL, 1730573151, '{\"notificationiconurl\":\"https:\\/\\/bia-facile.fr\\/theme\\/image.php\\/boost\\/core\\/1730572900\\/u\\/f1\",\"courseid\":\"1\"}'),
(5, -10, 2, 'Nouvelle connexion à votre compte Brevet d\'Initiation Aéronautique (BIA)', 'Bonjour Bruno BERNARD,\n\nUne connexion à votre compte Brevet d\'Initiation Aéronautique (BIA) vient\nd’avoir lieu à partir d’un nouvel appareil.\n\n	* Votre compte : bruno.bernard bruno.bernard@unistra.fr\n	* samedi 12 octobre 2024, 18:45\n	* Appareil : Mozilla/5.0 (X11; Ubuntu; Linux x86_64; rv:130.0)\nGecko/20100101 Firefox/130.0\n	* Adresse IP : 2a01:e0a:8d0:ba70:76b6:eec1:9d6b:6f63\n\nSi vous vous êtes bien connecté, aucune action n’est nécessaire.\n\nSi vous n’êtes pas au courant de cette connexion, veuillez modifier\nvotre mot de passe [1]\n\n\nLinks:\n------\n[1] https://bia-facile.fr/login/change_password.php\n', 1, '<p>Bonjour Bruno BERNARD,</p>\n<p>Une connexion à votre compte Brevet d\'Initiation Aéronautique (BIA) vient d’avoir lieu à partir d’un nouvel appareil.</p>\n<ul>\n<li>Votre compte : bruno.bernard bruno.bernard@unistra.fr</li>\n<li>samedi 12 octobre 2024, 18:45</li>\n<li>Appareil :  Mozilla/5.0 (X11; Ubuntu; Linux x86_64; rv:130.0) Gecko/20100101 Firefox/130.0</li>\n<li>Adresse IP : 2a01:e0a:8d0:ba70:76b6:eec1:9d6b:6f63</li>\n</ul>\n<p>Si vous vous êtes bien connecté, aucune action n’est nécessaire.</p>\n<p>Si vous n’êtes pas au courant de cette connexion, veuillez <a href=\"https://bia-facile.fr/login/change_password.php\">modifier votre mot de passe</a></p>', 'Une connexion à votre compte bruno.bernard vient d’avoir lieu à partir d’un nouvel appareil.', 'moodle', 'newlogin', NULL, NULL, NULL, 1730573151, '{\"notificationiconurl\":\"https:\\/\\/bia-facile.fr\\/theme\\/image.php\\/boost\\/core\\/1730572900\\/u\\/f1\",\"courseid\":\"1\"}'),
(6, -10, 2, 'Nouvelle connexion à votre compte Brevet d\'Initiation Aéronautique (BIA)', 'Bonjour Bruno BERNARD,\n\nUne connexion à votre compte Brevet d\'Initiation Aéronautique (BIA) vient\nd’avoir lieu à partir d’un nouvel appareil.\n\n	* Votre compte : bruno.bernard bruno.bernard@unistra.fr\n	* mardi 15 octobre 2024, 12:51\n	* Appareil : Mozilla/5.0 (X11; Ubuntu; Linux x86_64; rv:130.0)\nGecko/20100101 Firefox/130.0\n	* Adresse IP : 2a01:e0a:8d0:ba70:bafd:c705:fbc8:8a10\n\nSi vous vous êtes bien connecté, aucune action n’est nécessaire.\n\nSi vous n’êtes pas au courant de cette connexion, veuillez modifier\nvotre mot de passe [1]\n\n\nLinks:\n------\n[1] https://bia-facile.fr/login/change_password.php\n', 1, '<p>Bonjour Bruno BERNARD,</p>\n<p>Une connexion à votre compte Brevet d\'Initiation Aéronautique (BIA) vient d’avoir lieu à partir d’un nouvel appareil.</p>\n<ul>\n<li>Votre compte : bruno.bernard bruno.bernard@unistra.fr</li>\n<li>mardi 15 octobre 2024, 12:51</li>\n<li>Appareil :  Mozilla/5.0 (X11; Ubuntu; Linux x86_64; rv:130.0) Gecko/20100101 Firefox/130.0</li>\n<li>Adresse IP : 2a01:e0a:8d0:ba70:bafd:c705:fbc8:8a10</li>\n</ul>\n<p>Si vous vous êtes bien connecté, aucune action n’est nécessaire.</p>\n<p>Si vous n’êtes pas au courant de cette connexion, veuillez <a href=\"https://bia-facile.fr/login/change_password.php\">modifier votre mot de passe</a></p>', 'Une connexion à votre compte bruno.bernard vient d’avoir lieu à partir d’un nouvel appareil.', 'moodle', 'newlogin', NULL, NULL, NULL, 1730573151, '{\"notificationiconurl\":\"https:\\/\\/bia-facile.fr\\/theme\\/image.php\\/boost\\/core\\/1730572900\\/u\\/f1\",\"courseid\":\"1\"}'),
(7, -10, 2, 'Nouvelle connexion à votre compte Brevet d\'Initiation Aéronautique (BIA)', 'Bonjour Bruno BERNARD,\n\nUne connexion à votre compte Brevet d\'Initiation Aéronautique (BIA) vient\nd’avoir lieu à partir d’un nouvel appareil.\n\n	* Votre compte : bruno.bernard bruno.bernard@unistra.fr\n	* mardi 29 octobre 2024, 13:18\n	* Appareil : Mozilla/5.0 (X11; Ubuntu; Linux x86_64; rv:131.0)\nGecko/20100101 Firefox/131.0\n	* Adresse IP : 2a01:e0a:8d0:ba70:4402:b867:f36a:c1f3\n\nSi vous vous êtes bien connecté, aucune action n’est nécessaire.\n\nSi vous n’êtes pas au courant de cette connexion, veuillez modifier\nvotre mot de passe [1]\n\n\nLinks:\n------\n[1] https://bia-facile.fr/login/change_password.php\n', 1, '<p>Bonjour Bruno BERNARD,</p>\n<p>Une connexion à votre compte Brevet d\'Initiation Aéronautique (BIA) vient d’avoir lieu à partir d’un nouvel appareil.</p>\n<ul>\n<li>Votre compte : bruno.bernard bruno.bernard@unistra.fr</li>\n<li>mardi 29 octobre 2024, 13:18</li>\n<li>Appareil :  Mozilla/5.0 (X11; Ubuntu; Linux x86_64; rv:131.0) Gecko/20100101 Firefox/131.0</li>\n<li>Adresse IP : 2a01:e0a:8d0:ba70:4402:b867:f36a:c1f3</li>\n</ul>\n<p>Si vous vous êtes bien connecté, aucune action n’est nécessaire.</p>\n<p>Si vous n’êtes pas au courant de cette connexion, veuillez <a href=\"https://bia-facile.fr/login/change_password.php\">modifier votre mot de passe</a></p>', 'Une connexion à votre compte bruno.bernard vient d’avoir lieu à partir d’un nouvel appareil.', 'moodle', 'newlogin', NULL, NULL, NULL, 1730573151, '{\"notificationiconurl\":\"https:\\/\\/bia-facile.fr\\/theme\\/image.php\\/boost\\/core\\/1730572900\\/u\\/f1\",\"courseid\":\"1\"}'),
(8, -10, 2, 'Nouvelle connexion à votre compte Brevet d\'Initiation Aéronautique (BIA)', 'Bonjour Bruno BERNARD,\n\nUne connexion à votre compte Brevet d\'Initiation Aéronautique (BIA) vient\nd’avoir lieu à partir d’un nouvel appareil.\n\n	* Votre compte : bruno.bernard bruno.bernard@unistra.fr\n	* mercredi 30 octobre 2024, 07:02\n	* Appareil : Mozilla/5.0 (X11; Ubuntu; Linux x86_64; rv:131.0)\nGecko/20100101 Firefox/131.0\n	* Adresse IP : 2a01:e0a:8d0:ba70:b3e3:d8e2:b7d8:91e\n\nSi vous vous êtes bien connecté, aucune action n’est nécessaire.\n\nSi vous n’êtes pas au courant de cette connexion, veuillez modifier\nvotre mot de passe [1]\n\n\nLinks:\n------\n[1] https://bia-facile.fr/login/change_password.php\n', 1, '<p>Bonjour Bruno BERNARD,</p>\n<p>Une connexion à votre compte Brevet d\'Initiation Aéronautique (BIA) vient d’avoir lieu à partir d’un nouvel appareil.</p>\n<ul>\n<li>Votre compte : bruno.bernard bruno.bernard@unistra.fr</li>\n<li>mercredi 30 octobre 2024, 07:02</li>\n<li>Appareil :  Mozilla/5.0 (X11; Ubuntu; Linux x86_64; rv:131.0) Gecko/20100101 Firefox/131.0</li>\n<li>Adresse IP : 2a01:e0a:8d0:ba70:b3e3:d8e2:b7d8:91e</li>\n</ul>\n<p>Si vous vous êtes bien connecté, aucune action n’est nécessaire.</p>\n<p>Si vous n’êtes pas au courant de cette connexion, veuillez <a href=\"https://bia-facile.fr/login/change_password.php\">modifier votre mot de passe</a></p>', 'Une connexion à votre compte bruno.bernard vient d’avoir lieu à partir d’un nouvel appareil.', 'moodle', 'newlogin', NULL, NULL, NULL, 1730573151, '{\"notificationiconurl\":\"https:\\/\\/bia-facile.fr\\/theme\\/image.php\\/boost\\/core\\/1730572900\\/u\\/f1\",\"courseid\":\"1\"}'),
(9, -10, 2, 'Nouvelle connexion à votre compte Brevet d\'Initiation Aéronautique (BIA)', 'Bonjour Bruno BERNARD,\n\nUne connexion à votre compte Brevet d\'Initiation Aéronautique (BIA) vient\nd’avoir lieu à partir d’un nouvel appareil.\n\n	* Votre compte : bruno.bernard bruno.bernard@unistra.fr\n	* samedi 2 novembre 2024, 17:41\n	* Appareil : Mozilla/5.0 (X11; Ubuntu; Linux x86_64; rv:132.0)\nGecko/20100101 Firefox/132.0\n	* Adresse IP : 2a01:e0a:8d0:ba70:75ad:60fd:255e:4a2e\n\nSi vous vous êtes bien connecté, aucune action n’est nécessaire.\n\nSi vous n’êtes pas au courant de cette connexion, veuillez modifier\nvotre mot de passe [1]\n\n\nLinks:\n------\n[1] https://bia-facile.fr/login/change_password.php\n', 1, '<p>Bonjour Bruno BERNARD,</p>\n<p>Une connexion à votre compte Brevet d\'Initiation Aéronautique (BIA) vient d’avoir lieu à partir d’un nouvel appareil.</p>\n<ul>\n<li>Votre compte : bruno.bernard bruno.bernard@unistra.fr</li>\n<li>samedi 2 novembre 2024, 17:41</li>\n<li>Appareil :  Mozilla/5.0 (X11; Ubuntu; Linux x86_64; rv:132.0) Gecko/20100101 Firefox/132.0</li>\n<li>Adresse IP : 2a01:e0a:8d0:ba70:75ad:60fd:255e:4a2e</li>\n</ul>\n<p>Si vous vous êtes bien connecté, aucune action n’est nécessaire.</p>\n<p>Si vous n’êtes pas au courant de cette connexion, veuillez <a href=\"https://bia-facile.fr/login/change_password.php\">modifier votre mot de passe</a></p>', 'Une connexion à votre compte bruno.bernard vient d’avoir lieu à partir d’un nouvel appareil.', 'moodle', 'newlogin', NULL, NULL, NULL, 1730573151, '{\"notificationiconurl\":\"https:\\/\\/bia-facile.fr\\/theme\\/image.php\\/boost\\/core\\/1730572900\\/u\\/f1\",\"courseid\":\"1\"}'),
(10, 2, 3, 'Bienvenue sur Météorologie et aérologie', 'Bonjour Bruno etu BERNARD, vous êtes maintenant inscrit au cours Météorologie et aérologie', 4, 'Bonjour Bruno etu BERNARD, vous êtes maintenant inscrit au cours Météorologie et aérologie', NULL, 'moodle', 'enrolcoursewelcomemessage', 'https://bia-facile.fr/user/view.php?id=3&amp;course=3', 'Météorologie et aérologie', 1731092350, 1730787504, NULL),
(11, 2, 3, 'Bienvenue sur Aérodynamique, aérostatique et principes du vol', 'Bonjour Bruno etu BERNARD, vous êtes maintenant inscrit au cours Aérodynamique, aérostatique et principes du vol', 4, 'Bonjour Bruno etu BERNARD, vous êtes maintenant inscrit au cours Aérodynamique, aérostatique et principes du vol', NULL, 'moodle', 'enrolcoursewelcomemessage', 'https://bia-facile.fr/user/view.php?id=3&amp;course=2', 'Aérodynamique, aérostatique et principes du vol', 1731092350, 1730788215, NULL),
(12, 2, 3, 'Bienvenue sur Étude des aéronefs et des engins spatiaux', 'Bonjour Bruno etu BERNARD, vous êtes maintenant inscrit au cours Étude des aéronefs et des engins spatiaux', 4, 'Bonjour Bruno etu BERNARD, vous êtes maintenant inscrit au cours Étude des aéronefs et des engins spatiaux', NULL, 'moodle', 'enrolcoursewelcomemessage', 'https://bia-facile.fr/user/view.php?id=3&amp;course=4', 'Étude des aéronefs et des engins spatiaux', 1731092350, 1730788222, NULL),
(13, 2, 3, 'Bienvenue sur Navigation, réglementation, sécurité des vols', 'Bonjour Bruno etu BERNARD, vous êtes maintenant inscrit au cours Navigation, réglementation, sécurité des vols', 4, 'Bonjour Bruno etu BERNARD, vous êtes maintenant inscrit au cours Navigation, réglementation, sécurité des vols', NULL, 'moodle', 'enrolcoursewelcomemessage', 'https://bia-facile.fr/user/view.php?id=3&amp;course=5', 'Navigation, réglementation, sécurité des vols', 1731092350, 1730788229, NULL),
(14, 2, 3, 'Bienvenue sur Histoire et culture de l’aéronautique et du spatial', 'Bonjour Bruno etu BERNARD, vous êtes maintenant inscrit au cours Histoire et culture de l’aéronautique et du spatial', 4, 'Bonjour Bruno etu BERNARD, vous êtes maintenant inscrit au cours Histoire et culture de l’aéronautique et du spatial', NULL, 'moodle', 'enrolcoursewelcomemessage', 'https://bia-facile.fr/user/view.php?id=3&amp;course=6', 'Histoire et culture de l’aéronautique et du spatial', 1731092350, 1730788235, NULL),
(15, 2, 5, 'Bienvenue sur Météorologie et aérologie', 'Bonjour Marin Descarrega, vous êtes maintenant inscrit au cours Météorologie et aérologie', 4, 'Bonjour Marin Descarrega, vous êtes maintenant inscrit au cours Météorologie et aérologie', NULL, 'moodle', 'enrolcoursewelcomemessage', 'https://bia-facile.fr/user/view.php?id=5&amp;course=3', 'Météorologie et aérologie', 1740495523, 1731012675, NULL),
(16, 2, 5, 'Bienvenue sur Aérodynamique, aérostatique et principes du vol', 'Bonjour Marin Descarrega, vous êtes maintenant inscrit au cours Aérodynamique, aérostatique et principes du vol', 4, 'Bonjour Marin Descarrega, vous êtes maintenant inscrit au cours Aérodynamique, aérostatique et principes du vol', NULL, 'moodle', 'enrolcoursewelcomemessage', 'https://bia-facile.fr/user/view.php?id=5&amp;course=2', 'Aérodynamique, aérostatique et principes du vol', 1740495520, 1731013092, NULL),
(17, 2, 3, 'Bienvenue sur Évaluez votre niveau d\'anglais pour l\'épreuve optionnelle du BIA', 'Bonjour Bruno etu, vous êtes inscrit au cours Évaluez votre niveau d\'anglais pour l\'épreuve optionnelle du BIA', 4, 'Bonjour Bruno etu, vous êtes inscrit au cours Évaluez votre niveau d\'anglais pour l\'épreuve optionnelle du BIA', NULL, 'moodle', 'enrolcoursewelcomemessage', 'https://bia-facile.fr/user/view.php?id=3&amp;course=7', 'Évaluez votre niveau d\'anglais pour l\'épreuve optionnelle du BIA', 1734277474, 1734277455, NULL),
(18, 2, 6, 'Bienvenue sur Évaluez votre niveau d\'anglais pour l\'épreuve optionnelle du BIA', 'Bonjour Bruno, vous êtes inscrit au cours Évaluez votre niveau d\'anglais pour l\'épreuve optionnelle du BIA', 4, 'Bonjour Bruno, vous êtes inscrit au cours Évaluez votre niveau d\'anglais pour l\'épreuve optionnelle du BIA', NULL, 'moodle', 'enrolcoursewelcomemessage', 'https://bia-facile.fr/user/view.php?id=6&amp;course=7', 'Évaluez votre niveau d\'anglais pour l\'épreuve optionnelle du BIA', NULL, 1734381464, NULL),
(19, 2, 6, 'Bienvenue sur Histoire et culture de l’aéronautique et du spatial', 'Bonjour Bruno KungFu, vous êtes maintenant inscrit au cours Histoire et culture de l’aéronautique et du spatial', 4, 'Bonjour Bruno KungFu, vous êtes maintenant inscrit au cours Histoire et culture de l’aéronautique et du spatial', NULL, 'moodle', 'enrolcoursewelcomemessage', 'https://bia-facile.fr/user/view.php?id=6&amp;course=6', 'Histoire et culture de l’aéronautique et du spatial', NULL, 1734394388, NULL),
(20, 2, 3, 'Bienvenue sur Révisons ensemble les annales de l\'examen', 'Bonjour Bruno etu, vous êtes inscrit au cours Révisons ensemble les annales de l\'examen', 4, 'Bonjour Bruno etu, vous êtes inscrit au cours Révisons ensemble les annales de l\'examen', NULL, 'moodle', 'enrolcoursewelcomemessage', 'https://bia-facile.fr/user/view.php?id=3&amp;course=8', 'Révisons ensemble les annales de l\'examen', 1734510119, 1734506531, NULL),
(21, 2, 6, 'Bienvenue sur Navigation, réglementation, sécurité des vols', 'Bonjour Bruno, vous êtes inscrit au cours Navigation, réglementation, sécurité des vols', 4, 'Bonjour Bruno, vous êtes inscrit au cours Navigation, réglementation, sécurité des vols', NULL, 'moodle', 'enrolcoursewelcomemessage', 'https://bia-facile.fr/user/view.php?id=6&amp;course=5', 'Navigation, réglementation, sécurité des vols', NULL, 1734590318, NULL),
(22, 2, 6, 'Bienvenue sur Entrainez vous avec les annales de l\'examen', 'Bonjour Amelia, vous êtes inscrit au cours Entrainez vous avec les annales de l\'examen', 4, 'Bonjour Amelia, vous êtes inscrit au cours Entrainez vous avec les annales de l\'examen', NULL, 'moodle', 'enrolcoursewelcomemessage', 'https://bia-facile.fr/user/view.php?id=6&amp;course=8', 'Entrainez vous avec les annales de l\'examen', NULL, 1734591195, NULL),
(23, 2, 6, 'Bienvenue sur Aérodynamique, aérostatique et principes du vol', 'Bonjour Amelia, vous êtes inscrit au cours Aérodynamique, aérostatique et principes du vol', 4, 'Bonjour Amelia, vous êtes inscrit au cours Aérodynamique, aérostatique et principes du vol', NULL, 'moodle', 'enrolcoursewelcomemessage', 'https://bia-facile.fr/user/view.php?id=6&amp;course=2', 'Aérodynamique, aérostatique et principes du vol', NULL, 1734591239, NULL),
(24, 2, 6, 'Bienvenue sur Étude des aéronefs et des engins spatiaux', 'Bonjour Amelia, vous êtes inscrit au cours Étude des aéronefs et des engins spatiaux', 4, 'Bonjour Amelia, vous êtes inscrit au cours Étude des aéronefs et des engins spatiaux', NULL, 'moodle', 'enrolcoursewelcomemessage', 'https://bia-facile.fr/user/view.php?id=6&amp;course=4', 'Étude des aéronefs et des engins spatiaux', NULL, 1734591247, NULL),
(25, 2, 6, 'Bienvenue sur Météorologie et aérologie', 'Bonjour Amelia, vous êtes inscrit au cours Météorologie et aérologie', 4, 'Bonjour Amelia, vous êtes inscrit au cours Météorologie et aérologie', NULL, 'moodle', 'enrolcoursewelcomemessage', 'https://bia-facile.fr/user/view.php?id=6&amp;course=3', 'Météorologie et aérologie', NULL, 1734591295, NULL),
(26, 2, 3, 'Bienvenue sur Cours Test', 'Bonjour Bruno etu, vous êtes inscrit au cours Cours Test', 4, 'Bonjour Bruno etu, vous êtes inscrit au cours Cours Test', NULL, 'moodle', 'enrolcoursewelcomemessage', 'https://bia-facile.fr/user/view.php?id=3&amp;course=9', 'Cours Test', 1735563263, 1735554442, NULL),
(27, 2, 6, 'Bienvenue sur Cours Test', 'Bonjour Amelia, vous êtes inscrit au cours Cours Test', 4, 'Bonjour Amelia, vous êtes inscrit au cours Cours Test', NULL, 'moodle', 'enrolcoursewelcomemessage', 'https://bia-facile.fr/user/view.php?id=6&amp;course=9', 'Cours Test', NULL, 1735568724, NULL),
(28, 2, 8, 'Bienvenue sur Étude des aéronefs et des engins spatiaux', 'Bonjour Louis, vous êtes inscrit au cours Étude des aéronefs et des engins spatiaux', 4, 'Bonjour Louis, vous êtes inscrit au cours Étude des aéronefs et des engins spatiaux', NULL, 'moodle', 'enrolcoursewelcomemessage', 'https://bia-facile.fr/user/view.php?id=8&amp;course=4', 'Étude des aéronefs et des engins spatiaux', NULL, 1736521711, NULL),
(29, 2, 9, 'Bienvenue sur Histoire et culture de l’aéronautique et du spatial', 'Bonjour Axelle Mangier, vous êtes maintenant inscrit au cours Histoire et culture de l’aéronautique et du spatial', 4, 'Bonjour Axelle Mangier, vous êtes maintenant inscrit au cours Histoire et culture de l’aéronautique et du spatial', NULL, 'moodle', 'enrolcoursewelcomemessage', 'https://bia-facile.fr/user/view.php?id=9&amp;course=6', 'Histoire et culture de l’aéronautique et du spatial', NULL, 1736887788, NULL),
(30, 2, 8, 'Bienvenue sur Aérodynamique, aérostatique et principes du vol', 'Bonjour Louis, vous êtes inscrit au cours Aérodynamique, aérostatique et principes du vol', 4, 'Bonjour Louis, vous êtes inscrit au cours Aérodynamique, aérostatique et principes du vol', NULL, 'moodle', 'enrolcoursewelcomemessage', 'https://bia-facile.fr/user/view.php?id=8&amp;course=2', 'Aérodynamique, aérostatique et principes du vol', NULL, 1736952977, NULL),
(31, 2, 8, 'Bienvenue sur Entrainez vous avec les annales de l\'examen', 'Bonjour Louis, vous êtes inscrit au cours Entrainez vous avec les annales de l\'examen', 4, 'Bonjour Louis, vous êtes inscrit au cours Entrainez vous avec les annales de l\'examen', NULL, 'moodle', 'enrolcoursewelcomemessage', 'https://bia-facile.fr/user/view.php?id=8&amp;course=8', 'Entrainez vous avec les annales de l\'examen', NULL, 1737484534, NULL),
(32, 2, 8, 'Bienvenue sur Histoire et culture de l’aéronautique et du spatial', 'Bonjour Louis, vous êtes inscrit au cours Histoire et culture de l’aéronautique et du spatial', 4, 'Bonjour Louis, vous êtes inscrit au cours Histoire et culture de l’aéronautique et du spatial', NULL, 'moodle', 'enrolcoursewelcomemessage', 'https://bia-facile.fr/user/view.php?id=8&amp;course=6', 'Histoire et culture de l’aéronautique et du spatial', NULL, 1737484566, NULL),
(33, 2, 8, 'Bienvenue sur Navigation, réglementation, sécurité des vols', 'Bonjour Louis, vous êtes inscrit au cours Navigation, réglementation, sécurité des vols', 4, 'Bonjour Louis, vous êtes inscrit au cours Navigation, réglementation, sécurité des vols', NULL, 'moodle', 'enrolcoursewelcomemessage', 'https://bia-facile.fr/user/view.php?id=8&amp;course=5', 'Navigation, réglementation, sécurité des vols', NULL, 1737484587, NULL),
(34, 2, 8, 'Bienvenue sur Météorologie et aérologie', 'Bonjour Louis Blériot, vous êtes maintenant inscrit au cours Météorologie et aérologie', 4, 'Bonjour Louis Blériot, vous êtes maintenant inscrit au cours Météorologie et aérologie', NULL, 'moodle', 'enrolcoursewelcomemessage', 'https://bia-facile.fr/user/view.php?id=8&amp;course=3', 'Météorologie et aérologie', NULL, 1737484619, NULL),
(35, 2, 10, 'Bienvenue sur Entrainez vous avec les annales de l\'examen', 'Bonjour Frédéric, vous êtes inscrit au cours Entrainez vous avec les annales de l\'examen', 4, 'Bonjour Frédéric, vous êtes inscrit au cours Entrainez vous avec les annales de l\'examen', NULL, 'moodle', 'enrolcoursewelcomemessage', 'https://bia-facile.fr/user/view.php?id=10&amp;course=8', 'Entrainez vous avec les annales de l\'examen', NULL, 1737906630, NULL),
(36, 2, 10, 'Bienvenue sur Météorologie et aérologie', 'Bonjour Frédéric, vous êtes inscrit au cours Météorologie et aérologie', 4, 'Bonjour Frédéric, vous êtes inscrit au cours Météorologie et aérologie', NULL, 'moodle', 'enrolcoursewelcomemessage', 'https://bia-facile.fr/user/view.php?id=10&amp;course=3', 'Météorologie et aérologie', NULL, 1737906679, NULL),
(37, 2, 10, 'Bienvenue sur Aérodynamique, aérostatique et principes du vol', 'Bonjour Frédéric, vous êtes inscrit au cours Aérodynamique, aérostatique et principes du vol', 4, 'Bonjour Frédéric, vous êtes inscrit au cours Aérodynamique, aérostatique et principes du vol', NULL, 'moodle', 'enrolcoursewelcomemessage', 'https://bia-facile.fr/user/view.php?id=10&amp;course=2', 'Aérodynamique, aérostatique et principes du vol', NULL, 1737906682, NULL),
(38, 2, 10, 'Bienvenue sur Histoire et culture de l’aéronautique et du spatial', 'Bonjour Frédéric Lerognon, vous êtes maintenant inscrit au cours Histoire et culture de l’aéronautique et du spatial', 4, 'Bonjour Frédéric Lerognon, vous êtes maintenant inscrit au cours Histoire et culture de l’aéronautique et du spatial', NULL, 'moodle', 'enrolcoursewelcomemessage', 'https://bia-facile.fr/user/view.php?id=10&amp;course=6', 'Histoire et culture de l’aéronautique et du spatial', NULL, 1737906685, NULL),
(39, 2, 10, 'Bienvenue sur Navigation, réglementation, sécurité des vols', 'Bonjour Frédéric, vous êtes inscrit au cours Navigation, réglementation, sécurité des vols', 4, 'Bonjour Frédéric, vous êtes inscrit au cours Navigation, réglementation, sécurité des vols', NULL, 'moodle', 'enrolcoursewelcomemessage', 'https://bia-facile.fr/user/view.php?id=10&amp;course=5', 'Navigation, réglementation, sécurité des vols', NULL, 1737906689, NULL),
(40, 2, 10, 'Bienvenue sur Étude des aéronefs et des engins spatiaux', 'Bonjour Frédéric, vous êtes inscrit au cours Étude des aéronefs et des engins spatiaux', 4, 'Bonjour Frédéric, vous êtes inscrit au cours Étude des aéronefs et des engins spatiaux', NULL, 'moodle', 'enrolcoursewelcomemessage', 'https://bia-facile.fr/user/view.php?id=10&amp;course=4', 'Étude des aéronefs et des engins spatiaux', NULL, 1737906693, NULL),
(41, 2, 13, 'Bienvenue sur Entrainez vous avec les annales de l\'examen', 'Bonjour Yannick, vous êtes inscrit au cours Entrainez vous avec les annales de l\'examen', 4, 'Bonjour Yannick, vous êtes inscrit au cours Entrainez vous avec les annales de l\'examen', NULL, 'moodle', 'enrolcoursewelcomemessage', 'https://bia-facile.fr/user/view.php?id=13&amp;course=8', 'Entrainez vous avec les annales de l\'examen', 1740476647, 1738870576, NULL),
(42, 2, 11, 'Bienvenue sur Étude des aéronefs et des engins spatiaux', 'Bonjour Patricia, vous êtes inscrit au cours Étude des aéronefs et des engins spatiaux', 4, 'Bonjour Patricia, vous êtes inscrit au cours Étude des aéronefs et des engins spatiaux', NULL, 'moodle', 'enrolcoursewelcomemessage', 'https://bia-facile.fr/user/view.php?id=11&amp;course=4', 'Étude des aéronefs et des engins spatiaux', NULL, 1738870714, NULL),
(43, 2, 12, 'Bienvenue sur Étude des aéronefs et des engins spatiaux', 'Bonjour Adrien, vous êtes inscrit au cours Étude des aéronefs et des engins spatiaux', 4, 'Bonjour Adrien, vous êtes inscrit au cours Étude des aéronefs et des engins spatiaux', NULL, 'moodle', 'enrolcoursewelcomemessage', 'https://bia-facile.fr/user/view.php?id=12&amp;course=4', 'Étude des aéronefs et des engins spatiaux', NULL, 1738870717, NULL),
(44, 2, 13, 'Bienvenue sur Anglais aéronautique', 'Bonjour Yannick, vous êtes inscrit au cours Anglais aéronautique', 4, 'Bonjour Yannick, vous êtes inscrit au cours Anglais aéronautique', NULL, 'moodle', 'enrolcoursewelcomemessage', 'https://bia-facile.fr/user/view.php?id=13&amp;course=7', 'Anglais aéronautique', 1740476647, 1738870811, NULL),
(45, 2, 13, 'Bienvenue sur Aérodynamique, aérostatique et principes du vol', 'Bonjour Yannick, vous êtes inscrit au cours Aérodynamique, aérostatique et principes du vol', 4, 'Bonjour Yannick, vous êtes inscrit au cours Aérodynamique, aérostatique et principes du vol', NULL, 'moodle', 'enrolcoursewelcomemessage', 'https://bia-facile.fr/user/view.php?id=13&amp;course=2', 'Aérodynamique, aérostatique et principes du vol', 1740476647, 1738872281, NULL),
(46, 2, 13, 'Bienvenue sur Météorologie et aérologie', 'Bonjour Yannick, vous êtes inscrit au cours Météorologie et aérologie', 4, 'Bonjour Yannick, vous êtes inscrit au cours Météorologie et aérologie', NULL, 'moodle', 'enrolcoursewelcomemessage', 'https://bia-facile.fr/user/view.php?id=13&amp;course=3', 'Météorologie et aérologie', 1740476647, 1738872416, NULL),
(47, 2, 15, 'Bienvenue sur Entrainez vous avec les annales de l\'examen', 'Bonjour Mamadou Abibou, vous êtes inscrit au cours Entrainez vous avec les annales de l\'examen', 4, 'Bonjour Mamadou Abibou, vous êtes inscrit au cours Entrainez vous avec les annales de l\'examen', NULL, 'moodle', 'enrolcoursewelcomemessage', 'https://bia-facile.fr/user/view.php?id=15&amp;course=8', 'Entrainez vous avec les annales de l\'examen', NULL, 1738874099, NULL),
(48, 2, 15, 'Bienvenue sur Aérodynamique, aérostatique et principes du vol', 'Bonjour Mamadou Abibou, vous êtes inscrit au cours Aérodynamique, aérostatique et principes du vol', 4, 'Bonjour Mamadou Abibou, vous êtes inscrit au cours Aérodynamique, aérostatique et principes du vol', NULL, 'moodle', 'enrolcoursewelcomemessage', 'https://bia-facile.fr/user/view.php?id=15&amp;course=2', 'Aérodynamique, aérostatique et principes du vol', NULL, 1738874216, NULL),
(49, 2, 13, 'Bienvenue sur Histoire et culture de l’aéronautique et du spatial', 'Bonjour Yannick KOHLER, vous êtes maintenant inscrit au cours Histoire et culture de l’aéronautique et du spatial', 4, 'Bonjour Yannick KOHLER, vous êtes maintenant inscrit au cours Histoire et culture de l’aéronautique et du spatial', NULL, 'moodle', 'enrolcoursewelcomemessage', 'https://bia-facile.fr/user/view.php?id=13&amp;course=6', 'Histoire et culture de l’aéronautique et du spatial', 1740476647, 1738874222, NULL),
(50, 2, 15, 'Bienvenue sur Météorologie et aérologie', 'Bonjour Mamadou Abibou, vous êtes inscrit au cours Météorologie et aérologie', 4, 'Bonjour Mamadou Abibou, vous êtes inscrit au cours Météorologie et aérologie', NULL, 'moodle', 'enrolcoursewelcomemessage', 'https://bia-facile.fr/user/view.php?id=15&amp;course=3', 'Météorologie et aérologie', NULL, 1738874453, NULL),
(51, 2, 15, 'Bienvenue sur Anglais aéronautique', 'Bonjour Mamadou Abibou, vous êtes inscrit au cours Anglais aéronautique', 4, 'Bonjour Mamadou Abibou, vous êtes inscrit au cours Anglais aéronautique', NULL, 'moodle', 'enrolcoursewelcomemessage', 'https://bia-facile.fr/user/view.php?id=15&amp;course=7', 'Anglais aéronautique', NULL, 1738874484, NULL),
(52, 2, 13, 'Bienvenue sur Étude des aéronefs et des engins spatiaux', 'Bonjour Yannick, vous êtes inscrit au cours Étude des aéronefs et des engins spatiaux', 4, 'Bonjour Yannick, vous êtes inscrit au cours Étude des aéronefs et des engins spatiaux', NULL, 'moodle', 'enrolcoursewelcomemessage', 'https://bia-facile.fr/user/view.php?id=13&amp;course=4', 'Étude des aéronefs et des engins spatiaux', 1740476647, 1738874491, NULL),
(53, 2, 15, 'Bienvenue sur Étude des aéronefs et des engins spatiaux', 'Bonjour Mamadou Abibou, vous êtes inscrit au cours Étude des aéronefs et des engins spatiaux', 4, 'Bonjour Mamadou Abibou, vous êtes inscrit au cours Étude des aéronefs et des engins spatiaux', NULL, 'moodle', 'enrolcoursewelcomemessage', 'https://bia-facile.fr/user/view.php?id=15&amp;course=4', 'Étude des aéronefs et des engins spatiaux', NULL, 1738874551, NULL),
(54, 2, 15, 'Bienvenue sur Navigation, réglementation, sécurité des vols', 'Bonjour Mamadou Abibou, vous êtes inscrit au cours Navigation, réglementation, sécurité des vols', 4, 'Bonjour Mamadou Abibou, vous êtes inscrit au cours Navigation, réglementation, sécurité des vols', NULL, 'moodle', 'enrolcoursewelcomemessage', 'https://bia-facile.fr/user/view.php?id=15&amp;course=5', 'Navigation, réglementation, sécurité des vols', NULL, 1738874625, NULL),
(55, 2, 11, 'Bienvenue sur Histoire et culture de l’aéronautique et du spatial', 'Bonjour Patricia Soare, vous êtes maintenant inscrit au cours Histoire et culture de l’aéronautique et du spatial', 4, 'Bonjour Patricia Soare, vous êtes maintenant inscrit au cours Histoire et culture de l’aéronautique et du spatial', NULL, 'moodle', 'enrolcoursewelcomemessage', 'https://bia-facile.fr/user/view.php?id=11&amp;course=6', 'Histoire et culture de l’aéronautique et du spatial', NULL, 1738874626, NULL),
(56, 2, 15, 'Bienvenue sur Histoire et culture de l’aéronautique et du spatial', 'Bonjour Mamadou Abibou Diallo, vous êtes maintenant inscrit au cours Histoire et culture de l’aéronautique et du spatial', 4, 'Bonjour Mamadou Abibou Diallo, vous êtes maintenant inscrit au cours Histoire et culture de l’aéronautique et du spatial', NULL, 'moodle', 'enrolcoursewelcomemessage', 'https://bia-facile.fr/user/view.php?id=15&amp;course=6', 'Histoire et culture de l’aéronautique et du spatial', NULL, 1738874648, NULL),
(57, 2, 11, 'Bienvenue sur Aérodynamique, aérostatique et principes du vol', 'Bonjour Patricia, vous êtes inscrit au cours Aérodynamique, aérostatique et principes du vol', 4, 'Bonjour Patricia, vous êtes inscrit au cours Aérodynamique, aérostatique et principes du vol', NULL, 'moodle', 'enrolcoursewelcomemessage', 'https://bia-facile.fr/user/view.php?id=11&amp;course=2', 'Aérodynamique, aérostatique et principes du vol', NULL, 1738875008, NULL),
(58, 2, 16, 'Bienvenue sur Entrainez vous avec les annales de l\'examen', 'Bonjour Maxence, vous êtes inscrit au cours Entrainez vous avec les annales de l\'examen', 4, 'Bonjour Maxence, vous êtes inscrit au cours Entrainez vous avec les annales de l\'examen', NULL, 'moodle', 'enrolcoursewelcomemessage', 'https://bia-facile.fr/user/view.php?id=16&amp;course=8', 'Entrainez vous avec les annales de l\'examen', NULL, 1738881534, NULL),
(59, 2, 13, 'Bienvenue sur Navigation, réglementation, sécurité des vols', 'Bonjour Yannick, vous êtes inscrit au cours Navigation, réglementation, sécurité des vols', 4, 'Bonjour Yannick, vous êtes inscrit au cours Navigation, réglementation, sécurité des vols', NULL, 'moodle', 'enrolcoursewelcomemessage', 'https://bia-facile.fr/user/view.php?id=13&amp;course=5', 'Navigation, réglementation, sécurité des vols', 1740476647, 1738925469, NULL),
(60, 2, 16, 'Bienvenue sur Anglais aéronautique', 'Bonjour Maxence, vous êtes inscrit au cours Anglais aéronautique', 4, 'Bonjour Maxence, vous êtes inscrit au cours Anglais aéronautique', NULL, 'moodle', 'enrolcoursewelcomemessage', 'https://bia-facile.fr/user/view.php?id=16&amp;course=7', 'Anglais aéronautique', NULL, 1739095603, NULL),
(61, 2, 12, 'Bienvenue sur Navigation, réglementation, sécurité des vols', 'Bonjour Adrien, vous êtes inscrit au cours Navigation, réglementation, sécurité des vols', 4, 'Bonjour Adrien, vous êtes inscrit au cours Navigation, réglementation, sécurité des vols', NULL, 'moodle', 'enrolcoursewelcomemessage', 'https://bia-facile.fr/user/view.php?id=12&amp;course=5', 'Navigation, réglementation, sécurité des vols', NULL, 1739389295, NULL),
(62, 2, 17, 'Bienvenue sur Météorologie et aérologie', 'Bonjour Anaïs, vous êtes inscrit au cours Météorologie et aérologie', 4, 'Bonjour Anaïs, vous êtes inscrit au cours Météorologie et aérologie', NULL, 'moodle', 'enrolcoursewelcomemessage', 'https://bia-facile.fr/user/view.php?id=17&amp;course=3', 'Météorologie et aérologie', 1739476984, 1739476928, NULL),
(63, 2, 16, 'Bienvenue sur Navigation, réglementation, sécurité des vols', 'Bonjour Maxence, vous êtes inscrit au cours Navigation, réglementation, sécurité des vols', 4, 'Bonjour Maxence, vous êtes inscrit au cours Navigation, réglementation, sécurité des vols', NULL, 'moodle', 'enrolcoursewelcomemessage', 'https://bia-facile.fr/user/view.php?id=16&amp;course=5', 'Navigation, réglementation, sécurité des vols', NULL, 1739482414, NULL),
(64, 2, 18, 'Bienvenue sur Étude des aéronefs et des engins spatiaux', 'Bonjour Marc-Olivier, vous êtes inscrit au cours Étude des aéronefs et des engins spatiaux', 4, 'Bonjour Marc-Olivier, vous êtes inscrit au cours Étude des aéronefs et des engins spatiaux', NULL, 'moodle', 'enrolcoursewelcomemessage', 'https://bia-facile.fr/user/view.php?id=18&amp;course=4', 'Étude des aéronefs et des engins spatiaux', NULL, 1739873179, NULL),
(65, 2, 18, 'Bienvenue sur Navigation, réglementation, sécurité des vols', 'Bonjour Marc-Olivier, vous êtes inscrit au cours Navigation, réglementation, sécurité des vols', 4, 'Bonjour Marc-Olivier, vous êtes inscrit au cours Navigation, réglementation, sécurité des vols', NULL, 'moodle', 'enrolcoursewelcomemessage', 'https://bia-facile.fr/user/view.php?id=18&amp;course=5', 'Navigation, réglementation, sécurité des vols', NULL, 1739873203, NULL),
(66, 2, 18, 'Bienvenue sur Aérodynamique, aérostatique et principes du vol', 'Bonjour Marc-Olivier, vous êtes inscrit au cours Aérodynamique, aérostatique et principes du vol', 4, 'Bonjour Marc-Olivier, vous êtes inscrit au cours Aérodynamique, aérostatique et principes du vol', NULL, 'moodle', 'enrolcoursewelcomemessage', 'https://bia-facile.fr/user/view.php?id=18&amp;course=2', 'Aérodynamique, aérostatique et principes du vol', NULL, 1739873208, NULL),
(67, 2, 18, 'Bienvenue sur Entrainez vous avec les annales de l\'examen', 'Bonjour Marc-Olivier, vous êtes inscrit au cours Entrainez vous avec les annales de l\'examen', 4, 'Bonjour Marc-Olivier, vous êtes inscrit au cours Entrainez vous avec les annales de l\'examen', NULL, 'moodle', 'enrolcoursewelcomemessage', 'https://bia-facile.fr/user/view.php?id=18&amp;course=8', 'Entrainez vous avec les annales de l\'examen', NULL, 1739873220, NULL),
(68, 2, 18, 'Bienvenue sur Météorologie et aérologie', 'Bonjour Marc-Olivier, vous êtes inscrit au cours Météorologie et aérologie', 4, 'Bonjour Marc-Olivier, vous êtes inscrit au cours Météorologie et aérologie', NULL, 'moodle', 'enrolcoursewelcomemessage', 'https://bia-facile.fr/user/view.php?id=18&amp;course=3', 'Météorologie et aérologie', NULL, 1739873238, NULL),
(69, 2, 18, 'Bienvenue sur Histoire et culture de l’aéronautique et du spatial', 'Bonjour Marc-Olivier Berthier, vous êtes maintenant inscrit au cours Histoire et culture de l’aéronautique et du spatial', 4, 'Bonjour Marc-Olivier Berthier, vous êtes maintenant inscrit au cours Histoire et culture de l’aéronautique et du spatial', NULL, 'moodle', 'enrolcoursewelcomemessage', 'https://bia-facile.fr/user/view.php?id=18&amp;course=6', 'Histoire et culture de l’aéronautique et du spatial', NULL, 1739873250, NULL),
(70, 2, 19, 'Bienvenue sur Entrainez vous avec les annales de l\'examen', 'Bonjour Pierre-Etienne, vous êtes inscrit au cours Entrainez vous avec les annales de l\'examen', 4, 'Bonjour Pierre-Etienne, vous êtes inscrit au cours Entrainez vous avec les annales de l\'examen', NULL, 'moodle', 'enrolcoursewelcomemessage', 'https://bia-facile.fr/user/view.php?id=19&amp;course=8', 'Entrainez vous avec les annales de l\'examen', NULL, 1740349763, NULL),
(71, 2, 19, 'Bienvenue sur Étude des aéronefs et des engins spatiaux', 'Bonjour Pierre-Etienne, vous êtes inscrit au cours Étude des aéronefs et des engins spatiaux', 4, 'Bonjour Pierre-Etienne, vous êtes inscrit au cours Étude des aéronefs et des engins spatiaux', NULL, 'moodle', 'enrolcoursewelcomemessage', 'https://bia-facile.fr/user/view.php?id=19&amp;course=4', 'Étude des aéronefs et des engins spatiaux', NULL, 1740349775, NULL),
(72, 2, 19, 'Bienvenue sur Météorologie et aérologie', 'Bonjour Pierre-Etienne, vous êtes inscrit au cours Météorologie et aérologie', 4, 'Bonjour Pierre-Etienne, vous êtes inscrit au cours Météorologie et aérologie', NULL, 'moodle', 'enrolcoursewelcomemessage', 'https://bia-facile.fr/user/view.php?id=19&amp;course=3', 'Météorologie et aérologie', NULL, 1740349789, NULL),
(73, 2, 19, 'Bienvenue sur Aérodynamique, aérostatique et principes du vol', 'Bonjour Pierre-Etienne, vous êtes inscrit au cours Aérodynamique, aérostatique et principes du vol', 4, 'Bonjour Pierre-Etienne, vous êtes inscrit au cours Aérodynamique, aérostatique et principes du vol', NULL, 'moodle', 'enrolcoursewelcomemessage', 'https://bia-facile.fr/user/view.php?id=19&amp;course=2', 'Aérodynamique, aérostatique et principes du vol', NULL, 1740349800, NULL),
(74, 2, 19, 'Bienvenue sur Histoire et culture de l’aéronautique et du spatial', 'Bonjour Pierre-Etienne Colard, vous êtes maintenant inscrit au cours Histoire et culture de l’aéronautique et du spatial', 4, 'Bonjour Pierre-Etienne Colard, vous êtes maintenant inscrit au cours Histoire et culture de l’aéronautique et du spatial', NULL, 'moodle', 'enrolcoursewelcomemessage', 'https://bia-facile.fr/user/view.php?id=19&amp;course=6', 'Histoire et culture de l’aéronautique et du spatial', NULL, 1740349811, NULL),
(75, 2, 19, 'Bienvenue sur Navigation, réglementation, sécurité des vols', 'Bonjour Pierre-Etienne, vous êtes inscrit au cours Navigation, réglementation, sécurité des vols', 4, 'Bonjour Pierre-Etienne, vous êtes inscrit au cours Navigation, réglementation, sécurité des vols', NULL, 'moodle', 'enrolcoursewelcomemessage', 'https://bia-facile.fr/user/view.php?id=19&amp;course=5', 'Navigation, réglementation, sécurité des vols', NULL, 1740349830, NULL),
(76, 2, 20, 'Bienvenue sur Entrainez vous avec les annales de l\'examen', 'Bonjour Pascal, vous êtes inscrit au cours Entrainez vous avec les annales de l\'examen', 4, 'Bonjour Pascal, vous êtes inscrit au cours Entrainez vous avec les annales de l\'examen', NULL, 'moodle', 'enrolcoursewelcomemessage', 'https://bia-facile.fr/user/view.php?id=20&amp;course=8', 'Entrainez vous avec les annales de l\'examen', NULL, 1740472900, NULL),
(77, 2, 20, 'Bienvenue sur Étude des aéronefs et des engins spatiaux', 'Bonjour Pascal, vous êtes inscrit au cours Étude des aéronefs et des engins spatiaux', 4, 'Bonjour Pascal, vous êtes inscrit au cours Étude des aéronefs et des engins spatiaux', NULL, 'moodle', 'enrolcoursewelcomemessage', 'https://bia-facile.fr/user/view.php?id=20&amp;course=4', 'Étude des aéronefs et des engins spatiaux', NULL, 1740472906, NULL),
(78, 2, 20, 'Bienvenue sur Navigation, réglementation, sécurité des vols', 'Bonjour Pascal, vous êtes inscrit au cours Navigation, réglementation, sécurité des vols', 4, 'Bonjour Pascal, vous êtes inscrit au cours Navigation, réglementation, sécurité des vols', NULL, 'moodle', 'enrolcoursewelcomemessage', 'https://bia-facile.fr/user/view.php?id=20&amp;course=5', 'Navigation, réglementation, sécurité des vols', NULL, 1740472909, NULL),
(79, 2, 20, 'Bienvenue sur Histoire et culture de l’aéronautique et du spatial', 'Bonjour Pascal Université, vous êtes maintenant inscrit au cours Histoire et culture de l’aéronautique et du spatial', 4, 'Bonjour Pascal Université, vous êtes maintenant inscrit au cours Histoire et culture de l’aéronautique et du spatial', NULL, 'moodle', 'enrolcoursewelcomemessage', 'https://bia-facile.fr/user/view.php?id=20&amp;course=6', 'Histoire et culture de l’aéronautique et du spatial', NULL, 1740472911, NULL),
(80, 2, 20, 'Bienvenue sur Météorologie et aérologie', 'Bonjour Pascal, vous êtes inscrit au cours Météorologie et aérologie', 4, 'Bonjour Pascal, vous êtes inscrit au cours Météorologie et aérologie', NULL, 'moodle', 'enrolcoursewelcomemessage', 'https://bia-facile.fr/user/view.php?id=20&amp;course=3', 'Météorologie et aérologie', NULL, 1740472913, NULL),
(81, 2, 20, 'Bienvenue sur Aérodynamique, aérostatique et principes du vol', 'Bonjour Pascal, vous êtes inscrit au cours Aérodynamique, aérostatique et principes du vol', 4, 'Bonjour Pascal, vous êtes inscrit au cours Aérodynamique, aérostatique et principes du vol', NULL, 'moodle', 'enrolcoursewelcomemessage', 'https://bia-facile.fr/user/view.php?id=20&amp;course=2', 'Aérodynamique, aérostatique et principes du vol', NULL, 1740472917, NULL),
(82, 2, 16, 'Bienvenue sur Étude des aéronefs et des engins spatiaux', 'Bonjour Maxence, vous êtes inscrit au cours Étude des aéronefs et des engins spatiaux', 4, 'Bonjour Maxence, vous êtes inscrit au cours Étude des aéronefs et des engins spatiaux', NULL, 'moodle', 'enrolcoursewelcomemessage', 'https://bia-facile.fr/user/view.php?id=16&amp;course=4', 'Étude des aéronefs et des engins spatiaux', NULL, 1741040287, NULL),
(83, 2, 21, 'Bienvenue sur Étude des aéronefs et des engins spatiaux', 'Bonjour Nathan, vous êtes inscrit au cours Étude des aéronefs et des engins spatiaux', 4, 'Bonjour Nathan, vous êtes inscrit au cours Étude des aéronefs et des engins spatiaux', NULL, 'moodle', 'enrolcoursewelcomemessage', 'https://bia-facile.fr/user/view.php?id=21&amp;course=4', 'Étude des aéronefs et des engins spatiaux', NULL, 1741040287, NULL),
(84, 2, 22, 'Bienvenue sur Étude des aéronefs et des engins spatiaux', 'Bonjour Mélanie, vous êtes inscrit au cours Étude des aéronefs et des engins spatiaux', 4, 'Bonjour Mélanie, vous êtes inscrit au cours Étude des aéronefs et des engins spatiaux', NULL, 'moodle', 'enrolcoursewelcomemessage', 'https://bia-facile.fr/user/view.php?id=22&amp;course=4', 'Étude des aéronefs et des engins spatiaux', NULL, 1741040287, NULL),
(85, 2, 23, 'Bienvenue sur Étude des aéronefs et des engins spatiaux', 'Bonjour Maxence, vous êtes inscrit au cours Étude des aéronefs et des engins spatiaux', 4, 'Bonjour Maxence, vous êtes inscrit au cours Étude des aéronefs et des engins spatiaux', NULL, 'moodle', 'enrolcoursewelcomemessage', 'https://bia-facile.fr/user/view.php?id=23&amp;course=4', 'Étude des aéronefs et des engins spatiaux', NULL, 1741040288, NULL),
(86, 2, 24, 'Bienvenue sur Étude des aéronefs et des engins spatiaux', 'Bonjour Rodolphe, vous êtes inscrit au cours Étude des aéronefs et des engins spatiaux', 4, 'Bonjour Rodolphe, vous êtes inscrit au cours Étude des aéronefs et des engins spatiaux', NULL, 'moodle', 'enrolcoursewelcomemessage', 'https://bia-facile.fr/user/view.php?id=24&amp;course=4', 'Étude des aéronefs et des engins spatiaux', 1741091008, 1741040288, NULL),
(87, 2, 25, 'Bienvenue sur Étude des aéronefs et des engins spatiaux', 'Bonjour Bastien, vous êtes inscrit au cours Étude des aéronefs et des engins spatiaux', 4, 'Bonjour Bastien, vous êtes inscrit au cours Étude des aéronefs et des engins spatiaux', NULL, 'moodle', 'enrolcoursewelcomemessage', 'https://bia-facile.fr/user/view.php?id=25&amp;course=4', 'Étude des aéronefs et des engins spatiaux', NULL, 1741040288, NULL),
(88, 2, 28, 'Bienvenue sur Étude des aéronefs et des engins spatiaux', 'Bonjour Raphaël, vous êtes inscrit au cours Étude des aéronefs et des engins spatiaux', 4, 'Bonjour Raphaël, vous êtes inscrit au cours Étude des aéronefs et des engins spatiaux', NULL, 'moodle', 'enrolcoursewelcomemessage', 'https://bia-facile.fr/user/view.php?id=28&amp;course=4', 'Étude des aéronefs et des engins spatiaux', 1741089394, 1741040288, NULL),
(89, 2, 5, 'Bienvenue sur Étude des aéronefs et des engins spatiaux', 'Bonjour Marin, vous êtes inscrit au cours Étude des aéronefs et des engins spatiaux', 4, 'Bonjour Marin, vous êtes inscrit au cours Étude des aéronefs et des engins spatiaux', NULL, 'moodle', 'enrolcoursewelcomemessage', 'https://bia-facile.fr/user/view.php?id=5&amp;course=4', 'Étude des aéronefs et des engins spatiaux', NULL, 1741040288, NULL);
INSERT INTO `mdl_notifications` (`id`, `useridfrom`, `useridto`, `subject`, `fullmessage`, `fullmessageformat`, `fullmessagehtml`, `smallmessage`, `component`, `eventtype`, `contexturl`, `contexturlname`, `timeread`, `timecreated`, `customdata`) VALUES
(90, 2, 9, 'Bienvenue sur Étude des aéronefs et des engins spatiaux', 'Bonjour Axelle, vous êtes inscrit au cours Étude des aéronefs et des engins spatiaux', 4, 'Bonjour Axelle, vous êtes inscrit au cours Étude des aéronefs et des engins spatiaux', NULL, 'moodle', 'enrolcoursewelcomemessage', 'https://bia-facile.fr/user/view.php?id=9&amp;course=4', 'Étude des aéronefs et des engins spatiaux', NULL, 1741040288, NULL),
(91, 2, 17, 'Bienvenue sur Étude des aéronefs et des engins spatiaux', 'Bonjour Anaïs, vous êtes inscrit au cours Étude des aéronefs et des engins spatiaux', 4, 'Bonjour Anaïs, vous êtes inscrit au cours Étude des aéronefs et des engins spatiaux', NULL, 'moodle', 'enrolcoursewelcomemessage', 'https://bia-facile.fr/user/view.php?id=17&amp;course=4', 'Étude des aéronefs et des engins spatiaux', NULL, 1741040288, NULL),
(92, 2, 21, 'Bienvenue sur Navigation, réglementation, sécurité des vols', 'Bonjour Nathan, vous êtes inscrit au cours Navigation, réglementation, sécurité des vols', 4, 'Bonjour Nathan, vous êtes inscrit au cours Navigation, réglementation, sécurité des vols', NULL, 'moodle', 'enrolcoursewelcomemessage', 'https://bia-facile.fr/user/view.php?id=21&amp;course=5', 'Navigation, réglementation, sécurité des vols', NULL, 1741041375, NULL),
(93, 2, 22, 'Bienvenue sur Navigation, réglementation, sécurité des vols', 'Bonjour Mélanie, vous êtes inscrit au cours Navigation, réglementation, sécurité des vols', 4, 'Bonjour Mélanie, vous êtes inscrit au cours Navigation, réglementation, sécurité des vols', NULL, 'moodle', 'enrolcoursewelcomemessage', 'https://bia-facile.fr/user/view.php?id=22&amp;course=5', 'Navigation, réglementation, sécurité des vols', NULL, 1741041375, NULL),
(94, 2, 23, 'Bienvenue sur Navigation, réglementation, sécurité des vols', 'Bonjour Maxence, vous êtes inscrit au cours Navigation, réglementation, sécurité des vols', 4, 'Bonjour Maxence, vous êtes inscrit au cours Navigation, réglementation, sécurité des vols', NULL, 'moodle', 'enrolcoursewelcomemessage', 'https://bia-facile.fr/user/view.php?id=23&amp;course=5', 'Navigation, réglementation, sécurité des vols', NULL, 1741041375, NULL),
(95, 2, 24, 'Bienvenue sur Navigation, réglementation, sécurité des vols', 'Bonjour Rodolphe, vous êtes inscrit au cours Navigation, réglementation, sécurité des vols', 4, 'Bonjour Rodolphe, vous êtes inscrit au cours Navigation, réglementation, sécurité des vols', NULL, 'moodle', 'enrolcoursewelcomemessage', 'https://bia-facile.fr/user/view.php?id=24&amp;course=5', 'Navigation, réglementation, sécurité des vols', 1741091008, 1741041375, NULL),
(96, 2, 25, 'Bienvenue sur Navigation, réglementation, sécurité des vols', 'Bonjour Bastien, vous êtes inscrit au cours Navigation, réglementation, sécurité des vols', 4, 'Bonjour Bastien, vous êtes inscrit au cours Navigation, réglementation, sécurité des vols', NULL, 'moodle', 'enrolcoursewelcomemessage', 'https://bia-facile.fr/user/view.php?id=25&amp;course=5', 'Navigation, réglementation, sécurité des vols', NULL, 1741041375, NULL),
(97, 2, 26, 'Bienvenue sur Navigation, réglementation, sécurité des vols', 'Bonjour Jules, vous êtes inscrit au cours Navigation, réglementation, sécurité des vols', 4, 'Bonjour Jules, vous êtes inscrit au cours Navigation, réglementation, sécurité des vols', NULL, 'moodle', 'enrolcoursewelcomemessage', 'https://bia-facile.fr/user/view.php?id=26&amp;course=5', 'Navigation, réglementation, sécurité des vols', 1741091037, 1741041375, NULL),
(98, 2, 27, 'Bienvenue sur Navigation, réglementation, sécurité des vols', 'Bonjour Paul, vous êtes inscrit au cours Navigation, réglementation, sécurité des vols', 4, 'Bonjour Paul, vous êtes inscrit au cours Navigation, réglementation, sécurité des vols', NULL, 'moodle', 'enrolcoursewelcomemessage', 'https://bia-facile.fr/user/view.php?id=27&amp;course=5', 'Navigation, réglementation, sécurité des vols', 1744531472, 1741041375, NULL),
(99, 2, 28, 'Bienvenue sur Navigation, réglementation, sécurité des vols', 'Bonjour Raphaël, vous êtes inscrit au cours Navigation, réglementation, sécurité des vols', 4, 'Bonjour Raphaël, vous êtes inscrit au cours Navigation, réglementation, sécurité des vols', NULL, 'moodle', 'enrolcoursewelcomemessage', 'https://bia-facile.fr/user/view.php?id=28&amp;course=5', 'Navigation, réglementation, sécurité des vols', 1741089394, 1741041375, NULL),
(100, 2, 3, 'Bienvenue sur Navigation, réglementation, sécurité des vols', 'Bonjour Bruno etu, vous êtes inscrit au cours Navigation, réglementation, sécurité des vols', 4, 'Bonjour Bruno etu, vous êtes inscrit au cours Navigation, réglementation, sécurité des vols', NULL, 'moodle', 'enrolcoursewelcomemessage', 'https://bia-facile.fr/user/view.php?id=3&amp;course=5', 'Navigation, réglementation, sécurité des vols', 1748634892, 1741041375, NULL),
(101, 2, 5, 'Bienvenue sur Navigation, réglementation, sécurité des vols', 'Bonjour Marin, vous êtes inscrit au cours Navigation, réglementation, sécurité des vols', 4, 'Bonjour Marin, vous êtes inscrit au cours Navigation, réglementation, sécurité des vols', NULL, 'moodle', 'enrolcoursewelcomemessage', 'https://bia-facile.fr/user/view.php?id=5&amp;course=5', 'Navigation, réglementation, sécurité des vols', NULL, 1741041376, NULL),
(102, 2, 9, 'Bienvenue sur Navigation, réglementation, sécurité des vols', 'Bonjour Axelle, vous êtes inscrit au cours Navigation, réglementation, sécurité des vols', 4, 'Bonjour Axelle, vous êtes inscrit au cours Navigation, réglementation, sécurité des vols', NULL, 'moodle', 'enrolcoursewelcomemessage', 'https://bia-facile.fr/user/view.php?id=9&amp;course=5', 'Navigation, réglementation, sécurité des vols', NULL, 1741041377, NULL),
(103, 2, 11, 'Bienvenue sur Navigation, réglementation, sécurité des vols', 'Bonjour Patricia, vous êtes inscrit au cours Navigation, réglementation, sécurité des vols', 4, 'Bonjour Patricia, vous êtes inscrit au cours Navigation, réglementation, sécurité des vols', NULL, 'moodle', 'enrolcoursewelcomemessage', 'https://bia-facile.fr/user/view.php?id=11&amp;course=5', 'Navigation, réglementation, sécurité des vols', NULL, 1741041377, NULL),
(104, 2, 17, 'Bienvenue sur Navigation, réglementation, sécurité des vols', 'Bonjour Anaïs, vous êtes inscrit au cours Navigation, réglementation, sécurité des vols', 4, 'Bonjour Anaïs, vous êtes inscrit au cours Navigation, réglementation, sécurité des vols', NULL, 'moodle', 'enrolcoursewelcomemessage', 'https://bia-facile.fr/user/view.php?id=17&amp;course=5', 'Navigation, réglementation, sécurité des vols', NULL, 1741041377, NULL),
(105, 2, 5, 'Bienvenue sur Entrainez vous avec les annales de l\'examen', 'Bonjour Marin, vous êtes inscrit au cours Entrainez vous avec les annales de l\'examen', 4, 'Bonjour Marin, vous êtes inscrit au cours Entrainez vous avec les annales de l\'examen', NULL, 'moodle', 'enrolcoursewelcomemessage', 'https://bia-facile.fr/user/view.php?id=5&amp;course=8', 'Entrainez vous avec les annales de l\'examen', NULL, 1741042026, NULL),
(106, 2, 9, 'Bienvenue sur Entrainez vous avec les annales de l\'examen', 'Bonjour Axelle, vous êtes inscrit au cours Entrainez vous avec les annales de l\'examen', 4, 'Bonjour Axelle, vous êtes inscrit au cours Entrainez vous avec les annales de l\'examen', NULL, 'moodle', 'enrolcoursewelcomemessage', 'https://bia-facile.fr/user/view.php?id=9&amp;course=8', 'Entrainez vous avec les annales de l\'examen', NULL, 1741042027, NULL),
(107, 2, 11, 'Bienvenue sur Entrainez vous avec les annales de l\'examen', 'Bonjour Patricia, vous êtes inscrit au cours Entrainez vous avec les annales de l\'examen', 4, 'Bonjour Patricia, vous êtes inscrit au cours Entrainez vous avec les annales de l\'examen', NULL, 'moodle', 'enrolcoursewelcomemessage', 'https://bia-facile.fr/user/view.php?id=11&amp;course=8', 'Entrainez vous avec les annales de l\'examen', NULL, 1741042027, NULL),
(108, 2, 17, 'Bienvenue sur Entrainez vous avec les annales de l\'examen', 'Bonjour Anaïs, vous êtes inscrit au cours Entrainez vous avec les annales de l\'examen', 4, 'Bonjour Anaïs, vous êtes inscrit au cours Entrainez vous avec les annales de l\'examen', NULL, 'moodle', 'enrolcoursewelcomemessage', 'https://bia-facile.fr/user/view.php?id=17&amp;course=8', 'Entrainez vous avec les annales de l\'examen', NULL, 1741042027, NULL),
(109, 2, 21, 'Bienvenue sur Entrainez vous avec les annales de l\'examen', 'Bonjour Nathan, vous êtes inscrit au cours Entrainez vous avec les annales de l\'examen', 4, 'Bonjour Nathan, vous êtes inscrit au cours Entrainez vous avec les annales de l\'examen', NULL, 'moodle', 'enrolcoursewelcomemessage', 'https://bia-facile.fr/user/view.php?id=21&amp;course=8', 'Entrainez vous avec les annales de l\'examen', NULL, 1741042028, NULL),
(110, 2, 22, 'Bienvenue sur Entrainez vous avec les annales de l\'examen', 'Bonjour Mélanie, vous êtes inscrit au cours Entrainez vous avec les annales de l\'examen', 4, 'Bonjour Mélanie, vous êtes inscrit au cours Entrainez vous avec les annales de l\'examen', NULL, 'moodle', 'enrolcoursewelcomemessage', 'https://bia-facile.fr/user/view.php?id=22&amp;course=8', 'Entrainez vous avec les annales de l\'examen', NULL, 1741042028, NULL),
(111, 2, 23, 'Bienvenue sur Entrainez vous avec les annales de l\'examen', 'Bonjour Maxence, vous êtes inscrit au cours Entrainez vous avec les annales de l\'examen', 4, 'Bonjour Maxence, vous êtes inscrit au cours Entrainez vous avec les annales de l\'examen', NULL, 'moodle', 'enrolcoursewelcomemessage', 'https://bia-facile.fr/user/view.php?id=23&amp;course=8', 'Entrainez vous avec les annales de l\'examen', NULL, 1741042028, NULL),
(112, 2, 24, 'Bienvenue sur Entrainez vous avec les annales de l\'examen', 'Bonjour Rodolphe, vous êtes inscrit au cours Entrainez vous avec les annales de l\'examen', 4, 'Bonjour Rodolphe, vous êtes inscrit au cours Entrainez vous avec les annales de l\'examen', NULL, 'moodle', 'enrolcoursewelcomemessage', 'https://bia-facile.fr/user/view.php?id=24&amp;course=8', 'Entrainez vous avec les annales de l\'examen', 1741091008, 1741042028, NULL),
(113, 2, 25, 'Bienvenue sur Entrainez vous avec les annales de l\'examen', 'Bonjour Bastien, vous êtes inscrit au cours Entrainez vous avec les annales de l\'examen', 4, 'Bonjour Bastien, vous êtes inscrit au cours Entrainez vous avec les annales de l\'examen', NULL, 'moodle', 'enrolcoursewelcomemessage', 'https://bia-facile.fr/user/view.php?id=25&amp;course=8', 'Entrainez vous avec les annales de l\'examen', NULL, 1741042028, NULL),
(114, 2, 26, 'Bienvenue sur Entrainez vous avec les annales de l\'examen', 'Bonjour Jules, vous êtes inscrit au cours Entrainez vous avec les annales de l\'examen', 4, 'Bonjour Jules, vous êtes inscrit au cours Entrainez vous avec les annales de l\'examen', NULL, 'moodle', 'enrolcoursewelcomemessage', 'https://bia-facile.fr/user/view.php?id=26&amp;course=8', 'Entrainez vous avec les annales de l\'examen', 1741091037, 1741042028, NULL),
(115, 2, 27, 'Bienvenue sur Entrainez vous avec les annales de l\'examen', 'Bonjour Paul, vous êtes inscrit au cours Entrainez vous avec les annales de l\'examen', 4, 'Bonjour Paul, vous êtes inscrit au cours Entrainez vous avec les annales de l\'examen', NULL, 'moodle', 'enrolcoursewelcomemessage', 'https://bia-facile.fr/user/view.php?id=27&amp;course=8', 'Entrainez vous avec les annales de l\'examen', 1744531472, 1741042028, NULL),
(116, 2, 28, 'Bienvenue sur Entrainez vous avec les annales de l\'examen', 'Bonjour Raphaël, vous êtes inscrit au cours Entrainez vous avec les annales de l\'examen', 4, 'Bonjour Raphaël, vous êtes inscrit au cours Entrainez vous avec les annales de l\'examen', NULL, 'moodle', 'enrolcoursewelcomemessage', 'https://bia-facile.fr/user/view.php?id=28&amp;course=8', 'Entrainez vous avec les annales de l\'examen', 1741089394, 1741042028, NULL),
(117, 2, 21, 'Bienvenue sur Aérodynamique, aérostatique et principes du vol', 'Bonjour Nathan, vous êtes inscrit au cours Aérodynamique, aérostatique et principes du vol', 4, 'Bonjour Nathan, vous êtes inscrit au cours Aérodynamique, aérostatique et principes du vol', NULL, 'moodle', 'enrolcoursewelcomemessage', 'https://bia-facile.fr/user/view.php?id=21&amp;course=2', 'Aérodynamique, aérostatique et principes du vol', NULL, 1741042093, NULL),
(118, 2, 22, 'Bienvenue sur Aérodynamique, aérostatique et principes du vol', 'Bonjour Mélanie, vous êtes inscrit au cours Aérodynamique, aérostatique et principes du vol', 4, 'Bonjour Mélanie, vous êtes inscrit au cours Aérodynamique, aérostatique et principes du vol', NULL, 'moodle', 'enrolcoursewelcomemessage', 'https://bia-facile.fr/user/view.php?id=22&amp;course=2', 'Aérodynamique, aérostatique et principes du vol', NULL, 1741042093, NULL),
(119, 2, 23, 'Bienvenue sur Aérodynamique, aérostatique et principes du vol', 'Bonjour Maxence, vous êtes inscrit au cours Aérodynamique, aérostatique et principes du vol', 4, 'Bonjour Maxence, vous êtes inscrit au cours Aérodynamique, aérostatique et principes du vol', NULL, 'moodle', 'enrolcoursewelcomemessage', 'https://bia-facile.fr/user/view.php?id=23&amp;course=2', 'Aérodynamique, aérostatique et principes du vol', NULL, 1741042093, NULL),
(120, 2, 24, 'Bienvenue sur Aérodynamique, aérostatique et principes du vol', 'Bonjour Rodolphe, vous êtes inscrit au cours Aérodynamique, aérostatique et principes du vol', 4, 'Bonjour Rodolphe, vous êtes inscrit au cours Aérodynamique, aérostatique et principes du vol', NULL, 'moodle', 'enrolcoursewelcomemessage', 'https://bia-facile.fr/user/view.php?id=24&amp;course=2', 'Aérodynamique, aérostatique et principes du vol', 1741091008, 1741042093, NULL),
(121, 2, 25, 'Bienvenue sur Aérodynamique, aérostatique et principes du vol', 'Bonjour Bastien, vous êtes inscrit au cours Aérodynamique, aérostatique et principes du vol', 4, 'Bonjour Bastien, vous êtes inscrit au cours Aérodynamique, aérostatique et principes du vol', NULL, 'moodle', 'enrolcoursewelcomemessage', 'https://bia-facile.fr/user/view.php?id=25&amp;course=2', 'Aérodynamique, aérostatique et principes du vol', NULL, 1741042093, NULL),
(122, 2, 26, 'Bienvenue sur Aérodynamique, aérostatique et principes du vol', 'Bonjour Jules, vous êtes inscrit au cours Aérodynamique, aérostatique et principes du vol', 4, 'Bonjour Jules, vous êtes inscrit au cours Aérodynamique, aérostatique et principes du vol', NULL, 'moodle', 'enrolcoursewelcomemessage', 'https://bia-facile.fr/user/view.php?id=26&amp;course=2', 'Aérodynamique, aérostatique et principes du vol', 1741091037, 1741042093, NULL),
(123, 2, 27, 'Bienvenue sur Aérodynamique, aérostatique et principes du vol', 'Bonjour Paul, vous êtes inscrit au cours Aérodynamique, aérostatique et principes du vol', 4, 'Bonjour Paul, vous êtes inscrit au cours Aérodynamique, aérostatique et principes du vol', NULL, 'moodle', 'enrolcoursewelcomemessage', 'https://bia-facile.fr/user/view.php?id=27&amp;course=2', 'Aérodynamique, aérostatique et principes du vol', 1744531472, 1741042093, NULL),
(124, 2, 28, 'Bienvenue sur Aérodynamique, aérostatique et principes du vol', 'Bonjour Raphaël, vous êtes inscrit au cours Aérodynamique, aérostatique et principes du vol', 4, 'Bonjour Raphaël, vous êtes inscrit au cours Aérodynamique, aérostatique et principes du vol', NULL, 'moodle', 'enrolcoursewelcomemessage', 'https://bia-facile.fr/user/view.php?id=28&amp;course=2', 'Aérodynamique, aérostatique et principes du vol', 1741089394, 1741042093, NULL),
(125, 2, 9, 'Bienvenue sur Aérodynamique, aérostatique et principes du vol', 'Bonjour Axelle, vous êtes inscrit au cours Aérodynamique, aérostatique et principes du vol', 4, 'Bonjour Axelle, vous êtes inscrit au cours Aérodynamique, aérostatique et principes du vol', NULL, 'moodle', 'enrolcoursewelcomemessage', 'https://bia-facile.fr/user/view.php?id=9&amp;course=2', 'Aérodynamique, aérostatique et principes du vol', NULL, 1741042093, NULL),
(126, 2, 16, 'Bienvenue sur Aérodynamique, aérostatique et principes du vol', 'Bonjour Maxence, vous êtes inscrit au cours Aérodynamique, aérostatique et principes du vol', 4, 'Bonjour Maxence, vous êtes inscrit au cours Aérodynamique, aérostatique et principes du vol', NULL, 'moodle', 'enrolcoursewelcomemessage', 'https://bia-facile.fr/user/view.php?id=16&amp;course=2', 'Aérodynamique, aérostatique et principes du vol', NULL, 1741042094, NULL),
(127, 2, 17, 'Bienvenue sur Aérodynamique, aérostatique et principes du vol', 'Bonjour Anaïs, vous êtes inscrit au cours Aérodynamique, aérostatique et principes du vol', 4, 'Bonjour Anaïs, vous êtes inscrit au cours Aérodynamique, aérostatique et principes du vol', NULL, 'moodle', 'enrolcoursewelcomemessage', 'https://bia-facile.fr/user/view.php?id=17&amp;course=2', 'Aérodynamique, aérostatique et principes du vol', NULL, 1741042094, NULL),
(128, 2, 21, 'Bienvenue sur Histoire et culture de l’aéronautique et du spatial', 'Bonjour Nathan, vous êtes inscrit au cours Histoire et culture de l’aéronautique et du spatial', 4, 'Bonjour Nathan, vous êtes inscrit au cours Histoire et culture de l’aéronautique et du spatial', NULL, 'moodle', 'enrolcoursewelcomemessage', 'https://bia-facile.fr/user/view.php?id=21&amp;course=6', 'Histoire et culture de l’aéronautique et du spatial', NULL, 1741042189, NULL),
(129, 2, 22, 'Bienvenue sur Histoire et culture de l’aéronautique et du spatial', 'Bonjour Mélanie, vous êtes inscrit au cours Histoire et culture de l’aéronautique et du spatial', 4, 'Bonjour Mélanie, vous êtes inscrit au cours Histoire et culture de l’aéronautique et du spatial', NULL, 'moodle', 'enrolcoursewelcomemessage', 'https://bia-facile.fr/user/view.php?id=22&amp;course=6', 'Histoire et culture de l’aéronautique et du spatial', NULL, 1741042190, NULL),
(130, 2, 23, 'Bienvenue sur Histoire et culture de l’aéronautique et du spatial', 'Bonjour Maxence, vous êtes inscrit au cours Histoire et culture de l’aéronautique et du spatial', 4, 'Bonjour Maxence, vous êtes inscrit au cours Histoire et culture de l’aéronautique et du spatial', NULL, 'moodle', 'enrolcoursewelcomemessage', 'https://bia-facile.fr/user/view.php?id=23&amp;course=6', 'Histoire et culture de l’aéronautique et du spatial', NULL, 1741042190, NULL),
(131, 2, 24, 'Bienvenue sur Histoire et culture de l’aéronautique et du spatial', 'Bonjour Rodolphe, vous êtes inscrit au cours Histoire et culture de l’aéronautique et du spatial', 4, 'Bonjour Rodolphe, vous êtes inscrit au cours Histoire et culture de l’aéronautique et du spatial', NULL, 'moodle', 'enrolcoursewelcomemessage', 'https://bia-facile.fr/user/view.php?id=24&amp;course=6', 'Histoire et culture de l’aéronautique et du spatial', 1741091008, 1741042190, NULL),
(132, 2, 25, 'Bienvenue sur Histoire et culture de l’aéronautique et du spatial', 'Bonjour Bastien, vous êtes inscrit au cours Histoire et culture de l’aéronautique et du spatial', 4, 'Bonjour Bastien, vous êtes inscrit au cours Histoire et culture de l’aéronautique et du spatial', NULL, 'moodle', 'enrolcoursewelcomemessage', 'https://bia-facile.fr/user/view.php?id=25&amp;course=6', 'Histoire et culture de l’aéronautique et du spatial', NULL, 1741042190, NULL),
(133, 2, 26, 'Bienvenue sur Histoire et culture de l’aéronautique et du spatial', 'Bonjour Jules, vous êtes inscrit au cours Histoire et culture de l’aéronautique et du spatial', 4, 'Bonjour Jules, vous êtes inscrit au cours Histoire et culture de l’aéronautique et du spatial', NULL, 'moodle', 'enrolcoursewelcomemessage', 'https://bia-facile.fr/user/view.php?id=26&amp;course=6', 'Histoire et culture de l’aéronautique et du spatial', 1741091037, 1741042190, NULL),
(134, 2, 27, 'Bienvenue sur Histoire et culture de l’aéronautique et du spatial', 'Bonjour Paul, vous êtes inscrit au cours Histoire et culture de l’aéronautique et du spatial', 4, 'Bonjour Paul, vous êtes inscrit au cours Histoire et culture de l’aéronautique et du spatial', NULL, 'moodle', 'enrolcoursewelcomemessage', 'https://bia-facile.fr/user/view.php?id=27&amp;course=6', 'Histoire et culture de l’aéronautique et du spatial', 1744531472, 1741042190, NULL),
(135, 2, 28, 'Bienvenue sur Histoire et culture de l’aéronautique et du spatial', 'Bonjour Raphaël, vous êtes inscrit au cours Histoire et culture de l’aéronautique et du spatial', 4, 'Bonjour Raphaël, vous êtes inscrit au cours Histoire et culture de l’aéronautique et du spatial', NULL, 'moodle', 'enrolcoursewelcomemessage', 'https://bia-facile.fr/user/view.php?id=28&amp;course=6', 'Histoire et culture de l’aéronautique et du spatial', 1741089394, 1741042190, NULL),
(136, 2, 5, 'Bienvenue sur Histoire et culture de l’aéronautique et du spatial', 'Bonjour Marin, vous êtes inscrit au cours Histoire et culture de l’aéronautique et du spatial', 4, 'Bonjour Marin, vous êtes inscrit au cours Histoire et culture de l’aéronautique et du spatial', NULL, 'moodle', 'enrolcoursewelcomemessage', 'https://bia-facile.fr/user/view.php?id=5&amp;course=6', 'Histoire et culture de l’aéronautique et du spatial', NULL, 1741042190, NULL),
(137, 2, 16, 'Bienvenue sur Histoire et culture de l’aéronautique et du spatial', 'Bonjour Maxence, vous êtes inscrit au cours Histoire et culture de l’aéronautique et du spatial', 4, 'Bonjour Maxence, vous êtes inscrit au cours Histoire et culture de l’aéronautique et du spatial', NULL, 'moodle', 'enrolcoursewelcomemessage', 'https://bia-facile.fr/user/view.php?id=16&amp;course=6', 'Histoire et culture de l’aéronautique et du spatial', NULL, 1741042190, NULL),
(138, 2, 17, 'Bienvenue sur Histoire et culture de l’aéronautique et du spatial', 'Bonjour Anaïs, vous êtes inscrit au cours Histoire et culture de l’aéronautique et du spatial', 4, 'Bonjour Anaïs, vous êtes inscrit au cours Histoire et culture de l’aéronautique et du spatial', NULL, 'moodle', 'enrolcoursewelcomemessage', 'https://bia-facile.fr/user/view.php?id=17&amp;course=6', 'Histoire et culture de l’aéronautique et du spatial', NULL, 1741042190, NULL),
(139, 2, 21, 'Bienvenue sur Météorologie et aérologie', 'Bonjour Nathan GAILLARD, vous êtes maintenant inscrit au cours Météorologie et aérologie', 4, 'Bonjour Nathan GAILLARD, vous êtes maintenant inscrit au cours Météorologie et aérologie', NULL, 'moodle', 'enrolcoursewelcomemessage', 'https://bia-facile.fr/user/view.php?id=21&amp;course=3', 'Météorologie et aérologie', NULL, 1741042260, NULL),
(140, 2, 22, 'Bienvenue sur Météorologie et aérologie', 'Bonjour Mélanie GEORGES, vous êtes maintenant inscrit au cours Météorologie et aérologie', 4, 'Bonjour Mélanie GEORGES, vous êtes maintenant inscrit au cours Météorologie et aérologie', NULL, 'moodle', 'enrolcoursewelcomemessage', 'https://bia-facile.fr/user/view.php?id=22&amp;course=3', 'Météorologie et aérologie', NULL, 1741042260, NULL),
(141, 2, 23, 'Bienvenue sur Météorologie et aérologie', 'Bonjour Maxence GIROUD, vous êtes maintenant inscrit au cours Météorologie et aérologie', 4, 'Bonjour Maxence GIROUD, vous êtes maintenant inscrit au cours Météorologie et aérologie', NULL, 'moodle', 'enrolcoursewelcomemessage', 'https://bia-facile.fr/user/view.php?id=23&amp;course=3', 'Météorologie et aérologie', NULL, 1741042260, NULL),
(142, 2, 24, 'Bienvenue sur Météorologie et aérologie', 'Bonjour Rodolphe GONTHIER, vous êtes maintenant inscrit au cours Météorologie et aérologie', 4, 'Bonjour Rodolphe GONTHIER, vous êtes maintenant inscrit au cours Météorologie et aérologie', NULL, 'moodle', 'enrolcoursewelcomemessage', 'https://bia-facile.fr/user/view.php?id=24&amp;course=3', 'Météorologie et aérologie', 1741091008, 1741042260, NULL),
(143, 2, 25, 'Bienvenue sur Météorologie et aérologie', 'Bonjour Bastien KLUR, vous êtes maintenant inscrit au cours Météorologie et aérologie', 4, 'Bonjour Bastien KLUR, vous êtes maintenant inscrit au cours Météorologie et aérologie', NULL, 'moodle', 'enrolcoursewelcomemessage', 'https://bia-facile.fr/user/view.php?id=25&amp;course=3', 'Météorologie et aérologie', NULL, 1741042260, NULL),
(144, 2, 26, 'Bienvenue sur Météorologie et aérologie', 'Bonjour Jules NOLL, vous êtes maintenant inscrit au cours Météorologie et aérologie', 4, 'Bonjour Jules NOLL, vous êtes maintenant inscrit au cours Météorologie et aérologie', NULL, 'moodle', 'enrolcoursewelcomemessage', 'https://bia-facile.fr/user/view.php?id=26&amp;course=3', 'Météorologie et aérologie', 1741091037, 1741042260, NULL),
(145, 2, 27, 'Bienvenue sur Météorologie et aérologie', 'Bonjour Paul SCHMITT, vous êtes maintenant inscrit au cours Météorologie et aérologie', 4, 'Bonjour Paul SCHMITT, vous êtes maintenant inscrit au cours Météorologie et aérologie', NULL, 'moodle', 'enrolcoursewelcomemessage', 'https://bia-facile.fr/user/view.php?id=27&amp;course=3', 'Météorologie et aérologie', 1744531472, 1741042260, NULL),
(146, 2, 28, 'Bienvenue sur Météorologie et aérologie', 'Bonjour Raphaël TREMBLIER, vous êtes maintenant inscrit au cours Météorologie et aérologie', 4, 'Bonjour Raphaël TREMBLIER, vous êtes maintenant inscrit au cours Météorologie et aérologie', NULL, 'moodle', 'enrolcoursewelcomemessage', 'https://bia-facile.fr/user/view.php?id=28&amp;course=3', 'Météorologie et aérologie', 1741089394, 1741042260, NULL),
(147, 2, 9, 'Bienvenue sur Météorologie et aérologie', 'Bonjour Axelle M, vous êtes maintenant inscrit au cours Météorologie et aérologie', 4, 'Bonjour Axelle M, vous êtes maintenant inscrit au cours Météorologie et aérologie', NULL, 'moodle', 'enrolcoursewelcomemessage', 'https://bia-facile.fr/user/view.php?id=9&amp;course=3', 'Météorologie et aérologie', NULL, 1741042260, NULL),
(148, 2, 11, 'Bienvenue sur Météorologie et aérologie', 'Bonjour Patricia Soare, vous êtes maintenant inscrit au cours Météorologie et aérologie', 4, 'Bonjour Patricia Soare, vous êtes maintenant inscrit au cours Météorologie et aérologie', NULL, 'moodle', 'enrolcoursewelcomemessage', 'https://bia-facile.fr/user/view.php?id=11&amp;course=3', 'Météorologie et aérologie', NULL, 1741042261, NULL),
(149, 2, 16, 'Bienvenue sur Météorologie et aérologie', 'Bonjour Maxence Paris, vous êtes maintenant inscrit au cours Météorologie et aérologie', 4, 'Bonjour Maxence Paris, vous êtes maintenant inscrit au cours Météorologie et aérologie', NULL, 'moodle', 'enrolcoursewelcomemessage', 'https://bia-facile.fr/user/view.php?id=16&amp;course=3', 'Météorologie et aérologie', NULL, 1741042261, NULL),
(150, 28, 24, 'Brevet d\'Initiation Aéronautique (BIA) : demande de contact de Raphaël TREMBLIER', '<div class=\"text_to_html\">Raphaël TREMBLIER demande à être ajouté comme contact. Veuillez visiter la page des <a href=\"https://bia-facile.fr/message/index.php?view=contactrequests\">demandes de contact</a> pour répondre à la demande</div>', 1, 'Raphaël TREMBLIER demande à être ajouté comme contact. Veuillez visiter la page des <a href=\"https://bia-facile.fr/message/index.php?view=contactrequests\">demandes de contact</a> pour répondre à la demande', '', 'moodle', 'messagecontactrequests', 'https://bia-facile.fr/message/index.php?view=contactrequests', NULL, 1741091008, 1741088975, '{\"notificationiconurl\":\"https:\\/\\/bia-facile.fr\\/theme\\/image.php\\/boost_magnific\\/core\\/1741066408\\/u\\/f1\",\"actionbuttons\":{\"accept\":\"Accepter\",\"reject\":\"Rejeter\"},\"courseid\":\"1\"}'),
(151, 2, 26, 'Bienvenue sur Étude des aéronefs et des engins spatiaux', 'Bonjour Jules, vous êtes inscrit au cours Étude des aéronefs et des engins spatiaux', 4, 'Bonjour Jules, vous êtes inscrit au cours Étude des aéronefs et des engins spatiaux', NULL, 'moodle', 'enrolcoursewelcomemessage', 'https://bia-facile.fr/user/view.php?id=26&amp;course=4', 'Étude des aéronefs et des engins spatiaux', 1741091037, 1741090476, NULL),
(152, 2, 27, 'Bienvenue sur Étude des aéronefs et des engins spatiaux', 'Bonjour Paul, vous êtes inscrit au cours Étude des aéronefs et des engins spatiaux', 4, 'Bonjour Paul, vous êtes inscrit au cours Étude des aéronefs et des engins spatiaux', NULL, 'moodle', 'enrolcoursewelcomemessage', 'https://bia-facile.fr/user/view.php?id=27&amp;course=4', 'Étude des aéronefs et des engins spatiaux', 1744531472, 1741090477, NULL),
(153, 26, 25, 'Brevet d\'Initiation Aéronautique (BIA) : demande de contact de Jules NOLL', '<div class=\"text_to_html\">Jules NOLL demande à être ajouté comme contact. Veuillez visiter la page des <a href=\"https://bia-facile.fr/message/index.php?view=contactrequests\">demandes de contact</a> pour répondre à la demande</div>', 1, 'Jules NOLL demande à être ajouté comme contact. Veuillez visiter la page des <a href=\"https://bia-facile.fr/message/index.php?view=contactrequests\">demandes de contact</a> pour répondre à la demande', '', 'moodle', 'messagecontactrequests', 'https://bia-facile.fr/message/index.php?view=contactrequests', NULL, NULL, 1741618513, '{\"notificationiconurl\":\"https:\\/\\/bia-facile.fr\\/theme\\/image.php\\/boost_magnific\\/core\\/1741066408\\/u\\/f1\",\"actionbuttons\":{\"accept\":\"Accepter\",\"reject\":\"Rejeter\"},\"courseid\":\"1\"}'),
(154, 26, 28, 'Brevet d\'Initiation Aéronautique (BIA) : demande de contact de Jules NOLL', '<div class=\"text_to_html\">Jules NOLL demande à être ajouté comme contact. Veuillez visiter la page des <a href=\"https://bia-facile.fr/message/index.php?view=contactrequests\">demandes de contact</a> pour répondre à la demande</div>', 1, 'Jules NOLL demande à être ajouté comme contact. Veuillez visiter la page des <a href=\"https://bia-facile.fr/message/index.php?view=contactrequests\">demandes de contact</a> pour répondre à la demande', '', 'moodle', 'messagecontactrequests', 'https://bia-facile.fr/message/index.php?view=contactrequests', NULL, 1743506010, 1741619863, '{\"notificationiconurl\":\"https:\\/\\/bia-facile.fr\\/tokenpluginfile.php\\/3c11bdaeabebf139997458f32da5b3ff\\/432\\/user\\/icon\\/boost_magnific\\/f1?rev=9002\",\"actionbuttons\":{\"accept\":\"Accepter\",\"reject\":\"Rejeter\"},\"courseid\":\"1\"}'),
(155, 27, 26, 'Brevet d\'Initiation Aéronautique (BIA) : demande de contact de Paul SCHMITT', '<div class=\"text_to_html\">Paul SCHMITT demande à être ajouté comme contact. Veuillez visiter la page des <a href=\"https://bia-facile.fr/message/index.php?view=contactrequests\">demandes de contact</a> pour répondre à la demande</div>', 1, 'Paul SCHMITT demande à être ajouté comme contact. Veuillez visiter la page des <a href=\"https://bia-facile.fr/message/index.php?view=contactrequests\">demandes de contact</a> pour répondre à la demande', '', 'moodle', 'messagecontactrequests', 'https://bia-facile.fr/message/index.php?view=contactrequests', NULL, 1743504183, 1741694288, '{\"notificationiconurl\":\"https:\\/\\/bia-facile.fr\\/theme\\/image.php\\/boost_magnific\\/core\\/1741066408\\/u\\/f1\",\"actionbuttons\":{\"accept\":\"Accepter\",\"reject\":\"Rejeter\"},\"courseid\":\"1\"}'),
(156, 26, 23, 'Brevet d\'Initiation Aéronautique (BIA) : demande de contact de Jules NOLL', '<div class=\"text_to_html\">Jules NOLL demande à être ajouté comme contact. Veuillez visiter la page des <a href=\"https://bia-facile.fr/message/index.php?view=contactrequests\">demandes de contact</a> pour répondre à la demande</div>', 1, 'Jules NOLL demande à être ajouté comme contact. Veuillez visiter la page des <a href=\"https://bia-facile.fr/message/index.php?view=contactrequests\">demandes de contact</a> pour répondre à la demande', '', 'moodle', 'messagecontactrequests', 'https://bia-facile.fr/message/index.php?view=contactrequests', NULL, NULL, 1741694773, '{\"notificationiconurl\":\"https:\\/\\/bia-facile.fr\\/tokenpluginfile.php\\/3949957937a612850aaace01ac9e3feb\\/432\\/user\\/icon\\/boost_magnific\\/f1?rev=9022\",\"actionbuttons\":{\"accept\":\"Accepter\",\"reject\":\"Rejeter\"},\"courseid\":\"1\"}'),
(157, 26, 27, 'Brevet d\'Initiation Aéronautique (BIA) : demande de contact de Jules NOLL', '<div class=\"text_to_html\">Jules NOLL demande à être ajouté comme contact. Veuillez visiter la page des <a href=\"https://bia-facile.fr/message/index.php?view=contactrequests\">demandes de contact</a> pour répondre à la demande</div>', 1, 'Jules NOLL demande à être ajouté comme contact. Veuillez visiter la page des <a href=\"https://bia-facile.fr/message/index.php?view=contactrequests\">demandes de contact</a> pour répondre à la demande', '', 'moodle', 'messagecontactrequests', 'https://bia-facile.fr/message/index.php?view=contactrequests', NULL, 1744531472, 1741695355, '{\"notificationiconurl\":\"https:\\/\\/bia-facile.fr\\/tokenpluginfile.php\\/876b37a758b348694ec8fa4d9949b392\\/432\\/user\\/icon\\/boost_magnific\\/f1?rev=9022\",\"actionbuttons\":{\"accept\":\"Accepter\",\"reject\":\"Rejeter\"},\"courseid\":\"1\"}'),
(158, 26, 21, 'Brevet d\'Initiation Aéronautique (BIA) : demande de contact de Jules NOLL', '<div class=\"text_to_html\">Jules NOLL demande à être ajouté comme contact. Veuillez visiter la page des <a href=\"https://bia-facile.fr/message/index.php?view=contactrequests\">demandes de contact</a> pour répondre à la demande</div>', 1, 'Jules NOLL demande à être ajouté comme contact. Veuillez visiter la page des <a href=\"https://bia-facile.fr/message/index.php?view=contactrequests\">demandes de contact</a> pour répondre à la demande', '', 'moodle', 'messagecontactrequests', 'https://bia-facile.fr/message/index.php?view=contactrequests', NULL, NULL, 1741695394, '{\"notificationiconurl\":\"https:\\/\\/bia-facile.fr\\/tokenpluginfile.php\\/2b1d8c90bd074a5299490e0d38d84c8f\\/432\\/user\\/icon\\/boost_magnific\\/f1?rev=9022\",\"actionbuttons\":{\"accept\":\"Accepter\",\"reject\":\"Rejeter\"},\"courseid\":\"1\"}'),
(159, 2, 30, 'Bienvenue sur Aérodynamique, aérostatique et principes du vol', 'Bonjour Frédéric, vous êtes inscrit au cours Aérodynamique, aérostatique et principes du vol', 4, 'Bonjour Frédéric, vous êtes inscrit au cours Aérodynamique, aérostatique et principes du vol', NULL, 'moodle', 'enrolcoursewelcomemessage', 'https://bia-facile.fr/user/view.php?id=30&amp;course=2', 'Aérodynamique, aérostatique et principes du vol', NULL, 1741734725, NULL),
(160, 2, 32, 'Bienvenue sur Météorologie et aérologie', 'Bonjour pouyan, vous êtes inscrit au cours Météorologie et aérologie', 4, 'Bonjour pouyan, vous êtes inscrit au cours Météorologie et aérologie', NULL, 'moodle', 'enrolcoursewelcomemessage', 'https://bia-facile.fr/user/view.php?id=32&amp;course=3', 'Météorologie et aérologie', 1742120876, 1742029145, NULL),
(161, 2, 32, 'Bienvenue sur Anglais aéronautique', 'Bonjour pouyan, vous êtes inscrit au cours Anglais aéronautique', 4, 'Bonjour pouyan, vous êtes inscrit au cours Anglais aéronautique', NULL, 'moodle', 'enrolcoursewelcomemessage', 'https://bia-facile.fr/user/view.php?id=32&amp;course=7', 'Anglais aéronautique', 1742120876, 1742029237, NULL),
(162, 27, 28, 'Brevet d\'Initiation Aéronautique (BIA) : demande de contact de Paul SCHMITT', '<div class=\"text_to_html\">Paul SCHMITT demande à être ajouté comme contact. Veuillez visiter la page des <a href=\"https://bia-facile.fr/message/index.php?view=contactrequests\">demandes de contact</a> pour répondre à la demande</div>', 1, 'Paul SCHMITT demande à être ajouté comme contact. Veuillez visiter la page des <a href=\"https://bia-facile.fr/message/index.php?view=contactrequests\">demandes de contact</a> pour répondre à la demande', '', 'moodle', 'messagecontactrequests', 'https://bia-facile.fr/message/index.php?view=contactrequests', NULL, 1743506010, 1742297936, '{\"notificationiconurl\":\"https:\\/\\/bia-facile.fr\\/tokenpluginfile.php\\/3c11bdaeabebf139997458f32da5b3ff\\/433\\/user\\/icon\\/boost_magnific\\/f1?rev=9046\",\"actionbuttons\":{\"accept\":\"Accepter\",\"reject\":\"Rejeter\"},\"courseid\":\"1\"}'),
(163, 28, 25, 'Brevet d\'Initiation Aéronautique (BIA) : demande de contact de Raphaël TREMBLIER', '<div class=\"text_to_html\">Raphaël TREMBLIER demande à être ajouté comme contact. Veuillez visiter la page des <a href=\"https://bia-facile.fr/message/index.php?view=contactrequests\">demandes de contact</a> pour répondre à la demande</div>', 1, 'Raphaël TREMBLIER demande à être ajouté comme contact. Veuillez visiter la page des <a href=\"https://bia-facile.fr/message/index.php?view=contactrequests\">demandes de contact</a> pour répondre à la demande', '', 'moodle', 'messagecontactrequests', 'https://bia-facile.fr/message/index.php?view=contactrequests', NULL, NULL, 1742298164, '{\"notificationiconurl\":\"https:\\/\\/bia-facile.fr\\/theme\\/image.php\\/boost_magnific\\/core\\/1741066408\\/u\\/f1\",\"actionbuttons\":{\"accept\":\"Accepter\",\"reject\":\"Rejeter\"},\"courseid\":\"1\"}'),
(164, 2, 36, 'Bienvenue sur Entrainez vous', 'Bonjour Johaina, vous êtes inscrit au cours Entrainez vous', 4, 'Bonjour Johaina, vous êtes inscrit au cours Entrainez vous', NULL, 'moodle', 'enrolcoursewelcomemessage', 'https://bia-facile.fr/user/view.php?id=36&amp;course=8', 'Entrainez vous', NULL, 1743186888, NULL),
(165, 2, 36, 'Bienvenue sur Météorologie et aérologie', 'Bonjour Johaina, vous êtes inscrit au cours Météorologie et aérologie', 4, 'Bonjour Johaina, vous êtes inscrit au cours Météorologie et aérologie', NULL, 'moodle', 'enrolcoursewelcomemessage', 'https://bia-facile.fr/user/view.php?id=36&amp;course=3', 'Météorologie et aérologie', NULL, 1743187111, NULL),
(166, 2, 18, 'Bienvenue sur Anglais aéronautique', 'Bonjour Marc-Olivier, vous êtes inscrit au cours Anglais aéronautique', 4, 'Bonjour Marc-Olivier, vous êtes inscrit au cours Anglais aéronautique', NULL, 'moodle', 'enrolcoursewelcomemessage', 'https://bia-facile.fr/user/view.php?id=18&amp;course=7', 'Anglais aéronautique', NULL, 1743487762, NULL),
(167, 2, 21, 'Bienvenue sur Anglais aéronautique', 'Bonjour Nathan, vous êtes inscrit au cours Anglais aéronautique', 4, 'Bonjour Nathan, vous êtes inscrit au cours Anglais aéronautique', NULL, 'moodle', 'enrolcoursewelcomemessage', 'https://bia-facile.fr/user/view.php?id=21&amp;course=7', 'Anglais aéronautique', NULL, 1743487763, NULL),
(168, 2, 22, 'Bienvenue sur Anglais aéronautique', 'Bonjour Mélanie, vous êtes inscrit au cours Anglais aéronautique', 4, 'Bonjour Mélanie, vous êtes inscrit au cours Anglais aéronautique', NULL, 'moodle', 'enrolcoursewelcomemessage', 'https://bia-facile.fr/user/view.php?id=22&amp;course=7', 'Anglais aéronautique', NULL, 1743487763, NULL),
(169, 2, 23, 'Bienvenue sur Anglais aéronautique', 'Bonjour Maxence, vous êtes inscrit au cours Anglais aéronautique', 4, 'Bonjour Maxence, vous êtes inscrit au cours Anglais aéronautique', NULL, 'moodle', 'enrolcoursewelcomemessage', 'https://bia-facile.fr/user/view.php?id=23&amp;course=7', 'Anglais aéronautique', NULL, 1743487763, NULL),
(170, 2, 24, 'Bienvenue sur Anglais aéronautique', 'Bonjour Rodolphe, vous êtes inscrit au cours Anglais aéronautique', 4, 'Bonjour Rodolphe, vous êtes inscrit au cours Anglais aéronautique', NULL, 'moodle', 'enrolcoursewelcomemessage', 'https://bia-facile.fr/user/view.php?id=24&amp;course=7', 'Anglais aéronautique', NULL, 1743487763, NULL),
(171, 2, 25, 'Bienvenue sur Anglais aéronautique', 'Bonjour Bastien, vous êtes inscrit au cours Anglais aéronautique', 4, 'Bonjour Bastien, vous êtes inscrit au cours Anglais aéronautique', NULL, 'moodle', 'enrolcoursewelcomemessage', 'https://bia-facile.fr/user/view.php?id=25&amp;course=7', 'Anglais aéronautique', NULL, 1743487763, NULL),
(172, 2, 26, 'Bienvenue sur Anglais aéronautique', 'Bonjour Jules, vous êtes inscrit au cours Anglais aéronautique', 4, 'Bonjour Jules, vous êtes inscrit au cours Anglais aéronautique', NULL, 'moodle', 'enrolcoursewelcomemessage', 'https://bia-facile.fr/user/view.php?id=26&amp;course=7', 'Anglais aéronautique', 1743504183, 1743487763, NULL),
(173, 2, 27, 'Bienvenue sur Anglais aéronautique', 'Bonjour Paul, vous êtes inscrit au cours Anglais aéronautique', 4, 'Bonjour Paul, vous êtes inscrit au cours Anglais aéronautique', NULL, 'moodle', 'enrolcoursewelcomemessage', 'https://bia-facile.fr/user/view.php?id=27&amp;course=7', 'Anglais aéronautique', 1744531472, 1743487763, NULL),
(174, 2, 28, 'Bienvenue sur Anglais aéronautique', 'Bonjour Raphaël, vous êtes inscrit au cours Anglais aéronautique', 4, 'Bonjour Raphaël, vous êtes inscrit au cours Anglais aéronautique', NULL, 'moodle', 'enrolcoursewelcomemessage', 'https://bia-facile.fr/user/view.php?id=28&amp;course=7', 'Anglais aéronautique', 1743506010, 1743487763, NULL),
(175, 2, 29, 'Bienvenue sur Anglais aéronautique', 'Bonjour Gilles, vous êtes inscrit au cours Anglais aéronautique', 4, 'Bonjour Gilles, vous êtes inscrit au cours Anglais aéronautique', NULL, 'moodle', 'enrolcoursewelcomemessage', 'https://bia-facile.fr/user/view.php?id=29&amp;course=7', 'Anglais aéronautique', NULL, 1743487763, NULL),
(176, 2, 30, 'Bienvenue sur Anglais aéronautique', 'Bonjour Frédéric, vous êtes inscrit au cours Anglais aéronautique', 4, 'Bonjour Frédéric, vous êtes inscrit au cours Anglais aéronautique', NULL, 'moodle', 'enrolcoursewelcomemessage', 'https://bia-facile.fr/user/view.php?id=30&amp;course=7', 'Anglais aéronautique', NULL, 1743487763, NULL),
(177, 2, 5, 'Bienvenue sur Anglais aéronautique', 'Bonjour Marin, vous êtes inscrit au cours Anglais aéronautique', 4, 'Bonjour Marin, vous êtes inscrit au cours Anglais aéronautique', NULL, 'moodle', 'enrolcoursewelcomemessage', 'https://bia-facile.fr/user/view.php?id=5&amp;course=7', 'Anglais aéronautique', NULL, 1743487763, NULL),
(178, 2, 9, 'Bienvenue sur Anglais aéronautique', 'Bonjour Axelle, vous êtes inscrit au cours Anglais aéronautique', 4, 'Bonjour Axelle, vous êtes inscrit au cours Anglais aéronautique', NULL, 'moodle', 'enrolcoursewelcomemessage', 'https://bia-facile.fr/user/view.php?id=9&amp;course=7', 'Anglais aéronautique', NULL, 1743487764, NULL),
(179, 2, 11, 'Bienvenue sur Anglais aéronautique', 'Bonjour Patricia, vous êtes inscrit au cours Anglais aéronautique', 4, 'Bonjour Patricia, vous êtes inscrit au cours Anglais aéronautique', NULL, 'moodle', 'enrolcoursewelcomemessage', 'https://bia-facile.fr/user/view.php?id=11&amp;course=7', 'Anglais aéronautique', NULL, 1743487764, NULL),
(180, 2, 12, 'Bienvenue sur Anglais aéronautique', 'Bonjour Adrien, vous êtes inscrit au cours Anglais aéronautique', 4, 'Bonjour Adrien, vous êtes inscrit au cours Anglais aéronautique', NULL, 'moodle', 'enrolcoursewelcomemessage', 'https://bia-facile.fr/user/view.php?id=12&amp;course=7', 'Anglais aéronautique', NULL, 1743487764, NULL),
(181, 2, 14, 'Bienvenue sur Anglais aéronautique', 'Bonjour Camille, vous êtes inscrit au cours Anglais aéronautique', 4, 'Bonjour Camille, vous êtes inscrit au cours Anglais aéronautique', NULL, 'moodle', 'enrolcoursewelcomemessage', 'https://bia-facile.fr/user/view.php?id=14&amp;course=7', 'Anglais aéronautique', NULL, 1743487765, NULL),
(182, 2, 17, 'Bienvenue sur Anglais aéronautique', 'Bonjour Anaïs, vous êtes inscrit au cours Anglais aéronautique', 4, 'Bonjour Anaïs, vous êtes inscrit au cours Anglais aéronautique', NULL, 'moodle', 'enrolcoursewelcomemessage', 'https://bia-facile.fr/user/view.php?id=17&amp;course=7', 'Anglais aéronautique', NULL, 1743487765, NULL),
(183, 2, 20, 'Bienvenue sur Anglais aéronautique', 'Bonjour Pascal, vous êtes inscrit au cours Anglais aéronautique', 4, 'Bonjour Pascal, vous êtes inscrit au cours Anglais aéronautique', NULL, 'moodle', 'enrolcoursewelcomemessage', 'https://bia-facile.fr/user/view.php?id=20&amp;course=7', 'Anglais aéronautique', NULL, 1743487765, NULL),
(184, 2, 31, 'Bienvenue sur Anglais aéronautique', 'Bonjour Pauline, vous êtes inscrit au cours Anglais aéronautique', 4, 'Bonjour Pauline, vous êtes inscrit au cours Anglais aéronautique', NULL, 'moodle', 'enrolcoursewelcomemessage', 'https://bia-facile.fr/user/view.php?id=31&amp;course=7', 'Anglais aéronautique', NULL, 1743487765, NULL),
(185, 2, 33, 'Bienvenue sur Anglais aéronautique', 'Bonjour Meryem, vous êtes inscrit au cours Anglais aéronautique', 4, 'Bonjour Meryem, vous êtes inscrit au cours Anglais aéronautique', NULL, 'moodle', 'enrolcoursewelcomemessage', 'https://bia-facile.fr/user/view.php?id=33&amp;course=7', 'Anglais aéronautique', NULL, 1743487765, NULL),
(186, 2, 34, 'Bienvenue sur Anglais aéronautique', 'Bonjour Céline, vous êtes inscrit au cours Anglais aéronautique', 4, 'Bonjour Céline, vous êtes inscrit au cours Anglais aéronautique', NULL, 'moodle', 'enrolcoursewelcomemessage', 'https://bia-facile.fr/user/view.php?id=34&amp;course=7', 'Anglais aéronautique', NULL, 1743487765, NULL),
(187, 2, 35, 'Bienvenue sur Anglais aéronautique', 'Bonjour Pascal, vous êtes inscrit au cours Anglais aéronautique', 4, 'Bonjour Pascal, vous êtes inscrit au cours Anglais aéronautique', NULL, 'moodle', 'enrolcoursewelcomemessage', 'https://bia-facile.fr/user/view.php?id=35&amp;course=7', 'Anglais aéronautique', NULL, 1743487765, NULL),
(188, 49, 66, 'Brevet d\'Initiation Aéronautique (BIA) : demande de contact de Mattheo IANNOTTI', '<div class=\"text_to_html\">Mattheo IANNOTTI demande à être ajouté comme contact. Veuillez visiter la page des <a href=\"https://bia-facile.fr/message/index.php?view=contactrequests\">demandes de contact</a> pour répondre à la demande</div>', 1, 'Mattheo IANNOTTI demande à être ajouté comme contact. Veuillez visiter la page des <a href=\"https://bia-facile.fr/message/index.php?view=contactrequests\">demandes de contact</a> pour répondre à la demande', '', 'moodle', 'messagecontactrequests', 'https://bia-facile.fr/message/index.php?view=contactrequests', NULL, NULL, 1743772283, '{\"notificationiconurl\":\"https:\\/\\/bia-facile.fr\\/theme\\/image.php\\/boost_magnific\\/core\\/1742798794\\/u\\/f1\",\"actionbuttons\":{\"accept\":\"Accepter\",\"reject\":\"Rejeter\"},\"courseid\":\"1\"}'),
(189, 58, 62, 'Brevet d\'Initiation Aéronautique (BIA) : demande de contact de Adam NYARI MULLER', '<div class=\"text_to_html\">Adam NYARI MULLER demande à être ajouté comme contact. Veuillez visiter la page des <a href=\"https://bia-facile.fr/message/index.php?view=contactrequests\">demandes de contact</a> pour répondre à la demande</div>', 1, 'Adam NYARI MULLER demande à être ajouté comme contact. Veuillez visiter la page des <a href=\"https://bia-facile.fr/message/index.php?view=contactrequests\">demandes de contact</a> pour répondre à la demande', '', 'moodle', 'messagecontactrequests', 'https://bia-facile.fr/message/index.php?view=contactrequests', NULL, NULL, 1743772302, '{\"notificationiconurl\":\"https:\\/\\/bia-facile.fr\\/theme\\/image.php\\/boost_magnific\\/core\\/1742798794\\/u\\/f1\",\"actionbuttons\":{\"accept\":\"Accepter\",\"reject\":\"Rejeter\"},\"courseid\":\"1\"}'),
(190, 60, 54, 'Brevet d\'Initiation Aéronautique (BIA) : demande de contact de Killian PFLEGER', '<div class=\"text_to_html\">Killian PFLEGER demande à être ajouté comme contact. Veuillez visiter la page des <a href=\"https://bia-facile.fr/message/index.php?view=contactrequests\">demandes de contact</a> pour répondre à la demande</div>', 1, 'Killian PFLEGER demande à être ajouté comme contact. Veuillez visiter la page des <a href=\"https://bia-facile.fr/message/index.php?view=contactrequests\">demandes de contact</a> pour répondre à la demande', '', 'moodle', 'messagecontactrequests', 'https://bia-facile.fr/message/index.php?view=contactrequests', NULL, NULL, 1743772303, '{\"notificationiconurl\":\"https:\\/\\/bia-facile.fr\\/theme\\/image.php\\/boost_magnific\\/core\\/1742798794\\/u\\/f1\",\"actionbuttons\":{\"accept\":\"Accepter\",\"reject\":\"Rejeter\"},\"courseid\":\"1\"}'),
(191, 68, 54, 'Brevet d\'Initiation Aéronautique (BIA) : demande de contact de Antonin ZINK', '<div class=\"text_to_html\">Antonin ZINK demande à être ajouté comme contact. Veuillez visiter la page des <a href=\"https://bia-facile.fr/message/index.php?view=contactrequests\">demandes de contact</a> pour répondre à la demande</div>', 1, 'Antonin ZINK demande à être ajouté comme contact. Veuillez visiter la page des <a href=\"https://bia-facile.fr/message/index.php?view=contactrequests\">demandes de contact</a> pour répondre à la demande', '', 'moodle', 'messagecontactrequests', 'https://bia-facile.fr/message/index.php?view=contactrequests', NULL, NULL, 1743772319, '{\"notificationiconurl\":\"https:\\/\\/bia-facile.fr\\/theme\\/image.php\\/boost_magnific\\/core\\/1742798794\\/u\\/f1\",\"actionbuttons\":{\"accept\":\"Accepter\",\"reject\":\"Rejeter\"},\"courseid\":\"1\"}'),
(192, 60, 64, 'Brevet d\'Initiation Aéronautique (BIA) : demande de contact de Killian PFLEGER', '<div class=\"text_to_html\">Killian PFLEGER demande à être ajouté comme contact. Veuillez visiter la page des <a href=\"https://bia-facile.fr/message/index.php?view=contactrequests\">demandes de contact</a> pour répondre à la demande</div>', 1, 'Killian PFLEGER demande à être ajouté comme contact. Veuillez visiter la page des <a href=\"https://bia-facile.fr/message/index.php?view=contactrequests\">demandes de contact</a> pour répondre à la demande', '', 'moodle', 'messagecontactrequests', 'https://bia-facile.fr/message/index.php?view=contactrequests', NULL, NULL, 1743772332, '{\"notificationiconurl\":\"https:\\/\\/bia-facile.fr\\/theme\\/image.php\\/boost_magnific\\/core\\/1742798794\\/u\\/f1\",\"actionbuttons\":{\"accept\":\"Accepter\",\"reject\":\"Rejeter\"},\"courseid\":\"1\"}');
INSERT INTO `mdl_notifications` (`id`, `useridfrom`, `useridto`, `subject`, `fullmessage`, `fullmessageformat`, `fullmessagehtml`, `smallmessage`, `component`, `eventtype`, `contexturl`, `contexturlname`, `timeread`, `timecreated`, `customdata`) VALUES
(193, 60, 67, 'Brevet d\'Initiation Aéronautique (BIA) : demande de contact de Killian PFLEGER', '<div class=\"text_to_html\">Killian PFLEGER demande à être ajouté comme contact. Veuillez visiter la page des <a href=\"https://bia-facile.fr/message/index.php?view=contactrequests\">demandes de contact</a> pour répondre à la demande</div>', 1, 'Killian PFLEGER demande à être ajouté comme contact. Veuillez visiter la page des <a href=\"https://bia-facile.fr/message/index.php?view=contactrequests\">demandes de contact</a> pour répondre à la demande', '', 'moodle', 'messagecontactrequests', 'https://bia-facile.fr/message/index.php?view=contactrequests', NULL, NULL, 1743772340, '{\"notificationiconurl\":\"https:\\/\\/bia-facile.fr\\/theme\\/image.php\\/boost_magnific\\/core\\/1742798794\\/u\\/f1\",\"actionbuttons\":{\"accept\":\"Accepter\",\"reject\":\"Rejeter\"},\"courseid\":\"1\"}'),
(194, 60, 68, 'Brevet d\'Initiation Aéronautique (BIA) : demande de contact de Killian PFLEGER', '<div class=\"text_to_html\">Killian PFLEGER demande à être ajouté comme contact. Veuillez visiter la page des <a href=\"https://bia-facile.fr/message/index.php?view=contactrequests\">demandes de contact</a> pour répondre à la demande</div>', 1, 'Killian PFLEGER demande à être ajouté comme contact. Veuillez visiter la page des <a href=\"https://bia-facile.fr/message/index.php?view=contactrequests\">demandes de contact</a> pour répondre à la demande', '', 'moodle', 'messagecontactrequests', 'https://bia-facile.fr/message/index.php?view=contactrequests', NULL, NULL, 1743772358, '{\"notificationiconurl\":\"https:\\/\\/bia-facile.fr\\/theme\\/image.php\\/boost_magnific\\/core\\/1742798794\\/u\\/f1\",\"actionbuttons\":{\"accept\":\"Accepter\",\"reject\":\"Rejeter\"},\"courseid\":\"1\"}'),
(195, 60, 55, 'Brevet d\'Initiation Aéronautique (BIA) : demande de contact de Killian PFLEGER', '<div class=\"text_to_html\">Killian PFLEGER demande à être ajouté comme contact. Veuillez visiter la page des <a href=\"https://bia-facile.fr/message/index.php?view=contactrequests\">demandes de contact</a> pour répondre à la demande</div>', 1, 'Killian PFLEGER demande à être ajouté comme contact. Veuillez visiter la page des <a href=\"https://bia-facile.fr/message/index.php?view=contactrequests\">demandes de contact</a> pour répondre à la demande', '', 'moodle', 'messagecontactrequests', 'https://bia-facile.fr/message/index.php?view=contactrequests', NULL, NULL, 1743772376, '{\"notificationiconurl\":\"https:\\/\\/bia-facile.fr\\/theme\\/image.php\\/boost_magnific\\/core\\/1742798794\\/u\\/f1\",\"actionbuttons\":{\"accept\":\"Accepter\",\"reject\":\"Rejeter\"},\"courseid\":\"1\"}'),
(196, 60, 52, 'Brevet d\'Initiation Aéronautique (BIA) : demande de contact de Killian PFLEGER', '<div class=\"text_to_html\">Killian PFLEGER demande à être ajouté comme contact. Veuillez visiter la page des <a href=\"https://bia-facile.fr/message/index.php?view=contactrequests\">demandes de contact</a> pour répondre à la demande</div>', 1, 'Killian PFLEGER demande à être ajouté comme contact. Veuillez visiter la page des <a href=\"https://bia-facile.fr/message/index.php?view=contactrequests\">demandes de contact</a> pour répondre à la demande', '', 'moodle', 'messagecontactrequests', 'https://bia-facile.fr/message/index.php?view=contactrequests', NULL, NULL, 1743772433, '{\"notificationiconurl\":\"https:\\/\\/bia-facile.fr\\/theme\\/image.php\\/boost_magnific\\/core\\/1742798794\\/u\\/f1\",\"actionbuttons\":{\"accept\":\"Accepter\",\"reject\":\"Rejeter\"},\"courseid\":\"1\"}'),
(197, 58, 65, 'Brevet d\'Initiation Aéronautique (BIA) : demande de contact de Adam NYARI MULLER', '<div class=\"text_to_html\">Adam NYARI MULLER demande à être ajouté comme contact. Veuillez visiter la page des <a href=\"https://bia-facile.fr/message/index.php?view=contactrequests\">demandes de contact</a> pour répondre à la demande</div>', 1, 'Adam NYARI MULLER demande à être ajouté comme contact. Veuillez visiter la page des <a href=\"https://bia-facile.fr/message/index.php?view=contactrequests\">demandes de contact</a> pour répondre à la demande', '', 'moodle', 'messagecontactrequests', 'https://bia-facile.fr/message/index.php?view=contactrequests', NULL, NULL, 1743772436, '{\"notificationiconurl\":\"https:\\/\\/bia-facile.fr\\/theme\\/image.php\\/boost_magnific\\/core\\/1742798794\\/u\\/f1\",\"actionbuttons\":{\"accept\":\"Accepter\",\"reject\":\"Rejeter\"},\"courseid\":\"1\"}'),
(198, 40, 57, 'Brevet d\'Initiation Aéronautique (BIA) : demande de contact de Maxence COURTET', '<div class=\"text_to_html\">Maxence COURTET demande à être ajouté comme contact. Veuillez visiter la page des <a href=\"https://bia-facile.fr/message/index.php?view=contactrequests\">demandes de contact</a> pour répondre à la demande</div>', 1, 'Maxence COURTET demande à être ajouté comme contact. Veuillez visiter la page des <a href=\"https://bia-facile.fr/message/index.php?view=contactrequests\">demandes de contact</a> pour répondre à la demande', '', 'moodle', 'messagecontactrequests', 'https://bia-facile.fr/message/index.php?view=contactrequests', NULL, NULL, 1743772467, '{\"notificationiconurl\":\"https:\\/\\/bia-facile.fr\\/theme\\/image.php\\/boost_magnific\\/core\\/1742798794\\/u\\/f1\",\"actionbuttons\":{\"accept\":\"Accepter\",\"reject\":\"Rejeter\"},\"courseid\":\"1\"}'),
(199, 38, 44, 'Brevet d\'Initiation Aéronautique (BIA) : demande de contact de Timéo BENZ', '<div class=\"text_to_html\">Timéo BENZ demande à être ajouté comme contact. Veuillez visiter la page des <a href=\"https://bia-facile.fr/message/index.php?view=contactrequests\">demandes de contact</a> pour répondre à la demande</div>', 1, 'Timéo BENZ demande à être ajouté comme contact. Veuillez visiter la page des <a href=\"https://bia-facile.fr/message/index.php?view=contactrequests\">demandes de contact</a> pour répondre à la demande', '', 'moodle', 'messagecontactrequests', 'https://bia-facile.fr/message/index.php?view=contactrequests', NULL, NULL, 1743772730, '{\"notificationiconurl\":\"https:\\/\\/bia-facile.fr\\/theme\\/image.php\\/boost_magnific\\/core\\/1742798794\\/u\\/f1\",\"actionbuttons\":{\"accept\":\"Accepter\",\"reject\":\"Rejeter\"},\"courseid\":\"1\"}'),
(200, 63, 64, 'Brevet d\'Initiation Aéronautique (BIA) : demande de contact de Tim SCHWARZ', '<div class=\"text_to_html\">Tim SCHWARZ demande à être ajouté comme contact. Veuillez visiter la page des <a href=\"https://bia-facile.fr/message/index.php?view=contactrequests\">demandes de contact</a> pour répondre à la demande</div>', 1, 'Tim SCHWARZ demande à être ajouté comme contact. Veuillez visiter la page des <a href=\"https://bia-facile.fr/message/index.php?view=contactrequests\">demandes de contact</a> pour répondre à la demande', '', 'moodle', 'messagecontactrequests', 'https://bia-facile.fr/message/index.php?view=contactrequests', NULL, NULL, 1743773429, '{\"notificationiconurl\":\"https:\\/\\/bia-facile.fr\\/theme\\/image.php\\/boost_magnific\\/core\\/1742798794\\/u\\/f1\",\"actionbuttons\":{\"accept\":\"Accepter\",\"reject\":\"Rejeter\"},\"courseid\":\"1\"}'),
(201, 40, 61, 'Brevet d\'Initiation Aéronautique (BIA) : demande de contact de Maxence COURTET', '<div class=\"text_to_html\">Maxence COURTET demande à être ajouté comme contact. Veuillez visiter la page des <a href=\"https://bia-facile.fr/message/index.php?view=contactrequests\">demandes de contact</a> pour répondre à la demande</div>', 1, 'Maxence COURTET demande à être ajouté comme contact. Veuillez visiter la page des <a href=\"https://bia-facile.fr/message/index.php?view=contactrequests\">demandes de contact</a> pour répondre à la demande', '', 'moodle', 'messagecontactrequests', 'https://bia-facile.fr/message/index.php?view=contactrequests', NULL, NULL, 1743773740, '{\"notificationiconurl\":\"https:\\/\\/bia-facile.fr\\/theme\\/image.php\\/boost_magnific\\/core\\/1742798794\\/u\\/f1\",\"actionbuttons\":{\"accept\":\"Accepter\",\"reject\":\"Rejeter\"},\"courseid\":\"1\"}'),
(202, 60, 58, 'Brevet d\'Initiation Aéronautique (BIA) : demande de contact de Killian PFLEGER', '<div class=\"text_to_html\">Killian PFLEGER demande à être ajouté comme contact. Veuillez visiter la page des <a href=\"https://bia-facile.fr/message/index.php?view=contactrequests\">demandes de contact</a> pour répondre à la demande</div>', 1, 'Killian PFLEGER demande à être ajouté comme contact. Veuillez visiter la page des <a href=\"https://bia-facile.fr/message/index.php?view=contactrequests\">demandes de contact</a> pour répondre à la demande', '', 'moodle', 'messagecontactrequests', 'https://bia-facile.fr/message/index.php?view=contactrequests', NULL, NULL, 1743774191, '{\"notificationiconurl\":\"https:\\/\\/bia-facile.fr\\/theme\\/image.php\\/boost_magnific\\/core\\/1742798794\\/u\\/f1\",\"actionbuttons\":{\"accept\":\"Accepter\",\"reject\":\"Rejeter\"},\"courseid\":\"1\"}'),
(203, 49, 51, 'Brevet d\'Initiation Aéronautique (BIA) : demande de contact de Mattheo IANNOTTI', '<div class=\"text_to_html\">Mattheo IANNOTTI demande à être ajouté comme contact. Veuillez visiter la page des <a href=\"https://bia-facile.fr/message/index.php?view=contactrequests\">demandes de contact</a> pour répondre à la demande</div>', 1, 'Mattheo IANNOTTI demande à être ajouté comme contact. Veuillez visiter la page des <a href=\"https://bia-facile.fr/message/index.php?view=contactrequests\">demandes de contact</a> pour répondre à la demande', '', 'moodle', 'messagecontactrequests', 'https://bia-facile.fr/message/index.php?view=contactrequests', NULL, NULL, 1743774283, '{\"notificationiconurl\":\"https:\\/\\/bia-facile.fr\\/tokenpluginfile.php\\/8a962c9f7b172956a7c141e5266844dd\\/584\\/user\\/icon\\/boost_magnific\\/f1?rev=9231\",\"actionbuttons\":{\"accept\":\"Accepter\",\"reject\":\"Rejeter\"},\"courseid\":\"1\"}'),
(204, 2, 36, 'Bienvenue sur Anglais aéronautique', 'Bonjour Johaina, vous êtes inscrit au cours Anglais aéronautique', 4, 'Bonjour Johaina, vous êtes inscrit au cours Anglais aéronautique', NULL, 'moodle', 'enrolcoursewelcomemessage', 'https://bia-facile.fr/user/view.php?id=36&amp;course=7', 'Anglais aéronautique', NULL, 1746553898, NULL),
(205, 28, 21, 'Brevet d\'Initiation Aéronautique (BIA) : demande de contact de Raphaël TREMBLIER', '<div class=\"text_to_html\">Raphaël TREMBLIER demande à être ajouté comme contact. Veuillez visiter la page des <a href=\"https://bia-facile.fr/message/index.php?view=contactrequests\">demandes de contact</a> pour répondre à la demande</div>', 1, 'Raphaël TREMBLIER demande à être ajouté comme contact. Veuillez visiter la page des <a href=\"https://bia-facile.fr/message/index.php?view=contactrequests\">demandes de contact</a> pour répondre à la demande', '', 'moodle', 'messagecontactrequests', 'https://bia-facile.fr/message/index.php?view=contactrequests', NULL, NULL, 1747662150, '{\"notificationiconurl\":\"https:\\/\\/bia-facile.fr\\/theme\\/image.php\\/boost_magnific\\/core\\/1742798794\\/u\\/f1\",\"actionbuttons\":{\"accept\":\"Accepter\",\"reject\":\"Rejeter\"},\"courseid\":\"1\"}'),
(206, 2, 36, 'Bienvenue sur Histoire et culture de l’aéronautique et du spatial', 'Bonjour Johaina Bouali, vous êtes maintenant inscrit au cours Histoire et culture de l’aéronautique et du spatial', 4, 'Bonjour Johaina Bouali, vous êtes maintenant inscrit au cours Histoire et culture de l’aéronautique et du spatial', NULL, 'moodle', 'enrolcoursewelcomemessage', 'https://bia-facile.fr/user/view.php?id=36&amp;course=6', 'Histoire et culture de l’aéronautique et du spatial', NULL, 1747952710, NULL),
(207, 2, 36, 'Bienvenue sur Étude des aéronefs et des engins spatiaux', 'Bonjour Johaina, vous êtes inscrit au cours Étude des aéronefs et des engins spatiaux', 4, 'Bonjour Johaina, vous êtes inscrit au cours Étude des aéronefs et des engins spatiaux', NULL, 'moodle', 'enrolcoursewelcomemessage', 'https://bia-facile.fr/user/view.php?id=36&amp;course=4', 'Étude des aéronefs et des engins spatiaux', NULL, 1748782654, NULL),
(208, 2, 36, 'Bienvenue sur Navigation, réglementation, sécurité des vols', 'Bonjour Johaina, vous êtes inscrit au cours Navigation, réglementation, sécurité des vols', 4, 'Bonjour Johaina, vous êtes inscrit au cours Navigation, réglementation, sécurité des vols', NULL, 'moodle', 'enrolcoursewelcomemessage', 'https://bia-facile.fr/user/view.php?id=36&amp;course=5', 'Navigation, réglementation, sécurité des vols', NULL, 1748782706, NULL),
(209, 2, 18, 'Bienvenue sur Les mathématiques de l\'aéronautique', 'Bonjour Marc-Olivier, vous êtes inscrit au cours Les mathématiques de l\'aéronautique', 4, 'Bonjour Marc-Olivier, vous êtes inscrit au cours Les mathématiques de l\'aéronautique', NULL, 'moodle', 'enrolcoursewelcomemessage', 'https://bia-facile.fr/user/view.php?id=18&amp;course=10', 'Les mathématiques de l\'aéronautique', NULL, 1750053001, NULL),
(210, 2, 21, 'Bienvenue sur Les mathématiques de l\'aéronautique', 'Bonjour Nathan, vous êtes inscrit au cours Les mathématiques de l\'aéronautique', 4, 'Bonjour Nathan, vous êtes inscrit au cours Les mathématiques de l\'aéronautique', NULL, 'moodle', 'enrolcoursewelcomemessage', 'https://bia-facile.fr/user/view.php?id=21&amp;course=10', 'Les mathématiques de l\'aéronautique', NULL, 1750053002, NULL),
(211, 2, 22, 'Bienvenue sur Les mathématiques de l\'aéronautique', 'Bonjour Mélanie, vous êtes inscrit au cours Les mathématiques de l\'aéronautique', 4, 'Bonjour Mélanie, vous êtes inscrit au cours Les mathématiques de l\'aéronautique', NULL, 'moodle', 'enrolcoursewelcomemessage', 'https://bia-facile.fr/user/view.php?id=22&amp;course=10', 'Les mathématiques de l\'aéronautique', NULL, 1750053002, NULL),
(212, 2, 23, 'Bienvenue sur Les mathématiques de l\'aéronautique', 'Bonjour Maxence, vous êtes inscrit au cours Les mathématiques de l\'aéronautique', 4, 'Bonjour Maxence, vous êtes inscrit au cours Les mathématiques de l\'aéronautique', NULL, 'moodle', 'enrolcoursewelcomemessage', 'https://bia-facile.fr/user/view.php?id=23&amp;course=10', 'Les mathématiques de l\'aéronautique', NULL, 1750053002, NULL),
(213, 2, 24, 'Bienvenue sur Les mathématiques de l\'aéronautique', 'Bonjour Rodolphe, vous êtes inscrit au cours Les mathématiques de l\'aéronautique', 4, 'Bonjour Rodolphe, vous êtes inscrit au cours Les mathématiques de l\'aéronautique', NULL, 'moodle', 'enrolcoursewelcomemessage', 'https://bia-facile.fr/user/view.php?id=24&amp;course=10', 'Les mathématiques de l\'aéronautique', NULL, 1750053002, NULL),
(214, 2, 25, 'Bienvenue sur Les mathématiques de l\'aéronautique', 'Bonjour Bastien, vous êtes inscrit au cours Les mathématiques de l\'aéronautique', 4, 'Bonjour Bastien, vous êtes inscrit au cours Les mathématiques de l\'aéronautique', NULL, 'moodle', 'enrolcoursewelcomemessage', 'https://bia-facile.fr/user/view.php?id=25&amp;course=10', 'Les mathématiques de l\'aéronautique', NULL, 1750053002, NULL),
(215, 2, 26, 'Bienvenue sur Les mathématiques de l\'aéronautique', 'Bonjour Jules, vous êtes inscrit au cours Les mathématiques de l\'aéronautique', 4, 'Bonjour Jules, vous êtes inscrit au cours Les mathématiques de l\'aéronautique', NULL, 'moodle', 'enrolcoursewelcomemessage', 'https://bia-facile.fr/user/view.php?id=26&amp;course=10', 'Les mathématiques de l\'aéronautique', NULL, 1750053002, NULL),
(216, 2, 27, 'Bienvenue sur Les mathématiques de l\'aéronautique', 'Bonjour Paul, vous êtes inscrit au cours Les mathématiques de l\'aéronautique', 4, 'Bonjour Paul, vous êtes inscrit au cours Les mathématiques de l\'aéronautique', NULL, 'moodle', 'enrolcoursewelcomemessage', 'https://bia-facile.fr/user/view.php?id=27&amp;course=10', 'Les mathématiques de l\'aéronautique', NULL, 1750053002, NULL),
(217, 2, 28, 'Bienvenue sur Les mathématiques de l\'aéronautique', 'Bonjour Raphaël, vous êtes inscrit au cours Les mathématiques de l\'aéronautique', 4, 'Bonjour Raphaël, vous êtes inscrit au cours Les mathématiques de l\'aéronautique', NULL, 'moodle', 'enrolcoursewelcomemessage', 'https://bia-facile.fr/user/view.php?id=28&amp;course=10', 'Les mathématiques de l\'aéronautique', NULL, 1750053002, NULL),
(218, 2, 29, 'Bienvenue sur Les mathématiques de l\'aéronautique', 'Bonjour Gilles, vous êtes inscrit au cours Les mathématiques de l\'aéronautique', 4, 'Bonjour Gilles, vous êtes inscrit au cours Les mathématiques de l\'aéronautique', NULL, 'moodle', 'enrolcoursewelcomemessage', 'https://bia-facile.fr/user/view.php?id=29&amp;course=10', 'Les mathématiques de l\'aéronautique', NULL, 1750053002, NULL),
(219, 2, 30, 'Bienvenue sur Les mathématiques de l\'aéronautique', 'Bonjour Frédéric, vous êtes inscrit au cours Les mathématiques de l\'aéronautique', 4, 'Bonjour Frédéric, vous êtes inscrit au cours Les mathématiques de l\'aéronautique', NULL, 'moodle', 'enrolcoursewelcomemessage', 'https://bia-facile.fr/user/view.php?id=30&amp;course=10', 'Les mathématiques de l\'aéronautique', NULL, 1750053002, NULL),
(220, 2, 37, 'Bienvenue sur Les mathématiques de l\'aéronautique', 'Bonjour Mattéo, vous êtes inscrit au cours Les mathématiques de l\'aéronautique', 4, 'Bonjour Mattéo, vous êtes inscrit au cours Les mathématiques de l\'aéronautique', NULL, 'moodle', 'enrolcoursewelcomemessage', 'https://bia-facile.fr/user/view.php?id=37&amp;course=10', 'Les mathématiques de l\'aéronautique', NULL, 1750053002, NULL),
(221, 2, 38, 'Bienvenue sur Les mathématiques de l\'aéronautique', 'Bonjour Timéo, vous êtes inscrit au cours Les mathématiques de l\'aéronautique', 4, 'Bonjour Timéo, vous êtes inscrit au cours Les mathématiques de l\'aéronautique', NULL, 'moodle', 'enrolcoursewelcomemessage', 'https://bia-facile.fr/user/view.php?id=38&amp;course=10', 'Les mathématiques de l\'aéronautique', NULL, 1750053002, NULL),
(222, 2, 39, 'Bienvenue sur Les mathématiques de l\'aéronautique', 'Bonjour Lucas, vous êtes inscrit au cours Les mathématiques de l\'aéronautique', 4, 'Bonjour Lucas, vous êtes inscrit au cours Les mathématiques de l\'aéronautique', NULL, 'moodle', 'enrolcoursewelcomemessage', 'https://bia-facile.fr/user/view.php?id=39&amp;course=10', 'Les mathématiques de l\'aéronautique', NULL, 1750053002, NULL),
(223, 2, 40, 'Bienvenue sur Les mathématiques de l\'aéronautique', 'Bonjour Maxence, vous êtes inscrit au cours Les mathématiques de l\'aéronautique', 4, 'Bonjour Maxence, vous êtes inscrit au cours Les mathématiques de l\'aéronautique', NULL, 'moodle', 'enrolcoursewelcomemessage', 'https://bia-facile.fr/user/view.php?id=40&amp;course=10', 'Les mathématiques de l\'aéronautique', NULL, 1750053002, NULL),
(224, 2, 41, 'Bienvenue sur Les mathématiques de l\'aéronautique', 'Bonjour Zian, vous êtes inscrit au cours Les mathématiques de l\'aéronautique', 4, 'Bonjour Zian, vous êtes inscrit au cours Les mathématiques de l\'aéronautique', NULL, 'moodle', 'enrolcoursewelcomemessage', 'https://bia-facile.fr/user/view.php?id=41&amp;course=10', 'Les mathématiques de l\'aéronautique', NULL, 1750053002, NULL),
(225, 2, 42, 'Bienvenue sur Les mathématiques de l\'aéronautique', 'Bonjour Ema, vous êtes inscrit au cours Les mathématiques de l\'aéronautique', 4, 'Bonjour Ema, vous êtes inscrit au cours Les mathématiques de l\'aéronautique', NULL, 'moodle', 'enrolcoursewelcomemessage', 'https://bia-facile.fr/user/view.php?id=42&amp;course=10', 'Les mathématiques de l\'aéronautique', NULL, 1750053002, NULL),
(226, 2, 43, 'Bienvenue sur Les mathématiques de l\'aéronautique', 'Bonjour Mathis, vous êtes inscrit au cours Les mathématiques de l\'aéronautique', 4, 'Bonjour Mathis, vous êtes inscrit au cours Les mathématiques de l\'aéronautique', NULL, 'moodle', 'enrolcoursewelcomemessage', 'https://bia-facile.fr/user/view.php?id=43&amp;course=10', 'Les mathématiques de l\'aéronautique', NULL, 1750053002, NULL),
(227, 2, 44, 'Bienvenue sur Les mathématiques de l\'aéronautique', 'Bonjour Eliott, vous êtes inscrit au cours Les mathématiques de l\'aéronautique', 4, 'Bonjour Eliott, vous êtes inscrit au cours Les mathématiques de l\'aéronautique', NULL, 'moodle', 'enrolcoursewelcomemessage', 'https://bia-facile.fr/user/view.php?id=44&amp;course=10', 'Les mathématiques de l\'aéronautique', NULL, 1750053002, NULL),
(228, 2, 45, 'Bienvenue sur Les mathématiques de l\'aéronautique', 'Bonjour Elias, vous êtes inscrit au cours Les mathématiques de l\'aéronautique', 4, 'Bonjour Elias, vous êtes inscrit au cours Les mathématiques de l\'aéronautique', NULL, 'moodle', 'enrolcoursewelcomemessage', 'https://bia-facile.fr/user/view.php?id=45&amp;course=10', 'Les mathématiques de l\'aéronautique', NULL, 1750053002, NULL),
(229, 2, 46, 'Bienvenue sur Les mathématiques de l\'aéronautique', 'Bonjour YoannG, vous êtes inscrit au cours Les mathématiques de l\'aéronautique', 4, 'Bonjour YoannG, vous êtes inscrit au cours Les mathématiques de l\'aéronautique', NULL, 'moodle', 'enrolcoursewelcomemessage', 'https://bia-facile.fr/user/view.php?id=46&amp;course=10', 'Les mathématiques de l\'aéronautique', NULL, 1750053003, NULL),
(230, 2, 47, 'Bienvenue sur Les mathématiques de l\'aéronautique', 'Bonjour Thiméo, vous êtes inscrit au cours Les mathématiques de l\'aéronautique', 4, 'Bonjour Thiméo, vous êtes inscrit au cours Les mathématiques de l\'aéronautique', NULL, 'moodle', 'enrolcoursewelcomemessage', 'https://bia-facile.fr/user/view.php?id=47&amp;course=10', 'Les mathématiques de l\'aéronautique', NULL, 1750053003, NULL),
(231, 2, 48, 'Bienvenue sur Les mathématiques de l\'aéronautique', 'Bonjour Elisa, vous êtes inscrit au cours Les mathématiques de l\'aéronautique', 4, 'Bonjour Elisa, vous êtes inscrit au cours Les mathématiques de l\'aéronautique', NULL, 'moodle', 'enrolcoursewelcomemessage', 'https://bia-facile.fr/user/view.php?id=48&amp;course=10', 'Les mathématiques de l\'aéronautique', NULL, 1750053003, NULL),
(232, 2, 49, 'Bienvenue sur Les mathématiques de l\'aéronautique', 'Bonjour Mattheo, vous êtes inscrit au cours Les mathématiques de l\'aéronautique', 4, 'Bonjour Mattheo, vous êtes inscrit au cours Les mathématiques de l\'aéronautique', NULL, 'moodle', 'enrolcoursewelcomemessage', 'https://bia-facile.fr/user/view.php?id=49&amp;course=10', 'Les mathématiques de l\'aéronautique', NULL, 1750053003, NULL),
(233, 2, 50, 'Bienvenue sur Les mathématiques de l\'aéronautique', 'Bonjour Jules, vous êtes inscrit au cours Les mathématiques de l\'aéronautique', 4, 'Bonjour Jules, vous êtes inscrit au cours Les mathématiques de l\'aéronautique', NULL, 'moodle', 'enrolcoursewelcomemessage', 'https://bia-facile.fr/user/view.php?id=50&amp;course=10', 'Les mathématiques de l\'aéronautique', NULL, 1750053003, NULL),
(234, 2, 51, 'Bienvenue sur Les mathématiques de l\'aéronautique', 'Bonjour Moi, vous êtes inscrit au cours Les mathématiques de l\'aéronautique', 4, 'Bonjour Moi, vous êtes inscrit au cours Les mathématiques de l\'aéronautique', NULL, 'moodle', 'enrolcoursewelcomemessage', 'https://bia-facile.fr/user/view.php?id=51&amp;course=10', 'Les mathématiques de l\'aéronautique', NULL, 1750053003, NULL),
(235, 2, 52, 'Bienvenue sur Les mathématiques de l\'aéronautique', 'Bonjour Enzo, vous êtes inscrit au cours Les mathématiques de l\'aéronautique', 4, 'Bonjour Enzo, vous êtes inscrit au cours Les mathématiques de l\'aéronautique', NULL, 'moodle', 'enrolcoursewelcomemessage', 'https://bia-facile.fr/user/view.php?id=52&amp;course=10', 'Les mathématiques de l\'aéronautique', NULL, 1750053003, NULL),
(236, 2, 53, 'Bienvenue sur Les mathématiques de l\'aéronautique', 'Bonjour Aimée, vous êtes inscrit au cours Les mathématiques de l\'aéronautique', 4, 'Bonjour Aimée, vous êtes inscrit au cours Les mathématiques de l\'aéronautique', NULL, 'moodle', 'enrolcoursewelcomemessage', 'https://bia-facile.fr/user/view.php?id=53&amp;course=10', 'Les mathématiques de l\'aéronautique', NULL, 1750053003, NULL),
(237, 2, 54, 'Bienvenue sur Les mathématiques de l\'aéronautique', 'Bonjour Virgile, vous êtes inscrit au cours Les mathématiques de l\'aéronautique', 4, 'Bonjour Virgile, vous êtes inscrit au cours Les mathématiques de l\'aéronautique', NULL, 'moodle', 'enrolcoursewelcomemessage', 'https://bia-facile.fr/user/view.php?id=54&amp;course=10', 'Les mathématiques de l\'aéronautique', NULL, 1750053003, NULL),
(238, 2, 55, 'Bienvenue sur Les mathématiques de l\'aéronautique', 'Bonjour Timéo, vous êtes inscrit au cours Les mathématiques de l\'aéronautique', 4, 'Bonjour Timéo, vous êtes inscrit au cours Les mathématiques de l\'aéronautique', NULL, 'moodle', 'enrolcoursewelcomemessage', 'https://bia-facile.fr/user/view.php?id=55&amp;course=10', 'Les mathématiques de l\'aéronautique', NULL, 1750053003, NULL),
(239, 2, 56, 'Bienvenue sur Les mathématiques de l\'aéronautique', 'Bonjour Chloé, vous êtes inscrit au cours Les mathématiques de l\'aéronautique', 4, 'Bonjour Chloé, vous êtes inscrit au cours Les mathématiques de l\'aéronautique', NULL, 'moodle', 'enrolcoursewelcomemessage', 'https://bia-facile.fr/user/view.php?id=56&amp;course=10', 'Les mathématiques de l\'aéronautique', NULL, 1750053003, NULL),
(240, 2, 57, 'Bienvenue sur Les mathématiques de l\'aéronautique', 'Bonjour Alyssa, vous êtes inscrit au cours Les mathématiques de l\'aéronautique', 4, 'Bonjour Alyssa, vous êtes inscrit au cours Les mathématiques de l\'aéronautique', NULL, 'moodle', 'enrolcoursewelcomemessage', 'https://bia-facile.fr/user/view.php?id=57&amp;course=10', 'Les mathématiques de l\'aéronautique', NULL, 1750053003, NULL),
(241, 2, 58, 'Bienvenue sur Les mathématiques de l\'aéronautique', 'Bonjour Adam, vous êtes inscrit au cours Les mathématiques de l\'aéronautique', 4, 'Bonjour Adam, vous êtes inscrit au cours Les mathématiques de l\'aéronautique', NULL, 'moodle', 'enrolcoursewelcomemessage', 'https://bia-facile.fr/user/view.php?id=58&amp;course=10', 'Les mathématiques de l\'aéronautique', NULL, 1750053003, NULL),
(242, 2, 59, 'Bienvenue sur Les mathématiques de l\'aéronautique', 'Bonjour Joseph, vous êtes inscrit au cours Les mathématiques de l\'aéronautique', 4, 'Bonjour Joseph, vous êtes inscrit au cours Les mathématiques de l\'aéronautique', NULL, 'moodle', 'enrolcoursewelcomemessage', 'https://bia-facile.fr/user/view.php?id=59&amp;course=10', 'Les mathématiques de l\'aéronautique', NULL, 1750053003, NULL),
(243, 2, 60, 'Bienvenue sur Les mathématiques de l\'aéronautique', 'Bonjour Killian, vous êtes inscrit au cours Les mathématiques de l\'aéronautique', 4, 'Bonjour Killian, vous êtes inscrit au cours Les mathématiques de l\'aéronautique', NULL, 'moodle', 'enrolcoursewelcomemessage', 'https://bia-facile.fr/user/view.php?id=60&amp;course=10', 'Les mathématiques de l\'aéronautique', NULL, 1750053003, NULL),
(244, 2, 61, 'Bienvenue sur Les mathématiques de l\'aéronautique', 'Bonjour Tom, vous êtes inscrit au cours Les mathématiques de l\'aéronautique', 4, 'Bonjour Tom, vous êtes inscrit au cours Les mathématiques de l\'aéronautique', NULL, 'moodle', 'enrolcoursewelcomemessage', 'https://bia-facile.fr/user/view.php?id=61&amp;course=10', 'Les mathématiques de l\'aéronautique', NULL, 1750053003, NULL),
(245, 2, 62, 'Bienvenue sur Les mathématiques de l\'aéronautique', 'Bonjour Roméo, vous êtes inscrit au cours Les mathématiques de l\'aéronautique', 4, 'Bonjour Roméo, vous êtes inscrit au cours Les mathématiques de l\'aéronautique', NULL, 'moodle', 'enrolcoursewelcomemessage', 'https://bia-facile.fr/user/view.php?id=62&amp;course=10', 'Les mathématiques de l\'aéronautique', NULL, 1750053003, NULL),
(246, 2, 63, 'Bienvenue sur Les mathématiques de l\'aéronautique', 'Bonjour Tim, vous êtes inscrit au cours Les mathématiques de l\'aéronautique', 4, 'Bonjour Tim, vous êtes inscrit au cours Les mathématiques de l\'aéronautique', NULL, 'moodle', 'enrolcoursewelcomemessage', 'https://bia-facile.fr/user/view.php?id=63&amp;course=10', 'Les mathématiques de l\'aéronautique', NULL, 1750053003, NULL),
(247, 2, 64, 'Bienvenue sur Les mathématiques de l\'aéronautique', 'Bonjour Martin, vous êtes inscrit au cours Les mathématiques de l\'aéronautique', 4, 'Bonjour Martin, vous êtes inscrit au cours Les mathématiques de l\'aéronautique', NULL, 'moodle', 'enrolcoursewelcomemessage', 'https://bia-facile.fr/user/view.php?id=64&amp;course=10', 'Les mathématiques de l\'aéronautique', NULL, 1750053003, NULL),
(248, 2, 65, 'Bienvenue sur Les mathématiques de l\'aéronautique', 'Bonjour ?, vous êtes inscrit au cours Les mathématiques de l\'aéronautique', 4, 'Bonjour ?, vous êtes inscrit au cours Les mathématiques de l\'aéronautique', NULL, 'moodle', 'enrolcoursewelcomemessage', 'https://bia-facile.fr/user/view.php?id=65&amp;course=10', 'Les mathématiques de l\'aéronautique', NULL, 1750053003, NULL),
(249, 2, 66, 'Bienvenue sur Les mathématiques de l\'aéronautique', 'Bonjour Justin, vous êtes inscrit au cours Les mathématiques de l\'aéronautique', 4, 'Bonjour Justin, vous êtes inscrit au cours Les mathématiques de l\'aéronautique', NULL, 'moodle', 'enrolcoursewelcomemessage', 'https://bia-facile.fr/user/view.php?id=66&amp;course=10', 'Les mathématiques de l\'aéronautique', NULL, 1750053003, NULL),
(250, 2, 67, 'Bienvenue sur Les mathématiques de l\'aéronautique', 'Bonjour Ethan, vous êtes inscrit au cours Les mathématiques de l\'aéronautique', 4, 'Bonjour Ethan, vous êtes inscrit au cours Les mathématiques de l\'aéronautique', NULL, 'moodle', 'enrolcoursewelcomemessage', 'https://bia-facile.fr/user/view.php?id=67&amp;course=10', 'Les mathématiques de l\'aéronautique', NULL, 1750053003, NULL),
(251, 2, 68, 'Bienvenue sur Les mathématiques de l\'aéronautique', 'Bonjour Antonin, vous êtes inscrit au cours Les mathématiques de l\'aéronautique', 4, 'Bonjour Antonin, vous êtes inscrit au cours Les mathématiques de l\'aéronautique', NULL, 'moodle', 'enrolcoursewelcomemessage', 'https://bia-facile.fr/user/view.php?id=68&amp;course=10', 'Les mathématiques de l\'aéronautique', NULL, 1750053003, NULL),
(252, 2, 69, 'Bienvenue sur Les mathématiques de l\'aéronautique', 'Bonjour Jean, vous êtes inscrit au cours Les mathématiques de l\'aéronautique', 4, 'Bonjour Jean, vous êtes inscrit au cours Les mathématiques de l\'aéronautique', NULL, 'moodle', 'enrolcoursewelcomemessage', 'https://bia-facile.fr/user/view.php?id=69&amp;course=10', 'Les mathématiques de l\'aéronautique', NULL, 1750053003, NULL),
(253, 2, 3, 'Bienvenue sur Les mathématiques de l\'aéronautique', 'Bonjour Bruno etu, vous êtes inscrit au cours Les mathématiques de l\'aéronautique', 4, 'Bonjour Bruno etu, vous êtes inscrit au cours Les mathématiques de l\'aéronautique', NULL, 'moodle', 'enrolcoursewelcomemessage', 'https://bia-facile.fr/user/view.php?id=3&amp;course=10', 'Les mathématiques de l\'aéronautique', NULL, 1750053004, NULL),
(254, 2, 5, 'Bienvenue sur Les mathématiques de l\'aéronautique', 'Bonjour Marin, vous êtes inscrit au cours Les mathématiques de l\'aéronautique', 4, 'Bonjour Marin, vous êtes inscrit au cours Les mathématiques de l\'aéronautique', NULL, 'moodle', 'enrolcoursewelcomemessage', 'https://bia-facile.fr/user/view.php?id=5&amp;course=10', 'Les mathématiques de l\'aéronautique', NULL, 1750053004, NULL),
(255, 2, 9, 'Bienvenue sur Les mathématiques de l\'aéronautique', 'Bonjour Axelle, vous êtes inscrit au cours Les mathématiques de l\'aéronautique', 4, 'Bonjour Axelle, vous êtes inscrit au cours Les mathématiques de l\'aéronautique', NULL, 'moodle', 'enrolcoursewelcomemessage', 'https://bia-facile.fr/user/view.php?id=9&amp;course=10', 'Les mathématiques de l\'aéronautique', NULL, 1750053005, NULL),
(256, 2, 11, 'Bienvenue sur Les mathématiques de l\'aéronautique', 'Bonjour Patricia, vous êtes inscrit au cours Les mathématiques de l\'aéronautique', 4, 'Bonjour Patricia, vous êtes inscrit au cours Les mathématiques de l\'aéronautique', NULL, 'moodle', 'enrolcoursewelcomemessage', 'https://bia-facile.fr/user/view.php?id=11&amp;course=10', 'Les mathématiques de l\'aéronautique', NULL, 1750053005, NULL),
(257, 2, 12, 'Bienvenue sur Les mathématiques de l\'aéronautique', 'Bonjour Adrien, vous êtes inscrit au cours Les mathématiques de l\'aéronautique', 4, 'Bonjour Adrien, vous êtes inscrit au cours Les mathématiques de l\'aéronautique', NULL, 'moodle', 'enrolcoursewelcomemessage', 'https://bia-facile.fr/user/view.php?id=12&amp;course=10', 'Les mathématiques de l\'aéronautique', NULL, 1750053005, NULL),
(258, 2, 13, 'Bienvenue sur Les mathématiques de l\'aéronautique', 'Bonjour Yannick, vous êtes inscrit au cours Les mathématiques de l\'aéronautique', 4, 'Bonjour Yannick, vous êtes inscrit au cours Les mathématiques de l\'aéronautique', NULL, 'moodle', 'enrolcoursewelcomemessage', 'https://bia-facile.fr/user/view.php?id=13&amp;course=10', 'Les mathématiques de l\'aéronautique', NULL, 1750053005, NULL),
(259, 2, 14, 'Bienvenue sur Les mathématiques de l\'aéronautique', 'Bonjour Camille, vous êtes inscrit au cours Les mathématiques de l\'aéronautique', 4, 'Bonjour Camille, vous êtes inscrit au cours Les mathématiques de l\'aéronautique', NULL, 'moodle', 'enrolcoursewelcomemessage', 'https://bia-facile.fr/user/view.php?id=14&amp;course=10', 'Les mathématiques de l\'aéronautique', NULL, 1750053005, NULL),
(260, 2, 15, 'Bienvenue sur Les mathématiques de l\'aéronautique', 'Bonjour Mamadou Abibou, vous êtes inscrit au cours Les mathématiques de l\'aéronautique', 4, 'Bonjour Mamadou Abibou, vous êtes inscrit au cours Les mathématiques de l\'aéronautique', NULL, 'moodle', 'enrolcoursewelcomemessage', 'https://bia-facile.fr/user/view.php?id=15&amp;course=10', 'Les mathématiques de l\'aéronautique', NULL, 1750053005, NULL),
(261, 2, 16, 'Bienvenue sur Les mathématiques de l\'aéronautique', 'Bonjour Maxence, vous êtes inscrit au cours Les mathématiques de l\'aéronautique', 4, 'Bonjour Maxence, vous êtes inscrit au cours Les mathématiques de l\'aéronautique', NULL, 'moodle', 'enrolcoursewelcomemessage', 'https://bia-facile.fr/user/view.php?id=16&amp;course=10', 'Les mathématiques de l\'aéronautique', NULL, 1750053005, NULL),
(262, 2, 17, 'Bienvenue sur Les mathématiques de l\'aéronautique', 'Bonjour Anaïs, vous êtes inscrit au cours Les mathématiques de l\'aéronautique', 4, 'Bonjour Anaïs, vous êtes inscrit au cours Les mathématiques de l\'aéronautique', NULL, 'moodle', 'enrolcoursewelcomemessage', 'https://bia-facile.fr/user/view.php?id=17&amp;course=10', 'Les mathématiques de l\'aéronautique', NULL, 1750053005, NULL),
(263, 2, 20, 'Bienvenue sur Les mathématiques de l\'aéronautique', 'Bonjour Pascal, vous êtes inscrit au cours Les mathématiques de l\'aéronautique', 4, 'Bonjour Pascal, vous êtes inscrit au cours Les mathématiques de l\'aéronautique', NULL, 'moodle', 'enrolcoursewelcomemessage', 'https://bia-facile.fr/user/view.php?id=20&amp;course=10', 'Les mathématiques de l\'aéronautique', NULL, 1750053005, NULL),
(264, 2, 31, 'Bienvenue sur Les mathématiques de l\'aéronautique', 'Bonjour Pauline, vous êtes inscrit au cours Les mathématiques de l\'aéronautique', 4, 'Bonjour Pauline, vous êtes inscrit au cours Les mathématiques de l\'aéronautique', NULL, 'moodle', 'enrolcoursewelcomemessage', 'https://bia-facile.fr/user/view.php?id=31&amp;course=10', 'Les mathématiques de l\'aéronautique', NULL, 1750053006, NULL),
(265, 2, 32, 'Bienvenue sur Les mathématiques de l\'aéronautique', 'Bonjour pouyan, vous êtes inscrit au cours Les mathématiques de l\'aéronautique', 4, 'Bonjour pouyan, vous êtes inscrit au cours Les mathématiques de l\'aéronautique', NULL, 'moodle', 'enrolcoursewelcomemessage', 'https://bia-facile.fr/user/view.php?id=32&amp;course=10', 'Les mathématiques de l\'aéronautique', NULL, 1750053006, NULL),
(266, 2, 33, 'Bienvenue sur Les mathématiques de l\'aéronautique', 'Bonjour Meryem, vous êtes inscrit au cours Les mathématiques de l\'aéronautique', 4, 'Bonjour Meryem, vous êtes inscrit au cours Les mathématiques de l\'aéronautique', NULL, 'moodle', 'enrolcoursewelcomemessage', 'https://bia-facile.fr/user/view.php?id=33&amp;course=10', 'Les mathématiques de l\'aéronautique', NULL, 1750053006, NULL),
(267, 2, 34, 'Bienvenue sur Les mathématiques de l\'aéronautique', 'Bonjour Céline, vous êtes inscrit au cours Les mathématiques de l\'aéronautique', 4, 'Bonjour Céline, vous êtes inscrit au cours Les mathématiques de l\'aéronautique', NULL, 'moodle', 'enrolcoursewelcomemessage', 'https://bia-facile.fr/user/view.php?id=34&amp;course=10', 'Les mathématiques de l\'aéronautique', NULL, 1750053006, NULL),
(268, 2, 35, 'Bienvenue sur Les mathématiques de l\'aéronautique', 'Bonjour Pascal, vous êtes inscrit au cours Les mathématiques de l\'aéronautique', 4, 'Bonjour Pascal, vous êtes inscrit au cours Les mathématiques de l\'aéronautique', NULL, 'moodle', 'enrolcoursewelcomemessage', 'https://bia-facile.fr/user/view.php?id=35&amp;course=10', 'Les mathématiques de l\'aéronautique', NULL, 1750053006, NULL),
(269, 2, 70, 'Bienvenue sur Les mathématiques de l\'aéronautique', 'Bonjour Mariantonietta, vous êtes inscrit au cours Les mathématiques de l\'aéronautique', 4, 'Bonjour Mariantonietta, vous êtes inscrit au cours Les mathématiques de l\'aéronautique', NULL, 'moodle', 'enrolcoursewelcomemessage', 'https://bia-facile.fr/user/view.php?id=70&amp;course=10', 'Les mathématiques de l\'aéronautique', NULL, 1750053006, NULL),
(270, 2, 71, 'Bienvenue sur Les mathématiques de l\'aéronautique', 'Bonjour franz, vous êtes inscrit au cours Les mathématiques de l\'aéronautique', 4, 'Bonjour franz, vous êtes inscrit au cours Les mathématiques de l\'aéronautique', NULL, 'moodle', 'enrolcoursewelcomemessage', 'https://bia-facile.fr/user/view.php?id=71&amp;course=10', 'Les mathématiques de l\'aéronautique', NULL, 1750053006, NULL),
(271, 2, 72, 'Bienvenue sur Les mathématiques de l\'aéronautique', 'Bonjour Yosser, vous êtes inscrit au cours Les mathématiques de l\'aéronautique', 4, 'Bonjour Yosser, vous êtes inscrit au cours Les mathématiques de l\'aéronautique', NULL, 'moodle', 'enrolcoursewelcomemessage', 'https://bia-facile.fr/user/view.php?id=72&amp;course=10', 'Les mathématiques de l\'aéronautique', NULL, 1750053006, NULL),
(272, 2, 76, 'Bienvenue sur Les mathématiques de l\'aéronautique', 'Bonjour Marie, vous êtes inscrit au cours Les mathématiques de l\'aéronautique', 4, 'Bonjour Marie, vous êtes inscrit au cours Les mathématiques de l\'aéronautique', NULL, 'moodle', 'enrolcoursewelcomemessage', 'https://bia-facile.fr/user/view.php?id=76&amp;course=10', 'Les mathématiques de l\'aéronautique', 1750406277, 1750053007, NULL);

-- --------------------------------------------------------

--
-- Structure de la table `mdl_oauth2_access_token`
--

