
--
-- Table structure for table `mdl_contentbank_content`
--

CREATE TABLE `mdl_contentbank_content` (
  `id` bigint NOT NULL AUTO_INCREMENT,
  `name` varchar(255) CHARACTER SET utf8mb4 COLLATE utf8mb4_0900_ai_ci NOT NULL DEFAULT '',
  `contenttype` varchar(100) CHARACTER SET utf8mb4 COLLATE utf8mb4_0900_ai_ci NOT NULL DEFAULT '',
  `contextid` bigint NOT NULL,
  `visibility` tinyint(1) NOT NULL DEFAULT '1',
  `instanceid` bigint DEFAULT NULL,
  `configdata` longtext CHARACTER SET utf8mb4 COLLATE utf8mb4_0900_ai_ci,
  `usercreated` bigint NOT NULL,
  `usermodified` bigint DEFAULT NULL,
  `timecreated` bigint NOT NULL DEFAULT '0',
  `timemodified` bigint DEFAULT '0',
  PRIMARY KEY (`id`),
  KEY `mdl_contcont_nam_ix` (`name`),
  KEY `mdl_contcont_conconins_ix` (`contextid`,`contenttype`,`instanceid`),
  KEY `mdl_contcont_con_ix` (`contextid`),
  KEY `mdl_contcont_use_ix` (`usermodified`),
  KEY `mdl_contcont_use2_ix` (`usercreated`)
) ENGINE=InnoDB DEFAULT CHARSET=utf8mb4 COLLATE=utf8mb4_0900_ai_ci ROW_FORMAT=COMPRESSED COMMENT='This table stores content data in the content bank.';

--
-- Dumping data for table `mdl_contentbank_content`
--


--
-- Table structure for table `mdl_context`
--

CREATE TABLE `mdl_context` (
  `id` bigint NOT NULL AUTO_INCREMENT,
  `contextlevel` bigint NOT NULL DEFAULT '0',
  `instanceid` bigint NOT NULL DEFAULT '0',
  `path` varchar(255) CHARACTER SET utf8mb4 COLLATE utf8mb4_0900_ai_ci DEFAULT NULL,
  `depth` tinyint NOT NULL DEFAULT '0',
  `locked` tinyint NOT NULL DEFAULT '0',
  PRIMARY KEY (`id`),
  UNIQUE KEY `mdl_cont_conins_uix` (`contextlevel`,`instanceid`),
  KEY `mdl_cont_ins_ix` (`instanceid`),
  KEY `mdl_cont_pat_ix` (`path`)
) ENGINE=InnoDB AUTO_INCREMENT=808 DEFAULT CHARSET=utf8mb4 COLLATE=utf8mb4_0900_ai_ci ROW_FORMAT=COMPRESSED COMMENT='one of these must be set';

--
-- Dumping data for table `mdl_context`
--

INSERT INTO `mdl_context` VALUES (1,10,0,'/1',1,0),(2,50,1,'/1/2',2,0),(3,40,1,'/1/3',2,0),(4,30,1,'/1/4',2,0),(5,30,2,'/1/5',2,0),(10,80,5,'/1/10',2,0),(14,50,2,'/1/3/14',3,0),(16,50,3,'/1/3/16',3,0),(18,50,4,'/1/3/18',3,0),(20,50,5,'/1/3/20',3,0),(22,50,6,'/1/3/22',3,0),(24,30,3,'/1/24',2,0),(28,70,6,'/1/3/16/28',4,0),(33,70,10,'/1/3/14/33',4,0),(35,30,4,'/1/35',2,0),(45,70,15,'/1/2/45',3,0),(51,30,5,'/1/51',2,0),(68,50,7,'/1/3/68',3,0),(70,80,24,'/1/2/70',3,0),(76,80,26,'/1/76',2,0),(77,70,37,'/1/2/77',3,0),(81,70,39,'/1/3/68/81',4,0),(84,70,42,'/1/3/68/84',4,0),(85,70,43,'/1/3/68/85',4,0),(86,70,44,'/1/3/68/86',4,0),(87,70,45,'/1/3/68/87',4,0),(88,70,46,'/1/3/68/88',4,0),(89,70,47,'/1/2/89',3,0),(90,70,48,'/1/2/90',3,0),(92,30,6,'/1/92',2,0),(101,80,37,'/1/3/68/101',4,0),(103,80,39,'/1/3/22/103',4,0),(104,80,40,'/1/3/14/104',4,0),(105,80,41,'/1/3/18/105',4,0),(106,80,42,'/1/3/16/106',4,0),(107,80,43,'/1/3/20/107',4,0),(112,80,48,'/1/3/68/112',4,0),(113,70,50,'/1/3/68/113',4,0),(114,70,51,'/1/3/68/114',4,0),(115,70,52,'/1/3/68/115',4,0),(117,50,8,'/1/3/117',3,0),(121,80,52,'/1/3/117/121',4,0),(124,70,56,'/1/3/117/124',4,0),(126,70,58,'/1/3/117/126',4,0),(127,70,59,'/1/3/117/127',4,0),(128,70,60,'/1/3/117/128',4,0),(129,70,61,'/1/3/117/129',4,0),(130,70,62,'/1/3/117/130',4,0),(131,70,63,'/1/3/117/131',4,0),(132,70,64,'/1/3/117/132',4,0),(133,70,65,'/1/3/117/133',4,0),(139,70,68,'/1/3/117/139',4,0),(141,70,70,'/1/3/20/141',4,0),(143,70,72,'/1/3/16/143',4,0),(145,70,74,'/1/3/117/145',4,0),(146,80,56,'/1/3/68/146',4,0),(148,70,75,'/1/3/117/148',4,0),(157,80,65,'/1/3/68/157',4,0),(158,70,76,'/1/3/68/158',4,0),(159,70,77,'/1/3/68/159',4,0),(162,70,79,'/1/3/14/162',4,0),(163,70,80,'/1/3/14/163',4,0),(183,70,99,'/1/3/18/183',4,0),(185,70,101,'/1/3/18/185',4,0),(186,70,102,'/1/3/18/186',4,0),(187,70,103,'/1/3/18/187',4,0),(195,70,111,'/1/3/18/195',4,0),(197,70,113,'/1/3/18/197',4,0),(202,70,118,'/1/3/18/202',4,0),(205,70,121,'/1/3/117/205',4,0),(208,70,124,'/1/3/18/208',4,0),(209,70,125,'/1/3/18/209',4,0),(210,70,126,'/1/3/18/210',4,0),(218,70,134,'/1/3/18/218',4,0),(219,70,135,'/1/3/18/219',4,0),(220,70,136,'/1/3/18/220',4,0),(221,70,137,'/1/3/18/221',4,0),(222,70,138,'/1/3/18/222',4,0),(223,70,139,'/1/3/18/223',4,0),(224,70,140,'/1/3/18/224',4,0),(225,70,141,'/1/3/18/225',4,0),(226,70,142,'/1/3/18/226',4,0),(230,80,67,'/1/3/18/230',4,0),(233,80,70,'/1/233',2,0),(235,70,147,'/1/3/18/235',4,0),(236,70,148,'/1/3/18/236',4,0),(237,70,149,'/1/3/18/237',4,0),(238,70,150,'/1/3/18/238',4,0),(239,70,151,'/1/3/18/239',4,0),(246,30,8,'/1/246',2,0),(253,80,83,'/1/253',2,0),(255,80,85,'/1/255',2,0),(261,70,152,'/1/3/18/261',4,0),(262,70,153,'/1/3/14/262',4,0),(263,70,154,'/1/3/14/263',4,0),(264,70,155,'/1/3/14/264',4,0),(265,70,156,'/1/3/14/265',4,0),(266,70,157,'/1/3/14/266',4,0),(267,70,158,'/1/3/14/267',4,0),(268,70,159,'/1/3/14/268',4,0),(269,70,160,'/1/3/14/269',4,0),(270,70,161,'/1/3/14/270',4,0),(271,70,162,'/1/3/14/271',4,0),(272,70,163,'/1/3/14/272',4,0),(274,70,165,'/1/3/14/274',4,0),(275,70,166,'/1/3/14/275',4,0),(276,70,167,'/1/3/14/276',4,0),(277,70,168,'/1/3/14/277',4,0),(284,70,175,'/1/3/14/284',4,0),(285,80,91,'/1/3/14/285',4,0),(291,30,9,'/1/291',2,0),(297,70,178,'/1/3/16/297',4,0),(301,70,182,'/1/3/16/301',4,0),(303,70,183,'/1/3/14/303',4,0),(305,70,185,'/1/3/16/305',4,0),(306,70,186,'/1/3/16/306',4,0),(307,70,187,'/1/3/16/307',4,0),(308,70,188,'/1/3/16/308',4,0),(309,70,189,'/1/3/16/309',4,0),(310,70,190,'/1/3/16/310',4,0),(311,70,191,'/1/3/16/311',4,0),(312,70,192,'/1/3/16/312',4,0),(313,70,193,'/1/3/16/313',4,0),(314,70,194,'/1/3/16/314',4,0),(315,70,195,'/1/3/16/315',4,0),(316,70,196,'/1/3/16/316',4,0),(317,70,197,'/1/3/16/317',4,0),(318,70,198,'/1/3/16/318',4,0),(319,70,199,'/1/3/20/319',4,0),(321,70,201,'/1/3/16/321',4,0),(323,70,203,'/1/3/16/323',4,0),(324,70,204,'/1/3/20/324',4,0),(325,70,205,'/1/3/20/325',4,0),(327,70,207,'/1/3/20/327',4,0),(328,70,208,'/1/3/20/328',4,0),(329,70,209,'/1/3/20/329',4,0),(330,70,210,'/1/3/20/330',4,0),(331,70,211,'/1/3/20/331',4,0),(332,70,212,'/1/3/20/332',4,0),(333,70,213,'/1/3/20/333',4,0),(334,70,214,'/1/3/20/334',4,0),(335,70,215,'/1/3/20/335',4,0),(336,70,216,'/1/3/20/336',4,0),(337,70,217,'/1/3/20/337',4,0),(338,70,218,'/1/3/20/338',4,0),(339,70,219,'/1/3/20/339',4,0),(340,70,220,'/1/3/22/340',4,0),(343,70,223,'/1/3/22/343',4,0),(344,70,224,'/1/3/22/344',4,0),(345,70,225,'/1/3/22/345',4,0),(346,70,226,'/1/3/22/346',4,0),(347,70,227,'/1/3/22/347',4,0),(348,70,228,'/1/3/22/348',4,0),(349,70,229,'/1/3/22/349',4,0),(350,70,230,'/1/3/22/350',4,0),(351,70,231,'/1/3/22/351',4,0),(352,70,232,'/1/3/22/352',4,0),(353,70,233,'/1/3/22/353',4,0),(354,70,234,'/1/3/22/354',4,0),(355,70,235,'/1/3/22/355',4,0),(356,70,236,'/1/3/22/356',4,0),(357,70,237,'/1/3/22/357',4,0),(358,70,238,'/1/3/18/358',4,0),(360,70,240,'/1/3/18/360',4,0),(361,70,241,'/1/3/14/361',4,0),(362,70,242,'/1/3/20/362',4,0),(363,70,243,'/1/3/20/363',4,0),(364,70,244,'/1/3/16/364',4,0),(365,70,245,'/1/3/22/365',4,0),(367,80,102,'/1/3/20/367',4,0),(368,80,103,'/1/3/16/368',4,0),(369,80,104,'/1/3/22/369',4,0),(372,80,107,'/1/372',2,0),(373,80,108,'/1/92/373',3,0),(374,80,109,'/1/92/374',3,0),(375,80,110,'/1/92/375',3,0),(376,80,111,'/1/5/376',3,0),(377,80,112,'/1/5/377',3,0),(378,80,113,'/1/5/378',3,0),(379,80,114,'/1/246/379',3,0),(380,80,115,'/1/246/380',3,0),(381,80,116,'/1/246/381',3,0),(382,80,117,'/1/51/382',3,0),(383,80,118,'/1/51/383',3,0),(384,80,119,'/1/51/384',3,0),(385,30,10,'/1/385',2,0),(386,80,120,'/1/385/386',3,0),(387,80,121,'/1/385/387',3,0),(388,80,122,'/1/385/388',3,0),(389,30,11,'/1/389',2,0),(390,30,12,'/1/390',2,0),(391,80,123,'/1/389/391',3,0),(392,80,124,'/1/389/392',3,0),(393,80,125,'/1/389/393',3,0),(394,80,126,'/1/390/394',3,0),(395,80,127,'/1/390/395',3,0),(396,80,128,'/1/390/396',3,0),(397,30,13,'/1/397',2,0),(398,80,129,'/1/397/398',3,0),(399,80,130,'/1/397/399',3,0),(400,80,131,'/1/397/400',3,0),(401,30,14,'/1/401',2,0),(402,30,15,'/1/402',2,0),(403,80,132,'/1/402/403',3,0),(404,80,133,'/1/402/404',3,0),(405,80,134,'/1/402/405',3,0),(406,30,16,'/1/406',2,0),(407,30,17,'/1/407',2,0),(408,30,18,'/1/408',2,0),(409,80,135,'/1/408/409',3,0),(410,80,136,'/1/408/410',3,0),(411,80,137,'/1/408/411',3,0),(412,30,19,'/1/412',2,0),(413,80,138,'/1/412/413',3,0),(414,80,139,'/1/412/414',3,0),(415,80,140,'/1/412/415',3,0),(416,70,246,'/1/3/16/416',4,0),(417,70,247,'/1/3/14/417',4,0),(418,70,248,'/1/3/18/418',4,0),(419,70,249,'/1/3/22/419',4,0),(420,70,250,'/1/3/22/420',4,0),(421,30,20,'/1/421',2,0),(422,80,141,'/1/421/422',3,0),(423,80,142,'/1/421/423',3,0),(424,80,143,'/1/421/424',3,0),(426,70,252,'/1/3/20/426',4,0),(427,30,21,'/1/427',2,0),(428,30,22,'/1/428',2,0),(429,30,23,'/1/429',2,0),(430,30,24,'/1/430',2,0),(431,30,25,'/1/431',2,0),(432,30,26,'/1/432',2,0),(433,30,27,'/1/433',2,0),(434,30,28,'/1/434',2,0),(435,80,144,'/1/431/435',3,0),(436,80,145,'/1/431/436',3,0),(437,80,146,'/1/431/437',3,0),(438,80,147,'/1/427/438',3,0),(439,80,148,'/1/427/439',3,0),(440,80,149,'/1/427/440',3,0),(441,80,150,'/1/434/441',3,0),(442,80,151,'/1/434/442',3,0),(443,80,152,'/1/434/443',3,0),(444,80,153,'/1/430/444',3,0),(445,80,154,'/1/430/445',3,0),(446,80,155,'/1/430/446',3,0),(447,80,156,'/1/429/447',3,0),(448,80,157,'/1/429/448',3,0),(449,80,158,'/1/429/449',3,0),(450,80,159,'/1/432/450',3,0),(451,80,160,'/1/432/451',3,0),(452,80,161,'/1/432/452',3,0),(453,80,162,'/1/433/453',3,0),(454,80,163,'/1/433/454',3,0),(455,80,164,'/1/433/455',3,0),(456,30,29,'/1/456',2,0),(457,80,165,'/1/456/457',3,0),(458,80,166,'/1/456/458',3,0),(459,80,167,'/1/456/459',3,0),(460,70,253,'/1/3/22/460',4,0),(461,70,254,'/1/3/16/461',4,0),(463,70,256,'/1/3/14/463',4,0),(464,70,257,'/1/3/20/464',4,0),(465,80,168,'/1/401/465',3,0),(466,80,169,'/1/401/466',3,0),(467,80,170,'/1/401/467',3,0),(468,80,171,'/1/406/468',3,0),(469,80,172,'/1/406/469',3,0),(470,80,173,'/1/406/470',3,0),(471,70,258,'/1/3/18/471',4,0),(472,70,259,'/1/3/20/472',4,0),(473,70,260,'/1/3/18/473',4,0),(474,70,261,'/1/3/117/474',4,0),(475,70,262,'/1/3/20/475',4,0),(476,70,263,'/1/3/117/476',4,0),(483,70,270,'/1/3/117/483',4,0),(484,70,271,'/1/3/117/484',4,0),(485,70,272,'/1/3/117/485',4,0),(486,70,273,'/1/3/117/486',4,0),(487,70,274,'/1/3/117/487',4,0),(488,70,275,'/1/3/117/488',4,0),(489,70,276,'/1/3/16/489',4,0),(490,70,277,'/1/3/16/490',4,0),(491,70,278,'/1/3/22/491',4,0),(492,70,279,'/1/3/22/492',4,0),(493,70,280,'/1/3/14/493',4,0),(494,70,281,'/1/3/14/494',4,0),(495,70,282,'/1/3/117/495',4,0),(496,70,283,'/1/3/18/496',4,0),(497,70,284,'/1/3/18/497',4,0),(498,30,30,'/1/498',2,0),(499,80,174,'/1/498/499',3,0),(500,80,175,'/1/498/500',3,0),(501,80,176,'/1/498/501',3,0),(502,30,31,'/1/502',2,0),(503,30,32,'/1/503',2,0),(504,80,177,'/1/503/504',3,0),(505,80,178,'/1/503/505',3,0),(506,80,179,'/1/503/506',3,0),(507,30,33,'/1/507',2,0),(508,80,180,'/1/507/508',3,0),(509,80,181,'/1/507/509',3,0),(510,80,182,'/1/507/510',3,0),(511,30,34,'/1/511',2,0),(512,80,183,'/1/511/512',3,0),(513,80,184,'/1/511/513',3,0),(514,80,185,'/1/511/514',3,0),(515,70,285,'/1/3/117/515',4,0),(523,70,293,'/1/3/117/523',4,0),(524,70,294,'/1/3/117/524',4,0),(525,70,295,'/1/3/117/525',4,0),(526,70,296,'/1/3/117/526',4,0),(527,70,297,'/1/3/117/527',4,0),(528,70,298,'/1/3/117/528',4,0),(530,70,300,'/1/3/117/530',4,0),(537,70,307,'/1/3/117/537',4,0),(538,70,308,'/1/3/117/538',4,0),(539,70,309,'/1/3/117/539',4,0),(540,70,310,'/1/3/117/540',4,0),(541,70,311,'/1/3/117/541',4,0),(542,70,312,'/1/3/117/542',4,0),(544,30,35,'/1/544',2,0),(545,80,186,'/1/544/545',3,0),(546,80,187,'/1/544/546',3,0),(547,80,188,'/1/544/547',3,0),(548,70,314,'/1/3/22/548',4,0),(549,70,315,'/1/3/117/549',4,0),(550,70,316,'/1/3/117/550',4,0),(551,70,317,'/1/3/18/551',4,0),(552,70,318,'/1/3/117/552',4,0),(553,70,319,'/1/3/117/553',4,0),(554,30,36,'/1/554',2,0),(555,70,320,'/1/3/22/555',4,0),(556,70,321,'/1/3/22/556',4,0),(557,70,322,'/1/3/22/557',4,0),(558,70,323,'/1/3/22/558',4,0),(559,70,324,'/1/3/18/559',4,0),(560,70,325,'/1/3/18/560',4,0),(561,70,326,'/1/3/14/561',4,0),(562,70,327,'/1/3/14/562',4,0),(563,70,328,'/1/3/14/563',4,0),(564,70,329,'/1/3/16/564',4,0),(565,70,330,'/1/3/16/565',4,0),(566,70,331,'/1/3/16/566',4,0),(567,70,332,'/1/3/16/567',4,0),(568,70,333,'/1/3/20/568',4,0),(569,70,334,'/1/3/20/569',4,0),(570,70,335,'/1/3/20/570',4,0),(571,70,336,'/1/3/20/571',4,0),(572,30,37,'/1/572',2,0),(573,30,38,'/1/573',2,0),(574,30,39,'/1/574',2,0),(575,30,40,'/1/575',2,0),(576,30,41,'/1/576',2,0),(577,30,42,'/1/577',2,0),(578,30,43,'/1/578',2,0),(579,30,44,'/1/579',2,0),(580,30,45,'/1/580',2,0),(581,30,46,'/1/581',2,0),(582,30,47,'/1/582',2,0),(583,30,48,'/1/583',2,0),(584,30,49,'/1/584',2,0),(585,30,50,'/1/585',2,0),(586,30,51,'/1/586',2,0),(587,30,52,'/1/587',2,0),(588,30,53,'/1/588',2,0),(589,30,54,'/1/589',2,0),(590,30,55,'/1/590',2,0),(591,30,56,'/1/591',2,0),(592,30,57,'/1/592',2,0),(593,30,58,'/1/593',2,0),(594,30,59,'/1/594',2,0),(595,30,60,'/1/595',2,0),(596,30,61,'/1/596',2,0),(597,30,62,'/1/597',2,0),(598,30,63,'/1/598',2,0),(599,30,64,'/1/599',2,0),(600,30,65,'/1/600',2,0),(601,30,66,'/1/601',2,0),(602,30,67,'/1/602',2,0),(603,30,68,'/1/603',2,0),(604,30,69,'/1/604',2,0),(605,80,189,'/1/573/605',3,0),(606,80,190,'/1/573/606',3,0),(607,80,191,'/1/573/607',3,0),(608,80,192,'/1/583/608',3,0),(609,80,193,'/1/583/609',3,0),(610,80,194,'/1/583/610',3,0),(611,80,195,'/1/574/611',3,0),(612,80,196,'/1/574/612',3,0),(613,80,197,'/1/574/613',3,0),(614,80,198,'/1/600/614',3,0),(615,80,199,'/1/600/615',3,0),(616,80,200,'/1/600/616',3,0),(617,80,201,'/1/596/617',3,0),(618,80,202,'/1/596/618',3,0),(619,80,203,'/1/596/619',3,0),(620,80,204,'/1/581/620',3,0),(621,80,205,'/1/581/621',3,0),(622,80,206,'/1/581/622',3,0),(623,80,207,'/1/591/623',3,0),(624,80,208,'/1/591/624',3,0),(625,80,209,'/1/591/625',3,0),(626,80,210,'/1/576/626',3,0),(627,80,211,'/1/575/627',3,0),(628,80,212,'/1/576/628',3,0),(629,80,213,'/1/575/629',3,0),(630,80,214,'/1/576/630',3,0),(631,80,215,'/1/588/631',3,0),(632,80,216,'/1/575/632',3,0),(633,80,217,'/1/588/633',3,0),(634,80,218,'/1/588/634',3,0),(635,80,219,'/1/595/635',3,0),(636,80,220,'/1/595/636',3,0),(637,80,221,'/1/595/637',3,0),(638,80,222,'/1/603/638',3,0),(639,80,223,'/1/603/639',3,0),(640,80,224,'/1/603/640',3,0),(641,80,225,'/1/579/641',3,0),(642,80,226,'/1/579/642',3,0),(643,80,227,'/1/579/643',3,0),(644,80,228,'/1/582/644',3,0),(645,80,229,'/1/582/645',3,0),(646,80,230,'/1/582/646',3,0),(647,80,231,'/1/594/647',3,0),(648,80,232,'/1/594/648',3,0),(649,80,233,'/1/594/649',3,0),(650,80,234,'/1/590/650',3,0),(651,80,235,'/1/590/651',3,0),(652,80,236,'/1/590/652',3,0),(653,80,237,'/1/592/653',3,0),(654,80,238,'/1/592/654',3,0),(655,80,239,'/1/592/655',3,0),(656,80,240,'/1/572/656',3,0),(657,80,241,'/1/572/657',3,0),(658,80,242,'/1/572/658',3,0),(659,80,243,'/1/602/659',3,0),(660,80,244,'/1/602/660',3,0),(661,80,245,'/1/602/661',3,0),(662,80,246,'/1/598/662',3,0),(663,80,247,'/1/598/663',3,0),(664,80,248,'/1/598/664',3,0),(668,80,252,'/1/585/668',3,0),(669,80,253,'/1/585/669',3,0),(670,80,254,'/1/585/670',3,0),(671,80,255,'/1/577/671',3,0),(672,80,256,'/1/577/672',3,0),(673,80,257,'/1/577/673',3,0),(674,80,258,'/1/586/674',3,0),(675,80,259,'/1/586/675',3,0),(676,80,260,'/1/586/676',3,0),(677,80,261,'/1/597/677',3,0),(678,80,262,'/1/597/678',3,0),(679,80,263,'/1/597/679',3,0),(680,80,264,'/1/599/680',3,0),(681,80,265,'/1/599/681',3,0),(682,80,266,'/1/599/682',3,0),(683,80,267,'/1/578/683',3,0),(684,80,268,'/1/578/684',3,0),(685,80,269,'/1/578/685',3,0),(686,80,270,'/1/584/686',3,0),(687,80,271,'/1/584/687',3,0),(688,80,272,'/1/584/688',3,0),(689,80,273,'/1/587/689',3,0),(690,80,274,'/1/587/690',3,0),(691,80,275,'/1/587/691',3,0),(692,80,276,'/1/601/692',3,0),(693,80,277,'/1/601/693',3,0),(694,80,278,'/1/601/694',3,0),(698,80,282,'/1/580/698',3,0),(699,80,283,'/1/580/699',3,0),(700,80,284,'/1/580/700',3,0),(701,80,285,'/1/593/701',3,0),(702,80,286,'/1/593/702',3,0),(703,80,287,'/1/593/703',3,0),(704,30,70,'/1/704',2,0),(705,80,288,'/1/704/705',3,0),(706,80,289,'/1/704/706',3,0),(707,80,290,'/1/704/707',3,0),(708,30,71,'/1/708',2,0),(709,80,291,'/1/708/709',3,0),(710,80,292,'/1/708/710',3,0),(711,80,293,'/1/708/711',3,0),(712,70,337,'/1/3/14/712',4,0),(713,70,338,'/1/3/16/713',4,0),(714,70,339,'/1/3/20/714',4,0),(715,70,340,'/1/3/22/715',4,0),(716,70,341,'/1/3/22/716',4,0),(717,70,342,'/1/3/22/717',4,0),(718,70,343,'/1/3/68/718',4,0),(719,70,344,'/1/3/68/719',4,0),(720,70,345,'/1/3/68/720',4,0),(721,70,346,'/1/3/68/721',4,0),(722,70,347,'/1/3/68/722',4,0),(724,70,349,'/1/3/68/724',4,0),(725,70,350,'/1/3/16/725',4,0),(726,70,351,'/1/3/16/726',4,0),(727,70,352,'/1/3/16/727',4,0),(728,70,353,'/1/3/20/728',4,0),(729,70,354,'/1/3/20/729',4,0),(730,70,355,'/1/3/20/730',4,0),(731,70,356,'/1/3/117/731',4,0),(732,70,357,'/1/3/117/732',4,0),(733,70,358,'/1/3/117/733',4,0),(734,70,359,'/1/3/117/734',4,0),(735,70,360,'/1/3/117/735',4,0),(736,70,361,'/1/3/117/736',4,0),(737,30,72,'/1/737',2,0),(738,80,294,'/1/737/738',3,0),(739,80,295,'/1/737/739',3,0),(740,80,296,'/1/737/740',3,0),(741,80,297,'/1/24/741',3,0),(742,80,298,'/1/24/742',3,0),(743,80,299,'/1/24/743',3,0),(744,80,300,'/1/3/14/744',4,0),(745,80,301,'/1/3/18/745',4,0),(746,80,302,'/1/554/746',3,0),(747,80,303,'/1/554/747',3,0),(748,80,304,'/1/554/748',3,0),(749,70,362,'/1/3/20/749',4,0),(750,80,305,'/1/428/750',3,0),(751,80,306,'/1/428/751',3,0),(752,80,307,'/1/428/752',3,0),(753,70,363,'/1/3/117/753',4,0),(754,70,364,'/1/3/117/754',4,0),(755,70,365,'/1/3/117/755',4,0),(759,70,366,'/1/3/117/759',4,0),(760,70,367,'/1/3/117/760',4,0),(761,70,368,'/1/3/117/761',4,0),(762,30,76,'/1/762',2,0),(763,70,369,'/1/3/117/763',4,0),(764,80,308,'/1/762/764',3,0),(765,80,309,'/1/762/765',3,0),(766,80,310,'/1/762/766',3,0),(767,80,311,'/1/589/767',3,0),(768,80,312,'/1/589/768',3,0),(769,80,313,'/1/589/769',3,0),(770,80,314,'/1/3/14/770',4,0),(771,80,315,'/1/3/22/771',4,0),(774,70,371,'/1/3/117/774',4,0),(775,70,372,'/1/3/117/775',4,0),(776,70,373,'/1/3/117/776',4,0),(777,70,374,'/1/3/117/777',4,0),(779,70,375,'/1/3/117/779',4,0),(783,70,376,'/1/3/117/783',4,0),(784,70,377,'/1/3/117/784',4,0),(785,70,378,'/1/3/117/785',4,0),(786,70,379,'/1/3/117/786',4,0),(790,50,10,'/1/3/790',3,0),(792,70,381,'/1/3/790/792',4,0),(793,70,382,'/1/3/790/793',4,0),(794,80,317,'/1/3/790/794',4,0),(795,50,11,'/1/3/795',3,0),(797,70,384,'/1/3/14/797',4,0),(800,70,385,'/1/2/800',3,0),(801,70,386,'/1/3/14/801',4,0),(802,50,12,'/1/3/802',3,0),(803,70,388,'/1/3/802/803',4,0),(804,70,389,'/1/3/18/804',4,0),(805,70,390,'/1/3/22/805',4,0),(806,70,391,'/1/3/68/806',4,0),(807,70,387,'/1/3/802/807',4,0);

--
-- Table structure for table `mdl_context_temp`
--

CREATE TABLE `mdl_context_temp` (
  `id` bigint NOT NULL,
  `path` varchar(255) CHARACTER SET utf8mb4 COLLATE utf8mb4_0900_ai_ci NOT NULL DEFAULT '',
  `depth` tinyint NOT NULL,
  `locked` tinyint NOT NULL DEFAULT '0',
  PRIMARY KEY (`id`)
) ENGINE=InnoDB DEFAULT CHARSET=utf8mb4 COLLATE=utf8mb4_0900_ai_ci ROW_FORMAT=COMPRESSED COMMENT='Used by build_context_path() in upgrade and cron to keep con';

--
-- Dumping data for table `mdl_context_temp`
--


--
-- Table structure for table `mdl_course`
--

CREATE TABLE `mdl_course` (
  `id` bigint NOT NULL AUTO_INCREMENT,
  `category` bigint NOT NULL DEFAULT '0',
  `sortorder` bigint NOT NULL DEFAULT '0',
  `fullname` varchar(1333) CHARACTER SET utf8mb4 COLLATE utf8mb4_unicode_ci NOT NULL DEFAULT '',
  `shortname` varchar(255) CHARACTER SET utf8mb4 COLLATE utf8mb4_0900_ai_ci NOT NULL DEFAULT '',
  `idnumber` varchar(100) CHARACTER SET utf8mb4 COLLATE utf8mb4_0900_ai_ci NOT NULL DEFAULT '',
  `summary` longtext CHARACTER SET utf8mb4 COLLATE utf8mb4_0900_ai_ci,
  `summaryformat` tinyint NOT NULL DEFAULT '0',
  `format` varchar(21) CHARACTER SET utf8mb4 COLLATE utf8mb4_0900_ai_ci NOT NULL DEFAULT 'topics',
  `showgrades` tinyint NOT NULL DEFAULT '1',
  `newsitems` mediumint NOT NULL DEFAULT '1',
  `startdate` bigint NOT NULL DEFAULT '0',
  `enddate` bigint NOT NULL DEFAULT '0',
  `relativedatesmode` tinyint(1) NOT NULL DEFAULT '0',
  `marker` bigint NOT NULL DEFAULT '0',
  `maxbytes` bigint NOT NULL DEFAULT '0',
  `legacyfiles` smallint NOT NULL DEFAULT '0',
  `showreports` smallint NOT NULL DEFAULT '0',
  `visible` tinyint(1) NOT NULL DEFAULT '1',
  `visibleold` tinyint(1) NOT NULL DEFAULT '1',
  `downloadcontent` tinyint(1) DEFAULT NULL,
  `groupmode` smallint NOT NULL DEFAULT '0',
  `groupmodeforce` smallint NOT NULL DEFAULT '0',
  `defaultgroupingid` bigint NOT NULL DEFAULT '0',
  `lang` varchar(30) CHARACTER SET utf8mb4 COLLATE utf8mb4_0900_ai_ci NOT NULL DEFAULT '',
  `calendartype` varchar(30) CHARACTER SET utf8mb4 COLLATE utf8mb4_0900_ai_ci NOT NULL DEFAULT '',
  `theme` varchar(50) CHARACTER SET utf8mb4 COLLATE utf8mb4_0900_ai_ci NOT NULL DEFAULT '',
  `timecreated` bigint NOT NULL DEFAULT '0',
  `timemodified` bigint NOT NULL DEFAULT '0',
  `requested` tinyint(1) NOT NULL DEFAULT '0',
  `enablecompletion` tinyint(1) NOT NULL DEFAULT '0',
  `completionnotify` tinyint(1) NOT NULL DEFAULT '0',
  `cacherev` bigint NOT NULL DEFAULT '0',
  `originalcourseid` bigint DEFAULT NULL,
  `showactivitydates` tinyint(1) NOT NULL DEFAULT '0',
  `showcompletionconditions` tinyint(1) DEFAULT NULL,
  `pdfexportfont` varchar(50) CHARACTER SET utf8mb4 COLLATE utf8mb4_0900_ai_ci DEFAULT NULL,
  PRIMARY KEY (`id`),
  KEY `mdl_cour_cat_ix` (`category`),
  KEY `mdl_cour_idn_ix` (`idnumber`),
  KEY `mdl_cour_sho_ix` (`shortname`),
  KEY `mdl_cour_sor_ix` (`sortorder`),
  KEY `mdl_cour_ori_ix` (`originalcourseid`)
) ENGINE=InnoDB AUTO_INCREMENT=13 DEFAULT CHARSET=utf8mb4 COLLATE=utf8mb4_0900_ai_ci ROW_FORMAT=COMPRESSED COMMENT='Central course table';

--
-- Dumping data for table `mdl_course`
--

INSERT INTO `mdl_course` VALUES (1,0,1,'Brevet d\'Initiation Aéronautique (BIA)','BIA','','<p>Le Brevet d\'Initiation Aéronautique (BIA) est un diplôme français destiné à initier les jeunes et les passionnés à l\'aéronautique et à l\'espace. Accessible à partir de 13 ans, ce brevet offre une formation théorique sur différents aspects du monde aéronautique, comme la météorologie, la navigation, la mécanique de vol, l\'histoire de l\'aviation, et les principes de pilotage.</p>\r\n<p>Le BIA est proposé dans les collèges, les lycées, les universités ou par des aéroclubs et des associations spécialisées. Il permet de découvrir les métiers liés à l\'aviation civile et militaire, ouvrant ainsi la porte à de futures carrières dans ces domaines. Ce diplôme, bien que non professionnel, constitue une première étape pour les jeunes qui envisagent une carrière dans l\'aviation ou simplement pour ceux qui souhaitent approfondir leurs connaissances aéronautiques.</p>\r\n<p>Le programme de formation se conclut par un examen national organisé par l\'Éducation nationale et la Direction Générale de l\'Aviation Civile (DGAC). De plus, le BIA peut offrir des avantages pour poursuivre des études aéronautiques plus spécialisées ou obtenir des aides pour les formations pratiques de pilotage.</p>\r\n<p>En résumé, le BIA est une excellente opportunité pour toute personne passionnée par l\'aéronautique de découvrir cet univers fascinant et de potentiellement poser les bases d\'une future carrière dans ce secteur en plein essor.</p>',0,'site',1,3,0,0,0,0,0,0,0,1,1,NULL,0,0,0,'','','',1728145852,1750534260,0,0,0,1755165196,NULL,0,NULL,NULL),(2,1,10007,'Aérodynamique, aérostatique et principes du vol','AMV','','<p>Étude des principes physiques qui permettent à un avion de voler, tels que la portance, la traînée, et le rôle des différentes parties de l’avion (aile, gouvernes, etc.).</p>',1,'tiles',1,5,1730588400,1762124400,0,0,0,0,0,1,1,1,0,0,0,'','','',1730577667,1736777520,0,1,0,1755165196,NULL,1,1,NULL),(3,1,10006,'Météorologie et aérologie','MA','','<p>Compréhension des phénomènes météorologiques (vents, nuages, pressions, etc.) et de leur impact sur la navigation aérienne.</p>',1,'tiles',1,5,1730588400,1762124400,0,0,0,0,0,1,1,1,0,0,0,'','','',1730583740,1741288824,0,1,0,1755165196,NULL,1,1,NULL),(4,1,10008,'Étude des aéronefs et des engins spatiaux','AES','','<p>Description des avions, hélicoptères et autres engins volants, ainsi que des principes de base des engins spatiaux.</p>',1,'tiles',1,5,1730588400,1762124400,0,0,0,0,0,1,1,2,0,0,0,'','','',1730585093,1736777327,0,1,0,1755165196,NULL,1,1,NULL),(5,1,10009,'Navigation, réglementation, sécurité des vols','NRS','','<p>Notions de base sur la navigation aérienne (cartes, instruments), la règlementation du trafic aérien, et les mesures de sécurité.</p>',1,'tiles',1,5,1730588400,1762124400,0,0,0,0,0,1,1,2,0,0,0,'','','',1730585395,1737354417,0,1,0,1755165196,NULL,1,1,NULL),(6,1,10010,'Histoire et culture de l’aéronautique et du spatial','HCA','','<p>Évolution historique de l’aviation, des premiers vols à nos jours, ainsi que l\'exploration spatiale.</p>',1,'tiles',1,5,1730588400,1762124400,0,0,0,0,1,1,1,2,2,0,0,'','','',1730586389,1750625054,0,1,0,1755165196,NULL,1,1,NULL),(7,1,10005,'Anglais aéronautique','ANG','','<p>L\'épreuve d\'anglais optionnelle du Brevet d\'Initiation Aéronautique (BIA) vise à évaluer les compétences linguistiques des candidats dans un contexte aéronautique. Cette épreuve permet de valoriser le niveau d\'anglais, une compétence importante dans le domaine de l’aviation où cette langue est utilisée comme standard international.</p>',1,'tiles',1,5,1734130800,1765666800,0,0,0,0,0,1,1,2,0,0,0,'','','',1734105391,1744956867,0,1,0,1755165196,NULL,1,1,NULL),(8,1,10004,'Entrainez vous','REV','','<p>En travaillant sur ces annales corrigés des sessions précédentes, vous pourrez  renforcer vos connaissances, améliorer votre gestion du temps et optimiser la préparation pour viser la réussite à l\'examen.</p>',1,'tiles',1,5,1734476400,1766012400,0,0,0,0,0,1,1,2,0,0,0,'','','',1734457035,1743181721,0,1,0,1755165196,NULL,1,1,NULL),(10,1,10003,'Les mathématiques de l\'aéronautique','Math','','<p data-pm-slice=\"1 1 []\">L\'aéronautique repose sur de nombreuses notions mathématiques pour décrire, comprendre et prévoir le comportement des aéronefs. Ce cours récapitule les principales équations utilisées en aéronautique avec des exemples simples et des schémas pour les élèves du BIA (Brevet d\'Initiation Aéronautique).</p>',1,'tiles',1,5,1749938400,1781474400,0,0,0,0,0,1,1,2,0,0,0,'','','',1749891367,1750001007,0,1,0,1755165196,NULL,1,1,NULL),(11,1,10002,'Fiches d\'identité des avions','Avions','','<p>Le mot « aviation » (du latin « avis », qui signifie « oiseau », et du suffixe « atio ») a été employé pour la première fois par Gabriel de La Landelle, en 1863, dans le livre Aviation ou navigation aérienne sans ballon, un ouvrage rendant compte des tentatives d\'envol de Jean-Marie Le Bris dans un appareil plus lourd que l\'air. </p>',1,'tiles',1,5,1750456800,1781992800,0,0,0,0,0,1,1,2,0,0,0,'','','',1750410890,1750410890,0,1,0,1755165196,NULL,1,1,NULL),(12,1,10001,'Ressources pédagogiques partagées pour la catégorie : BIA','BIA-1','',NULL,0,'topics',1,1,0,0,0,0,0,0,0,1,1,NULL,0,0,0,'','','',1755155503,1755155503,0,0,0,1755165196,NULL,0,NULL,NULL);

--
-- Table structure for table `mdl_course_categories`
--

CREATE TABLE `mdl_course_categories` (
  `id` bigint NOT NULL AUTO_INCREMENT,
  `name` varchar(255) CHARACTER SET utf8mb4 COLLATE utf8mb4_0900_ai_ci NOT NULL DEFAULT '',
  `idnumber` varchar(100) CHARACTER SET utf8mb4 COLLATE utf8mb4_0900_ai_ci DEFAULT NULL,
  `description` longtext CHARACTER SET utf8mb4 COLLATE utf8mb4_0900_ai_ci,
  `descriptionformat` tinyint NOT NULL DEFAULT '0',
  `parent` bigint NOT NULL DEFAULT '0',
  `sortorder` bigint NOT NULL DEFAULT '0',
  `coursecount` bigint NOT NULL DEFAULT '0',
  `visible` tinyint(1) NOT NULL DEFAULT '1',
  `visibleold` tinyint(1) NOT NULL DEFAULT '1',
  `timemodified` bigint NOT NULL DEFAULT '0',
  `depth` bigint NOT NULL DEFAULT '0',
  `path` varchar(255) CHARACTER SET utf8mb4 COLLATE utf8mb4_0900_ai_ci NOT NULL DEFAULT '',
  `theme` varchar(50) CHARACTER SET utf8mb4 COLLATE utf8mb4_0900_ai_ci DEFAULT NULL,
  PRIMARY KEY (`id`),
  KEY `mdl_courcate_par_ix` (`parent`)
) ENGINE=InnoDB AUTO_INCREMENT=2 DEFAULT CHARSET=utf8mb4 COLLATE=utf8mb4_0900_ai_ci ROW_FORMAT=COMPRESSED COMMENT='Course categories';

--
-- Dumping data for table `mdl_course_categories`
--

INSERT INTO `mdl_course_categories` VALUES (1,'BIA','','<p>Le Brevet d\'initiation aéronautique (BIA), également nommé Brevet d\'initiation à l\'aéronautique, est un diplôme français correspondant aux bases de culture générale du domaine de l\'aéronautique. Il est délivré conjointement par le ministère de la Transition écologique et solidaire, chargé des Transports, et par celui de l\'Éducation nationale ainsi que par la Confédération nationale des Fédérations aéronautiques et sportives. </p>',1,0,10000,10,1,1,1731012049,1,'/1',NULL);

--
-- Table structure for table `mdl_course_completion_aggr_methd`
--

CREATE TABLE `mdl_course_completion_aggr_methd` (
  `id` bigint NOT NULL AUTO_INCREMENT,
  `course` bigint NOT NULL DEFAULT '0',
  `criteriatype` bigint DEFAULT NULL,
  `method` tinyint(1) NOT NULL DEFAULT '0',
  `value` decimal(10,5) DEFAULT NULL,
  PRIMARY KEY (`id`),
  UNIQUE KEY `mdl_courcompaggrmeth_coucr_uix` (`course`,`criteriatype`),
  KEY `mdl_courcompaggrmeth_cou_ix` (`course`),
  KEY `mdl_courcompaggrmeth_cri_ix` (`criteriatype`)
) ENGINE=InnoDB DEFAULT CHARSET=utf8mb4 COLLATE=utf8mb4_0900_ai_ci ROW_FORMAT=COMPRESSED COMMENT='Course completion aggregation methods for criteria';

--
-- Dumping data for table `mdl_course_completion_aggr_methd`
--


--
-- Table structure for table `mdl_course_completion_crit_compl`
--

CREATE TABLE `mdl_course_completion_crit_compl` (
  `id` bigint NOT NULL AUTO_INCREMENT,
  `userid` bigint NOT NULL DEFAULT '0',
  `course` bigint NOT NULL DEFAULT '0',
  `criteriaid` bigint NOT NULL DEFAULT '0',
  `gradefinal` decimal(10,5) DEFAULT NULL,
  `unenroled` bigint DEFAULT NULL,
  `timecompleted` bigint DEFAULT NULL,
  PRIMARY KEY (`id`),
  UNIQUE KEY `mdl_courcompcritcomp_useco_uix` (`userid`,`course`,`criteriaid`),
  KEY `mdl_courcompcritcomp_use_ix` (`userid`),
  KEY `mdl_courcompcritcomp_cou_ix` (`course`),
  KEY `mdl_courcompcritcomp_cri_ix` (`criteriaid`),
  KEY `mdl_courcompcritcomp_tim_ix` (`timecompleted`)
) ENGINE=InnoDB DEFAULT CHARSET=utf8mb4 COLLATE=utf8mb4_0900_ai_ci ROW_FORMAT=COMPRESSED COMMENT='Course completion user records';

--
-- Dumping data for table `mdl_course_completion_crit_compl`
--


--
-- Table structure for table `mdl_course_completion_criteria`
--

CREATE TABLE `mdl_course_completion_criteria` (
  `id` bigint NOT NULL AUTO_INCREMENT,
  `course` bigint NOT NULL DEFAULT '0',
  `criteriatype` bigint NOT NULL DEFAULT '0',
  `module` varchar(100) CHARACTER SET utf8mb4 COLLATE utf8mb4_0900_ai_ci DEFAULT NULL,
  `moduleinstance` bigint DEFAULT NULL,
  `courseinstance` bigint DEFAULT NULL,
  `enrolperiod` bigint DEFAULT NULL,
  `timeend` bigint DEFAULT NULL,
  `gradepass` decimal(10,5) DEFAULT NULL,
  `role` bigint DEFAULT NULL,
  PRIMARY KEY (`id`),
  KEY `mdl_courcompcrit_cou_ix` (`course`)
) ENGINE=InnoDB DEFAULT CHARSET=utf8mb4 COLLATE=utf8mb4_0900_ai_ci ROW_FORMAT=COMPRESSED COMMENT='Course completion criteria';

--
-- Dumping data for table `mdl_course_completion_criteria`
--


--
-- Table structure for table `mdl_course_completion_defaults`
--

CREATE TABLE `mdl_course_completion_defaults` (
  `id` bigint NOT NULL AUTO_INCREMENT,
  `course` bigint NOT NULL,
  `module` bigint NOT NULL,
  `completion` tinyint(1) NOT NULL DEFAULT '0',
  `completionview` tinyint(1) NOT NULL DEFAULT '0',
  `completionusegrade` tinyint(1) NOT NULL DEFAULT '0',
  `completionpassgrade` tinyint(1) NOT NULL DEFAULT '0',
  `completionexpected` bigint NOT NULL DEFAULT '0',
  `customrules` longtext CHARACTER SET utf8mb4 COLLATE utf8mb4_0900_ai_ci,
  PRIMARY KEY (`id`),
  UNIQUE KEY `mdl_courcompdefa_coumod_uix` (`course`,`module`),
  KEY `mdl_courcompdefa_mod_ix` (`module`),
  KEY `mdl_courcompdefa_cou_ix` (`course`)
) ENGINE=InnoDB DEFAULT CHARSET=utf8mb4 COLLATE=utf8mb4_0900_ai_ci ROW_FORMAT=COMPRESSED COMMENT='Default settings for activities completion';

--
-- Dumping data for table `mdl_course_completion_defaults`
--


--
-- Table structure for table `mdl_course_completions`
--

CREATE TABLE `mdl_course_completions` (
  `id` bigint NOT NULL AUTO_INCREMENT,
  `userid` bigint NOT NULL DEFAULT '0',
  `course` bigint NOT NULL DEFAULT '0',
  `timeenrolled` bigint NOT NULL DEFAULT '0',
  `timestarted` bigint NOT NULL DEFAULT '0',
  `timecompleted` bigint DEFAULT NULL,
  `reaggregate` bigint NOT NULL DEFAULT '0',
  PRIMARY KEY (`id`),
  UNIQUE KEY `mdl_courcomp_usecou_uix` (`userid`,`course`),
  KEY `mdl_courcomp_use_ix` (`userid`),
  KEY `mdl_courcomp_cou_ix` (`course`),
  KEY `mdl_courcomp_tim_ix` (`timecompleted`)
) ENGINE=InnoDB AUTO_INCREMENT=543 DEFAULT CHARSET=utf8mb4 COLLATE=utf8mb4_0900_ai_ci ROW_FORMAT=COMPRESSED COMMENT='Course completion records';

--
-- Dumping data for table `mdl_course_completions`
--

INSERT INTO `mdl_course_completions` VALUES (1,3,2,1730788215,0,NULL,1755155199),(2,5,2,1731013092,0,NULL,1755155199),(3,6,2,1734591239,0,NULL,1755155199),(4,8,2,1736952976,0,NULL,1755155199),(5,9,2,1741042093,0,NULL,1755155199),(6,10,2,1737906682,0,NULL,1755155199),(7,11,2,1738875008,0,NULL,1755155199),(8,12,2,1743067706,0,NULL,1755155199),(9,13,2,1738872281,0,NULL,1755155199),(10,14,2,1743067656,0,NULL,1755155199),(11,15,2,1738874216,0,NULL,1755155199),(12,16,2,1741042094,0,NULL,1755155199),(13,17,2,1741042094,0,NULL,1755155199),(14,18,2,1739873208,0,NULL,1755155199),(15,19,2,1740349800,0,NULL,1755155199),(16,20,2,1740472917,0,NULL,1755155199),(17,21,2,1741042092,0,NULL,1755155199),(18,22,2,1741042093,0,NULL,1755155199),(19,23,2,1741042093,0,NULL,1755155199),(20,24,2,1741042093,0,NULL,1755155199),(21,25,2,1741042093,0,NULL,1755155199),(22,26,2,1741042093,0,NULL,1755155199),(23,27,2,1741042093,0,NULL,1755155199),(24,28,2,1741042093,0,NULL,1755155199),(25,29,2,1741164746,0,NULL,1755155199),(26,30,2,1741734724,0,NULL,1755155199),(27,31,2,1741736544,0,NULL,1755155199),(28,32,2,1742029709,0,NULL,1755155199),(29,33,2,1742031906,0,NULL,1755155199),(30,34,2,1742241430,0,NULL,1755155199),(31,35,2,1743067677,0,NULL,1755155199),(32,37,2,1743758579,0,NULL,1755155199),(33,38,2,1743758580,0,NULL,1755155199),(34,39,2,1743758580,0,NULL,1755155199),(35,40,2,1743758580,0,NULL,1755155199),(36,41,2,1743758580,0,NULL,1755155199),(37,42,2,1743758580,0,NULL,1755155199),(38,43,2,1743758581,0,NULL,1755155199),(39,44,2,1743758581,0,NULL,1755155199),(40,45,2,1743758581,0,NULL,1755155199),(41,46,2,1743758581,0,NULL,1755155199),(42,47,2,1743758582,0,NULL,1755155199),(43,48,2,1743758582,0,NULL,1755155199),(44,49,2,1743758582,0,NULL,1755155199),(45,50,2,1743758582,0,NULL,1755155199),(46,51,2,1743758583,0,NULL,1755155199),(47,52,2,1743758583,0,NULL,1755155199),(48,53,2,1743758583,0,NULL,1755155199),(49,54,2,1743758583,0,NULL,1755155199),(50,55,2,1743758583,0,NULL,1755155199),(51,56,2,1743758583,0,NULL,1755155199),(52,57,2,1743758794,0,NULL,1755155199),(53,58,2,1743758681,0,NULL,1755155199),(54,59,2,1743758584,0,NULL,1755155199),(55,60,2,1743758584,0,NULL,1755155199),(56,61,2,1743758584,0,NULL,1755155199),(57,62,2,1743758584,0,NULL,1755155199),(58,63,2,1743758584,0,NULL,1755155199),(59,64,2,1743758584,0,NULL,1755155199),(60,65,2,1743758585,0,NULL,1755155199),(61,66,2,1743758585,0,NULL,1755155199),(62,67,2,1743758585,0,NULL,1755155199),(63,68,2,1743758585,0,NULL,1755155199),(64,69,2,1743759012,0,NULL,1755155199),(65,70,2,1743841265,0,NULL,1755155199),(66,71,2,1744742622,0,NULL,1755155199),(67,72,2,1745150975,0,NULL,1755155199),(68,76,2,1747993480,0,NULL,1755155199),(69,3,3,1730787504,0,NULL,1755155199),(70,5,3,1731012675,0,NULL,1755155199),(71,6,3,1734591295,0,NULL,1755155199),(72,8,3,1737484619,0,NULL,1755155199),(73,9,3,1741042260,0,NULL,1755155199),(74,10,3,1737906678,0,NULL,1755155199),(75,11,3,1741042261,0,NULL,1755155199),(76,12,3,1743067706,0,NULL,1755155199),(77,13,3,1738872416,0,NULL,1755155199),(78,14,3,1743067656,0,NULL,1755155199),(79,15,3,1738874453,0,NULL,1755155199),(80,16,3,1741042261,0,NULL,1755155199),(81,17,3,1739476928,0,NULL,1755155199),(82,18,3,1739873238,0,NULL,1755155199),(83,19,3,1740349789,0,NULL,1755155199),(84,20,3,1740472913,0,NULL,1755155199),(85,21,3,1741042260,0,NULL,1755155199),(86,22,3,1741042260,0,NULL,1755155199),(87,23,3,1741042260,0,NULL,1755155199),(88,24,3,1741042260,0,NULL,1755155199),(89,25,3,1741042260,0,NULL,1755155199),(90,26,3,1741042260,0,NULL,1755155199),(91,27,3,1741042260,0,NULL,1755155199),(92,28,3,1741042260,0,NULL,1755155199),(93,29,3,1741164952,0,NULL,1755155199),(94,30,3,1741734918,0,NULL,1755155199),(95,31,3,1741736544,0,NULL,1755155199),(96,32,3,1742029144,0,NULL,1755155199),(97,33,3,1742031906,0,NULL,1755155199),(98,34,3,1742241430,0,NULL,1755155199),(99,35,3,1743067677,0,NULL,1755155199),(100,36,3,1743187111,0,NULL,1755155199),(101,37,3,1743758579,0,NULL,1755155199),(102,38,3,1743758580,0,NULL,1755155199),(103,39,3,1743758580,0,NULL,1755155199),(104,40,3,1743758580,0,NULL,1755155199),(105,41,3,1743758580,0,NULL,1755155199),(106,42,3,1743758580,0,NULL,1755155199),(107,43,3,1743758581,0,NULL,1755155199),(108,44,3,1743758581,0,NULL,1755155199),(109,45,3,1743758581,0,NULL,1755155199),(110,46,3,1743758581,0,NULL,1755155199),(111,47,3,1743758582,0,NULL,1755155199),(112,48,3,1743758582,0,NULL,1755155199),(113,49,3,1743758582,0,NULL,1755155199),(114,50,3,1743758582,0,NULL,1755155199),(115,51,3,1743758583,0,NULL,1755155199),(116,52,3,1743758583,0,NULL,1755155199),(117,53,3,1743758583,0,NULL,1755155199),(118,54,3,1743758583,0,NULL,1755155199),(119,55,3,1743758583,0,NULL,1755155199),(120,56,3,1743758583,0,NULL,1755155199),(121,57,3,1743758794,0,NULL,1755155199),(122,58,3,1743758681,0,NULL,1755155199),(123,59,3,1743758584,0,NULL,1755155199),(124,60,3,1743758584,0,NULL,1755155199),(125,61,3,1743758584,0,NULL,1755155199),(126,62,3,1743758584,0,NULL,1755155199),(127,63,3,1743758584,0,NULL,1755155199),(128,64,3,1743758585,0,NULL,1755155199),(129,65,3,1743758585,0,NULL,1755155199),(130,66,3,1743758585,0,NULL,1755155199),(131,67,3,1743758585,0,NULL,1755155199),(132,68,3,1743758585,0,NULL,1755155199),(133,69,3,1743759012,0,NULL,1755155199),(134,70,3,1743841265,0,NULL,1755155199),(135,71,3,1744742622,0,NULL,1755155199),(136,72,3,1745150975,0,NULL,1755155199),(137,76,3,1747993480,0,NULL,1755155199),(138,3,4,1730788222,0,NULL,1755155199),(139,5,4,1741040288,0,NULL,1755155199),(140,6,4,1734591247,0,NULL,1755155199),(141,8,4,1736521710,0,NULL,1755155199),(142,9,4,1741040288,0,NULL,1755155199),(143,10,4,1737906693,0,NULL,1755155199),(144,11,4,1738870714,0,NULL,1755155199),(145,12,4,1738870717,0,NULL,1755155199),(146,13,4,1738874491,0,NULL,1755155199),(147,14,4,1743067656,0,NULL,1755155199),(148,15,4,1738874551,0,NULL,1755155199),(149,16,4,1741040287,0,NULL,1755155199),(150,17,4,1741040288,0,NULL,1755155199),(151,18,4,1739873179,0,NULL,1755155199),(152,19,4,1740349775,0,NULL,1755155199),(153,20,4,1740472906,0,NULL,1755155199),(154,21,4,1741040287,0,NULL,1755155199),(155,22,4,1741040287,0,NULL,1755155199),(156,23,4,1741040288,0,NULL,1755155199),(157,24,4,1741040288,0,NULL,1755155199),(158,25,4,1741040288,0,NULL,1755155199),(159,26,4,1741090476,0,NULL,1755155199),(160,27,4,1741090477,0,NULL,1755155199),(161,28,4,1741040288,0,NULL,1755155199),(162,29,4,1741164882,0,NULL,1755155199),(163,30,4,1741735018,0,NULL,1755155199),(164,31,4,1741736544,0,NULL,1755155199),(165,32,4,1742029709,0,NULL,1755155199),(166,33,4,1742031906,0,NULL,1755155199),(167,34,4,1742241430,0,NULL,1755155199),(168,35,4,1743067677,0,NULL,1755155199),(169,36,4,1748782654,0,NULL,1755155199),(170,37,4,1743758579,0,NULL,1755155199),(171,38,4,1743758580,0,NULL,1755155199),(172,39,4,1743758580,0,NULL,1755155199),(173,40,4,1743758580,0,NULL,1755155199),(174,41,4,1743758580,0,NULL,1755155199),(175,42,4,1743758581,0,NULL,1755155199),(176,43,4,1743758581,0,NULL,1755155199),(177,44,4,1743758581,0,NULL,1755155199),(178,45,4,1743758581,0,NULL,1755155199),(179,46,4,1743758582,0,NULL,1755155199),(180,47,4,1743758582,0,NULL,1755155199),(181,48,4,1743758582,0,NULL,1755155199),(182,49,4,1743758582,0,NULL,1755155199),(183,50,4,1743758582,0,NULL,1755155199),(184,51,4,1743758583,0,NULL,1755155199),(185,52,4,1743758583,0,NULL,1755155199),(186,53,4,1743758583,0,NULL,1755155199),(187,54,4,1743758583,0,NULL,1755155199),(188,55,4,1743758583,0,NULL,1755155199),(189,56,4,1743758583,0,NULL,1755155199),(190,57,4,1743758794,0,NULL,1755155199),(191,58,4,1743758681,0,NULL,1755155199),(192,59,4,1743758584,0,NULL,1755155199),(193,60,4,1743758584,0,NULL,1755155199),(194,61,4,1743758584,0,NULL,1755155199),(195,62,4,1743758584,0,NULL,1755155199),(196,63,4,1743758584,0,NULL,1755155199),(197,64,4,1743758585,0,NULL,1755155199),(198,65,4,1743758585,0,NULL,1755155199),(199,66,4,1743758585,0,NULL,1755155199),(200,67,4,1743758585,0,NULL,1755155199),(201,68,4,1743758585,0,NULL,1755155199),(202,69,4,1743759012,0,NULL,1755155199),(203,70,4,1743841265,0,NULL,1755155199),(204,71,4,1744742622,0,NULL,1755155199),(205,72,4,1745150975,0,NULL,1755155199),(206,76,4,1747993480,0,NULL,1755155199),(207,3,5,1741041375,0,NULL,1755155199),(208,5,5,1741041376,0,NULL,1755155199),(209,8,5,1737484587,0,NULL,1755155199),(210,9,5,1741041377,0,NULL,1755155199),(211,10,5,1737906689,0,NULL,1755155199),(212,11,5,1741041377,0,NULL,1755155199),(213,12,5,1739389294,0,NULL,1755155199),(214,13,5,1738925468,0,NULL,1755155199),(215,14,5,1743067656,0,NULL,1755155199),(216,15,5,1738874624,0,NULL,1755155199),(217,16,5,1739482414,0,NULL,1755155199),(218,17,5,1741041377,0,NULL,1755155199),(219,18,5,1739873203,0,NULL,1755155199),(220,19,5,1740349830,0,NULL,1755155199),(221,20,5,1740472908,0,NULL,1755155199),(222,21,5,1741041375,0,NULL,1755155199),(223,22,5,1741041375,0,NULL,1755155199),(224,23,5,1741041375,0,NULL,1755155199),(225,24,5,1741041375,0,NULL,1755155199),(226,25,5,1741041375,0,NULL,1755155199),(227,26,5,1741041375,0,NULL,1755155199),(228,27,5,1741041375,0,NULL,1755155199),(229,28,5,1741041375,0,NULL,1755155199),(230,29,5,1741165072,0,NULL,1755155199),(231,30,5,1741734952,0,NULL,1755155199),(232,31,5,1741736544,0,NULL,1755155199),(233,32,5,1742029709,0,NULL,1755155199),(234,33,5,1742031906,0,NULL,1755155199),(235,34,5,1742241430,0,NULL,1755155199),(236,35,5,1743067677,0,NULL,1755155199),(237,36,5,1748782706,0,NULL,1755155199),(238,37,5,1743758579,0,NULL,1755155199),(239,38,5,1743758580,0,NULL,1755155199),(240,39,5,1743758580,0,NULL,1755155199),(241,40,5,1743758580,0,NULL,1755155199),(242,41,5,1743758580,0,NULL,1755155199),(243,42,5,1743758580,0,NULL,1755155199),(244,43,5,1743758581,0,NULL,1755155199),(245,44,5,1743758581,0,NULL,1755155199),(246,45,5,1743758581,0,NULL,1755155199),(247,46,5,1743758581,0,NULL,1755155199),(248,47,5,1743758582,0,NULL,1755155199),(249,48,5,1743758582,0,NULL,1755155199),(250,49,5,1743758582,0,NULL,1755155199),(251,50,5,1743758582,0,NULL,1755155199),(252,51,5,1743758583,0,NULL,1755155199),(253,52,5,1743758583,0,NULL,1755155199),(254,53,5,1743758583,0,NULL,1755155199),(255,54,5,1743758583,0,NULL,1755155199),(256,55,5,1743758583,0,NULL,1755155199),(257,56,5,1743758583,0,NULL,1755155199),(258,57,5,1743758794,0,NULL,1755155199),(259,58,5,1743758681,0,NULL,1755155199),(260,59,5,1743758584,0,NULL,1755155199),(261,60,5,1743758584,0,NULL,1755155199),(262,61,5,1743758584,0,NULL,1755155199),(263,62,5,1743758584,0,NULL,1755155199),(264,63,5,1743758584,0,NULL,1755155199),(265,64,5,1743758585,0,NULL,1755155199),(266,65,5,1743758585,0,NULL,1755155199),(267,66,5,1743758585,0,NULL,1755155199),(268,67,5,1743758585,0,NULL,1755155199),(269,68,5,1743758585,0,NULL,1755155199),(270,69,5,1743759012,0,NULL,1755155199),(271,70,5,1743841265,0,NULL,1755155199),(272,71,5,1744742622,0,NULL,1755155199),(273,72,5,1745150975,0,NULL,1755155199),(274,76,5,1747993480,0,NULL,1755155199),(275,3,6,1730788235,0,NULL,1755155199),(276,5,6,1741042190,0,NULL,1755155199),(277,6,6,1734394388,0,NULL,1755155199),(278,8,6,1737484566,0,NULL,1755155199),(279,9,6,1736887787,0,NULL,1755155199),(280,10,6,1737906685,0,NULL,1755155199),(281,11,6,1738874626,0,NULL,1755155199),(282,12,6,1743067706,0,NULL,1755155199),(283,13,6,1738874222,0,NULL,1755155199),(284,14,6,1743067656,0,NULL,1755155199),(285,15,6,1738874648,0,NULL,1755155199),(286,16,6,1741042190,0,NULL,1755155199),(287,17,6,1741042190,0,NULL,1755155199),(288,18,6,1739873250,0,NULL,1755155199),(289,19,6,1740349811,0,NULL,1755155199),(290,20,6,1740472911,0,NULL,1755155199),(291,21,6,1741042189,0,NULL,1755155199),(292,22,6,1741042190,0,NULL,1755155199),(293,23,6,1741042190,0,NULL,1755155199),(294,24,6,1741042190,0,NULL,1755155199),(295,25,6,1741042190,0,NULL,1755155199),(296,26,6,1741042190,0,NULL,1755155199),(297,27,6,1741042190,0,NULL,1755155199),(298,28,6,1741042190,0,NULL,1755155199),(299,29,6,1741164919,0,NULL,1755155199),(300,30,6,1741734860,0,NULL,1755155199),(301,31,6,1741736544,0,NULL,1755155199),(302,32,6,1742029709,0,NULL,1755155199),(303,33,6,1742031906,0,NULL,1755155199),(304,34,6,1742241430,0,NULL,1755155199),(305,35,6,1743067677,0,NULL,1755155199),(306,36,6,1747952709,0,NULL,1755155199),(307,37,6,1743758579,0,NULL,1755155199),(308,38,6,1743758580,0,NULL,1755155199),(309,39,6,1743758580,0,NULL,1755155199),(310,40,6,1743758580,0,NULL,1755155199),(311,41,6,1743758580,0,NULL,1755155199),(312,42,6,1743758580,0,NULL,1755155199),(313,43,6,1743758581,0,NULL,1755155199),(314,44,6,1743758581,0,NULL,1755155199),(315,45,6,1743758581,0,NULL,1755155199),(316,46,6,1743758581,0,NULL,1755155199),(317,47,6,1743758582,0,NULL,1755155199),(318,48,6,1743758582,0,NULL,1755155199),(319,49,6,1743758582,0,NULL,1755155199),(320,50,6,1743758582,0,NULL,1755155199),(321,51,6,1743758583,0,NULL,1755155199),(322,52,6,1743758583,0,NULL,1755155199),(323,53,6,1743758583,0,NULL,1755155199),(324,54,6,1743758583,0,NULL,1755155199),(325,55,6,1743758583,0,NULL,1755155199),(326,56,6,1743758583,0,NULL,1755155199),(327,57,6,1743758794,0,NULL,1755155199),(328,58,6,1743758681,0,NULL,1755155199),(329,59,6,1743758584,0,NULL,1755155199),(330,60,6,1743758584,0,NULL,1755155199),(331,61,6,1743758584,0,NULL,1755155199),(332,62,6,1743758584,0,NULL,1755155199),(333,63,6,1743758584,0,NULL,1755155199),(334,64,6,1743758585,0,NULL,1755155199),(335,65,6,1743758585,0,NULL,1755155199),(336,66,6,1743758585,0,NULL,1755155199),(337,67,6,1743758585,0,NULL,1755155199),(338,68,6,1743758585,0,NULL,1755155199),(339,69,6,1743759012,0,NULL,1755155199),(340,70,6,1743841265,0,NULL,1755155199),(341,71,6,1744742622,0,NULL,1755155199),(342,72,6,1745150975,0,NULL,1755155199),(343,76,6,1747993480,0,NULL,1755155199),(344,3,7,1734277454,0,NULL,1755155199),(345,5,7,1743487763,0,NULL,1755155199),(346,6,7,1734381464,0,NULL,1755155199),(347,9,7,1743487764,0,NULL,1755155199),(348,11,7,1743487764,0,NULL,1755155199),(349,12,7,1743487764,0,NULL,1755155199),(350,13,7,1738870811,0,NULL,1755155199),(351,14,7,1743487765,0,NULL,1755155199),(352,15,7,1738874483,0,NULL,1755155199),(353,16,7,1739095602,0,NULL,1755155199),(354,17,7,1743487765,0,NULL,1755155199),(355,18,7,1743487761,0,NULL,1755155199),(356,20,7,1743487765,0,NULL,1755155199),(357,21,7,1743487763,0,NULL,1755155199),(358,22,7,1743487763,0,NULL,1755155199),(359,23,7,1743487763,0,NULL,1755155199),(360,24,7,1743487763,0,NULL,1755155199),(361,25,7,1743487763,0,NULL,1755155199),(362,26,7,1743487763,0,NULL,1755155199),(363,27,7,1743487763,0,NULL,1755155199),(364,28,7,1743487763,0,NULL,1755155199),(365,29,7,1743487763,0,NULL,1755155199),(366,30,7,1743487763,0,NULL,1755155199),(367,31,7,1743487765,0,NULL,1755155199),(368,32,7,1742029237,0,NULL,1755155199),(369,33,7,1743487765,0,NULL,1755155199),(370,34,7,1743487765,0,NULL,1755155199),(371,35,7,1743487765,0,NULL,1755155199),(372,36,7,1746553897,0,NULL,1755155199),(373,37,7,1743758579,0,NULL,1755155199),(374,38,7,1743758580,0,NULL,1755155199),(375,39,7,1743758580,0,NULL,1755155199),(376,40,7,1743758580,0,NULL,1755155199),(377,41,7,1743758580,0,NULL,1755155199),(378,42,7,1743758581,0,NULL,1755155199),(379,43,7,1743758581,0,NULL,1755155199),(380,44,7,1743758581,0,NULL,1755155199),(381,45,7,1743758581,0,NULL,1755155199),(382,46,7,1743758582,0,NULL,1755155199),(383,47,7,1743758582,0,NULL,1755155199),(384,48,7,1743758582,0,NULL,1755155199),(385,49,7,1743758582,0,NULL,1755155199),(386,50,7,1743758582,0,NULL,1755155199),(387,51,7,1743758583,0,NULL,1755155199),(388,52,7,1743758583,0,NULL,1755155199),(389,53,7,1743758583,0,NULL,1755155199),(390,54,7,1743758583,0,NULL,1755155199),(391,55,7,1743758583,0,NULL,1755155199),(392,56,7,1743758583,0,NULL,1755155199),(393,57,7,1743758794,0,NULL,1755155199),(394,58,7,1743758681,0,NULL,1755155199),(395,59,7,1743758584,0,NULL,1755155199),(396,60,7,1743758584,0,NULL,1755155199),(397,61,7,1743758584,0,NULL,1755155199),(398,62,7,1743758584,0,NULL,1755155199),(399,63,7,1743758584,0,NULL,1755155199),(400,64,7,1743758585,0,NULL,1755155199),(401,65,7,1743758585,0,NULL,1755155199),(402,66,7,1743758585,0,NULL,1755155199),(403,67,7,1743758585,0,NULL,1755155199),(404,68,7,1743758585,0,NULL,1755155199),(405,69,7,1743759012,0,NULL,1755155199),(406,70,7,1743841265,0,NULL,1755155199),(407,71,7,1744742622,0,NULL,1755155199),(408,72,7,1745150975,0,NULL,1755155199),(409,76,7,1747993480,0,NULL,1755155199),(410,3,8,1734506531,0,NULL,1755155199),(411,5,8,1741042026,0,NULL,1755155199),(412,6,8,1734591195,0,NULL,1755155199),(413,8,8,1737484533,0,NULL,1755155199),(414,9,8,1741042027,0,NULL,1755155199),(415,10,8,1737906630,0,NULL,1755155199),(416,11,8,1741042027,0,NULL,1755155199),(417,12,8,1743067706,0,NULL,1755155199),(418,13,8,1738870576,0,NULL,1755155199),(419,14,8,1743067656,0,NULL,1755155199),(420,15,8,1738874099,0,NULL,1755155199),(421,16,8,1738881534,0,NULL,1755155199),(422,17,8,1741042027,0,NULL,1755155200),(423,18,8,1739873220,0,NULL,1755155200),(424,19,8,1740349762,0,NULL,1755155200),(425,20,8,1740472900,0,NULL,1755155200),(426,21,8,1741042028,0,NULL,1755155200),(427,22,8,1741042028,0,NULL,1755155200),(428,23,8,1741042028,0,NULL,1755155200),(429,24,8,1741042028,0,NULL,1755155200),(430,25,8,1741042028,0,NULL,1755155200),(431,26,8,1741042028,0,NULL,1755155200),(432,27,8,1741042028,0,NULL,1755155200),(433,28,8,1741042028,0,NULL,1755155200),(434,29,8,1741164833,0,NULL,1755155200),(435,30,8,1741734984,0,NULL,1755155200),(436,31,8,1741736544,0,NULL,1755155200),(437,32,8,1742029709,0,NULL,1755155200),(438,33,8,1742031906,0,NULL,1755155200),(439,34,8,1742241430,0,NULL,1755155200),(440,35,8,1743067677,0,NULL,1755155200),(441,36,8,1743186888,0,NULL,1755155200),(442,37,8,1743758579,0,NULL,1755155200),(443,38,8,1743758580,0,NULL,1755155200),(444,39,8,1743758580,0,NULL,1755155200),(445,40,8,1743758580,0,NULL,1755155200),(446,41,8,1743758580,0,NULL,1755155200),(447,42,8,1743758581,0,NULL,1755155200),(448,43,8,1743758581,0,NULL,1755155200),(449,44,8,1743758581,0,NULL,1755155200),(450,45,8,1743758581,0,NULL,1755155200),(451,46,8,1743758581,0,NULL,1755155200),(452,47,8,1743758582,0,NULL,1755155200),(453,48,8,1743758582,0,NULL,1755155200),(454,49,8,1743758582,0,NULL,1755155200),(455,50,8,1743758582,0,NULL,1755155200),(456,51,8,1743758583,0,NULL,1755155200),(457,52,8,1743758583,0,NULL,1755155200),(458,53,8,1743758583,0,NULL,1755155200),(459,54,8,1743758583,0,NULL,1755155200),(460,55,8,1743758583,0,NULL,1755155200),(461,56,8,1743758583,0,NULL,1755155200),(462,57,8,1743758794,0,NULL,1755155200),(463,58,8,1743758681,0,NULL,1755155200),(464,59,8,1743758584,0,NULL,1755155200),(465,60,8,1743758584,0,NULL,1755155200),(466,61,8,1743758584,0,NULL,1755155200),(467,62,8,1743758584,0,NULL,1755155200),(468,63,8,1743758584,0,NULL,1755155200),(469,64,8,1743758585,0,NULL,1755155200),(470,65,8,1743758585,0,NULL,1755155200),(471,66,8,1743758585,0,NULL,1755155200),(472,67,8,1743758585,0,NULL,1755155200),(473,68,8,1743758585,0,NULL,1755155200),(474,69,8,1743759012,0,NULL,1755155200),(475,70,8,1743841265,0,NULL,1755155200),(476,71,8,1744742622,0,NULL,1755155200),(477,72,8,1745150975,0,NULL,1755155200),(478,76,8,1747993480,0,NULL,1755155200),(479,3,10,1750053004,0,NULL,1755155200),(480,5,10,1750053004,0,NULL,1755155200),(481,9,10,1750053005,0,NULL,1755155200),(482,11,10,1750053005,0,NULL,1755155200),(483,12,10,1750053005,0,NULL,1755155200),(484,13,10,1750053005,0,NULL,1755155200),(485,14,10,1750053005,0,NULL,1755155200),(486,15,10,1750053005,0,NULL,1755155200),(487,16,10,1750053005,0,NULL,1755155200),(488,17,10,1750053005,0,NULL,1755155200),(489,18,10,1750053001,0,NULL,1755155200),(490,20,10,1750053005,0,NULL,1755155200),(491,21,10,1750053002,0,NULL,1755155200),(492,22,10,1750053002,0,NULL,1755155200),(493,23,10,1750053002,0,NULL,1755155200),(494,24,10,1750053002,0,NULL,1755155200),(495,25,10,1750053002,0,NULL,1755155200),(496,26,10,1750053002,0,NULL,1755155200),(497,27,10,1750053002,0,NULL,1755155200),(498,28,10,1750053002,0,NULL,1755155200),(499,29,10,1750053002,0,NULL,1755155200),(500,30,10,1750053002,0,NULL,1755155200),(501,31,10,1750053006,0,NULL,1755155200),(502,32,10,1750053006,0,NULL,1755155200),(503,33,10,1750053006,0,NULL,1755155200),(504,34,10,1750053006,0,NULL,1755155200),(505,35,10,1750053006,0,NULL,1755155200),(506,37,10,1750053002,0,NULL,1755155200),(507,38,10,1750053002,0,NULL,1755155200),(508,39,10,1750053002,0,NULL,1755155200),(509,40,10,1750053002,0,NULL,1755155200),(510,41,10,1750053002,0,NULL,1755155200),(511,42,10,1750053002,0,NULL,1755155200),(512,43,10,1750053002,0,NULL,1755155200),(513,44,10,1750053002,0,NULL,1755155200),(514,45,10,1750053002,0,NULL,1755155200),(515,46,10,1750053002,0,NULL,1755155200),(516,47,10,1750053003,0,NULL,1755155200),(517,48,10,1750053003,0,NULL,1755155200),(518,49,10,1750053003,0,NULL,1755155200),(519,50,10,1750053003,0,NULL,1755155200),(520,51,10,1750053003,0,NULL,1755155200),(521,52,10,1750053003,0,NULL,1755155200),(522,53,10,1750053003,0,NULL,1755155200),(523,54,10,1750053003,0,NULL,1755155200),(524,55,10,1750053003,0,NULL,1755155200),(525,56,10,1750053003,0,NULL,1755155200),(526,57,10,1750053003,0,NULL,1755155200),(527,58,10,1750053003,0,NULL,1755155200),(528,59,10,1750053003,0,NULL,1755155200),(529,60,10,1750053003,0,NULL,1755155200),(530,61,10,1750053003,0,NULL,1755155200),(531,62,10,1750053003,0,NULL,1755155200),(532,63,10,1750053003,0,NULL,1755155200),(533,64,10,1750053003,0,NULL,1755155200),(534,65,10,1750053003,0,NULL,1755155200),(535,66,10,1750053003,0,NULL,1755155200),(536,67,10,1750053003,0,NULL,1755155200),(537,68,10,1750053003,0,NULL,1755155200),(538,69,10,1750053003,0,NULL,1755155200),(539,70,10,1750053006,0,NULL,1755155200),(540,71,10,1750053006,0,NULL,1755155200),(541,72,10,1750053006,0,NULL,1755155200),(542,76,10,1750053006,0,NULL,1755155200);

--
-- Table structure for table `mdl_course_format_options`
--

CREATE TABLE `mdl_course_format_options` (
  `id` bigint NOT NULL AUTO_INCREMENT,
  `courseid` bigint NOT NULL,
  `format` varchar(21) CHARACTER SET utf8mb4 COLLATE utf8mb4_0900_ai_ci NOT NULL DEFAULT '',
  `sectionid` bigint NOT NULL DEFAULT '0',
  `name` varchar(100) CHARACTER SET utf8mb4 COLLATE utf8mb4_0900_ai_ci NOT NULL DEFAULT '',
  `value` longtext CHARACTER SET utf8mb4 COLLATE utf8mb4_0900_ai_ci,
  PRIMARY KEY (`id`),
  UNIQUE KEY `mdl_courformopti_couforsec_uix` (`courseid`,`format`,`sectionid`,`name`),
  KEY `mdl_courformopti_cou_ix` (`courseid`)
) ENGINE=InnoDB AUTO_INCREMENT=114 DEFAULT CHARSET=utf8mb4 COLLATE=utf8mb4_0900_ai_ci ROW_FORMAT=COMPRESSED COMMENT='Stores format-specific options for the course or course sect';

--
-- Dumping data for table `mdl_course_format_options`
--

INSERT INTO `mdl_course_format_options` VALUES (1,1,'site',0,'numsections','1'),(29,4,'tiles',0,'hiddensections','0'),(30,4,'tiles',0,'coursedisplay','1'),(31,4,'tiles',0,'defaulttileicon','pie-chart'),(32,4,'tiles',0,'basecolour','#1670CC'),(33,4,'tiles',0,'courseusesubtiles','0'),(34,4,'tiles',0,'usesubtilesseczero','0'),(35,4,'tiles',0,'courseshowtileprogress','2'),(36,4,'tiles',0,'displayfilterbar','0'),(37,4,'tiles',0,'courseusebarforheadings','1'),(38,6,'tiles',0,'hiddensections','1'),(39,6,'tiles',0,'coursedisplay','1'),(40,6,'tiles',0,'defaulttileicon','pie-chart'),(41,6,'tiles',0,'basecolour','#1670CC'),(42,6,'tiles',0,'courseusesubtiles','0'),(43,6,'tiles',0,'usesubtilesseczero','0'),(44,6,'tiles',0,'courseshowtileprogress','2'),(45,6,'tiles',0,'displayfilterbar','0'),(46,6,'tiles',0,'courseusebarforheadings','1'),(47,2,'tiles',0,'hiddensections','1'),(48,2,'tiles',0,'coursedisplay','0'),(49,2,'tiles',0,'defaulttileicon','pie-chart'),(50,2,'tiles',0,'basecolour','#1670CC'),(51,2,'tiles',0,'courseusesubtiles','0'),(52,2,'tiles',0,'usesubtilesseczero','0'),(53,2,'tiles',0,'courseshowtileprogress','2'),(54,2,'tiles',0,'displayfilterbar','1'),(55,2,'tiles',0,'courseusebarforheadings','1'),(56,3,'tiles',0,'hiddensections','1'),(57,3,'tiles',0,'coursedisplay','1'),(58,3,'tiles',0,'defaulttileicon','pie-chart'),(59,3,'tiles',0,'basecolour','#1670CC'),(60,3,'tiles',0,'courseusesubtiles','0'),(61,3,'tiles',0,'usesubtilesseczero','0'),(62,3,'tiles',0,'courseshowtileprogress','2'),(63,3,'tiles',0,'displayfilterbar','0'),(64,3,'tiles',0,'courseusebarforheadings','1'),(65,5,'tiles',0,'hiddensections','1'),(66,5,'tiles',0,'coursedisplay','0'),(67,5,'tiles',0,'defaulttileicon','pie-chart'),(68,5,'tiles',0,'basecolour','#1670CC'),(69,5,'tiles',0,'courseusesubtiles','0'),(70,5,'tiles',0,'usesubtilesseczero','0'),(71,5,'tiles',0,'courseshowtileprogress','2'),(72,5,'tiles',0,'displayfilterbar','0'),(73,5,'tiles',0,'courseusebarforheadings','1'),(74,8,'tiles',0,'hiddensections','1'),(75,8,'tiles',0,'coursedisplay','1'),(76,8,'tiles',0,'defaulttileicon','pie-chart'),(77,8,'tiles',0,'basecolour','#1670CC'),(78,8,'tiles',0,'courseusesubtiles','0'),(79,8,'tiles',0,'usesubtilesseczero','0'),(80,8,'tiles',0,'courseshowtileprogress','0'),(81,8,'tiles',0,'displayfilterbar','0'),(82,8,'tiles',0,'courseusebarforheadings','1'),(83,7,'tiles',0,'hiddensections','1'),(84,7,'tiles',0,'coursedisplay','0'),(85,7,'tiles',0,'defaulttileicon','pie-chart'),(86,7,'tiles',0,'basecolour','#1670CC'),(87,7,'tiles',0,'courseusesubtiles','0'),(88,7,'tiles',0,'usesubtilesseczero','0'),(89,7,'tiles',0,'courseshowtileprogress','2'),(90,7,'tiles',0,'displayfilterbar','0'),(91,7,'tiles',0,'courseusebarforheadings','1'),(94,10,'tiles',0,'hiddensections','1'),(95,10,'tiles',0,'coursedisplay','1'),(96,10,'tiles',0,'defaulttileicon','pie-chart'),(97,10,'tiles',0,'basecolour','#1670CC'),(98,10,'tiles',0,'courseusesubtiles','0'),(99,10,'tiles',0,'usesubtilesseczero','0'),(100,10,'tiles',0,'courseshowtileprogress','0'),(101,10,'tiles',0,'displayfilterbar','0'),(102,10,'tiles',0,'courseusebarforheadings','1'),(103,11,'tiles',0,'hiddensections','1'),(104,11,'tiles',0,'coursedisplay','0'),(105,11,'tiles',0,'defaulttileicon','pie-chart'),(106,11,'tiles',0,'basecolour','#1670CC'),(107,11,'tiles',0,'courseusesubtiles','0'),(108,11,'tiles',0,'usesubtilesseczero','0'),(109,11,'tiles',0,'courseshowtileprogress','2'),(110,11,'tiles',0,'displayfilterbar','0'),(111,11,'tiles',0,'courseusebarforheadings','1'),(112,12,'topics',0,'hiddensections','1'),(113,12,'topics',0,'coursedisplay','0');

--
-- Table structure for table `mdl_course_modules`
--

CREATE TABLE `mdl_course_modules` (
  `id` bigint NOT NULL AUTO_INCREMENT,
  `course` bigint NOT NULL DEFAULT '0',
  `module` bigint NOT NULL DEFAULT '0',
  `instance` bigint NOT NULL DEFAULT '0',
  `section` bigint NOT NULL DEFAULT '0',
  `idnumber` varchar(100) CHARACTER SET utf8mb4 COLLATE utf8mb4_0900_ai_ci DEFAULT NULL,
  `added` bigint NOT NULL DEFAULT '0',
  `score` smallint NOT NULL DEFAULT '0',
  `indent` mediumint NOT NULL DEFAULT '0',
  `visible` tinyint(1) NOT NULL DEFAULT '1',
  `visibleoncoursepage` tinyint(1) NOT NULL DEFAULT '1',
  `visibleold` tinyint(1) NOT NULL DEFAULT '1',
  `groupmode` smallint NOT NULL DEFAULT '0',
  `groupingid` bigint NOT NULL DEFAULT '0',
  `completion` tinyint(1) NOT NULL DEFAULT '0',
  `completiongradeitemnumber` bigint DEFAULT NULL,
  `completionview` tinyint(1) NOT NULL DEFAULT '0',
  `completionexpected` bigint NOT NULL DEFAULT '0',
  `completionpassgrade` tinyint(1) NOT NULL DEFAULT '0',
  `showdescription` tinyint(1) NOT NULL DEFAULT '0',
  `availability` longtext CHARACTER SET utf8mb4 COLLATE utf8mb4_0900_ai_ci,
  `deletioninprogress` tinyint(1) NOT NULL DEFAULT '0',
  `downloadcontent` tinyint(1) DEFAULT '1',
  `lang` varchar(30) CHARACTER SET utf8mb4 COLLATE utf8mb4_0900_ai_ci DEFAULT NULL,
  PRIMARY KEY (`id`),
  KEY `mdl_courmodu_vis_ix` (`visible`),
  KEY `mdl_courmodu_cou_ix` (`course`),
  KEY `mdl_courmodu_mod_ix` (`module`),
  KEY `mdl_courmodu_ins_ix` (`instance`),
  KEY `mdl_courmodu_idncou_ix` (`idnumber`,`course`),
  KEY `mdl_courmodu_gro_ix` (`groupingid`)
) ENGINE=InnoDB AUTO_INCREMENT=392 DEFAULT CHARSET=utf8mb4 COLLATE=utf8mb4_0900_ai_ci ROW_FORMAT=COMPRESSED COMMENT='course_modules table retrofitted from MySQL';

--
-- Dumping data for table `mdl_course_modules`
--

INSERT INTO `mdl_course_modules` VALUES (6,3,24,1,7,'',1730591945,0,0,1,1,1,0,0,0,NULL,0,0,0,0,NULL,1,1,''),(10,2,24,3,2,'',1730663723,0,0,1,1,1,0,0,0,NULL,0,0,0,0,NULL,1,1,''),(15,1,9,6,30,NULL,1730960280,0,0,1,1,1,0,0,0,NULL,0,0,0,0,NULL,0,1,''),(37,1,13,2,1,'',1734265971,0,1,1,1,1,0,0,0,NULL,0,0,0,1,NULL,0,1,''),(39,7,17,20,31,'',1734269127,0,0,1,1,1,0,0,1,NULL,0,1734593340,0,0,NULL,0,1,''),(42,7,29,1,31,'',1734274196,0,0,1,1,1,0,0,0,NULL,0,0,0,0,NULL,1,1,''),(43,7,13,4,32,'',1734274683,0,0,1,1,1,0,0,1,NULL,0,0,0,1,NULL,0,1,''),(44,7,13,5,32,'',1734275011,0,0,1,1,1,0,0,1,NULL,0,0,0,1,NULL,0,1,''),(45,7,13,6,36,'',1734275826,0,0,1,1,1,0,0,1,NULL,0,0,0,1,NULL,0,1,''),(46,7,13,7,32,'',1734276536,0,0,1,1,1,0,0,1,NULL,0,0,0,1,NULL,0,1,''),(47,1,29,2,1,'',1734294080,0,0,1,1,1,0,0,0,NULL,0,0,0,0,NULL,1,1,''),(48,1,26,1,1,'',1734294770,0,0,1,1,1,0,0,0,NULL,0,0,0,0,NULL,1,1,''),(50,7,17,23,37,'',1734417164,0,0,1,1,1,0,0,1,NULL,0,0,0,0,NULL,0,1,''),(51,7,13,8,38,'',1734417756,0,0,1,1,1,0,0,0,NULL,0,0,0,1,NULL,0,1,''),(52,7,17,24,32,'',1734418065,0,0,1,1,1,0,0,1,NULL,0,0,0,0,NULL,0,1,''),(56,8,13,9,39,'',1734468924,0,0,1,1,1,0,0,0,NULL,0,0,0,1,NULL,0,1,''),(58,8,17,27,40,'',1734469220,0,0,1,1,1,0,0,1,NULL,0,0,0,0,NULL,0,1,''),(59,8,17,28,40,'',1734469442,0,0,1,1,1,0,0,2,0,0,0,0,0,NULL,0,1,''),(60,8,17,29,40,'',1734469630,0,0,1,1,1,0,0,2,0,0,0,0,0,NULL,0,1,''),(61,8,17,30,40,'',1734469833,0,0,1,1,1,0,0,2,0,0,0,0,0,NULL,0,1,''),(62,8,17,31,40,'',1734470000,0,0,1,1,1,0,0,2,0,0,0,0,0,NULL,0,1,''),(63,8,17,32,40,'',1734471460,0,0,1,1,1,0,0,2,0,0,0,0,0,NULL,0,1,''),(64,8,18,4,39,'',1734473740,0,0,1,1,1,0,0,0,NULL,0,0,0,0,NULL,0,1,''),(65,8,18,5,39,'',1734474195,0,0,1,1,1,0,0,0,NULL,0,0,0,0,NULL,0,1,''),(68,8,13,12,45,'',1734477110,0,0,1,1,1,0,0,0,NULL,0,0,0,1,NULL,0,1,''),(70,5,13,13,46,'',1734504960,0,0,1,1,1,0,0,0,NULL,0,0,0,1,NULL,0,1,''),(72,3,28,1,7,'',1734512496,0,0,1,1,1,0,0,0,NULL,0,0,0,0,NULL,1,1,''),(74,8,13,14,40,'',1734588915,0,0,1,1,1,0,0,0,NULL,0,0,0,1,NULL,0,1,''),(75,8,13,15,45,'',1734598044,0,0,1,1,1,0,0,0,NULL,0,0,0,1,NULL,0,1,''),(76,7,13,16,32,'',1735123397,0,0,1,1,1,0,0,0,NULL,0,0,0,1,NULL,0,1,''),(77,7,17,33,32,'',1735124096,0,0,1,1,1,0,0,1,NULL,0,0,0,0,NULL,0,1,''),(79,2,17,34,47,'',1735426169,0,0,0,1,0,0,0,1,NULL,0,0,0,0,NULL,0,1,''),(80,2,17,35,47,'',1735426367,0,0,1,1,1,0,0,1,NULL,0,0,0,0,NULL,0,1,''),(99,4,13,20,12,'',1735990226,0,0,1,1,1,0,0,0,NULL,0,0,0,1,NULL,0,1,''),(101,4,17,45,28,'',1735990541,0,0,1,1,1,0,0,1,NULL,0,0,0,0,NULL,0,1,''),(102,4,17,46,28,'',1735990553,0,0,1,1,1,0,0,1,NULL,0,0,0,0,NULL,0,1,''),(103,4,17,47,28,'',1735990570,0,0,1,1,1,0,0,1,NULL,0,0,0,0,NULL,0,1,''),(111,4,13,27,14,'',1736085374,0,0,1,1,1,0,0,1,NULL,0,0,0,1,NULL,0,1,''),(113,4,13,28,15,'',1736105786,0,0,1,1,1,0,0,1,NULL,0,0,0,1,NULL,0,1,''),(118,4,13,29,16,'',1736110784,0,0,1,1,1,0,0,1,NULL,0,0,0,1,NULL,0,1,''),(121,8,17,53,81,'',1736112806,0,0,1,1,1,0,0,1,NULL,0,0,0,0,NULL,0,1,''),(124,4,13,34,13,'',1736187724,0,0,1,1,1,0,0,1,NULL,0,0,0,1,NULL,0,1,''),(125,4,13,35,13,'',1736187757,0,0,1,1,1,0,0,1,NULL,0,0,0,1,NULL,0,1,''),(126,4,13,36,13,'',1736187788,0,0,1,1,1,0,0,1,NULL,0,0,0,1,NULL,0,1,''),(134,4,13,44,14,'',1736085374,0,0,1,1,1,0,0,1,NULL,0,0,0,1,NULL,0,1,''),(135,4,13,45,14,'',1736085374,0,0,1,1,1,0,0,1,NULL,0,0,0,1,NULL,0,1,''),(136,4,13,46,14,'',1736085374,0,0,1,1,1,0,0,1,NULL,0,0,0,1,NULL,0,1,''),(137,4,13,47,15,'',1736105786,0,0,1,1,1,0,0,1,NULL,0,0,0,1,NULL,0,1,''),(138,4,13,48,15,'',1736105786,0,0,1,1,1,0,0,1,NULL,0,0,0,1,NULL,0,1,''),(139,4,13,49,15,'',1736105786,0,0,1,1,1,0,0,1,NULL,0,0,0,1,NULL,0,1,''),(140,4,13,50,16,'',1736110784,0,0,1,1,1,0,0,1,NULL,0,0,0,1,NULL,0,1,''),(141,4,13,51,16,'',1736110784,0,0,1,1,1,0,0,1,NULL,0,0,0,1,NULL,0,1,''),(142,4,17,54,28,'',1736323392,0,0,1,1,1,0,0,1,NULL,0,0,0,0,NULL,0,1,''),(147,4,13,53,58,'',1736434440,0,0,1,1,1,0,0,1,NULL,0,0,0,1,NULL,0,1,''),(148,4,13,54,58,'',1736434440,0,0,1,1,1,0,0,1,NULL,0,0,0,1,NULL,0,1,''),(149,4,13,55,58,'',1736434440,0,0,1,1,1,0,0,1,NULL,0,0,0,1,NULL,0,1,''),(150,4,13,56,58,'',1736434440,0,0,1,1,1,0,0,1,NULL,0,0,0,1,NULL,0,1,''),(151,4,13,57,58,'',1736434440,0,0,1,1,1,0,0,1,NULL,0,0,0,1,NULL,0,1,''),(152,4,13,58,59,'',1736525824,0,0,1,1,1,0,0,0,NULL,0,0,0,1,NULL,0,1,''),(153,2,13,59,3,'',1736677796,0,0,1,1,1,0,0,1,NULL,0,0,0,1,NULL,0,1,''),(154,2,13,60,3,'',1736703700,0,0,1,1,1,0,0,1,NULL,0,0,0,1,NULL,0,1,''),(155,2,13,61,3,'',1736705442,0,0,1,1,1,0,0,1,NULL,0,0,0,1,NULL,0,1,''),(156,2,13,62,4,'',1736706478,0,0,1,1,1,0,0,1,NULL,0,0,0,1,NULL,0,1,''),(157,2,13,63,4,'',1736708439,0,0,1,1,1,0,0,1,NULL,0,0,0,1,NULL,0,1,''),(158,2,13,64,4,'',1736776034,0,0,1,1,1,0,0,1,NULL,0,0,0,1,NULL,0,1,''),(159,2,13,65,4,'',1736777134,0,0,1,1,1,0,0,1,NULL,0,0,0,1,NULL,0,1,''),(160,2,13,66,5,'',1736777253,0,0,1,1,1,0,0,1,NULL,0,0,0,1,NULL,0,1,''),(161,2,13,67,5,'',1736784221,0,0,1,1,1,0,0,1,NULL,0,0,0,1,NULL,0,1,''),(162,2,13,68,6,'',1736785035,0,0,1,1,1,0,0,1,NULL,0,0,0,1,NULL,0,1,''),(163,2,13,69,6,'',1736785989,0,0,1,1,1,0,0,1,NULL,0,0,0,1,NULL,0,1,''),(165,2,17,57,47,'',1736788070,0,0,1,1,1,0,0,1,NULL,0,0,0,0,NULL,0,1,''),(166,2,17,58,47,'',1736788234,0,0,1,1,1,0,0,1,NULL,0,0,0,0,NULL,0,1,''),(167,2,17,59,47,'',1736788590,0,0,1,1,1,0,0,1,NULL,0,0,0,0,NULL,0,1,''),(168,2,13,71,2,'',1736855071,0,0,1,1,1,0,0,0,NULL,0,0,0,1,NULL,0,1,''),(175,2,13,77,57,'',1736867076,0,0,1,1,1,0,0,0,NULL,0,0,0,1,NULL,0,1,''),(178,3,13,79,8,'',1736919349,0,0,1,1,1,0,0,1,NULL,0,0,0,1,NULL,0,1,''),(182,3,13,83,8,'',1736925376,0,0,1,1,1,0,0,1,NULL,0,0,0,1,NULL,0,1,''),(183,2,33,1,47,'',1737109882,0,0,1,1,1,0,0,0,NULL,0,0,0,0,'{\"op\":\"&\",\"c\":[{\"type\":\"completion\",\"cm\":79,\"e\":2}],\"showc\":[true]}',1,1,''),(185,3,13,84,8,'',1737119754,0,0,1,1,1,0,0,1,NULL,0,0,0,1,NULL,0,1,''),(186,3,13,85,8,'',1737120448,0,0,1,1,1,0,0,1,NULL,0,0,0,1,NULL,0,1,''),(187,3,13,86,9,'',1737121281,0,0,1,1,1,0,0,1,NULL,0,0,0,1,NULL,0,1,''),(188,3,13,87,9,'',1737121489,0,0,1,1,1,0,0,1,NULL,0,0,0,1,NULL,0,1,''),(189,3,13,88,9,'',1737121794,0,0,1,1,1,0,0,1,NULL,0,0,0,1,NULL,0,1,''),(190,3,13,89,9,'',1737227867,0,0,1,1,1,0,0,1,NULL,0,0,0,1,NULL,0,1,''),(191,3,13,90,10,'',1737229727,0,0,1,1,1,0,0,1,NULL,0,0,0,1,NULL,0,1,''),(192,3,13,91,10,'',1737230122,0,0,1,1,1,0,0,1,NULL,0,0,0,1,NULL,0,1,''),(193,3,13,92,10,'',1737230686,0,0,1,1,1,0,0,1,NULL,0,0,0,1,NULL,0,1,''),(194,3,13,93,10,'',1737231130,0,0,1,1,1,0,0,1,NULL,0,0,0,1,NULL,0,1,''),(195,3,13,94,11,'',1737232591,0,0,1,1,1,0,0,1,NULL,0,0,0,1,NULL,0,1,''),(196,3,13,95,11,'',1737237017,0,0,1,1,1,0,0,1,NULL,0,0,0,1,NULL,0,1,''),(197,3,13,96,11,'',1737237172,0,0,1,1,1,0,0,1,NULL,0,0,0,1,NULL,0,1,''),(198,3,13,97,61,'',1737237534,0,0,1,1,1,0,0,1,NULL,0,0,0,1,NULL,0,1,''),(199,5,13,98,18,'',1737237786,0,0,1,1,1,0,0,1,NULL,0,0,0,1,NULL,0,1,''),(201,3,17,62,67,'',1737238584,0,0,0,1,0,0,0,0,NULL,0,0,0,0,NULL,0,1,''),(203,3,13,100,7,'',1737239581,0,0,1,1,1,0,0,0,NULL,0,0,0,1,NULL,0,1,''),(204,5,13,101,17,'',1737280424,0,0,1,1,1,0,0,0,NULL,0,0,0,1,NULL,0,1,''),(205,5,17,64,69,'',1737285162,0,0,1,1,1,0,0,1,NULL,0,0,0,0,NULL,0,1,''),(207,5,13,102,18,'',1737286812,0,0,1,1,1,0,0,1,NULL,0,0,0,1,NULL,0,1,''),(208,5,13,103,18,'',1737287382,0,0,1,1,1,0,0,1,NULL,0,0,0,1,NULL,0,1,''),(209,5,13,104,18,'',1737289040,0,0,1,1,1,0,0,1,NULL,0,0,0,1,NULL,0,1,''),(210,5,13,105,19,'',1737289373,0,0,1,1,1,0,0,1,NULL,0,0,0,1,NULL,0,1,''),(211,5,13,106,19,'',1737328984,0,0,1,1,1,0,0,1,NULL,0,0,0,1,NULL,0,1,''),(212,5,13,107,19,'',1737329294,0,0,1,1,1,0,0,1,NULL,0,0,0,1,NULL,0,1,''),(213,5,13,108,20,'',1737329891,0,0,1,1,1,0,0,1,NULL,0,0,0,1,NULL,0,1,''),(214,5,13,109,20,'',1737330722,0,0,1,1,1,0,0,1,NULL,0,0,0,1,NULL,0,1,''),(215,5,13,110,20,'',1737331188,0,0,1,1,1,0,0,1,NULL,0,0,0,1,NULL,0,1,''),(216,5,13,111,20,'',1737331727,0,0,1,1,1,0,0,1,NULL,0,0,0,1,NULL,0,1,''),(217,5,13,112,64,'',1737331947,0,0,1,1,1,0,0,1,NULL,0,0,0,1,NULL,0,1,''),(218,5,13,113,64,'',1737353609,0,0,1,1,1,0,0,1,NULL,0,0,0,1,NULL,0,1,''),(219,5,13,114,65,'',1737353910,0,0,1,1,1,0,0,1,NULL,0,0,0,1,NULL,0,1,''),(220,6,13,115,23,'',1737354006,0,0,1,1,1,0,0,1,NULL,0,0,0,1,NULL,0,1,''),(223,6,13,116,22,'',1737408854,0,0,1,1,1,0,0,0,NULL,0,0,0,1,NULL,0,1,''),(224,6,13,117,23,'',1737410722,0,0,1,1,1,0,0,1,NULL,0,0,0,1,NULL,0,1,''),(225,6,13,118,23,'',1737412338,0,0,1,1,1,0,0,1,NULL,0,0,0,1,NULL,0,1,''),(226,6,13,119,23,'',1737412896,0,0,1,1,1,0,0,1,NULL,0,0,0,1,NULL,0,1,''),(227,6,13,120,24,'',1737413503,0,0,1,1,1,0,0,1,NULL,0,0,0,1,NULL,0,1,''),(228,6,13,121,24,'',1737414272,0,0,1,1,1,0,0,1,NULL,0,0,0,1,NULL,0,1,''),(229,6,13,122,24,'',1737414750,0,0,1,1,1,0,0,1,NULL,0,0,0,1,NULL,0,1,''),(230,6,13,123,25,'',1737414910,0,0,1,1,1,0,0,1,NULL,0,0,0,1,NULL,0,1,''),(231,6,13,124,25,'',1737415140,0,0,1,1,1,0,0,1,NULL,0,0,0,1,NULL,0,1,''),(232,6,13,125,25,'',1737415450,0,0,1,1,1,0,0,1,NULL,0,0,0,1,NULL,0,1,''),(233,6,13,126,25,'',1737415827,0,0,1,1,1,0,0,1,NULL,0,0,0,1,NULL,0,1,''),(234,6,13,127,26,'',1737415936,0,0,1,1,1,0,0,1,NULL,0,0,0,1,NULL,0,1,''),(235,6,13,128,26,'',1737416111,0,0,1,1,1,0,0,1,NULL,0,0,0,1,NULL,0,1,''),(236,6,13,129,26,'',1737416514,0,0,1,1,1,0,0,1,NULL,0,0,0,1,NULL,0,1,''),(237,6,17,68,71,'',1737416732,0,0,0,1,0,2,0,1,NULL,0,0,0,0,NULL,0,1,''),(238,4,17,69,28,'',1737497345,0,0,0,1,0,0,0,1,NULL,0,0,0,0,NULL,0,1,''),(240,4,17,71,59,'',1737500472,0,0,1,1,1,0,0,1,NULL,0,0,0,0,NULL,0,1,''),(241,2,17,72,57,'',1737501461,0,0,1,1,1,0,0,1,NULL,0,0,0,0,NULL,0,1,''),(242,5,17,73,69,'',1737501640,0,0,0,1,0,0,0,1,NULL,0,0,0,0,NULL,0,1,''),(243,5,17,74,70,'',1737501888,0,0,1,1,1,0,0,1,NULL,0,0,0,0,NULL,0,1,''),(244,3,17,75,68,'',1737502150,0,0,1,1,1,0,0,1,NULL,0,0,0,0,NULL,0,1,''),(245,6,17,76,72,'',1737502355,0,0,1,1,1,2,0,1,NULL,0,0,0,0,NULL,0,1,''),(246,3,17,77,67,'',1737238584,0,0,1,1,1,0,0,1,NULL,0,0,0,0,NULL,0,1,''),(247,2,17,78,47,'',1735426169,0,0,1,1,1,0,0,1,NULL,0,0,0,0,NULL,0,1,''),(248,4,17,79,28,'',1737497345,0,0,1,1,1,0,0,1,NULL,0,0,0,0,NULL,0,1,''),(249,6,17,80,71,'',1737416732,0,0,0,1,0,2,0,1,NULL,0,0,0,0,NULL,0,1,''),(250,6,17,81,71,'',1740383328,0,0,1,1,1,2,0,1,NULL,0,0,0,0,NULL,0,1,''),(252,5,18,7,74,'',1740947391,0,0,1,1,1,0,0,0,NULL,0,0,0,0,NULL,0,1,''),(253,6,17,83,71,'',1741288469,0,0,1,1,1,2,0,1,NULL,0,0,0,0,NULL,0,1,''),(254,3,17,84,67,'',1741288616,0,0,1,1,1,0,0,0,NULL,0,0,0,0,NULL,0,1,''),(256,2,17,86,47,'',1741290092,0,0,1,1,1,0,0,1,NULL,0,0,0,0,NULL,0,1,''),(257,5,17,87,69,'',1741290498,0,0,1,1,1,0,0,0,NULL,0,0,0,0,NULL,0,1,''),(258,4,17,88,59,'',1741558670,0,0,1,1,1,0,0,1,NULL,0,0,0,0,NULL,0,1,''),(259,5,17,89,70,'',1741559543,0,0,1,1,1,0,0,1,NULL,0,0,0,0,NULL,0,1,''),(260,4,17,90,59,'',1741559760,0,0,1,1,1,0,0,1,NULL,0,0,0,0,NULL,0,1,''),(261,8,17,91,81,'',1741560172,0,0,1,1,1,0,0,1,NULL,0,0,0,0,NULL,0,1,''),(262,5,17,92,70,'',1741560696,0,0,1,1,1,0,0,1,NULL,0,0,0,0,NULL,0,1,''),(263,8,13,130,76,'',1734588915,0,0,1,1,1,0,0,0,NULL,0,0,0,1,NULL,0,1,''),(270,8,17,99,76,'',1741561354,0,0,1,1,1,0,0,1,NULL,0,0,0,0,NULL,0,1,''),(271,8,17,100,76,'',1741561446,0,0,1,1,1,0,0,1,NULL,0,0,0,0,NULL,0,1,''),(272,8,17,101,76,'',1741561530,0,0,1,1,1,0,0,1,NULL,0,0,0,0,NULL,0,1,''),(273,8,17,102,76,'',1741561613,0,0,1,1,1,0,0,1,NULL,0,0,0,0,NULL,0,1,''),(274,8,17,103,76,'',1741561700,0,0,1,1,1,0,0,1,NULL,0,0,0,0,NULL,0,1,''),(275,8,17,104,76,'',1741561806,0,0,1,1,1,0,0,1,NULL,0,0,0,0,NULL,0,1,''),(276,3,17,105,68,'',1741562226,0,0,1,1,1,0,0,1,NULL,0,0,0,0,NULL,0,1,''),(277,3,17,106,68,'',1741562316,0,0,1,1,1,0,0,1,NULL,0,0,0,0,NULL,0,1,''),(278,6,17,107,72,'',1741562486,0,0,1,1,1,2,0,1,NULL,0,0,0,0,NULL,0,1,''),(279,6,17,108,72,'',1741562586,0,0,1,1,1,2,0,1,NULL,0,0,0,0,NULL,0,1,''),(280,2,17,109,57,'',1741562653,0,0,1,1,1,0,0,1,NULL,0,0,0,0,NULL,0,1,''),(281,2,17,110,57,'',1741562765,0,0,1,1,1,0,0,1,NULL,0,0,0,0,NULL,0,1,''),(282,8,17,111,81,'',1741589225,0,0,1,1,1,0,0,1,NULL,0,0,0,0,NULL,0,1,''),(283,4,17,112,16,'',1741591684,0,0,1,1,1,0,0,1,NULL,0,0,0,0,NULL,0,1,''),(284,4,17,113,15,'',1741592300,0,0,1,1,1,0,0,1,NULL,0,0,0,0,NULL,0,1,''),(285,8,13,131,79,'',1734588915,0,0,1,1,1,0,0,0,NULL,0,0,0,1,NULL,0,1,''),(293,8,17,121,79,'',1742296761,0,0,1,1,1,0,0,0,NULL,0,0,0,0,NULL,0,1,''),(294,8,17,122,79,'',1742296862,0,0,1,1,1,0,0,0,NULL,0,0,0,0,NULL,0,1,''),(295,8,17,123,79,'',1742296941,0,0,1,1,1,0,0,0,NULL,0,0,0,0,NULL,0,1,''),(296,8,17,124,79,'',1742297020,0,0,1,1,1,0,0,0,NULL,0,0,0,0,NULL,0,1,''),(297,8,17,125,79,'',1742297101,0,0,1,1,1,0,0,0,NULL,0,0,0,0,NULL,0,1,''),(298,8,17,126,79,'',1742297207,0,0,1,1,1,0,0,0,NULL,0,0,0,0,NULL,0,1,''),(300,8,13,132,80,'',1734588915,0,0,1,1,1,0,0,0,NULL,0,0,0,1,NULL,0,1,''),(307,8,17,134,80,'',1742498123,0,0,1,1,1,0,0,1,NULL,0,0,0,0,NULL,0,1,''),(308,8,17,135,80,'',1742498474,0,0,1,1,1,0,0,1,NULL,0,0,0,0,NULL,0,1,''),(309,8,17,136,80,'',1742498681,0,0,1,1,1,0,0,1,NULL,0,0,0,0,NULL,0,1,''),(310,8,17,137,80,'',1742498880,0,0,1,1,1,0,0,1,NULL,0,0,0,0,NULL,0,1,''),(311,8,17,138,80,'',1742499128,0,0,1,1,1,0,0,1,NULL,0,0,0,0,NULL,0,1,''),(312,8,17,139,80,'',1742499229,0,0,1,1,1,0,0,1,NULL,0,0,0,0,NULL,0,1,''),(314,6,17,141,72,'',1743102080,0,0,1,1,1,2,0,1,NULL,0,0,0,0,NULL,0,1,''),(315,8,17,142,39,'',1743180862,0,0,0,1,0,0,0,1,NULL,0,0,0,0,NULL,0,1,''),(316,8,17,143,39,'',1743180862,0,0,0,1,0,0,0,1,NULL,0,0,0,0,NULL,0,1,''),(317,4,17,144,59,'',1743182232,0,0,1,1,1,0,0,1,NULL,0,0,0,0,NULL,0,1,''),(318,8,17,145,78,'',1743182543,0,0,1,1,1,0,0,1,NULL,0,0,0,0,NULL,0,1,''),(319,8,17,146,78,'',1743182543,0,0,1,1,1,0,0,1,NULL,0,0,0,0,NULL,0,1,''),(320,6,17,147,23,'',1743438007,0,0,1,1,1,2,0,1,NULL,0,0,0,0,NULL,0,1,''),(321,6,17,148,24,'',1743438345,0,0,1,1,1,2,0,1,NULL,0,0,0,0,NULL,0,1,''),(322,6,17,149,25,'',1743438696,0,0,1,1,1,2,0,1,NULL,0,0,0,0,NULL,0,1,''),(323,6,17,150,26,'',1743439155,0,0,1,1,1,2,0,1,NULL,0,0,0,0,NULL,0,1,''),(324,4,17,151,13,'',1743453387,0,0,1,1,1,0,0,1,NULL,0,0,0,0,NULL,0,1,''),(325,4,17,152,14,'',1743454992,0,0,1,1,1,0,0,1,NULL,0,0,0,0,NULL,0,1,''),(326,2,17,153,3,'',1743499784,0,0,1,1,1,0,0,1,NULL,0,0,0,0,NULL,0,1,''),(327,2,17,154,4,'',1743500435,0,0,1,1,1,0,0,1,NULL,0,0,0,0,NULL,0,1,''),(328,2,17,155,5,'',1743500862,0,0,1,1,1,0,0,1,NULL,0,0,0,0,NULL,0,1,''),(329,3,17,156,8,'',1743501709,0,0,1,1,1,0,0,1,NULL,0,0,0,0,NULL,0,1,''),(330,3,17,157,9,'',1743502258,0,0,1,1,1,0,0,1,NULL,0,0,0,0,NULL,0,1,''),(331,3,17,158,10,'',1743502896,0,0,1,1,1,0,0,1,NULL,0,0,0,0,NULL,0,1,''),(332,3,17,159,11,'',1743503239,0,0,1,1,1,0,0,1,NULL,0,0,0,0,NULL,0,1,''),(333,5,17,160,18,'',1743702705,0,0,1,1,1,0,0,1,NULL,0,0,0,0,NULL,0,1,''),(334,5,17,161,19,'',1743703402,0,0,1,1,1,0,0,1,NULL,0,0,0,0,NULL,0,1,''),(335,5,17,162,20,'',1743703885,0,0,1,1,1,0,0,1,NULL,0,0,0,0,NULL,0,1,''),(336,5,17,163,64,'',1743704307,0,0,1,1,1,0,0,1,NULL,0,0,0,0,NULL,0,1,''),(337,2,17,164,57,'',1744867009,0,0,1,1,1,0,0,1,NULL,0,0,0,0,NULL,0,1,''),(338,3,17,165,68,'',1744867729,0,0,1,1,1,0,0,1,NULL,0,0,0,0,NULL,0,1,''),(339,5,17,166,70,'',1744868157,0,0,1,1,1,0,0,1,NULL,0,0,0,0,NULL,0,1,''),(340,6,17,167,71,'',1744876936,0,0,1,1,1,2,0,1,NULL,0,0,0,0,NULL,0,1,''),(341,6,17,168,71,'',1744880167,0,0,1,1,1,2,0,1,NULL,0,0,0,0,NULL,0,1,''),(342,6,17,169,71,'',1744880323,0,0,1,1,1,2,0,1,NULL,0,0,0,0,NULL,0,1,''),(343,7,17,170,85,'',1744956394,0,0,1,1,1,0,0,1,NULL,0,0,0,0,NULL,0,1,''),(344,7,17,171,85,'',1744956507,0,0,1,1,1,0,0,1,NULL,0,0,0,0,NULL,0,1,''),(345,7,17,172,85,'',1744956608,0,0,1,1,1,0,0,1,NULL,0,0,0,0,NULL,0,1,''),(346,7,17,173,85,'',1744956646,0,0,1,1,1,0,0,1,NULL,0,0,0,0,NULL,0,1,''),(347,7,17,174,85,'',1744956728,0,0,1,1,1,0,0,1,NULL,0,0,0,0,NULL,0,1,''),(349,7,17,176,86,'',1744957211,0,0,1,1,1,0,0,1,NULL,0,0,0,0,NULL,0,1,''),(350,3,17,177,67,'',1744998608,0,0,1,1,1,0,0,1,NULL,0,0,0,0,NULL,0,1,''),(351,3,17,178,67,'',1744998785,0,0,1,1,1,0,0,1,NULL,0,0,0,0,NULL,0,1,''),(352,3,17,179,67,'',1744998980,0,0,1,1,1,0,0,1,NULL,0,0,0,0,NULL,0,1,''),(353,5,17,180,69,'',1744999282,0,0,1,1,1,0,0,1,NULL,0,0,0,0,NULL,0,1,''),(354,5,17,181,69,'',1744999388,0,0,1,1,1,0,0,1,NULL,0,0,0,0,NULL,0,1,''),(355,5,17,182,69,'',1744999552,0,0,1,1,1,0,0,1,NULL,0,0,0,0,NULL,0,1,''),(356,8,17,183,87,'',1745062265,0,0,1,1,1,0,0,1,NULL,0,0,0,0,NULL,0,1,''),(357,8,17,184,87,'',1745062361,0,0,1,1,1,0,0,1,NULL,0,0,0,0,NULL,0,1,''),(358,8,17,185,87,'',1745062456,0,0,1,1,1,0,0,1,NULL,0,0,0,0,NULL,0,1,''),(359,8,17,186,87,'',1745062583,0,0,1,1,1,0,0,1,NULL,0,0,0,0,NULL,0,1,''),(360,8,17,187,87,'',1745062667,0,0,1,1,1,0,0,1,NULL,0,0,0,0,NULL,0,1,''),(361,8,17,188,87,'',1745062839,0,0,1,1,1,0,0,1,NULL,0,0,0,0,NULL,0,1,''),(362,5,17,189,69,'',1747115254,0,0,1,1,1,0,0,1,NULL,0,0,0,0,NULL,0,1,''),(363,8,17,190,78,'',1747602879,0,0,1,1,1,0,0,1,NULL,0,0,0,0,'{\"op\":\"&\",\"c\":[{\"type\":\"cohort\",\"id\":2}],\"showc\":[false]}',0,1,''),(364,8,17,191,78,'',1747602879,0,0,1,1,1,0,0,1,NULL,0,0,0,0,'{\"op\":\"&\",\"c\":[{\"type\":\"cohort\",\"id\":3}],\"showc\":[false]}',0,1,''),(365,8,17,192,78,'',1747602879,0,0,1,1,1,0,0,1,NULL,0,0,0,0,'{\"op\":\"&\",\"c\":[{\"type\":\"cohort\",\"id\":1}],\"showc\":[false]}',0,1,''),(366,8,17,193,78,'',1747778922,0,0,1,1,1,0,0,1,NULL,0,0,0,0,'{\"op\":\"&\",\"c\":[{\"type\":\"cohort\",\"id\":2}],\"showc\":[false]}',0,1,''),(367,8,17,194,78,'',1747778922,0,0,1,1,1,0,0,1,NULL,0,0,0,0,'{\"op\":\"&\",\"c\":[{\"type\":\"cohort\",\"id\":3}],\"showc\":[false]}',0,1,''),(368,8,17,195,78,'',1747778922,0,0,1,1,1,0,0,1,NULL,0,0,0,0,'{\"op\":\"&\",\"c\":[{\"type\":\"cohort\",\"id\":1}],\"showc\":[false]}',0,1,''),(369,8,17,196,88,'',1747979733,0,0,1,0,1,0,0,1,NULL,0,0,0,0,NULL,0,1,''),(371,8,17,198,78,'',1748410997,0,0,1,1,1,0,0,0,NULL,0,0,0,0,'{\"op\":\"&\",\"c\":[{\"type\":\"cohort\",\"id\":2}],\"showc\":[false]}',0,1,''),(372,8,17,199,78,'',1748638328,0,0,1,1,1,0,0,1,NULL,0,0,0,0,NULL,0,1,''),(373,8,17,200,88,'',1748680104,0,0,1,1,1,0,0,1,NULL,0,0,0,0,NULL,0,1,''),(374,8,17,201,78,'',1748680629,0,0,1,1,1,0,0,1,NULL,0,0,0,0,NULL,0,1,''),(375,8,17,202,78,'',1748732668,0,0,1,1,1,0,0,1,NULL,0,0,0,0,NULL,0,1,''),(376,8,17,203,78,'',1748793606,0,0,1,1,1,0,0,1,NULL,0,0,0,0,NULL,0,1,''),(377,8,17,204,78,'',1748808969,0,0,1,1,1,0,0,1,NULL,0,0,0,0,NULL,0,1,''),(378,8,17,205,78,'',1748809304,0,0,1,1,1,0,0,1,NULL,0,0,0,0,NULL,0,1,''),(379,8,17,206,78,'',1748890895,0,0,1,1,1,0,0,1,NULL,0,0,0,0,NULL,0,1,''),(381,10,13,133,90,'',1749894197,0,0,1,1,1,0,0,1,NULL,0,0,0,1,NULL,0,1,''),(382,10,13,134,89,'',1750052268,0,0,1,1,1,0,0,0,NULL,0,0,0,1,NULL,0,1,''),(384,2,17,207,62,'',1750711457,0,0,1,1,1,0,0,1,NULL,0,0,0,0,NULL,0,1,''),(385,1,34,1,30,NULL,1755155503,0,0,0,0,0,0,0,0,NULL,0,0,0,1,NULL,0,1,NULL),(386,2,34,2,2,NULL,1755155503,0,0,0,0,0,0,0,0,NULL,0,0,0,1,NULL,0,1,NULL),(387,12,9,12,102,NULL,1755155503,0,0,1,1,1,0,0,0,NULL,0,0,0,0,NULL,0,1,NULL),(388,12,34,3,102,NULL,1755155503,0,0,0,0,0,0,0,0,NULL,0,0,0,1,NULL,0,1,NULL),(389,4,34,4,12,NULL,1755155503,0,0,0,0,0,0,0,0,NULL,0,0,0,1,NULL,0,1,NULL),(390,6,34,5,22,NULL,1755155503,0,0,0,0,0,2,0,0,NULL,0,0,0,1,NULL,0,1,NULL),(391,7,34,6,31,NULL,1755155503,0,0,0,0,0,0,0,0,NULL,0,0,0,1,NULL,0,1,NULL);

--
-- Table structure for table `mdl_course_modules_completion`
--

CREATE TABLE `mdl_course_modules_completion` (
  `id` bigint NOT NULL AUTO_INCREMENT,
  `coursemoduleid` bigint NOT NULL,
  `userid` bigint NOT NULL,
  `completionstate` tinyint(1) NOT NULL,
  `overrideby` bigint DEFAULT NULL,
  `timemodified` bigint NOT NULL,
  PRIMARY KEY (`id`),
  UNIQUE KEY `mdl_courmoducomp_usecou_uix` (`userid`,`coursemoduleid`),
  KEY `mdl_courmoducomp_cou_ix` (`coursemoduleid`)
) ENGINE=InnoDB AUTO_INCREMENT=838 DEFAULT CHARSET=utf8mb4 COLLATE=utf8mb4_0900_ai_ci ROW_FORMAT=COMPRESSED COMMENT='Stores the completion state (completed or not completed, etc';

--
-- Dumping data for table `mdl_course_modules_completion`
--

INSERT INTO `mdl_course_modules_completion` VALUES (5,58,2,1,NULL,1734589611),(10,39,2,1,NULL,1734593415),(11,58,3,1,NULL,1735001660),(13,77,2,1,NULL,1735124287),(14,39,3,1,NULL,1735127207),(16,124,2,1,NULL,1736404271),(17,126,6,1,NULL,1736255384),(18,125,2,1,NULL,1736403873),(19,126,2,1,NULL,1736346188),(20,125,6,1,NULL,1736404013),(21,124,6,1,NULL,1736404019),(23,124,3,1,NULL,1736503951),(24,125,8,1,NULL,1736693442),(25,126,8,1,NULL,1736693482),(26,124,8,1,NULL,1736693489),(27,154,2,1,NULL,1736882155),(29,161,2,1,NULL,1737555459),(30,79,2,1,NULL,1737555470),(31,134,2,1,NULL,1737555538),(32,224,2,1,NULL,1737561689),(33,187,6,1,NULL,1737566414),(34,126,3,1,NULL,1737569501),(35,118,8,1,NULL,1737624757),(36,113,2,1,NULL,1737630764),(37,238,12,1,NULL,1739389244),(38,59,13,1,NULL,1738932856),(39,237,13,1,NULL,1738933708),(40,240,8,1,NULL,1738934032),(41,111,8,1,NULL,1738934048),(42,220,8,1,NULL,1738935200),(43,124,12,1,NULL,1739343065),(44,125,12,1,NULL,1739385292),(45,101,12,1,NULL,1739389245),(46,126,12,1,NULL,1739428840),(47,136,8,1,NULL,1740069251),(48,178,8,1,NULL,1740069329),(49,198,8,1,NULL,1740069503),(50,187,19,1,NULL,1740403722),(51,155,13,1,NULL,1740478431),(52,154,13,1,NULL,1740478693),(53,153,13,1,NULL,1740478716),(54,159,13,1,NULL,1740480187),(55,158,13,1,NULL,1740480190),(56,157,13,1,NULL,1740480200),(57,156,13,1,NULL,1740480204),(58,142,13,1,NULL,1740491548),(59,244,13,1,NULL,1740491979),(60,43,13,1,NULL,1740569219),(61,44,13,1,NULL,1740569225),(62,77,13,1,NULL,1740569231),(63,46,13,1,NULL,1740569234),(64,52,13,1,NULL,1740569306),(65,45,13,1,NULL,1740569308),(66,50,13,1,NULL,1740569315),(67,39,13,1,NULL,1740569520),(68,220,13,1,NULL,1740569625),(69,224,13,1,NULL,1740569812),(70,225,13,1,NULL,1740569958),(71,226,13,1,NULL,1740570132),(72,227,13,1,NULL,1740570341),(73,228,13,1,NULL,1740570724),(74,229,13,1,NULL,1740570937),(75,234,13,1,NULL,1740570981),(76,235,13,1,NULL,1740571048),(77,236,13,1,NULL,1740571112),(78,230,13,1,NULL,1740571479),(79,231,13,1,NULL,1740571548),(80,232,13,1,NULL,1740571680),(81,233,13,1,NULL,1740571791),(82,245,13,1,NULL,1740571808),(83,250,13,1,NULL,1740571818),(84,160,13,1,NULL,1740572153),(85,161,13,1,NULL,1740572493),(86,163,13,1,NULL,1740572621),(87,162,13,1,NULL,1740572626),(88,241,13,1,NULL,1740572829),(89,247,13,1,NULL,1740572833),(90,80,13,1,NULL,1740572834),(91,165,13,1,NULL,1740572835),(92,166,13,1,NULL,1740572836),(93,167,13,1,NULL,1740572837),(94,125,13,1,NULL,1740573124),(95,124,13,1,NULL,1740573128),(96,126,13,1,NULL,1740573248),(97,111,13,1,NULL,1740574483),(98,113,13,1,NULL,1740574937),(99,139,13,1,NULL,1740575179),(100,137,13,1,NULL,1740575333),(101,138,13,1,NULL,1740575463),(102,118,13,1,NULL,1740575816),(103,141,13,1,NULL,1740576092),(104,140,13,1,NULL,1740576137),(105,151,13,1,NULL,1740576260),(106,147,13,1,NULL,1740576262),(107,150,13,1,NULL,1740576284),(108,149,13,1,NULL,1740576377),(109,148,13,1,NULL,1740576437),(110,136,13,1,NULL,1740576510),(111,135,13,1,NULL,1740576516),(112,134,13,1,NULL,1740576522),(113,248,13,1,NULL,1740577083),(114,101,13,1,NULL,1740578639),(115,240,13,1,NULL,1740578792),(116,205,12,1,NULL,1740995280),(117,210,12,1,NULL,1741078126),(118,153,18,1,NULL,1741089245),(119,153,28,1,NULL,1741101506),(120,163,18,1,NULL,1741089446),(121,220,26,1,NULL,1741101173),(122,154,28,1,NULL,1741101645),(123,224,26,1,NULL,1741101697),(124,211,12,1,NULL,1741118020),(125,212,12,1,NULL,1741118335),(126,178,13,1,NULL,1741171969),(127,182,13,1,NULL,1741172114),(128,185,13,1,NULL,1741174590),(129,187,13,1,NULL,1741174731),(130,188,13,1,NULL,1741174925),(131,189,13,1,NULL,1741175105),(132,190,13,1,NULL,1741175238),(133,191,13,1,NULL,1741175300),(134,192,13,1,NULL,1741175407),(135,193,13,1,NULL,1741175455),(136,194,13,1,NULL,1741175688),(137,196,13,1,NULL,1741176154),(138,195,13,1,NULL,1743088963),(139,197,13,1,NULL,1741176170),(140,246,13,1,NULL,1741176901),(141,205,13,1,NULL,1741187620),(142,199,13,1,NULL,1741187727),(143,207,13,1,NULL,1741187850),(144,208,13,1,NULL,1741188066),(145,209,13,1,NULL,1741188174),(146,210,13,1,NULL,1741188855),(147,211,13,1,NULL,1741188984),(148,212,13,1,NULL,1741189277),(149,213,13,1,NULL,1741189404),(150,214,13,1,NULL,1741189743),(151,215,13,1,NULL,1741189913),(152,216,13,1,NULL,1741190403),(153,218,13,1,NULL,1741191557),(154,217,13,1,NULL,1741191564),(155,243,13,1,NULL,1741194081),(156,102,13,1,NULL,1741194866),(157,244,26,1,NULL,1742299302),(158,124,26,1,NULL,1741619696),(159,125,26,1,NULL,1741619704),(160,126,26,1,NULL,1741619797),(161,178,26,1,NULL,1741694514),(162,153,21,1,NULL,1741694833),(163,225,26,1,NULL,1741696984),(164,226,26,1,NULL,1741697216),(165,227,26,1,NULL,1741697585),(166,245,26,1,NULL,1742298631),(167,220,21,1,NULL,1742298988),(168,224,21,1,NULL,1742299188),(169,225,21,1,NULL,1742299708),(170,226,21,1,NULL,1742299848),(171,227,21,1,NULL,1742300425),(172,245,24,0,NULL,1742902900),(173,245,21,1,NULL,1742903610),(174,228,21,1,NULL,1742904021),(175,199,21,1,NULL,1742904301),(176,207,21,1,NULL,1742904497),(177,208,21,1,NULL,1742904808),(178,209,21,1,NULL,1742904950),(179,240,26,1,NULL,1742904963),(180,279,13,1,NULL,1743088734),(181,198,13,1,NULL,1743088781),(182,276,13,1,NULL,1743088884),(183,277,13,1,NULL,1743088887),(184,284,13,1,NULL,1743089084),(185,103,13,1,NULL,1743089117),(186,258,13,1,NULL,1743089209),(187,260,13,1,NULL,1743089212),(188,280,13,1,NULL,1743089507),(189,281,13,1,NULL,1743089938),(190,283,13,1,NULL,1743090075),(191,60,13,1,NULL,1743092023),(192,61,13,1,NULL,1743092532),(193,62,13,1,NULL,1743092990),(194,63,13,1,NULL,1743094281),(195,58,13,1,NULL,1743094344),(196,261,13,1,NULL,1743095008),(197,282,13,1,NULL,1743095009),(198,270,13,1,NULL,1743095450),(199,241,24,0,NULL,1747133218),(200,124,25,1,NULL,1743504116),(201,125,25,1,NULL,1743504188),(202,126,25,1,NULL,1743504190),(203,324,25,1,NULL,1743504193),(204,240,25,0,NULL,1747134645),(205,111,25,1,NULL,1743504551),(206,220,28,1,NULL,1743504594),(207,229,21,1,NULL,1743504835),(208,320,21,1,NULL,1743505015),(209,125,23,0,NULL,1743505092),(210,124,23,1,NULL,1743505088),(211,136,25,1,NULL,1743505111),(212,135,25,1,NULL,1743505125),(213,134,25,1,NULL,1743505130),(214,325,25,1,NULL,1743506117),(215,154,21,1,NULL,1743505333),(216,224,28,1,NULL,1743505457),(217,155,21,1,NULL,1743505516),(218,244,23,1,NULL,1743505749),(219,225,28,1,NULL,1743505791),(220,326,21,1,NULL,1743505925),(221,319,44,0,NULL,1743773674),(222,45,67,1,NULL,1743841649),(223,124,67,1,NULL,1743842411),(224,126,67,1,NULL,1743842600),(225,220,60,1,NULL,1744026025),(226,199,37,1,NULL,1744028997),(227,207,37,1,NULL,1744029002),(228,208,37,1,NULL,1744029005),(229,209,37,1,NULL,1744029044),(230,333,37,1,NULL,1744029047),(231,210,37,1,NULL,1744029065),(232,211,37,1,NULL,1744029075),(233,212,37,1,NULL,1744029080),(234,334,37,1,NULL,1744029086),(235,213,37,1,NULL,1744031147),(236,214,37,1,NULL,1744031264),(237,215,37,1,NULL,1744031302),(238,335,37,1,NULL,1744031457),(239,216,37,1,NULL,1744102815),(240,217,37,1,NULL,1744103361),(241,218,37,1,NULL,1744134459),(242,336,37,1,NULL,1744134564),(243,182,39,1,NULL,1744359567),(244,224,60,1,NULL,1744448068),(245,260,27,0,NULL,1744531523),(246,326,13,1,NULL,1744623905),(247,327,13,1,NULL,1744624607),(248,328,13,1,NULL,1744624854),(249,320,13,1,NULL,1744625198),(250,321,13,1,NULL,1744625447),(251,322,13,1,NULL,1744625635),(252,323,13,1,NULL,1744625830),(253,278,13,1,NULL,1744626070),(254,324,13,1,NULL,1744626127),(255,325,13,1,NULL,1744626645),(256,307,13,1,NULL,1744636658),(257,319,13,1,NULL,1744636681),(258,318,13,1,NULL,1744638104),(259,333,13,1,NULL,1744638346),(260,334,13,1,NULL,1744638557),(261,284,54,1,NULL,1744643405),(262,240,53,1,NULL,1744825004),(263,258,53,1,NULL,1744825101),(264,260,53,1,NULL,1744825437),(265,225,60,1,NULL,1744880665),(266,226,60,1,NULL,1744880819),(267,227,60,1,NULL,1744965193),(268,39,53,1,NULL,1744993272),(269,343,53,1,NULL,1744993528),(270,178,53,1,NULL,1744994545),(271,182,53,1,NULL,1744994557),(272,121,53,1,NULL,1744997110),(273,63,70,1,NULL,1745062710),(274,153,70,1,NULL,1745143065),(275,220,63,1,NULL,1745168370),(276,224,63,1,NULL,1745168406),(277,225,63,1,NULL,1745168639),(278,226,63,1,NULL,1745168820),(279,321,63,1,NULL,1745579378),(280,320,63,1,NULL,1745169471),(281,347,63,1,NULL,1745170191),(282,246,3,1,NULL,1745225466),(283,139,25,1,NULL,1745318939),(284,113,25,1,NULL,1745318949),(285,137,25,1,NULL,1745319179),(286,333,21,1,NULL,1745319198),(287,138,25,1,NULL,1745319407),(288,156,21,1,NULL,1745319493),(289,284,25,1,NULL,1745319617),(290,155,28,1,NULL,1745319922),(291,326,28,1,NULL,1745320283),(292,156,28,1,NULL,1745320458),(293,39,25,1,NULL,1745342272),(294,247,3,1,NULL,1745459298),(295,39,63,1,NULL,1745483300),(296,343,63,1,NULL,1745483603),(297,344,63,1,NULL,1745580786),(298,125,24,1,NULL,1745923059),(299,124,24,1,NULL,1745923044),(300,240,24,0,NULL,1745923081),(301,157,21,1,NULL,1745923314),(302,158,21,1,NULL,1745923565),(303,126,24,1,NULL,1745923610),(304,159,21,1,NULL,1745923720),(305,324,24,1,NULL,1745923927),(306,50,23,1,NULL,1745924348),(307,157,28,1,NULL,1745924664),(308,241,28,0,NULL,1745924748),(309,43,23,0,NULL,1745925139),(310,39,70,1,NULL,1746893403),(311,178,36,1,NULL,1746975447),(312,182,36,1,NULL,1746975768),(313,185,36,1,NULL,1746976757),(314,329,36,1,NULL,1746977374),(315,39,21,1,NULL,1747132812),(316,43,21,1,NULL,1747132963),(317,44,21,1,NULL,1747133118),(318,77,21,1,NULL,1747133168),(319,118,25,1,NULL,1747133179),(320,141,25,1,NULL,1747133641),(321,140,25,1,NULL,1747133646),(322,52,21,1,NULL,1747133664),(323,46,21,1,NULL,1747133676),(324,320,26,1,NULL,1747133689),(325,45,21,1,NULL,1747133751),(326,324,28,1,NULL,1747134004),(327,124,28,1,NULL,1747134016),(328,125,28,1,NULL,1747134020),(329,126,28,1,NULL,1747134022),(330,283,25,1,NULL,1747134133),(331,147,25,1,NULL,1747134198),(332,151,25,1,NULL,1747134400),(333,150,25,1,NULL,1747134403),(334,149,25,1,NULL,1747134450),(335,50,21,1,NULL,1747134464),(336,349,21,1,NULL,1747134467),(337,148,25,1,NULL,1747134539),(338,178,21,1,NULL,1747134771),(339,182,28,1,NULL,1747134918),(340,182,21,1,NULL,1747134919),(341,178,28,1,NULL,1747134921),(342,339,13,1,NULL,1747151137),(343,337,13,1,NULL,1747152247),(344,244,70,1,NULL,1747229132),(345,276,70,1,NULL,1747229147),(346,277,70,1,NULL,1747240048),(347,338,70,1,NULL,1747240049),(348,199,28,1,NULL,1747662304),(349,207,28,1,NULL,1747662339),(350,208,28,1,NULL,1747662569),(351,333,28,1,NULL,1747662825),(352,209,28,1,NULL,1747662829),(353,347,21,1,NULL,1747663339),(354,282,21,1,NULL,1747663500),(355,185,21,1,NULL,1747663885),(356,210,28,1,NULL,1747663958),(357,243,28,1,NULL,1747664293),(358,244,28,1,NULL,1747664477),(359,329,21,1,NULL,1747664516),(360,276,28,1,NULL,1747664663),(361,182,76,1,NULL,1747996348),(362,185,76,1,NULL,1748000240),(363,329,76,1,NULL,1748003634),(364,178,76,1,NULL,1748004286),(365,187,76,1,NULL,1748005727),(366,188,76,1,NULL,1748006715),(367,190,76,1,NULL,1748008012),(368,330,76,1,NULL,1748008023),(369,189,76,1,NULL,1748009088),(370,191,76,1,NULL,1748017553),(371,192,76,1,NULL,1748017889),(372,193,76,1,NULL,1748018669),(373,194,76,1,NULL,1748019425),(374,331,76,1,NULL,1748019429),(375,220,53,1,NULL,1748119173),(376,224,53,1,NULL,1748119218),(377,225,53,1,NULL,1748119543),(378,320,53,1,NULL,1748120057),(379,226,53,1,NULL,1748120114),(380,227,53,1,NULL,1748170607),(381,228,53,1,NULL,1748170998),(382,229,53,1,NULL,1748171104),(383,321,53,1,NULL,1748171612),(384,230,53,1,NULL,1748171661),(385,231,53,1,NULL,1748171708),(386,232,53,1,NULL,1748171714),(387,233,53,1,NULL,1748171811),(388,322,53,1,NULL,1748172140),(389,344,53,1,NULL,1748172521),(390,234,53,1,NULL,1748244989),(391,235,53,1,NULL,1748245007),(392,364,63,1,NULL,1748245050),(393,236,53,1,NULL,1748245077),(394,364,64,1,NULL,1748245129),(395,323,53,1,NULL,1748245610),(396,198,76,1,NULL,1748266765),(397,195,76,1,NULL,1748267080),(398,363,21,1,NULL,1748342190),(399,124,21,1,NULL,1748342756),(400,125,21,1,NULL,1748342886),(401,126,21,1,NULL,1748343015),(402,324,21,1,NULL,1748343407),(403,196,76,1,NULL,1748350648),(404,197,76,1,NULL,1748350650),(405,332,76,1,NULL,1748350652),(406,199,76,1,NULL,1748358025),(407,207,76,1,NULL,1748358119),(408,208,76,1,NULL,1748378977),(409,209,76,1,NULL,1748380076),(410,333,76,1,NULL,1748380423),(411,210,76,1,NULL,1748380969),(412,211,76,1,NULL,1748381924),(413,199,16,1,NULL,1748439652),(414,207,16,1,NULL,1748439852),(415,208,16,1,NULL,1748440234),(416,209,16,1,NULL,1748440462),(417,333,16,1,NULL,1748441509),(418,210,16,1,NULL,1748444631),(419,211,16,1,NULL,1748444787),(420,212,16,1,NULL,1748444802),(421,334,16,1,NULL,1748446420),(422,213,16,1,NULL,1748450548),(423,214,16,1,NULL,1748450553),(424,215,16,1,NULL,1748450940),(425,216,16,1,NULL,1748451112),(426,335,16,1,NULL,1748452173),(427,224,55,1,NULL,1748965694),(428,225,55,1,NULL,1748965910),(429,226,55,1,NULL,1748495745),(430,320,55,1,NULL,1748966195),(431,227,55,1,NULL,1748500003),(432,111,12,1,NULL,1748500472),(433,228,55,1,NULL,1748501525),(434,229,55,1,NULL,1748501661),(435,260,12,1,NULL,1748502792),(436,232,55,1,NULL,1748966344),(437,233,55,1,NULL,1748503233),(438,322,55,1,NULL,1748503414),(439,234,55,1,NULL,1748503474),(440,235,55,1,NULL,1748503559),(441,236,55,1,NULL,1748503648),(442,323,55,1,NULL,1748503905),(443,212,76,1,NULL,1748519269),(444,334,76,1,NULL,1748519657),(445,213,76,1,NULL,1748522405),(446,217,16,1,NULL,1748523426),(447,218,16,1,NULL,1748524139),(448,336,16,1,NULL,1748524386),(449,243,16,1,NULL,1748526854),(450,214,76,1,NULL,1748533543),(451,243,12,1,NULL,1748535196),(452,326,3,1,NULL,1748545127),(453,153,3,1,NULL,1748545333),(454,154,3,1,NULL,1748545344),(455,155,3,1,NULL,1748545354),(456,156,3,1,NULL,1748554883),(457,158,3,1,NULL,1748555422),(458,157,3,1,NULL,1748555954),(459,159,3,1,NULL,1748555966),(460,327,3,1,NULL,1748555971),(461,160,3,1,NULL,1748555985),(462,328,3,1,NULL,1748556152),(463,241,3,1,NULL,1748557238),(464,280,3,1,NULL,1748557239),(465,281,3,1,NULL,1748557240),(466,337,3,1,NULL,1748557241),(467,162,3,1,NULL,1748557247),(468,161,3,1,NULL,1748591894),(469,125,3,1,NULL,1748592351),(470,324,3,1,NULL,1748592585),(471,111,3,1,NULL,1748596809),(472,136,3,1,NULL,1748596897),(473,135,3,1,NULL,1748596917),(474,325,3,1,NULL,1748597138),(475,284,3,1,NULL,1748597769),(476,134,3,1,NULL,1748597821),(477,113,3,1,NULL,1748597829),(478,139,3,1,NULL,1748597833),(479,137,3,1,NULL,1748597837),(480,138,3,1,NULL,1748597840),(481,215,76,1,NULL,1748608792),(482,216,76,1,NULL,1748609109),(483,335,76,1,NULL,1748609493),(484,140,3,1,NULL,1748611246),(485,141,3,1,NULL,1748611252),(486,118,3,1,NULL,1748611257),(487,240,3,1,NULL,1748611977),(488,258,3,1,NULL,1748611983),(489,260,3,1,NULL,1748611987),(490,178,3,1,NULL,1748612412),(491,182,3,1,NULL,1748612419),(492,185,3,1,NULL,1748612424),(493,186,3,1,NULL,1748613346),(494,329,3,1,NULL,1748614037),(495,187,3,1,NULL,1748614252),(496,189,3,1,NULL,1748615121),(497,190,3,1,NULL,1748615366),(498,188,3,1,NULL,1748615681),(499,330,3,1,NULL,1748616176),(500,193,3,1,NULL,1748616731),(501,194,3,1,NULL,1748616936),(502,192,3,1,NULL,1748616942),(503,191,3,1,NULL,1748616945),(504,331,3,1,NULL,1748617298),(505,197,3,1,NULL,1748618747),(506,332,3,1,NULL,1748619272),(507,244,3,1,NULL,1748620027),(508,276,3,1,NULL,1748620028),(509,338,3,1,NULL,1748620031),(510,277,3,1,NULL,1748620033),(511,199,3,1,NULL,1748622638),(512,209,3,1,NULL,1748623292),(513,333,3,1,NULL,1748623661),(514,210,3,1,NULL,1748628272),(515,207,3,1,NULL,1748626320),(516,208,3,1,NULL,1748626324),(517,218,76,1,NULL,1748627521),(518,336,76,1,NULL,1748628109),(519,211,3,1,NULL,1748628280),(520,124,16,1,NULL,1748628397),(521,212,3,1,NULL,1748628653),(522,125,16,1,NULL,1748628736),(523,126,16,1,NULL,1748628878),(524,324,16,1,NULL,1748629124),(525,219,76,1,NULL,1748629168),(526,213,3,1,NULL,1748629771),(527,214,3,1,NULL,1748629825),(528,215,3,1,NULL,1748629921),(529,111,16,1,NULL,1748633185),(530,136,16,1,NULL,1748633868),(531,135,16,1,NULL,1748634023),(532,134,16,1,NULL,1748634189),(533,325,16,1,NULL,1748634237),(534,335,3,1,NULL,1748634862),(535,334,3,1,NULL,1748635172),(536,216,3,1,NULL,1748635237),(537,217,3,1,NULL,1748635248),(538,113,16,1,NULL,1748636164),(539,139,16,1,NULL,1748636172),(540,137,16,1,NULL,1748636178),(541,138,16,1,NULL,1748636183),(542,284,16,1,NULL,1748636188),(543,218,3,1,NULL,1748636425),(544,336,3,1,NULL,1748637183),(545,243,3,1,NULL,1748637438),(546,259,3,1,NULL,1748637985),(547,118,16,1,NULL,1748638042),(548,141,16,1,NULL,1748638051),(549,140,16,1,NULL,1748638059),(550,262,3,1,NULL,1748638169),(551,283,16,1,NULL,1748638514),(552,365,70,0,NULL,1748638902),(553,355,76,1,NULL,1748640838),(554,220,76,1,NULL,1748641039),(555,224,76,1,NULL,1748641218),(556,225,76,1,NULL,1748641899),(557,226,76,1,NULL,1748642089),(558,320,76,1,NULL,1748642285),(559,372,3,1,NULL,1748643002),(560,368,3,1,NULL,1748681228),(561,365,3,1,NULL,1748681232),(562,227,76,1,NULL,1748683528),(563,228,76,1,NULL,1748685597),(564,374,3,1,NULL,1748686450),(565,229,76,1,NULL,1748686722),(566,321,76,1,NULL,1748687039),(567,230,76,1,NULL,1748687594),(568,231,76,1,NULL,1748687835),(569,232,76,1,NULL,1748687962),(570,233,76,1,NULL,1748688492),(571,322,76,1,NULL,1748688559),(572,234,76,1,NULL,1748688890),(573,235,76,1,NULL,1748688953),(574,236,76,1,NULL,1748689074),(575,323,76,1,NULL,1748689181),(576,178,16,1,NULL,1748696542),(577,182,16,1,NULL,1748696548),(578,185,16,1,NULL,1748696788),(579,186,16,1,NULL,1748697169),(580,329,16,1,NULL,1748698549),(581,187,16,1,NULL,1748698750),(582,124,76,1,NULL,1748704086),(583,125,76,1,NULL,1748704361),(584,126,76,1,NULL,1748704551),(585,324,76,1,NULL,1748706502),(586,111,76,1,NULL,1748708088),(587,220,3,1,NULL,1748708290),(588,224,3,1,NULL,1748708320),(589,225,3,1,NULL,1748708601),(590,226,3,1,NULL,1748708904),(591,320,3,1,NULL,1748709111),(592,227,3,1,NULL,1748709119),(593,228,3,1,NULL,1748709396),(594,229,3,1,NULL,1748709784),(595,321,3,1,NULL,1748710158),(596,230,3,1,NULL,1748710183),(597,231,3,1,NULL,1748710246),(598,232,3,1,NULL,1748710351),(599,233,3,1,NULL,1748710505),(600,322,3,1,NULL,1748710742),(601,245,3,1,NULL,1748711074),(602,136,76,1,NULL,1748711312),(603,134,76,1,NULL,1748711346),(604,325,76,1,NULL,1748711356),(605,278,3,1,NULL,1748711392),(606,279,3,1,NULL,1748711394),(607,234,3,1,NULL,1748711423),(608,235,3,1,NULL,1748711443),(609,236,3,1,NULL,1748711503),(610,323,3,1,NULL,1748711788),(611,135,76,1,NULL,1748711797),(612,139,76,1,NULL,1748713253),(613,137,76,1,NULL,1748714265),(614,138,76,1,NULL,1748714878),(615,284,76,1,NULL,1748718091),(616,118,76,1,NULL,1748718950),(617,141,76,1,NULL,1748721046),(618,140,76,1,NULL,1748722075),(619,283,76,1,NULL,1748722280),(620,153,76,1,NULL,1748765385),(621,178,25,1,NULL,1748767042),(622,182,25,1,NULL,1748767051),(623,185,25,1,NULL,1748767197),(624,283,3,1,NULL,1748768418),(625,154,76,1,NULL,1748769702),(626,155,76,1,NULL,1748773402),(627,326,76,1,NULL,1748775046),(628,156,76,1,NULL,1748776871),(629,188,16,1,NULL,1748778591),(630,189,16,1,NULL,1748778871),(631,190,16,1,NULL,1748779113),(632,330,16,1,NULL,1748779343),(633,157,76,1,NULL,1748781131),(634,158,76,1,NULL,1748787612),(635,364,53,1,NULL,1748788130),(636,159,76,1,NULL,1748788295),(637,327,76,1,NULL,1748789033),(638,39,14,1,NULL,1748790026),(639,347,14,1,NULL,1748791137),(640,346,14,1,NULL,1748791137),(641,345,14,1,NULL,1748791138),(642,344,14,1,NULL,1748791139),(643,343,14,1,NULL,1748791141),(644,244,14,1,NULL,1748791610),(645,185,14,1,NULL,1748791998),(646,186,14,1,NULL,1748792467),(647,329,14,1,NULL,1748792598),(648,178,14,1,NULL,1748792605),(649,160,76,1,NULL,1748792874),(650,161,76,1,NULL,1748793161),(651,375,3,1,NULL,1748794117),(652,328,76,1,NULL,1748795012),(653,376,3,1,NULL,1748799488),(654,307,76,1,NULL,1748800473),(655,188,14,1,NULL,1748809236),(656,189,14,1,NULL,1748810138),(657,190,14,1,NULL,1748810459),(658,374,70,1,NULL,1748810477),(659,372,70,1,NULL,1748810477),(660,330,14,1,NULL,1748810618),(661,187,14,1,NULL,1748810625),(662,182,14,1,NULL,1748810636),(663,191,14,1,NULL,1748810646),(664,193,14,1,NULL,1748811057),(665,194,14,1,NULL,1748811110),(666,331,14,1,NULL,1748811711),(667,192,14,1,NULL,1748811722),(668,195,14,1,NULL,1748811879),(669,197,14,1,NULL,1748812490),(670,332,14,1,NULL,1748812531),(671,196,14,1,NULL,1748812552),(672,276,14,1,NULL,1748812879),(673,340,76,1,NULL,1748815766),(674,341,76,1,NULL,1748815770),(675,342,76,1,NULL,1748815773),(676,253,76,1,NULL,1748815776),(677,250,76,1,NULL,1748815815),(678,245,76,1,NULL,1748815887),(679,191,16,1,NULL,1748848328),(680,361,76,1,NULL,1748858649),(681,358,76,1,NULL,1748858661),(682,308,76,1,NULL,1748858673),(683,309,76,1,NULL,1748858676),(684,272,76,1,NULL,1748858693),(685,312,76,1,NULL,1748859241),(686,275,76,1,NULL,1748863948),(687,63,76,1,NULL,1748864734),(688,186,25,1,NULL,1748875414),(689,178,12,1,NULL,1748882000),(690,244,12,1,NULL,1748882117),(691,366,21,1,NULL,1748882961),(692,192,16,1,NULL,1748883220),(693,193,16,1,NULL,1748883379),(694,194,16,1,NULL,1748883440),(695,331,16,1,NULL,1748883696),(696,377,3,1,NULL,1748884072),(697,351,14,1,NULL,1748884664),(698,352,14,1,NULL,1748884673),(699,356,76,1,NULL,1748885048),(700,350,14,1,NULL,1748887190),(701,246,14,1,NULL,1748889084),(702,198,14,1,NULL,1748889115),(703,240,14,1,NULL,1748889655),(704,270,76,1,NULL,1748892409),(705,58,76,1,NULL,1748894204),(706,357,76,1,NULL,1748898450),(707,124,14,1,NULL,1748898748),(708,125,14,1,NULL,1748898751),(709,126,14,1,NULL,1748898850),(710,324,14,1,NULL,1748898853),(711,111,14,1,NULL,1748899906),(712,134,14,1,NULL,1748899933),(713,325,14,1,NULL,1748899937),(714,136,14,1,NULL,1748900005),(715,113,14,1,NULL,1748900280),(716,139,14,1,NULL,1748900529),(717,271,76,1,NULL,1748901554),(718,378,3,1,NULL,1748905748),(719,359,76,1,NULL,1748935705),(720,310,76,1,NULL,1748936476),(721,273,76,1,NULL,1748940264),(722,61,76,1,NULL,1748942425),(723,195,16,1,NULL,1748943280),(724,196,16,1,NULL,1748944363),(725,197,16,1,NULL,1748944988),(726,332,16,1,NULL,1748944998),(727,343,21,1,NULL,1748947398),(728,58,21,0,NULL,1748947501),(729,135,14,1,NULL,1748953095),(730,137,14,1,NULL,1748954789),(731,138,14,1,NULL,1748955011),(732,284,14,1,NULL,1748955020),(733,118,14,1,NULL,1748955879),(734,141,14,1,NULL,1748957072),(735,140,14,1,NULL,1748957115),(736,283,14,1,NULL,1748957424),(737,147,14,1,NULL,1748957472),(738,151,14,1,NULL,1748957528),(739,150,14,1,NULL,1748957868),(740,149,14,1,NULL,1748958363),(741,148,14,1,NULL,1748958737),(742,62,28,1,NULL,1748959403),(743,153,14,1,NULL,1748959795),(744,61,28,1,NULL,1748960444),(745,154,14,1,NULL,1748960604),(746,155,14,1,NULL,1748961065),(747,326,14,1,NULL,1748961081),(748,156,14,1,NULL,1748961399),(749,157,14,1,NULL,1748962404),(750,158,14,1,NULL,1748962710),(751,159,14,1,NULL,1748962855),(752,327,14,1,NULL,1748962858),(753,160,14,1,NULL,1748963151),(754,161,14,1,NULL,1748963379),(755,328,14,1,NULL,1748963400),(756,162,14,1,NULL,1748963454),(757,163,14,1,NULL,1748963539),(758,220,55,1,NULL,1748964897),(759,365,76,1,NULL,1748971518),(760,379,3,1,NULL,1748972132),(761,372,76,1,NULL,1748972928),(762,199,14,1,NULL,1748978837),(763,207,14,1,NULL,1748979051),(764,208,14,1,NULL,1748979353),(765,209,14,1,NULL,1748979633),(766,333,14,1,NULL,1748979637),(767,210,14,1,NULL,1748980437),(768,211,14,1,NULL,1748980641),(769,212,14,1,NULL,1748980909),(770,334,14,1,NULL,1748980911),(771,213,14,1,NULL,1748981051),(772,214,14,1,NULL,1748981489),(773,215,14,1,NULL,1748981747),(774,216,14,1,NULL,1748982007),(775,335,14,1,NULL,1748982009),(776,217,14,1,NULL,1748982381),(777,218,14,1,NULL,1748982519),(778,336,14,1,NULL,1748982523),(779,219,14,1,NULL,1748983024),(780,220,14,1,NULL,1748983144),(781,224,14,1,NULL,1748983467),(782,225,14,1,NULL,1748983656),(783,226,14,1,NULL,1748983835),(784,320,14,1,NULL,1748983836),(785,227,14,1,NULL,1748984081),(786,228,14,1,NULL,1748984502),(787,229,14,1,NULL,1748984891),(788,321,14,1,NULL,1748984895),(789,230,14,1,NULL,1748984995),(790,231,14,1,NULL,1748985071),(791,232,14,1,NULL,1748985218),(792,233,14,1,NULL,1748985293),(793,322,14,1,NULL,1748985296),(794,234,14,1,NULL,1748985454),(795,235,14,1,NULL,1748985559),(796,236,14,1,NULL,1748985649),(797,323,14,1,NULL,1748985651),(798,258,14,0,NULL,1748985772),(799,217,76,1,NULL,1748986095),(800,50,16,1,NULL,1748992821),(801,153,16,1,NULL,1748992902),(802,43,14,1,NULL,1749021631),(803,44,14,1,NULL,1749021635),(804,77,14,1,NULL,1749021639),(805,46,14,1,NULL,1749021640),(806,52,14,1,NULL,1749021655),(807,45,14,1,NULL,1749021662),(808,154,16,1,NULL,1749021850),(809,155,16,1,NULL,1749021858),(810,349,14,1,NULL,1749022637),(811,50,14,1,NULL,1749022642),(812,277,14,1,NULL,1749022895),(813,326,16,1,NULL,1749024278),(814,156,16,1,NULL,1749024287),(815,167,14,1,NULL,1749026181),(816,166,14,1,NULL,1749028510),(817,157,16,1,NULL,1749029759),(818,165,14,1,NULL,1749030013),(819,158,16,1,NULL,1749030531),(820,159,16,1,NULL,1749030790),(821,327,16,1,NULL,1749031018),(822,101,14,1,NULL,1749031503),(823,160,16,1,NULL,1749032524),(824,161,16,1,NULL,1749032605),(825,328,16,1,NULL,1749032761),(826,220,16,1,NULL,1749035676),(827,45,16,1,NULL,1749043263),(828,43,16,1,NULL,1749043784),(829,44,16,1,NULL,1749043854),(830,77,16,1,NULL,1749044020),(831,326,2,1,NULL,1750719108),(832,328,2,1,NULL,1750719272),(833,324,2,1,NULL,1750720735),(834,195,3,1,NULL,1750738940),(835,196,3,1,NULL,1750739155),(836,215,2,1,NULL,1755074141),(837,187,2,1,NULL,1755075398);

--
-- Table structure for table `mdl_course_modules_viewed`
--

CREATE TABLE `mdl_course_modules_viewed` (
  `id` bigint NOT NULL AUTO_INCREMENT,
  `coursemoduleid` bigint NOT NULL,
  `userid` bigint NOT NULL,
  `timecreated` bigint NOT NULL,
  PRIMARY KEY (`id`),
  UNIQUE KEY `mdl_courmoduview_usecou_uix` (`userid`,`coursemoduleid`),
  KEY `mdl_courmoduview_cou_ix` (`coursemoduleid`)
) ENGINE=InnoDB DEFAULT CHARSET=utf8mb4 COLLATE=utf8mb4_0900_ai_ci ROW_FORMAT=COMPRESSED COMMENT='Tracks the completion viewed (viewed with cmid/userid and ot';

--
-- Dumping data for table `mdl_course_modules_viewed`
--


--
-- Table structure for table `mdl_course_published`
--

CREATE TABLE `mdl_course_published` (
  `id` bigint NOT NULL AUTO_INCREMENT,
  `huburl` varchar(255) CHARACTER SET utf8mb4 COLLATE utf8mb4_0900_ai_ci DEFAULT NULL,
  `courseid` bigint NOT NULL,
  `timepublished` bigint NOT NULL,
  `enrollable` tinyint(1) NOT NULL DEFAULT '1',
  `hubcourseid` bigint NOT NULL,
  `status` tinyint(1) DEFAULT '0',
  `timechecked` bigint DEFAULT NULL,
  PRIMARY KEY (`id`),
  KEY `mdl_courpubl_hub_ix` (`hubcourseid`),
  KEY `mdl_courpubl_cou_ix` (`courseid`)
) ENGINE=InnoDB DEFAULT CHARSET=utf8mb4 COLLATE=utf8mb4_0900_ai_ci ROW_FORMAT=COMPRESSED COMMENT='Information about how and when an local courses were publish';

--
-- Dumping data for table `mdl_course_published`
--


--
-- Table structure for table `mdl_course_request`
--

CREATE TABLE `mdl_course_request` (
  `id` bigint NOT NULL AUTO_INCREMENT,
  `fullname` varchar(1333) CHARACTER SET utf8mb4 COLLATE utf8mb4_unicode_ci NOT NULL DEFAULT '',
  `shortname` varchar(255) CHARACTER SET utf8mb4 COLLATE utf8mb4_unicode_ci NOT NULL DEFAULT '',
  `summary` longtext CHARACTER SET utf8mb4 COLLATE utf8mb4_0900_ai_ci NOT NULL,
  `summaryformat` tinyint NOT NULL DEFAULT '0',
  `category` bigint NOT NULL DEFAULT '0',
  `reason` longtext CHARACTER SET utf8mb4 COLLATE utf8mb4_0900_ai_ci NOT NULL,
  `requester` bigint NOT NULL DEFAULT '0',
  `password` varchar(50) CHARACTER SET utf8mb4 COLLATE utf8mb4_0900_ai_ci NOT NULL DEFAULT '',
  PRIMARY KEY (`id`),
  KEY `mdl_courrequ_sho_ix` (`shortname`)
) ENGINE=InnoDB DEFAULT CHARSET=utf8mb4 COLLATE=utf8mb4_0900_ai_ci ROW_FORMAT=COMPRESSED COMMENT='course requests';

--
-- Dumping data for table `mdl_course_request`
--


--
-- Table structure for table `mdl_course_sections`
--

CREATE TABLE `mdl_course_sections` (
  `id` bigint NOT NULL AUTO_INCREMENT,
  `course` bigint NOT NULL DEFAULT '0',
  `section` bigint NOT NULL DEFAULT '0',
  `name` varchar(255) CHARACTER SET utf8mb4 COLLATE utf8mb4_0900_ai_ci DEFAULT NULL,
  `summary` longtext CHARACTER SET utf8mb4 COLLATE utf8mb4_0900_ai_ci,
  `summaryformat` tinyint NOT NULL DEFAULT '0',
  `sequence` longtext CHARACTER SET utf8mb4 COLLATE utf8mb4_0900_ai_ci,
  `visible` tinyint(1) NOT NULL DEFAULT '1',
  `availability` longtext CHARACTER SET utf8mb4 COLLATE utf8mb4_0900_ai_ci,
  `component` varchar(100) CHARACTER SET utf8mb4 COLLATE utf8mb4_0900_ai_ci DEFAULT NULL,
  `itemid` bigint DEFAULT NULL,
  `timemodified` bigint NOT NULL DEFAULT '0',
  PRIMARY KEY (`id`),
  UNIQUE KEY `mdl_coursect_cousec_uix` (`course`,`section`),
  KEY `mdl_coursect_comite_ix` (`component`,`itemid`)
) ENGINE=InnoDB AUTO_INCREMENT=103 DEFAULT CHARSET=utf8mb4 COLLATE=utf8mb4_0900_ai_ci ROW_FORMAT=COMPRESSED COMMENT='to define the sections for each course';

--
-- Dumping data for table `mdl_course_sections`
--

INSERT INTO `mdl_course_sections` VALUES (1,1,1,NULL,'',1,'37,47,48',1,NULL,NULL,NULL,1730205486),(2,2,0,'Introduction','',1,'10,168,386',1,NULL,NULL,NULL,1736854828),(3,2,2,'Cours partie 1 : Aérodynamique','',1,'153,154,155,326',1,NULL,NULL,NULL,1736676944),(4,2,3,'Cours partie 2 : Etude du vol stabilisé','',1,'156,157,158,159,327',1,NULL,NULL,NULL,1736676963),(5,2,4,'Cours partie 3 : Aérostation et vol spatial','',1,'160,161,328',1,NULL,NULL,NULL,1736676982),(6,2,5,'Complément : English vocabulary','',1,'162,163',1,NULL,NULL,NULL,1736676998),(7,3,0,'Introduction','',1,'6,72,203',1,NULL,NULL,NULL,1737239281),(8,3,2,'Cours partie 1 : Température, pression et vent','',1,'178,182,185,186,329',1,NULL,NULL,NULL,1736918494),(9,3,3,'Cours partie 2 : Nuages et précipitations','',1,'187,188,189,190,330',1,NULL,NULL,NULL,1736918511),(10,3,4,'Cours partie 3 : Les phénomènes dangereux pour l’aéronautique','',1,'191,192,193,194,331',1,NULL,NULL,NULL,1736918525),(11,3,5,'Cours partie 4 : L’information météorologique','',1,'195,196,197,332',1,NULL,NULL,NULL,1736918540),(12,4,0,'Introduction','',1,'99,389',1,NULL,NULL,NULL,1735990639),(13,4,2,'Cours partie 1 : La Classification des aéronefs','',1,'124,125,126,324',1,'{\"op\":\"&\",\"c\":[],\"showc\":[]}',NULL,NULL,1736532529),(14,4,3,'Cours partie 2 : Les Cellules','',1,'111,136,135,134,325',1,NULL,NULL,NULL,1736532564),(15,4,4,'Cours partie 3 : Les Groupes Motopropulseurs (G.M.P.)','',1,'113,139,137,138,284',1,NULL,NULL,NULL,1736532580),(16,4,5,'Cours partie 4 : Les Instruments de bord','',1,'118,141,140,283',1,NULL,NULL,NULL,1736532599),(17,5,0,'Introduction','',1,'204',1,NULL,NULL,NULL,1737285409),(18,5,2,'Cours partie 1 : Réglementation et Sécurité','',1,'199,207,208,209,333',1,NULL,NULL,NULL,1737237880),(19,5,3,'Cours partie 2 : Circulation Aérienne','',1,'210,211,212,334',1,NULL,NULL,NULL,1737237901),(20,5,4,'Cours partie 3 : Principes de la Navigation','',1,'213,214,215,216,335',1,NULL,NULL,NULL,1737237937),(22,6,0,'Introduction','',1,'223,390',1,NULL,NULL,NULL,1734511172),(23,6,1,'Cours partie 1 : Les débuts','',1,'220,224,225,226,320',1,NULL,NULL,NULL,1737355115),(24,6,2,'Cours partie 2 : D’une guerre à l’autre','',1,'227,228,229,321',1,NULL,NULL,NULL,1737355156),(25,6,3,'Cours partie 3 : De 1945 à nos jours','',1,'230,231,232,233,322',1,NULL,NULL,NULL,1737355182),(26,6,4,'Cours partie 4 : La conquête de l’espace','',1,'234,235,236,323',1,NULL,NULL,NULL,1737355203),(28,4,7,'Les annales des examens du BIA et leurs corrigées sur cette thématique','',1,'248,238,101,102,103,142',1,NULL,NULL,NULL,1740382216),(30,1,0,NULL,'',1,'15,385',1,NULL,NULL,NULL,1730960280),(31,7,0,'Bienvenue','',1,'39,42,391',1,NULL,NULL,NULL,1734271374),(32,7,2,'Le vocabulaire indispensable à savoir','',1,'43,44,76,77,46,52',1,NULL,NULL,NULL,1734277246),(36,7,3,'Schémas légendés des appareils en anglais','',1,'45',1,NULL,NULL,NULL,1734416653),(37,7,4,'Testez vous avec un premier examen complet','',1,'50',1,NULL,NULL,NULL,1744957047),(38,7,6,'Bravo, vous êtes prêt pour l\'examen !','',1,'51',1,'{\"op\":\"&\",\"c\":[{\"type\":\"xp\",\"requiredlvl\":\"2\",\"operator\":\"0\"}],\"showc\":[true]}',NULL,NULL,1734476815),(39,8,0,'Introduction','',1,'56,64,65,315,316',1,NULL,NULL,NULL,1743183275),(40,8,4,'Testez-vous avec les annales 2024 en répondant aux QCM de l\'examen','',1,'74,58,59,60,61,62,63',1,NULL,NULL,NULL,1741561034),(45,8,9,'Go pour l\'examen','',1,'68,75',1,NULL,NULL,NULL,1734477034),(46,5,7,'Devenir pilote','',1,'70',1,NULL,NULL,NULL,1734503128),(47,2,6,'Les annales des examens du BIA et leurs corrigées sur cette thématique','',1,'247,79,80,165,166,167,183,256',1,NULL,NULL,NULL,1740381892),(54,8,10,'Testez-vous avec les annales 2023 en répondant aux QCM de l\'examen','',1,'',0,NULL,NULL,NULL,1737502638),(55,8,11,'Testez-vous avec les annales 2022 en répondant aux QCM de l\'examen','',1,'',0,NULL,NULL,NULL,1737502646),(57,2,7,'Tests de positionnement ','',1,'175,241,280,281,337',1,NULL,NULL,NULL,1736677116),(58,4,6,'Complément : English vocabulary','',1,'147,151,150,149,148',1,NULL,NULL,NULL,1736434470),(59,4,8,'Tests de positionnement ','',1,'152,240,258,260,317',1,'{\"op\":\"&\",\"c\":[],\"showc\":[]}',NULL,NULL,1736525390),(60,4,1,'Les TD en classe','<p>Dépôt des éléments spécifiques distribués en classe par les enseignants.</p>',1,'',1,'{\"op\":\"&\",\"c\":[],\"showc\":[]}',NULL,NULL,1737907865),(61,3,6,'Complément : English vocabulary','',1,'198',1,NULL,NULL,NULL,1736918660),(62,2,1,'Les TD en classe','<p>Dépôt des éléments spécifiques distribués en classe par les enseignants.</p>',1,'384',1,'{\"op\":\"&\",\"c\":[],\"showc\":[]}',NULL,NULL,1737907280),(64,5,5,'Cours partie 4 : Préparer son vol','',1,'217,218,336',1,NULL,NULL,NULL,1737237982),(65,5,6,'Complément : English vocabulary','',1,'219',1,NULL,NULL,NULL,1737238064),(66,3,1,'Les TD en classe','<p>Dépôt des éléments spécifiques distribués en classe par les enseignants.</p>',1,'',1,'{\"op\":\"&\",\"c\":[],\"showc\":[]}',NULL,NULL,1737907537),(67,3,7,'Les annales des examens du BIA et leurs corrigées sur cette thématique','',1,'201,246,254,350,351,352',1,NULL,NULL,NULL,1740379848),(68,3,8,'Tests de positionnement ','<p></p>\r\n<p>Pour aborder plus efficacement les cours et les notions de ce chapitre, commencez par réaliser un test de positionnement pour évaluer vos connaissances sur les aéronefs et les engins spatiaux. Les résultats de ce test nous permettront de vous proposer des cours adaptés à votre niveau.</p>',1,'244,276,277,338',1,'{\"op\":\"&\",\"c\":[],\"showc\":[]}',NULL,NULL,1737625088),(69,5,8,'Les annales des examens du BIA et leurs corrigées sur cette thématique','',1,'205,362,242,257,353,354,355',1,NULL,NULL,NULL,1737285045),(70,5,9,'Tests de positionnement ','<p></p>\r\n<p>Pour aborder plus efficacement les cours et les notions de ce chapitre, commencez par réaliser un test de positionnement pour évaluer vos connaissances sur les aéronefs et les engins spatiaux. Les résultats de ce test nous permettront de vous proposer des cours adaptés à votre niveau.</p>',1,'243,259,262,339',1,'{\"op\":\"&\",\"c\":[],\"showc\":[]}',NULL,NULL,1737625139),(71,6,6,'Les annales des examens du BIA et leurs corrigées sur cette thématique','',1,'250,249,237,253,340,341,342',1,NULL,NULL,NULL,1740382765),(72,6,7,'Test de positionnement ','<p></p>\r\n<p>Pour aborder plus efficacement les cours et les notions de ce chapitre, commencez par réaliser un test de positionnement pour évaluer vos connaissances sur les aéronefs et les engins spatiaux. Les résultats de ce test nous permettront de vous proposer des cours adaptés à votre niveau.</p>',1,'245,278,279,314',1,'{\"op\":\"&\",\"c\":[],\"showc\":[]}',NULL,NULL,1737625056),(74,5,1,'Les TD en classe','<p>Dépôt des éléments spécifiques distribués en classe par les enseignants.</p>',1,'252',1,'{\"op\":\"&\",\"c\":[{\"type\":\"cohort\",\"id\":1}],\"showc\":[false]}',NULL,NULL,1741066835),(76,8,5,'Testez-vous avec les annales 2023 en répondant aux QCM de l\'examen','',1,'263,270,271,272,273,274,275',1,'{\"op\":\"&\",\"c\":[],\"showc\":[]}',NULL,NULL,1742296452),(78,8,3,'Examens blancs','',1,'319,318,363,364,365,366,367,368,371,379,378,377,376,372,374,375',1,NULL,NULL,NULL,1748410772),(79,8,6,'Testez-vous avec les annales 2022 en répondant aux QCM de l\'examen','',1,'285,293,294,295,296,297,298',1,'{\"op\":\"&\",\"c\":[],\"showc\":[]}',NULL,NULL,1742497883),(80,8,7,'Testez-vous avec les annales 2021 en répondant aux QCM de l\'examen','',1,'300,307,308,309,310,311,312',1,'{\"op\":\"&\",\"c\":[],\"showc\":[]}',NULL,NULL,1742498055),(81,8,2,'Tests de positionnement','',1,'121,282,261',1,'{\"op\":\"&\",\"c\":[],\"showc\":[]}',NULL,NULL,1743184211),(85,7,1,'Testez vous avec les annales','',1,'343,344,345,346,347',1,NULL,NULL,NULL,1744956469),(86,7,5,'Testez vous avec un deuxième examen complet','',1,'349',1,NULL,NULL,NULL,1744957074),(87,8,8,'Testez-vous avec les annales 2020 en répondant aux QCM de l\'examen','',1,'356,357,358,359,360,361',1,'{\"op\":\"&\",\"c\":[],\"showc\":[]}',NULL,NULL,1745062161),(88,8,1,'Une question par chapitre chaque jour','',1,'369,373',1,NULL,NULL,NULL,1747979654),(89,10,0,'introduction','',1,'382',1,NULL,NULL,NULL,1750052173),(90,10,1,'Les indispensables','',1,'381',1,NULL,NULL,NULL,1749894301),(94,6,5,'Frise chronologique de l\'histoire de l\'aviation','<div class=\"timeline\">\r\n<div class=\"event\"><span class=\"year\">1752</span> – En 1752 Benjamin Franklin démontre l\'origine électrique de la foudre à l\'aide d\'un cerf volant en vol dans un ciel d\'orage. </div>\r\n<div class=\"event\"><span class=\"year\">1783</span> – Le ballon qui transporta pour la première fois des êtres humains en 1783 était gonflé : à l\'air chaud.</div>\r\n<div class=\"event\"><span class=\"year\">1783</span> – En 1783, le premier vol d\'un ballon à air chaud est rendu possible grâce au travail des frères : Montgolfier.</div>\r\n<div class=\"event\"><span class=\"year\">1783</span> – La première ascension en ballon gonflé à l\'air chaud en 1783 est effectuée par : Pilâtre de Rozier et le marquis d\'Arlandes.</div>\r\n<div class=\"event\"><span class=\"year\">1783</span> – Le 21 novembre 1783, Benjamin Franklin était au Bois de Boulogne pour être le témoin d\'un évènement : Pilatre de Rozier and his friend the marquis d\'Arlandes, were planning to ascend in a Montgolfier air balloon.</div>\r\n<div class=\"event\"><span class=\"year\">1783</span> – Le physicien Jacques CHARLES conçoit et essaye le ballon à hydrogène sur le Champ de Mars en l\'année : 1783.</div>\r\n<div class=\"event\"><span class=\"year\">1785</span> – La première traversée de la Manche avec un aéronef a été réalisée : en 1785 par Jean-Pierre BLANCHARD et John JEFFRIES.</div>\r\n<div class=\"event\"><span class=\"year\">1794</span> – La Compagnie des aérostiers, première unité aérienne du monde s\'est illustrée en utilisant des ballons d\'observation : en 1794, lors de la bataille de Fleurus.</div>\r\n<div class=\"event\"><span class=\"year\">1796</span> – En 1796, un homme fut le premier à représenter les forces aérodynamiques. Il s\'agit de : Georges CAYLEY.</div>\r\n<div class=\"event\"><span class=\"year\">1797</span> – En 1797, un aérostier effectue depuis la nacelle d\'une montgolfière le premier saut en parachute de l\'Histoire. Cet aéronaute s\'appelle : André-Jacques Garnerin.</div>\r\n<div class=\"event\"><span class=\"year\">1804</span> – En 1804, le physicien et chimiste GAY LUSSAC effectue deux ascensions en ballon dans le but : les trois propositions ci-dessus sont exactes.</div>\r\n<div class=\"event\"><span class=\"year\">1852</span> – Le 24 septembre 1852,un appareil volant piloté par Henry Giffard effectue une première. Il s\'agit : du premier vol en dirigeable.</div>\r\n<div class=\"event\"><span class=\"year\">1852</span> – Le premier vol d\'un dirigeable fut réalisé en 1852, ce dirigeable était piloté par : Henry GIFFARD.</div>\r\n<div class=\"event\"><span class=\"year\">1857</span> – En 1857, le Français Félix DU TEMPLE est resté dans l\'Histoire de l\'aéronautique pour avoir : réussi le décollage autonome d\'un aérodyne modèle réduit.</div>\r\n<div class=\"event\"><span class=\"year\">1858</span> – En 1858, Felix Tournachon dit \"Nadar\", fut le premier à réussir depuis la nacelle d\'un ballon à gaz : une photographie aérienne de Paris.</div>\r\n<div class=\"event\"><span class=\"year\">1871</span> – En 1871, Paris est assiégé par les prussiens. Toutefois, Léon Gambetta ministre du gouvernement provisoire parvient à s\'évader grâce à : un ballon à gaz.</div>\r\n<div class=\"event\"><span class=\"year\">1890</span> – Clément ADER a : réussi le premier décollage d\'un plus lourd que l\'air motorisé en 1890 (l\'Eole), son aile ressemble à une aile : de chauve-souris.</div>\r\n<div class=\"event\"><span class=\"year\">1893</span> – Le terme « cellule d\'un avion » provient de l\'invention en 1893, du cerf-volant cellulaire. Ce cerf-volant est l\'invention de : Laurence HARGRAVE.</div>\r\n<div class=\"event\"><span class=\"year\">1894</span> – L\'aile à structure cellulaire, aujourd\'hui très utilisée pour les voilures souples (parapentes et paramoteur), est dérivée du cerf-volant mis au point en 1894 par l\'ingénieur : Lawrence HARGRAVE.</div>\r\n<div class=\"event\"><span class=\"year\">1900</span> – Début 1900, quels frères célèbres sont les pionniers de l’aviation : les frères WRIGHT.</div>\r\n<div class=\"event\"><span class=\"year\">1901</span> – Le premier dirigeable qui, partant de Saint-Cloud, parvint à contourner la Tour Eiffel en 1901 était piloté par : Alberto Santos Dumont.</div>\r\n<div class=\"event\"><span class=\"year\">1903</span> – En 1903, les frères Wright ont réalisé le premier vol : d\'un \"plus lourd que l\'air\" motorisé. Le premier vol du Flyer des frères Wright s\'est déroulé aux États-Unis</div>\r\n<div class=\"event\"><span class=\"year\">1906</span> – On considère généralement que le manche à balai a été inventé en 1906 par : Robert ESNAUT-PELTERIE.</div>\r\n<div class=\"event\"><span class=\"year\">1907</span> – En 1907, Santos-Dumont conçoit un aéroplane qu\'il construit en série, et qu\'il appelle : Demoiselle.</div>\r\n<div class=\"event\"><span class=\"year\">1907</span> – En 1907, une machine à 2 rotors s’élève de 1,5 mètre marquant ainsi la naissance de l\'hélicoptère. Son inventeur s\'appelle Paul Cornu.</div>\r\n<div class=\"event\"><span class=\"year\">1907</span> – En 1907, Santos-Dumont conçut un aéroplane construit en série et commercialisé. Il s\'agit de : la Demoiselle.</div>\r\n<div class=\"event\"><span class=\"year\">1907</span> – Louis Breguet, connu pour ses avions, développa en 1907 le gyroplane Breguet Richet N°1, il s’agissait d’un : quadri rotor monomoteur.</div>\r\n<div class=\"event\"><span class=\"year\">1907</span> – En 1907, Paul Cornu décolle avec un engin de son invention : l\'hélicoptère.</div>\r\n<div class=\"event\"><span class=\"year\">1908</span> – Les premières liaisons commerciales aériennes avec passagers ont commencé : en 1908 avec des dirigeables.</div>\r\n<div class=\"event\"><span class=\"year\">1908</span> – L\'un de ces événements aéronautiques a été réalisé en 1908. Indiquez lequel : Le kilomètre en circuit fermé, par Henry Farman.</div>\r\n<div class=\"event\"><span class=\"year\">1909</span> – En 1909, l\'aviateur Louis Blériot se rend célèbre en traversant la Manche.</div>\r\n<div class=\"event\"><span class=\"year\">1910</span> – En 1910, Henri Fabre effectue une première mondiale en décollant d\'un hydravion sur l\'étang de Berre, en Provence.</div>\r\n<div class=\"event\"><span class=\"year\">1910</span> – En 1910 est créée l\'Inspection de l\'aéronautique militaire, avec pour chef le Général ROQUES.</div>\r\n<div class=\"event\"><span class=\"year\">1910</span> – Le 1er janvier 1910, les seize premiers brevets sont décernés, sans examen, à des aviateurs confirmés. Cette liste est rédigée dans l’ordre alphabétique des pilotes. Le brevet n°1 incombe à Louis BLERIOT.</div>\r\n<div class=\"event\"><span class=\"year\">1910</span> – L\'ancêtre du simulateur de vol était destiné aux pilotes des avions Antoinette en 1910, il était : fabriqué à partir d\'un tonneau de vin scié en deux et réassemblé à l\'envers.</div>\r\n<div class=\"event\"><span class=\"year\">1912</span> – Ce brillant ingénieur fut le concepteur du monocoque Deperdussin qui, grâce son aérodynamique et de la supériorité en ce domaine du monoplan sur le multiplan. Il dépasse les 200 km/h en 1912. Il conçu également les célèbres avions de chasse \"SPAD\" qui s\'illustrèrent durant la guerre de 14-18. Il s\'agit de : Louis BECHEREAU.</div>\r\n<div class=\"event\"><span class=\"year\">1913</span> – L\'une de ces performances aéronautiques a été réalisée en 1913. Laquelle : la traversée de la Méditerranée par Roland Garros.</div>\r\n<div class=\"event\"><span class=\"year\">1913</span> – Le pilote français PEGOUD réalise en 1913 une première mondiale. Laquelle : le premier looping à bord de son Blériot XI.</div>\r\n<div class=\"event\"><span class=\"year\">1913</span> – Par qui a été effectuée la première traversée de la Méditerranée entre Saint-Raphaël et Bizerte en 1913 : Roland GARROS.</div>\r\n<div class=\"event\"><span class=\"year\">1914</span> – Pendant la Grande Guerre (1914-1918), l\'escadrille française la plus prestigieuse, celle où servirent Guynemer et Fonck, et qui existe toujours avait pour emblème : la cigogne.</div>\r\n<div class=\"event\"><span class=\"year\">1914</span> – En 1914, l\'avion avait vaincu tous ces obstacles, sauf un, lequel : les Andes.</div>\r\n<div class=\"event\"><span class=\"year\">1914</span> – Le plus célèbre des avions de chasse de la guerre de 1914-1918 est le : SPAD XIII.</div>\r\n<div class=\"event\"><span class=\"year\">1914</span> – Le pilote de chasse qui détient le plus grand nombre de victoires confirmées en 1914-1918 s\'appelle : Manfred Von Richtoffen.</div>\r\n<div class=\"event\"><span class=\"year\">1914</span> – Vers 1914, Lawrence Sperry met au point : le premier pilote automatique.</div>\r\n<div class=\"event\"><span class=\"year\">1915</span> – Le premier avion \"tout métal\" entièrement revêtu (aile et fuselage) est né en 1915. Cet appareil est : le monomoteur Junkers « J-1 ».</div>\r\n<div class=\"event\"><span class=\"year\">1915</span> – En 1915, le tir synchronisé de la mitrailleuse à travers l\'hélice a été mis au point par : Antony FOKKER.</div>\r\n<div class=\"event\"><span class=\"year\">1915</span> – Le premier avion métallique de l\'histoire est né en 1915. Cet appareil est : Le monomoteur Junkers «J-1».</div>\r\n<div class=\"event\"><span class=\"year\">1916</span> – En 1916, Marcel Dassault (qui s\'appelait Marcel Bloch à l\'époque) a conçu : une hélice \"l\'éclaire\".</div>\r\n<div class=\"event\"><span class=\"year\">1917</span> – Le premier appontage d\'un avion de chasse sur un porte-avions a eu lieu en 1917 par un avion : Sopwith Pup.</div>\r\n<div class=\"event\"><span class=\"year\">1917</span> – En 1917, l\'as allemand Mandfred Von Richtofen s\'illustre aux commandes de son Fokker DRI. Cet avion connu pour sa maniabilité était équipé de : trois ailes.</div>\r\n<div class=\"event\"><span class=\"year\">1917</span> – L\'escadrille que commandait Manfred VON RICHTOFEN en 1917-1918 était appelée : le Cirque Volant.</div>\r\n<div class=\"event\"><span class=\"year\">1918</span> – Dès novembre 1918, profitant des avancées techniques issues de la Grande Guerre, Pierre Latécoère fonde l\'Aéropostale avec des avions Breguet XIV.. Elle a pour but de développer des lignes aériennes vers : l\'Afrique et l\'Amérique du Sud.</div>\r\n<div class=\"event\"><span class=\"year\">1919</span> – Les premières liaisons commerciales aériennes sont apparues : entre les deux guerres mondiales, dès les années 1919 et 1920.</div>\r\n<div class=\"event\"><span class=\"year\">1920</span> – Il y a 100 ans, en 1920, toute jeune brevetée, René Caudron l\'engage et en fait la première femme pilote d\'essai. Elle passe à la postérité pour avoir vaincu la Cordillère des Andes en 1921 un an plus tard. Elle s\'appelait : Adrienne Bolland.</div>\r\n<div class=\"event\"><span class=\"year\">1920</span> – Le directeur d\'exploitation des ligues de l\'aéropostale de 1920 à 1931 était : Didier DAURAT.</div>\r\n<div class=\"event\"><span class=\"year\">1920</span> – Dans les années 1920, la recherche s\'oriente en particulier vers le pilotage sans visibilité. Le premier instrument étudié à cet effet et utilisé par Lindbergh lors de sa célèbre traversée de l\'Atlantique, est : le contrôleur de vol Badin.</div>\r\n<div class=\"event\"><span class=\"year\">1926</span> – Le premier lancement d’une fusée à propergol liquide a été effectué : en 1926 par GODDARD.</div>\r\n<div class=\"event\"><span class=\"year\">1927</span> – Charles Lindbergh a traversé l\'Atlantique nord : d\'Ouest en Est en 1927 à bord du Spirit of Saint Louis il se pose : au Bourget.</div>\r\n<div class=\"event\"><span class=\"year\">1927</span> – Lors de son illustre vol New-York-Paris de mai 1927, Charles Lindbergh : devait se servir d\'un périscope pour voir devant lui.</div>\r\n<div class=\"event\"><span class=\"year\">1928</span> – Les premières inventions de la propulsion à réaction ont eu lieu dans l\'Entre-deux-guerre : c\'est l\'Anglais Franck Whittle qui invente le turboréacteur 1928.</div>\r\n<div class=\"event\"><span class=\"year\">1929</span> – En juin 1929, l\'avion transatlantique l\'« Oiseau Canari » a été contraint de se dérouter vers l\'Espagne alors que sa destination initiale était Paris à cause : de la surcharge résultant d\'un passager clandestin.</div>\r\n<div class=\"event\"><span class=\"year\">1929</span> – En 1929, un équipage français réussit la première traversée de l’Atlantique Nord dans le sens Etats Unis - Europe aux commandes du : Bernard 191 « Oiseau Canari ».</div>\r\n<div class=\"event\"><span class=\"year\">1929</span> – Le roman de Saint-Exupéry, écrit en 1929, évoquant la ligne Latécoère entre Toulouse et Dakar a pour titre : Courrier Sud.</div>\r\n<div class=\"event\"><span class=\"year\">1930</span> – Dans les années 1930, les Allemands deviennent les leaders mondiaux dans la construction des planeurs. Ce succès est dû en grande partie : à l\'interdiction qui leur est imposée de constituer une aviation militaire motorisée après la guerre 14-18.</div>\r\n<div class=\"event\"><span class=\"year\">1930</span> – Elle obtient son premier brevet de pilote en 1930 et reçoit le commandement de la première escadrille de convoyage en 1939 avec Maryse Bastié. Cette célèbre aviatrice de l\'Entre-deux-Guerres est : Jacqueline AURIOL.</div>\r\n<div class=\"event\"><span class=\"year\">1930</span> – Dans les années 1930 en France, un plan d\'eau a servi de base aux hydravions pour les traversées de l\'Atlantique, devenant ainsi un aéroport international c\'est : le lac de Biscarosse.</div>\r\n<div class=\"event\"><span class=\"year\">1930</span> – Paris — New-York est effectué en avion pour la 1ère fois en 1930 par : Dieudonné Costes et Maurice Bellonte.</div>\r\n<div class=\"event\"><span class=\"year\">1930</span> – Jean Mermoz effectue en 1930, la première traversée postale de l\'Atlantique Sud de Saint-Louis-du-Sénégal à Natal (Brésil) avec un avion : Latécoère 28.</div>\r\n<div class=\"event\"><span class=\"year\">1930</span> – En 1930, les pilotes français Costes et Bellonte traversent l\'Atlantique Nord dans le sens Paris New-York aux commandes du : Breguet 19 « Point d\'Interrogation ».</div>\r\n<div class=\"event\"><span class=\"year\">1931</span> – En 1931, en France, a eu lieu la première démonstration de vol en patrouille avec 3 appareils d’entrainement de type monoplan parasol. Cet avion était un : Morane-Saulnier.</div>\r\n<div class=\"event\"><span class=\"year\">1932</span> – En 1932, l\'américaine Amelia Earhart a été la première femme à réaliser une traversée aérienne océanique en solitaire. Ce fut : l\'Atlantique Nord.</div>\r\n<div class=\"event\"><span class=\"year\">1932</span> – Quelle est l\'aviatrice qui a traversé la première l\'Atlantique entre Terre-Neuve et l\'Irlande en 1932 : Amélie EARHART.</div>\r\n<div class=\"event\"><span class=\"year\">1932</span> – En 1932, l\'américaine Amélia Earhart a été la première femme à réaliser une traversée aérienne en solitaire. Laquelle : l\'Atlantique Nord.</div>\r\n<div class=\"event\"><span class=\"year\">1933</span> – L\'armée de l\'air française a été créée en : fin de l’année 1933 et mise en œuvre durant l’hiver 1934.</div>\r\n<div class=\"event\"><span class=\"year\">1933</span> – L\'Aéropostale fut à l\'origine de la création d\'une grande compagnie aérienne en 1933, elle s\'appelait : Air France.</div>\r\n<div class=\"event\"><span class=\"year\">1933</span> – La compagnie Air France a été créée en : 1933.</div>\r\n<div class=\"event\"><span class=\"year\">1933</span> – En janvier 1933, sur quel nouvel avion Jean MERMOZ réalise un vol direct entre le Sénégal et Natal au Brésil : le Latécoère 28 Comte de La Vaulx.</div>\r\n<div class=\"event\"><span class=\"year\">1933</span> – Quel groupe français a été créé en 1933 : Air France.</div>\r\n<div class=\"event\"><span class=\"year\">1933</span> – Considéré comme le père de l’aviation populaire, Henri Mignet développe en 1933 un aéronef original qui ne peut se mettre en vrille, il s’agissait du : pou du Ciel.</div>\r\n<div class=\"event\"><span class=\"year\">1935</span> – Le Douglas DC-3 a effectué son premier vol en : 1935.</div>\r\n<div class=\"event\"><span class=\"year\">1935</span> – Le Messerschmitt Bf 109, a été le plus construit des avions de combat allemands de la seconde guerre mondiale et le Focke-Wulf 190 le meilleur. Ils ont respectivement effectué leur premier vol en : 1935 et 1939.</div>\r\n<div class=\"event\"><span class=\"year\">1935</span> – Considéré par les historiens comme l\'avion du 20ème siècle, le Douglas DC-3 a effectué son premier vol en : 1935.</div>\r\n<div class=\"event\"><span class=\"year\">1936</span> – Jean Mermoz disparut au large des côtes de Dakar en 1936 à bord de quel appareil : La croix du Sud.</div>\r\n<div class=\"event\"><span class=\"year\">1936</span> – En 1936, disparaît Jean-Mermoz à bord de son Latécoère 300 lors d\'une traversée de l\'Atlantique Dakar-Natal en équipage. L\'avion s\'appelait : la Croix du sud.</div>\r\n<div class=\"event\"><span class=\"year\">1936</span> – Maryse Bastié fut la première aviatrice à traverser l\'Atlantique sud de Dakar à Natal en : 1936.</div>\r\n<div class=\"event\"><span class=\"year\">1937</span> – En 1937, le \"LZ 129 Hindenburg\" est le plus gros dirigeable jamais construit jusqu\'alors. Il fut détruit, à son arrivée à Lakehurst (New York), par un incendie dans lequel périrent 39 passagers. Cet appareil est de la marque : allemande \"Zeppelin\".</div>\r\n<div class=\"event\"><span class=\"year\">1937</span> – En 1937 le dirigeable Hindenburg brûle en faisant 36 victimes. Il était gonflé au : dihydrogène.</div>\r\n<div class=\"event\"><span class=\"year\">1937</span> – En 1937, avant l\'entrée des Etats Unis dans le conflit mondial, l\'américaine Amélia Earhart disparaît en effectuant une traversée aérienne maritime du Pacifique.</div>\r\n<div class=\"event\"><span class=\"year\">1939</span> – Le Heinkel \"He-178\" : fut le premier avion à réaction à avoir volé en 1939.</div>\r\n<div class=\"event\"><span class=\"year\">1940</span> – Lequel de ces avions n\'était pas encore en service en mai 1940, lors de la campagne de France : De Havilland 98 \"Mosquito\".</div>\r\n<div class=\"event\"><span class=\"year\">1940</span> – Durant la bataille d\'Angleterre de juillet à septembre 1940, lequel de ces avions n\'a pas été engagé : Spad XIII.</div>\r\n<div class=\"event\"><span class=\"year\">1940</span> – En 1940, lors de la bataille de France, l’armée de l’air utilisa : des Dewoitine 520.</div>\r\n<div class=\"event\"><span class=\"year\">1941</span> – L\'attaque japonaise contre Pearl Harbor, le 7 décembre 1941, fut effectuée : par des avions embarqués sur des porte-avions.</div>\r\n<div class=\"event\"><span class=\"year\">1941</span> – Le 7 décembre 1941, les Japonais déclarent la guerre aux Etats Unis en attaquant la base de Pearl Harbor au moyen de : chasseurs et bombardiers lancés depuis des porte-avions.</div>\r\n<div class=\"event\"><span class=\"year\">1941</span> – Des femmes-pilotes soviétiques participèrent à la guerre dans les airs entre 1941 et 1945 : en participant aux combats du front de l\'Est où elles furent surnommées \"les sorcières de la nuit\".</div>\r\n<div class=\"event\"><span class=\"year\">1942</span> – Le premier lancement d\'une fusée balistique stratosphérique appelée \"V2\", a été effectué : en 1942 par Wernher VON BRAUN.</div>\r\n<div class=\"event\"><span class=\"year\">1943</span> – En juin 1943, les forces nazies mettent en service les premières bombes volantes V1. Le pulso-réacteur de ces fusées était alimenté par : de l\'acétylène.</div>\r\n<div class=\"event\"><span class=\"year\">1944</span> – En 1944, la Luftwaffe met en service un avion construit par Messerschmitt dont la particularité est d\'être : à réaction.</div>\r\n<div class=\"event\"><span class=\"year\">1944</span> – St-Exupery disparait en 1944 avec un avion de type : Lockheed P-38 Lightning.</div>\r\n<div class=\"event\"><span class=\"year\">1944</span> – L\'Organisation Internationale de l\'Aviation Civile (OACI) a été créée en : 1944.</div>\r\n<div class=\"event\"><span class=\"year\">1944</span> – Les pilotes de l\'escadrille des Red Tails (US Air Force) se sont brillamment distingués en 1944 dans la lutte contre la Luftwaffe. Leur recrutement avait pourtant été discuté car : ils étaient noirs.</div>\r\n<div class=\"event\"><span class=\"year\">1944</span> – Le 6 juin 1944 du côté des alliés, le nombre d\'avions engagés fut de : 11590 appareils.</div>\r\n<div class=\"event\"><span class=\"year\">1944</span> – En 1944, l\'OACI fut créée. Le sigle O.A.C.I. signifie : organisation de l\'aviation civile internationale.</div>\r\n<div class=\"event\"><span class=\"year\">1945</span> – En 1945, la première bombe atomique a été larguée sur Hiroshima par un quadrimoteur : Boeing B-29.</div>\r\n<div class=\"event\"><span class=\"year\">1945</span> – Quelle est la société française créée en 1945 : Société Nationale d\'Etude et de Construction de Moteurs d\'Avions.</div>\r\n<div class=\"event\"><span class=\"year\">1946</span> – L\'avion Lockheed \"Constellation\" a été mis en service au sein de la compagnie Air France en : 1946.</div>\r\n<div class=\"event\"><span class=\"year\">1946</span> – Le premier siège éjectable opérationnel est apparu en : 1946.</div>\r\n<div class=\"event\"><span class=\"year\">1947</span> – En quelle année le mur du son a-t-il été franchi pour la première fois : 1947.</div>\r\n<div class=\"event\"><span class=\"year\">1947</span> – Chuck YEAGER est le premier pilote au monde à avoir franchi le mur du son en 1947 sur : le BELL X-1.</div>\r\n<div class=\"event\"><span class=\"year\">1948</span> – En France, le premier essai en vol d\'un siège éjectable a été réalisé en 1948 par : Robert CARTIER.</div>\r\n<div class=\"event\"><span class=\"year\">1948</span> – L\'avion le plus utilisé par les Occidentaux pour assurer le ravitaillement de Berlin par pont aérien lors du blocus soviétique entre juin 1948 et mai 1949 fut : le Douglas C-54 \"Skymaster\".</div>\r\n<div class=\"event\"><span class=\"year\">1950</span> – L\'ingénieur français René Leduc a mis au point dans les années 1950 : le statoréacteur.</div>\r\n<div class=\"event\"><span class=\"year\">1950</span> – Le succès de la Caravelle, à la fin des années 1950, s\'explique principalement par : le silence en cabine obtenu en plaçant les réacteurs à l\'arrière du fuselage.</div>\r\n<div class=\"event\"><span class=\"year\">1950</span> – Cet avion est de conception des années : 1950.</div>\r\n<div class=\"event\"><span class=\"year\">1953</span> – Le 1er pilote français à avoir franchi le \"mur\" du son en 1953 était : Constantin ROZANOFF.</div>\r\n<div class=\"event\"><span class=\"year\">1953</span> – La Patrouille de France (PAF) a été créée en : 1953.</div>\r\n<div class=\"event\"><span class=\"year\">1955</span> – Trois aéronefs ont effectué leur premier vol en 1955. Ce sont les trois aéronefs suivants : Fokker 27, Alouette II et Caravelle.</div>\r\n<div class=\"event\"><span class=\"year\">1955</span> – Lors de sa première présentation publique en 1955, le prototype du quadriréacteur de transport civil BOEING 707 a fait : Un tonneau lent.</div>\r\n<div class=\"event\"><span class=\"year\">1957</span> – Spoutnik, le premier satellite artificiel, a été lancé en : 1957.</div>\r\n<div class=\"event\"><span class=\"year\">1957</span> – La première mise en orbite par les Soviétiques d\'un satellite artificiel dénommé Spoutnik eut lieu en : 1957.</div>\r\n<div class=\"event\"><span class=\"year\">1957</span> – Spoutnik 1, le premier satellite artificiel, a été lancé en : 1957.</div>\r\n<div class=\"event\"><span class=\"year\">1960</span> – Depuis les années 1960, création du seul avion opérationnel à décollage et atterrissage vertical (A.D.A.V.).</div>\r\n<div class=\"event\"><span class=\"year\">1961</span> – Le premier homme qui effectua une orbite complète dans l’espace en 1961 fut : le Soviétique Youri Gagarine (programme Vostok).</div>\r\n<div class=\"event\"><span class=\"year\">1961</span> – En 1961, la France se lance dans la course à l\'espace en décidant de construire la fusée à trois étages \"Diamant\". Cette dernière lancera et satellisera le premier satellite français « Astérix » en 1965, depuis la base de : d\'Hammaguir.</div>\r\n<div class=\"event\"><span class=\"year\">1962</span> – En quelle année John GLENN a effectué sa première mission spatiale autour de la Terre : 1962.</div>\r\n<div class=\"event\"><span class=\"year\">1962</span> – Le premier satellite de télécommunication a été lancé le 10 juillet 1962. Ce satellite a été appelé : Telstar 1.</div>\r\n<div class=\"event\"><span class=\"year\">1963</span> – Depuis 1963, le record d\'altitude est détenu par l\'avion fusée North American X15. Quelle est l\'attitude atteinte : 107960 mètres.</div>\r\n<div class=\"event\"><span class=\"year\">1963</span> – En 1963, l\'avion-fusée North American X-15 atteignit l\'altitude record de : 107 960 m.</div>\r\n<div class=\"event\"><span class=\"year\">1965</span> – Le premier satellite français a été lancé en 1965 par une fusée française appelée : Diamant.</div>\r\n<div class=\"event\"><span class=\"year\">1965</span> – Le premier homme à avoir quitté son vaisseau spatial en orbite fut : Alexeï LEONOV en 1965.</div>\r\n<div class=\"event\"><span class=\"year\">1968</span> – Le BIA qui offre aux jeunes un accès à l’aéronautique via l\'éducation nationale a été créé le : 04 octobre 1968.</div>\r\n<div class=\"event\"><span class=\"year\">1969</span> – Le premier homme à avoir posé le pied sur la Lune le 21 juillet 1969 est : Neil ARMSTRONG.</div>\r\n<div class=\"event\"><span class=\"year\">1969</span> – Le 2 mars 1969, le supersonique \"Concorde\" effectuait son premier vol. Le commandant de bord de ce vol était : André TURCAT.</div>\r\n<div class=\"event\"><span class=\"year\">1969</span> – Le programme qui a permis la conquête de la Lune par les Américains en 1969 s\'appelait : Apollo.</div>\r\n<div class=\"event\"><span class=\"year\">1969</span> – Le Concorde a fait son premier vol en 1969. Quel autre avion mythique a également volé pour la première fois cette année-là : Boeing 747.</div>\r\n<div class=\"event\"><span class=\"year\">1969</span> – Quel évènement historique qui s’est déroulé en 1969, est retracé dans le film \"First Man\" : la mission Apollo 11 et les premiers pas sur la Lune.</div>\r\n<div class=\"event\"><span class=\"year\">1969</span> – Depuis sa mise en service, aucun avion commercial n\'a encore remplacé le supersonique franco-britanique “ Concorde ”, éclatante preuve du savoir faire technologique européen. Cet appareil dont le prototype 001 est conservé au musée de l\'air et de l\'Espace du Bourget a effectué son premier vol en : 1969.</div>\r\n<div class=\"event\"><span class=\"year\">1970</span> – L\'équipage de la mission spatiale Apollo 13 menée en 1970 par les Etats-Unis pour explorer la Lune a été : victime d\'une grave avarie le mettant en péril.</div>\r\n<div class=\"event\"><span class=\"year\">1977</span> – Le vaisseau spatial lancé par la NASA en 1977 et qui est officiellement sorti du système solaire en 2013 est : Voyager 1.</div>\r\n<div class=\"event\"><span class=\"year\">1979</span> – Les premières images filmées de la planète Saturne ont été transmises le 1er septembre 1979 par la sonde spatiale : Viking 1.</div>\r\n<div class=\"event\"><span class=\"year\">1979</span> – La fusée Ariane a été tirée pour la première fois.</div>\r\n<div class=\"event\"><span class=\"year\">1981</span> – La navette spatiale américaine qui a été la première à voler le 12 avril 1981 s\'appelait : Columbia.</div>\r\n<div class=\"event\"><span class=\"year\">1982</span> – Quel est le premier cosmonaute français à être allé dans l\'espace en 1982 : Jean-Loup CHRETIEN.</div>\r\n<div class=\"event\"><span class=\"year\">1986</span> – Le Dassault Rafale a effectué son premier vol en : 1986.</div>\r\n<div class=\"event\"><span class=\"year\">1986</span> – En décembre 1986, le \"Voyager\" construit par RUTAN a effectué : le premier vol autour du monde sans escale et sans ravitaillement.</div>\r\n<div class=\"event\"><span class=\"year\">1990</span> – Le premier télescope spatial mis en exploitation est : Hubble, lancé en 1990.</div>\r\n<div class=\"event\"><span class=\"year\">1992</span> – l’Europe via son agence spatiale a travaillé sur le développement, abandonné en 1992, d’une navette spatiale, il s’agissait du projet : Hermès.</div>\r\n<div class=\"event\"><span class=\"year\">1997</span> – Jusqu\'en 1997, les liaisons aériennes intérieures françaises étaient assurées principalement par : Air Inter.</div>\r\n<div class=\"event\"><span class=\"year\">1999</span> – Le premier tour du monde sans escale en ballon s\'est déroulé en : 1999.</div>\r\n<div class=\"event\"><span class=\"year\">2000</span> – En 2000, où a-t-on retrouvé les restes de l’avion de Saint-Exupéry : la mer Méditerranée.</div>\r\n<div class=\"event\"><span class=\"year\">2003</span> – Quelle compagnie a fêté en 2003 ses 70 ans : Air France.</div>\r\n<div class=\"event\"><span class=\"year\">2003</span> – Pour répondre aux futurs enjeux environnementaux, le suisse Bertrand Picard a lancé en 2003 le projet : « Solar impulse ».</div>\r\n<div class=\"event\"><span class=\"year\">2004</span> – L\'objectif de la sonde Rosetta, lancée en 2004 et parvenue à destination 10 ans plus tard, était : de poser un atterrisseur sur une comète pour analyser sa composition.</div>\r\n<div class=\"event\"><span class=\"year\">2005</span> – L\'Airbus A-380 a effectué son vol initial en : 2005.</div>\r\n<div class=\"event\"><span class=\"year\">2005</span> – Le premier vol de l\'A380 a eu lieu en : 2005.</div>\r\n<div class=\"event\"><span class=\"year\">2007</span> – Le premier Airbus A380 mis en service a été livré a la compagnie : Singapore Airlines en 2007.</div>\r\n<div class=\"event\"><span class=\"year\">2007</span> – L\'Airbus A-380 est entré en service commercial en : 2007.</div>\r\n<div class=\"event\"><span class=\"year\">2009</span> – En 2009, Airbus inaugure le premier vol commercial du plus grand avion civil au monde. Cet avion s\'appelle : A380.</div>\r\n<div class=\"event\"><span class=\"year\">2009</span> – Quel exploit, réalisé par le pilote Chesley Sullenberger en 15 janvier 2009, a permis de sauver tous ses passagers : il a fait amerrir un airbus A320 sur le fleuve Hudson suite à une collision aviaire.</div>\r\n<div class=\"event\"><span class=\"year\">2012</span> – Le passage du mur du son en chute libre est : réalisé pour la première fois par l’autrichien Félix Baumgartner en 2012.</div>\r\n<div class=\"event\"><span class=\"year\">2013</span> – La compagnie aérienne qui aura 80 ans en 2013 est : Air France.</div>\r\n<div class=\"event\"><span class=\"year\">2013</span> – En 2013, nous avons fêté l\'anniversaire du premier vol effectué par les frères Wright, il y a : 110 ans.</div>\r\n<div class=\"event\"><span class=\"year\">2014</span> – En novembre 2014, la sonde Roseta a déposé sur la comète Churyumov un robot appelé : Philae.</div>\r\n<div class=\"event\"><span class=\"year\">2014</span> – Issu du plan pour une « nouvelle France industrielle », l’avion électrique E-fan effectue son premier vol en : 2014.</div>\r\n<div class=\"event\"><span class=\"year\">2015</span> – En 2015, la société américaine SpaceX a été à l\'origine d\'une importante innovation dans le lancement de charges utiles dans l\'espace : au retour du vol, le lanceur est revenu sur son pas de tir et a pu être récupéré.</div>\r\n<div class=\"event\"><span class=\"year\">2016</span> – En 2016, l\'avion Solar Impulse 2 a bouclé le premier tour du monde aérien : sans consommer de carburant fossile.</div>\r\n<div class=\"event\"><span class=\"year\">2016</span> – En novembre 2016, le dixième spationaute français a rejoint la station spatiale internationale (ISS), à bord de Soyouz MS-03, pour une mission de six mois. Il est d\'ailleurs en 2018, le parrain des 50 ans du B.I.A. Il s\'agit de : Thomas Pesquet.</div>\r\n<div class=\"event\"><span class=\"year\">2019</span> – Le 1er janvier 2019, une sonde a survolé Ultima Thulé, l\'objet le plus lointain jamais survolé par un objet de fabrication humaine, il s\'agissait de : New horizons.</div>\r\n<div class=\"event\"><span class=\"year\">2022</span> – L\'Agence spatiale européenne (ESA) a annoncé en 2022 qu\'une astronaute française faisait désormais partie de la nouvelle promotion d\'astronautes il s\'agit de : Sophie ADENOT.</div>\r\n<div class=\"event\"><span class=\"year\">2022</span> – Le DR 400 fête ses 50 ans cette année (en 2022), quel constructeur l\'a commercialisé à sa sortie en mars 1972 : ROBIN.</div>\r\n</div>',1,'',1,'{\"op\":\"&\",\"c\":[],\"showc\":[]}',NULL,NULL,1750698480),(95,10,2,'Exercices pratiques','<p>Les équations que vous avez vues dans ce cours ne sont pas seulement théoriques : elles sont au cœur des situations réelles rencontrées en vol. Pour mieux les comprendre et les maîtriser, rien de tel que la pratique !</p>\r\n<p>Cette section vous propose une série d\'exercices concrets, inspirés des situations aéronautiques courantes et des sujets du Brevet d’Initiation Aéronautique (BIA).</p>\r\n<p>Vous serez amené(e) à :</p>\r\n<ul>\r\n<li>Convertir des vitesses, des distances et des altitudes dans les unités utilisées en aéronautique.</li>\r\n<li>Appliquer les formules comme \\( D = V \\cdot t \\), \\( V = \\frac{D}{t} \\), ou \\( t = \\frac{D}{V} \\) pour résoudre des problèmes de navigation.</li>\r\n<li>Utiliser les équations de portance \\( L = \\frac{1}{2} \\rho V^2 S C_L \\) ou de traînée \\( D = \\frac{1}{2} \\rho V^2 S C_D \\).</li>\r\n<li>Déterminer des grandeurs physiques comme l\'énergie cinétique \\( E_c = \\frac{1}{2} m V^2 \\) ou la pression atmosphérique selon l’altitude \\( P = P_0 \\left(1 - \\frac{L h}{T_0} \\right)^{\\frac{gM}{RL}} \\).</li>\r\n<li>Analyser des virages, des variations de température ou les effets du vent sur la trajectoire d’un avion.</li>\r\n</ul>\r\n<p>Ces exercices sont conçus pour vous aider à comprendre <strong>quand</strong> et <strong>comment</strong> utiliser les formules, mais aussi à interpréter correctement les résultats obtenus dans un contexte aéronautique.</p>\r\n<p>🛫 <em>À vous de jouer ! Prenez vos instruments, vos unités et vos formules : vous êtes aux commandes.</em></p>',1,'',1,'{\"op\":\"&\",\"c\":[],\"showc\":[]}',NULL,NULL,1750052675),(96,11,0,'Introduction','',1,'',1,NULL,NULL,NULL,1750410926),(100,11,1,NULL,'',1,'',1,NULL,NULL,NULL,1750410890),(102,12,0,NULL,'',1,'387,388',1,NULL,NULL,NULL,1755155503);

--
-- Table structure for table `mdl_customcert`
--

CREATE TABLE `mdl_customcert` (
  `id` bigint NOT NULL AUTO_INCREMENT,
  `course` bigint NOT NULL DEFAULT '0',
  `templateid` bigint NOT NULL DEFAULT '0',
  `name` varchar(255) CHARACTER SET utf8mb4 COLLATE utf8mb4_0900_ai_ci NOT NULL DEFAULT '',
  `intro` longtext CHARACTER SET utf8mb4 COLLATE utf8mb4_0900_ai_ci,
  `introformat` smallint NOT NULL DEFAULT '0',
  `requiredtime` bigint NOT NULL DEFAULT '0',
  `verifyany` tinyint(1) NOT NULL DEFAULT '0',
  `deliveryoption` varchar(255) CHARACTER SET utf8mb4 COLLATE utf8mb4_0900_ai_ci DEFAULT NULL,
  `emailstudents` tinyint(1) NOT NULL DEFAULT '0',
  `emailteachers` tinyint(1) NOT NULL DEFAULT '0',
  `emailothers` longtext CHARACTER SET utf8mb4 COLLATE utf8mb4_0900_ai_ci,
  `protection` varchar(255) CHARACTER SET utf8mb4 COLLATE utf8mb4_0900_ai_ci NOT NULL DEFAULT '',
  `language` varchar(20) CHARACTER SET utf8mb4 COLLATE utf8mb4_0900_ai_ci DEFAULT NULL,
  `timecreated` bigint NOT NULL DEFAULT '0',
  `timemodified` bigint NOT NULL DEFAULT '0',
  PRIMARY KEY (`id`),
  KEY `mdl_cust_tem_ix` (`templateid`)
) ENGINE=InnoDB AUTO_INCREMENT=2 DEFAULT CHARSET=utf8mb4 COLLATE=utf8mb4_0900_ai_ci ROW_FORMAT=COMPRESSED COMMENT='Defines customcerts';

--
-- Dumping data for table `mdl_customcert`
--

INSERT INTO `mdl_customcert` VALUES (1,2,2,'Certification BIA','<p>Texte de la certification.</p>',1,0,0,'I',1,1,'0','','',1737109882,1737117159);

--
-- Table structure for table `mdl_customcert_elements`
--

CREATE TABLE `mdl_customcert_elements` (
  `id` bigint NOT NULL AUTO_INCREMENT,
  `pageid` bigint NOT NULL DEFAULT '0',
  `name` varchar(255) CHARACTER SET utf8mb4 COLLATE utf8mb4_0900_ai_ci NOT NULL DEFAULT '',
  `element` varchar(255) CHARACTER SET utf8mb4 COLLATE utf8mb4_0900_ai_ci NOT NULL DEFAULT '',
  `data` longtext CHARACTER SET utf8mb4 COLLATE utf8mb4_0900_ai_ci,
  `font` varchar(255) CHARACTER SET utf8mb4 COLLATE utf8mb4_0900_ai_ci DEFAULT NULL,
  `fontsize` bigint DEFAULT NULL,
  `colour` varchar(50) CHARACTER SET utf8mb4 COLLATE utf8mb4_0900_ai_ci DEFAULT NULL,
  `posx` bigint DEFAULT NULL,
  `posy` bigint DEFAULT NULL,
  `width` bigint DEFAULT NULL,
  `refpoint` smallint DEFAULT NULL,
  `alignment` varchar(1) CHARACTER SET utf8mb4 COLLATE utf8mb4_0900_ai_ci NOT NULL DEFAULT 'L',
  `sequence` bigint DEFAULT NULL,
  `timecreated` bigint NOT NULL DEFAULT '0',
  `timemodified` bigint NOT NULL DEFAULT '0',
  PRIMARY KEY (`id`),
  KEY `mdl_custelem_pag_ix` (`pageid`)
) ENGINE=InnoDB AUTO_INCREMENT=12 DEFAULT CHARSET=utf8mb4 COLLATE=utf8mb4_0900_ai_ci ROW_FORMAT=COMPRESSED COMMENT='Stores the elements for a given page';

--
-- Dumping data for table `mdl_customcert_elements`
--

INSERT INTO `mdl_customcert_elements` VALUES (1,1,'Image','image','{\"width\":0,\"height\":0,\"alphachannel\":1,\"contextid\":\"1\",\"filearea\":\"image\",\"itemid\":\"0\",\"filepath\":\"\\/\",\"filename\":\"ENAC.jpeg\"}',NULL,NULL,NULL,NULL,NULL,0,NULL,'L',2,1737109474,1737109492),(2,1,'Champ de cours','coursefield','idnumber','times',12,'#000000',NULL,NULL,0,1,'L',3,1737109527,1737109527),(3,1,'Image de l’utilisateur','userpicture','{\"width\":0,\"height\":0}',NULL,NULL,NULL,NULL,NULL,0,NULL,'L',4,1737109606,1737109606),(4,1,'Nom du cours','coursename','2','times',12,'#000000',NULL,NULL,0,1,'L',1,1737109622,1737109622),(5,1,'Texte','text','Bravo vous avez obtenu le BIA','times',12,'#000000',NULL,NULL,0,1,'L',5,1737109658,1737109658),(6,1,'Signature numérique','digitalsignature','{\"signaturename\":\"Enseignant\",\"signaturepassword\":\"\",\"signaturelocation\":\"\",\"signaturereason\":\"\",\"signaturecontactinfo\":\"\",\"width\":0,\"height\":0}',NULL,NULL,NULL,NULL,NULL,0,NULL,'L',6,1737109778,1737109778),(7,3,'Image','image','{\"width\":0,\"height\":0,\"alphachannel\":1,\"contextid\":\"1\",\"filearea\":\"image\",\"itemid\":\"0\",\"filepath\":\"\\/\",\"filename\":\"ENAC 3.jpeg\"}',NULL,NULL,NULL,NULL,NULL,0,NULL,'L',1,1737117303,1737117309),(8,4,'Image','image','{\"width\":0,\"height\":0,\"alphachannel\":1,\"contextid\":\"14\",\"filearea\":\"image\",\"itemid\":\"0\",\"filepath\":\"\\/\",\"filename\":\"ENAC 3.jpeg\"}',NULL,NULL,NULL,NULL,NULL,0,NULL,'L',1,1737117360,1737117360),(9,4,'Nom de l’étudiant','studentname','','times',12,'#000000',NULL,NULL,0,1,'L',2,1737117891,1737117891),(10,4,'Nom du cours','coursename','2','times',12,'#000000',NULL,NULL,0,1,'L',3,1737117919,1737117919),(11,4,'Texte','text','Encore bravo','times',12,'#000000',NULL,NULL,0,1,'L',4,1737117933,1737117933);

--
-- Table structure for table `mdl_customcert_issues`
--

CREATE TABLE `mdl_customcert_issues` (
  `id` bigint NOT NULL AUTO_INCREMENT,
  `userid` bigint NOT NULL DEFAULT '0',
  `customcertid` bigint NOT NULL DEFAULT '0',
  `code` varchar(40) CHARACTER SET utf8mb4 COLLATE utf8mb4_0900_ai_ci DEFAULT NULL,
  `emailed` tinyint(1) NOT NULL DEFAULT '0',
  `timecreated` bigint NOT NULL DEFAULT '0',
  PRIMARY KEY (`id`),
  KEY `mdl_custissu_usecus_ix` (`userid`,`customcertid`),
  KEY `mdl_custissu_use_ix` (`userid`),
  KEY `mdl_custissu_cus_ix` (`customcertid`),
  KEY `mdl_custissu_cod_ix` (`code`)
) ENGINE=InnoDB AUTO_INCREMENT=2 DEFAULT CHARSET=utf8mb4 COLLATE=utf8mb4_0900_ai_ci ROW_FORMAT=COMPRESSED COMMENT='Stores each issue of a customcert';

--
-- Dumping data for table `mdl_customcert_issues`
--

INSERT INTO `mdl_customcert_issues` VALUES (1,2,1,'A5vXlCDolI',0,1737109886);

--
-- Table structure for table `mdl_customcert_pages`
--

CREATE TABLE `mdl_customcert_pages` (
  `id` bigint NOT NULL AUTO_INCREMENT,
  `templateid` bigint NOT NULL DEFAULT '0',
  `width` bigint NOT NULL DEFAULT '0',
  `height` bigint NOT NULL DEFAULT '0',
  `leftmargin` bigint NOT NULL DEFAULT '0',
  `rightmargin` bigint NOT NULL DEFAULT '0',
  `sequence` bigint DEFAULT NULL,
  `timecreated` bigint NOT NULL DEFAULT '0',
  `timemodified` bigint NOT NULL DEFAULT '0',
  PRIMARY KEY (`id`),
  KEY `mdl_custpage_tem_ix` (`templateid`)
) ENGINE=InnoDB AUTO_INCREMENT=5 DEFAULT CHARSET=utf8mb4 COLLATE=utf8mb4_0900_ai_ci ROW_FORMAT=COMPRESSED COMMENT='Stores each page of a custom cert';

--
-- Dumping data for table `mdl_customcert_pages`
--

INSERT INTO `mdl_customcert_pages` VALUES (1,1,210,297,0,0,1,1737107321,1737107321),(3,3,210,297,0,0,1,1737117297,1737117297),(4,2,210,297,0,0,1,1737117360,1737117360);

--
-- Table structure for table `mdl_customcert_templates`
--

CREATE TABLE `mdl_customcert_templates` (
  `id` bigint NOT NULL AUTO_INCREMENT,
  `name` varchar(255) CHARACTER SET utf8mb4 COLLATE utf8mb4_0900_ai_ci DEFAULT NULL,
  `contextid` bigint NOT NULL,
  `timecreated` bigint NOT NULL DEFAULT '0',
  `timemodified` bigint NOT NULL DEFAULT '0',
  PRIMARY KEY (`id`),
  KEY `mdl_custtemp_con_ix` (`contextid`)
) ENGINE=InnoDB AUTO_INCREMENT=4 DEFAULT CHARSET=utf8mb4 COLLATE=utf8mb4_0900_ai_ci ROW_FORMAT=COMPRESSED COMMENT='Stores each customcert template';

--
-- Dumping data for table `mdl_customcert_templates`
--

INSERT INTO `mdl_customcert_templates` VALUES (1,'Brevet d\'initiation à l\'aéronautique',1,1737107321,1737109786),(2,'Certification BIA',303,1737109882,1737117937),(3,'Bravo',1,1737117297,1737117297);

--
-- Table structure for table `mdl_customfield_category`
--

CREATE TABLE `mdl_customfield_category` (
  `id` bigint NOT NULL AUTO_INCREMENT,
  `name` varchar(400) CHARACTER SET utf8mb4 COLLATE utf8mb4_0900_ai_ci NOT NULL DEFAULT '',
  `description` longtext CHARACTER SET utf8mb4 COLLATE utf8mb4_0900_ai_ci,
  `descriptionformat` bigint DEFAULT NULL,
  `sortorder` bigint DEFAULT NULL,
  `timecreated` bigint NOT NULL,
  `timemodified` bigint NOT NULL,
  `component` varchar(100) CHARACTER SET utf8mb4 COLLATE utf8mb4_0900_ai_ci NOT NULL DEFAULT '',
  `area` varchar(100) CHARACTER SET utf8mb4 COLLATE utf8mb4_0900_ai_ci NOT NULL DEFAULT '',
  `itemid` bigint NOT NULL DEFAULT '0',
  `contextid` bigint DEFAULT NULL,
  PRIMARY KEY (`id`),
  KEY `mdl_custcate_comareitesor_ix` (`component`,`area`,`itemid`,`sortorder`),
  KEY `mdl_custcate_con_ix` (`contextid`)
) ENGINE=InnoDB AUTO_INCREMENT=4 DEFAULT CHARSET=utf8mb4 COLLATE=utf8mb4_0900_ai_ci ROW_FORMAT=COMPRESSED COMMENT='core_customfield category table';

--
-- Dumping data for table `mdl_customfield_category`
--

INSERT INTO `mdl_customfield_category` VALUES (1,'Difficulté',NULL,0,0,1735541421,1735542376,'qbank_customfields','question',0,1),(3,'Theme Customization',NULL,0,0,1755013122,1755013122,'core_course','course',0,1);

--
-- Table structure for table `mdl_customfield_data`
--

CREATE TABLE `mdl_customfield_data` (
  `id` bigint NOT NULL AUTO_INCREMENT,
  `fieldid` bigint NOT NULL,
  `instanceid` bigint NOT NULL,
  `intvalue` bigint DEFAULT NULL,
  `decvalue` decimal(10,5) DEFAULT NULL,
  `shortcharvalue` varchar(255) CHARACTER SET utf8mb4 COLLATE utf8mb4_0900_ai_ci DEFAULT NULL,
  `charvalue` varchar(1333) CHARACTER SET utf8mb4 COLLATE utf8mb4_0900_ai_ci DEFAULT NULL,
  `value` longtext CHARACTER SET utf8mb4 COLLATE utf8mb4_0900_ai_ci NOT NULL,
  `valueformat` bigint NOT NULL,
  `valuetrust` tinyint NOT NULL DEFAULT '0',
  `timecreated` bigint NOT NULL,
  `timemodified` bigint NOT NULL,
  `contextid` bigint DEFAULT NULL,
  PRIMARY KEY (`id`),
  UNIQUE KEY `mdl_custdata_insfie_uix` (`instanceid`,`fieldid`),
  KEY `mdl_custdata_fieint_ix` (`fieldid`,`intvalue`),
  KEY `mdl_custdata_fiesho_ix` (`fieldid`,`shortcharvalue`),
  KEY `mdl_custdata_fiedec_ix` (`fieldid`,`decvalue`),
  KEY `mdl_custdata_fie_ix` (`fieldid`),
  KEY `mdl_custdata_con_ix` (`contextid`)
) ENGINE=InnoDB AUTO_INCREMENT=73 DEFAULT CHARSET=utf8mb4 COLLATE=utf8mb4_0900_ai_ci ROW_FORMAT=COMPRESSED COMMENT='core_customfield data table';

--
-- Dumping data for table `mdl_customfield_data`
--

INSERT INTO `mdl_customfield_data` VALUES (1,1,13754,0,NULL,NULL,NULL,'0',0,0,1735553488,1735553488,3),(2,2,13754,0,NULL,NULL,NULL,'0',0,0,1735553488,1735553488,3),(3,1,13755,1,NULL,NULL,NULL,'1',0,0,1735558259,1735558259,3),(4,2,13755,1,NULL,NULL,NULL,'1',0,0,1735558259,1735558259,3),(5,1,13756,1,NULL,NULL,NULL,'1',0,0,1735558355,1735558355,3),(6,2,13756,1,NULL,NULL,NULL,'1',0,0,1735558355,1735558355,3),(17,1,13762,1,NULL,NULL,NULL,'1',0,0,1735594671,1735594671,3),(18,2,13762,1,NULL,NULL,NULL,'1',0,0,1735594671,1735594671,3),(33,1,13789,1,NULL,NULL,NULL,'1',0,0,1736883886,1736883886,14),(34,2,13789,1,NULL,NULL,NULL,'1',0,0,1736883886,1736883886,14),(35,1,13790,1,NULL,NULL,NULL,'1',0,0,1736883926,1736883926,14),(36,2,13790,1,NULL,NULL,NULL,'1',0,0,1736883926,1736883926,14),(37,1,13791,1,NULL,NULL,NULL,'1',0,0,1736883946,1736883946,14),(38,2,13791,1,NULL,NULL,NULL,'1',0,0,1736883946,1736883946,14),(39,1,13792,1,NULL,NULL,NULL,'1',0,0,1736883969,1736883969,14),(40,2,13792,1,NULL,NULL,NULL,'1',0,0,1736883969,1736883969,14),(41,1,13793,1,NULL,NULL,NULL,'1',0,0,1736884290,1736884290,14),(42,2,13793,1,NULL,NULL,NULL,'1',0,0,1736884290,1736884290,14),(43,1,13794,1,NULL,NULL,NULL,'1',0,0,1736884360,1736884360,14),(44,2,13794,1,NULL,NULL,NULL,'1',0,0,1736884360,1736884360,14),(45,1,13795,1,NULL,NULL,NULL,'1',0,0,1736884371,1736884371,14),(46,2,13795,1,NULL,NULL,NULL,'1',0,0,1736884371,1736884371,14),(47,1,13796,1,NULL,NULL,NULL,'1',0,0,1736884385,1736884385,14),(48,2,13796,1,NULL,NULL,NULL,'1',0,0,1736884385,1736884385,14),(49,1,13797,1,NULL,NULL,NULL,'1',0,0,1736884426,1736884426,14),(50,2,13797,1,NULL,NULL,NULL,'1',0,0,1736884426,1736884426,14),(51,1,13798,1,NULL,NULL,NULL,'1',0,0,1736892884,1736892884,14),(52,2,13798,1,NULL,NULL,NULL,'1',0,0,1736892884,1736892884,14),(53,1,13799,1,NULL,NULL,NULL,'1',0,0,1736892908,1736892908,14),(54,2,13799,1,NULL,NULL,NULL,'1',0,0,1736892908,1736892908,14),(55,1,13800,1,NULL,NULL,NULL,'1',0,0,1736893256,1736893256,14),(56,2,13800,1,NULL,NULL,NULL,'1',0,0,1736893256,1736893256,14),(57,1,13801,1,NULL,NULL,NULL,'1',0,0,1736893284,1736893284,14),(58,2,13801,1,NULL,NULL,NULL,'1',0,0,1736893284,1736893284,14),(59,1,13802,1,NULL,NULL,NULL,'1',0,0,1736893298,1736893298,14),(60,2,13802,1,NULL,NULL,NULL,'1',0,0,1736893298,1736893298,14),(61,1,17717,1,NULL,NULL,NULL,'1',0,0,1747718948,1747718948,1),(62,2,17717,1,NULL,NULL,NULL,'1',0,0,1747718948,1747718948,1),(63,1,17718,1,NULL,NULL,NULL,'1',0,0,1747718973,1747718973,1),(64,2,17718,1,NULL,NULL,NULL,'1',0,0,1747718973,1747718973,1),(65,1,17719,1,NULL,NULL,NULL,'1',0,0,1747719045,1747719045,1),(66,2,17719,1,NULL,NULL,NULL,'1',0,0,1747719045,1747719045,1),(67,1,17720,1,NULL,NULL,NULL,'1',0,0,1747719312,1747719312,1),(68,2,17720,1,NULL,NULL,NULL,'1',0,0,1747719312,1747719312,1),(69,1,17721,1,NULL,NULL,NULL,'1',0,0,1747719326,1747719326,1),(70,2,17721,1,NULL,NULL,NULL,'1',0,0,1747719326,1747719326,1),(71,1,17722,1,NULL,NULL,NULL,'1',0,0,1747979506,1747979506,1),(72,2,17722,1,NULL,NULL,NULL,'1',0,0,1747979506,1747979506,1);

--
-- Table structure for table `mdl_customfield_field`
--

CREATE TABLE `mdl_customfield_field` (
  `id` bigint NOT NULL AUTO_INCREMENT,
  `shortname` varchar(100) CHARACTER SET utf8mb4 COLLATE utf8mb4_0900_ai_ci NOT NULL DEFAULT '',
  `name` varchar(400) CHARACTER SET utf8mb4 COLLATE utf8mb4_0900_ai_ci NOT NULL DEFAULT '',
  `type` varchar(100) CHARACTER SET utf8mb4 COLLATE utf8mb4_0900_ai_ci NOT NULL DEFAULT '',
  `description` longtext CHARACTER SET utf8mb4 COLLATE utf8mb4_0900_ai_ci,
  `descriptionformat` bigint DEFAULT NULL,
  `sortorder` bigint DEFAULT NULL,
  `categoryid` bigint DEFAULT NULL,
  `configdata` longtext CHARACTER SET utf8mb4 COLLATE utf8mb4_0900_ai_ci,
  `timecreated` bigint NOT NULL,
  `timemodified` bigint NOT NULL,
  PRIMARY KEY (`id`),
  KEY `mdl_custfiel_catsor_ix` (`categoryid`,`sortorder`),
  KEY `mdl_custfiel_cat_ix` (`categoryid`)
) ENGINE=InnoDB AUTO_INCREMENT=5 DEFAULT CHARSET=utf8mb4 COLLATE=utf8mb4_0900_ai_ci ROW_FORMAT=COMPRESSED COMMENT='core_customfield field table';

--
-- Dumping data for table `mdl_customfield_field`
--

INSERT INTO `mdl_customfield_field` VALUES (1,'facile','Facile','checkbox','',1,0,1,'{\"required\":\"1\",\"uniquevalues\":\"0\",\"checkbydefault\":\"0\",\"locked\":\"0\",\"visibility\":\"2\"}',1735541507,1735572878),(2,'difficile','Difficile','checkbox','',1,1,1,'{\"required\":\"1\",\"uniquevalues\":\"0\",\"checkbydefault\":\"0\",\"locked\":\"0\",\"visibility\":\"2\"}',1735541539,1735572898),(3,'show_image_top_course','Show Image at Top of Course','select','<p>This field allows you to choose whether to display an image at the top of the course page. When enabled, an image of your choice will be shown prominently, enhancing the visual appeal of the course and providing a more customized experience for users.</p>',1,1,3,'{\"required\":\"0\",\"uniquevalues\":\"0\",\"options\":\"Oui\\r\\nNon\",\"defaultvalue\":\"Non\",\"locked\":\"0\",\"visibility\":\"1\"}',1755013122,1755013122),(4,'background_course_image','Custom Image','picture','Select an image to customize the field. The image will be displayed in the layout and will override the global course settings.',1,2,3,'{\"required\":\"0\",\"uniquevalues\":\"0\",\"maximumbytes\":\"0\",\"locked\":\"0\",\"visibility\":\"2\"}',1755077451,1755077451);

--
-- Table structure for table `mdl_data`
--

CREATE TABLE `mdl_data` (
  `id` bigint NOT NULL AUTO_INCREMENT,
  `course` bigint NOT NULL DEFAULT '0',
  `name` varchar(255) CHARACTER SET utf8mb4 COLLATE utf8mb4_0900_ai_ci NOT NULL DEFAULT '',
  `intro` longtext CHARACTER SET utf8mb4 COLLATE utf8mb4_0900_ai_ci NOT NULL,
  `introformat` smallint NOT NULL DEFAULT '0',
  `comments` smallint NOT NULL DEFAULT '0',
  `timeavailablefrom` bigint NOT NULL DEFAULT '0',
  `timeavailableto` bigint NOT NULL DEFAULT '0',
  `timeviewfrom` bigint NOT NULL DEFAULT '0',
  `timeviewto` bigint NOT NULL DEFAULT '0',
  `requiredentries` int NOT NULL DEFAULT '0',
  `requiredentriestoview` int NOT NULL DEFAULT '0',
  `maxentries` int NOT NULL DEFAULT '0',
  `rssarticles` smallint NOT NULL DEFAULT '0',
  `singletemplate` longtext CHARACTER SET utf8mb4 COLLATE utf8mb4_0900_ai_ci,
  `listtemplate` longtext CHARACTER SET utf8mb4 COLLATE utf8mb4_0900_ai_ci,
  `listtemplateheader` longtext CHARACTER SET utf8mb4 COLLATE utf8mb4_0900_ai_ci,
  `listtemplatefooter` longtext CHARACTER SET utf8mb4 COLLATE utf8mb4_0900_ai_ci,
  `addtemplate` longtext CHARACTER SET utf8mb4 COLLATE utf8mb4_0900_ai_ci,
  `rsstemplate` longtext CHARACTER SET utf8mb4 COLLATE utf8mb4_0900_ai_ci,
  `rsstitletemplate` longtext CHARACTER SET utf8mb4 COLLATE utf8mb4_0900_ai_ci,
  `csstemplate` longtext CHARACTER SET utf8mb4 COLLATE utf8mb4_0900_ai_ci,
  `jstemplate` longtext CHARACTER SET utf8mb4 COLLATE utf8mb4_0900_ai_ci,
  `asearchtemplate` longtext CHARACTER SET utf8mb4 COLLATE utf8mb4_0900_ai_ci,
  `approval` smallint NOT NULL DEFAULT '0',
  `manageapproved` smallint NOT NULL DEFAULT '1',
  `scale` bigint NOT NULL DEFAULT '0',
  `assessed` bigint NOT NULL DEFAULT '0',
  `assesstimestart` bigint NOT NULL DEFAULT '0',
  `assesstimefinish` bigint NOT NULL DEFAULT '0',
  `defaultsort` bigint NOT NULL DEFAULT '0',
  `defaultsortdir` smallint NOT NULL DEFAULT '0',
  `editany` smallint NOT NULL DEFAULT '0',
  `notification` bigint NOT NULL DEFAULT '0',
  `timemodified` bigint NOT NULL DEFAULT '0',
  `config` longtext CHARACTER SET utf8mb4 COLLATE utf8mb4_0900_ai_ci,
  `completionentries` bigint DEFAULT '0',
  PRIMARY KEY (`id`),
  KEY `mdl_data_cou_ix` (`course`)
) ENGINE=InnoDB AUTO_INCREMENT=4 DEFAULT CHARSET=utf8mb4 COLLATE=utf8mb4_0900_ai_ci ROW_FORMAT=COMPRESSED COMMENT='all database activities';

--
-- Dumping data for table `mdl_data`
--


--
-- Table structure for table `mdl_data_content`
--

CREATE TABLE `mdl_data_content` (
  `id` bigint NOT NULL AUTO_INCREMENT,
  `fieldid` bigint NOT NULL DEFAULT '0',
  `recordid` bigint NOT NULL DEFAULT '0',
  `content` longtext CHARACTER SET utf8mb4 COLLATE utf8mb4_0900_ai_ci,
  `content1` longtext CHARACTER SET utf8mb4 COLLATE utf8mb4_0900_ai_ci,
  `content2` longtext CHARACTER SET utf8mb4 COLLATE utf8mb4_0900_ai_ci,
  `content3` longtext CHARACTER SET utf8mb4 COLLATE utf8mb4_0900_ai_ci,
  `content4` longtext CHARACTER SET utf8mb4 COLLATE utf8mb4_0900_ai_ci,
  PRIMARY KEY (`id`),
  KEY `mdl_datacont_rec_ix` (`recordid`),
  KEY `mdl_datacont_fie_ix` (`fieldid`)
) ENGINE=InnoDB AUTO_INCREMENT=13 DEFAULT CHARSET=utf8mb4 COLLATE=utf8mb4_0900_ai_ci ROW_FORMAT=COMPRESSED COMMENT='the content introduced in each record/fields';

--
-- Dumping data for table `mdl_data_content`
--


--
-- Table structure for table `mdl_data_fields`
--

CREATE TABLE `mdl_data_fields` (
  `id` bigint NOT NULL AUTO_INCREMENT,
  `dataid` bigint NOT NULL DEFAULT '0',
  `type` varchar(255) CHARACTER SET utf8mb4 COLLATE utf8mb4_0900_ai_ci NOT NULL DEFAULT '',
  `name` varchar(255) CHARACTER SET utf8mb4 COLLATE utf8mb4_0900_ai_ci NOT NULL DEFAULT '',
  `description` longtext CHARACTER SET utf8mb4 COLLATE utf8mb4_0900_ai_ci NOT NULL,
  `required` tinyint(1) NOT NULL DEFAULT '0',
  `param1` longtext CHARACTER SET utf8mb4 COLLATE utf8mb4_0900_ai_ci,
  `param2` longtext CHARACTER SET utf8mb4 COLLATE utf8mb4_0900_ai_ci,
  `param3` longtext CHARACTER SET utf8mb4 COLLATE utf8mb4_0900_ai_ci,
  `param4` longtext CHARACTER SET utf8mb4 COLLATE utf8mb4_0900_ai_ci,
  `param5` longtext CHARACTER SET utf8mb4 COLLATE utf8mb4_0900_ai_ci,
  `param6` longtext CHARACTER SET utf8mb4 COLLATE utf8mb4_0900_ai_ci,
  `param7` longtext CHARACTER SET utf8mb4 COLLATE utf8mb4_0900_ai_ci,
  `param8` longtext CHARACTER SET utf8mb4 COLLATE utf8mb4_0900_ai_ci,
  `param9` longtext CHARACTER SET utf8mb4 COLLATE utf8mb4_0900_ai_ci,
  `param10` longtext CHARACTER SET utf8mb4 COLLATE utf8mb4_0900_ai_ci,
  PRIMARY KEY (`id`),
  KEY `mdl_datafiel_typdat_ix` (`type`,`dataid`),
  KEY `mdl_datafiel_dat_ix` (`dataid`)
) ENGINE=InnoDB AUTO_INCREMENT=10 DEFAULT CHARSET=utf8mb4 COLLATE=utf8mb4_0900_ai_ci ROW_FORMAT=COMPRESSED COMMENT='every field available';

--
-- Dumping data for table `mdl_data_fields`
--


--
-- Table structure for table `mdl_data_records`
--

CREATE TABLE `mdl_data_records` (
  `id` bigint NOT NULL AUTO_INCREMENT,
  `userid` bigint NOT NULL DEFAULT '0',
  `groupid` bigint NOT NULL DEFAULT '0',
  `dataid` bigint NOT NULL DEFAULT '0',
  `timecreated` bigint NOT NULL DEFAULT '0',
  `timemodified` bigint NOT NULL DEFAULT '0',
  `approved` smallint NOT NULL DEFAULT '0',
  PRIMARY KEY (`id`),
  KEY `mdl_datareco_dat_ix` (`dataid`),
  KEY `mdl_datareco_use_ix` (`userid`)
) ENGINE=InnoDB AUTO_INCREMENT=4 DEFAULT CHARSET=utf8mb4 COLLATE=utf8mb4_0900_ai_ci ROW_FORMAT=COMPRESSED COMMENT='every record introduced';

--
-- Dumping data for table `mdl_data_records`
--


--
-- Table structure for table `mdl_dataform`
--

CREATE TABLE `mdl_dataform` (
  `id` bigint NOT NULL AUTO_INCREMENT,
  `course` bigint NOT NULL DEFAULT '0',
  `name` varchar(255) CHARACTER SET utf8mb4 COLLATE utf8mb4_0900_ai_ci NOT NULL DEFAULT '',
  `intro` longtext CHARACTER SET utf8mb4 COLLATE utf8mb4_0900_ai_ci,
  `introformat` smallint NOT NULL DEFAULT '0',
  `inlineview` bigint NOT NULL DEFAULT '0',
  `embedded` tinyint NOT NULL DEFAULT '0',
  `timemodified` bigint NOT NULL DEFAULT '0',
  `timeavailable` bigint NOT NULL DEFAULT '0',
  `timedue` bigint NOT NULL DEFAULT '0',
  `timeinterval` bigint NOT NULL DEFAULT '0',
  `intervalcount` bigint NOT NULL DEFAULT '1',
  `grade` bigint NOT NULL DEFAULT '0',
  `gradeitems` longtext CHARACTER SET utf8mb4 COLLATE utf8mb4_0900_ai_ci,
  `entrytypes` longtext CHARACTER SET utf8mb4 COLLATE utf8mb4_0900_ai_ci,
  `maxentries` int NOT NULL DEFAULT '0',
  `entriesrequired` int NOT NULL DEFAULT '0',
  `individualized` smallint NOT NULL DEFAULT '0',
  `grouped` smallint NOT NULL DEFAULT '0',
  `anonymous` tinyint(1) NOT NULL DEFAULT '0',
  `timelimit` bigint NOT NULL DEFAULT '-1',
  `css` longtext CHARACTER SET utf8mb4 COLLATE utf8mb4_0900_ai_ci,
  `cssincludes` longtext CHARACTER SET utf8mb4 COLLATE utf8mb4_0900_ai_ci,
  `js` longtext CHARACTER SET utf8mb4 COLLATE utf8mb4_0900_ai_ci,
  `jsincludes` longtext CHARACTER SET utf8mb4 COLLATE utf8mb4_0900_ai_ci,
  `defaultview` bigint NOT NULL DEFAULT '0',
  `defaultfilter` bigint NOT NULL DEFAULT '0',
  `completionentries` int NOT NULL DEFAULT '0',
  `completionspecificgrade` int NOT NULL DEFAULT '0',
  PRIMARY KEY (`id`),
  KEY `mdl_data_cou_ix` (`course`)
) ENGINE=InnoDB AUTO_INCREMENT=4 DEFAULT CHARSET=utf8mb4 COLLATE=utf8mb4_0900_ai_ci ROW_FORMAT=COMPRESSED COMMENT='The Dataform activity settings.';

--
-- Dumping data for table `mdl_dataform`
--

INSERT INTO `mdl_dataform` VALUES (1,3,'Annales du cours','',1,0,0,1730592420,0,0,0,1,0,NULL,NULL,-1,0,0,0,0,-1,NULL,NULL,NULL,NULL,0,0,0,0),(3,2,'New Dataform','<p>Test dataform</p>',1,0,0,1730663723,0,0,0,1,0,NULL,NULL,-1,0,0,0,0,-1,NULL,NULL,NULL,NULL,0,0,0,0);

--
-- Table structure for table `mdl_dataform_contents`
--

CREATE TABLE `mdl_dataform_contents` (
  `id` bigint NOT NULL AUTO_INCREMENT,
  `fieldid` bigint NOT NULL DEFAULT '0',
  `entryid` bigint NOT NULL DEFAULT '0',
  `content` longtext CHARACTER SET utf8mb4 COLLATE utf8mb4_0900_ai_ci,
  `content1` longtext CHARACTER SET utf8mb4 COLLATE utf8mb4_0900_ai_ci,
  `content2` longtext CHARACTER SET utf8mb4 COLLATE utf8mb4_0900_ai_ci,
  `content3` longtext CHARACTER SET utf8mb4 COLLATE utf8mb4_0900_ai_ci,
  `content4` longtext CHARACTER SET utf8mb4 COLLATE utf8mb4_0900_ai_ci,
  PRIMARY KEY (`id`),
  KEY `mdl_datacont_ent_ix` (`entryid`),
  KEY `mdl_datacont_fie_ix` (`fieldid`)
) ENGINE=InnoDB DEFAULT CHARSET=utf8mb4 COLLATE=utf8mb4_0900_ai_ci ROW_FORMAT=COMPRESSED COMMENT='the content of each entry';

--
-- Dumping data for table `mdl_dataform_contents`
--


--
-- Table structure for table `mdl_dataform_entries`
--

CREATE TABLE `mdl_dataform_entries` (
  `id` bigint NOT NULL AUTO_INCREMENT,
  `type` varchar(32) CHARACTER SET utf8mb4 COLLATE utf8mb4_0900_ai_ci DEFAULT NULL,
  `dataid` bigint NOT NULL DEFAULT '0',
  `userid` bigint NOT NULL DEFAULT '0',
  `groupid` bigint NOT NULL DEFAULT '0',
  `timecreated` bigint NOT NULL DEFAULT '0',
  `timemodified` bigint NOT NULL DEFAULT '0',
  `state` smallint NOT NULL DEFAULT '0',
  PRIMARY KEY (`id`),
  KEY `mdl_dataentr_dat_ix` (`dataid`)
) ENGINE=InnoDB DEFAULT CHARSET=utf8mb4 COLLATE=utf8mb4_0900_ai_ci ROW_FORMAT=COMPRESSED COMMENT='the activity entries';

--
-- Dumping data for table `mdl_dataform_entries`
--


--
-- Table structure for table `mdl_dataform_fields`
--

CREATE TABLE `mdl_dataform_fields` (
  `id` bigint NOT NULL AUTO_INCREMENT,
  `dataid` bigint NOT NULL DEFAULT '0',
  `type` varchar(255) CHARACTER SET utf8mb4 COLLATE utf8mb4_0900_ai_ci NOT NULL DEFAULT '',
  `name` varchar(255) CHARACTER SET utf8mb4 COLLATE utf8mb4_0900_ai_ci NOT NULL DEFAULT '',
  `description` longtext CHARACTER SET utf8mb4 COLLATE utf8mb4_0900_ai_ci NOT NULL,
  `visible` smallint NOT NULL DEFAULT '2',
  `editable` smallint NOT NULL DEFAULT '1',
  `label` longtext CHARACTER SET utf8mb4 COLLATE utf8mb4_0900_ai_ci,
  `defaultcontentmode` smallint NOT NULL DEFAULT '0',
  `defaultcontent` longtext CHARACTER SET utf8mb4 COLLATE utf8mb4_0900_ai_ci,
  `param1` longtext CHARACTER SET utf8mb4 COLLATE utf8mb4_0900_ai_ci,
  `param2` longtext CHARACTER SET utf8mb4 COLLATE utf8mb4_0900_ai_ci,
  `param3` longtext CHARACTER SET utf8mb4 COLLATE utf8mb4_0900_ai_ci,
  `param4` longtext CHARACTER SET utf8mb4 COLLATE utf8mb4_0900_ai_ci,
  `param5` longtext CHARACTER SET utf8mb4 COLLATE utf8mb4_0900_ai_ci,
  `param6` longtext CHARACTER SET utf8mb4 COLLATE utf8mb4_0900_ai_ci,
  `param7` longtext CHARACTER SET utf8mb4 COLLATE utf8mb4_0900_ai_ci,
  `param8` longtext CHARACTER SET utf8mb4 COLLATE utf8mb4_0900_ai_ci,
  `param9` longtext CHARACTER SET utf8mb4 COLLATE utf8mb4_0900_ai_ci,
  `param10` longtext CHARACTER SET utf8mb4 COLLATE utf8mb4_0900_ai_ci,
  PRIMARY KEY (`id`),
  KEY `mdl_datafiel_typdat_ix` (`type`,`dataid`),
  KEY `mdl_datafiel_dat_ix` (`dataid`)
) ENGINE=InnoDB DEFAULT CHARSET=utf8mb4 COLLATE=utf8mb4_0900_ai_ci ROW_FORMAT=COMPRESSED COMMENT='the available activity fields';

--
-- Dumping data for table `mdl_dataform_fields`
--


--
-- Table structure for table `mdl_dataform_filters`
--

CREATE TABLE `mdl_dataform_filters` (
  `id` bigint NOT NULL AUTO_INCREMENT,
  `dataid` bigint NOT NULL DEFAULT '0',
  `name` varchar(255) CHARACTER SET utf8mb4 COLLATE utf8mb4_0900_ai_ci NOT NULL DEFAULT '',
  `description` longtext CHARACTER SET utf8mb4 COLLATE utf8mb4_0900_ai_ci NOT NULL,
  `visible` smallint NOT NULL DEFAULT '1',
  `entrytype` varchar(32) CHARACTER SET utf8mb4 COLLATE utf8mb4_0900_ai_ci DEFAULT NULL,
  `perpage` smallint NOT NULL DEFAULT '10',
  `selection` smallint NOT NULL DEFAULT '0',
  `groupby` varchar(64) CHARACTER SET utf8mb4 COLLATE utf8mb4_0900_ai_ci DEFAULT NULL,
  `search` longtext CHARACTER SET utf8mb4 COLLATE utf8mb4_0900_ai_ci,
  `customsort` longtext CHARACTER SET utf8mb4 COLLATE utf8mb4_0900_ai_ci,
  `customsearch` longtext CHARACTER SET utf8mb4 COLLATE utf8mb4_0900_ai_ci,
  PRIMARY KEY (`id`),
  KEY `mdl_datafilt_dat_ix` (`dataid`)
) ENGINE=InnoDB DEFAULT CHARSET=utf8mb4 COLLATE=utf8mb4_0900_ai_ci ROW_FORMAT=COMPRESSED COMMENT='the available activity filters';

--
-- Dumping data for table `mdl_dataform_filters`
--


--
-- Table structure for table `mdl_dataform_views`
--

CREATE TABLE `mdl_dataform_views` (
  `id` bigint NOT NULL AUTO_INCREMENT,
  `dataid` bigint NOT NULL DEFAULT '0',
  `type` varchar(255) CHARACTER SET utf8mb4 COLLATE utf8mb4_0900_ai_ci NOT NULL DEFAULT '',
  `name` varchar(255) CHARACTER SET utf8mb4 COLLATE utf8mb4_0900_ai_ci NOT NULL DEFAULT '',
  `description` longtext CHARACTER SET utf8mb4 COLLATE utf8mb4_0900_ai_ci NOT NULL,
  `visible` tinyint(1) NOT NULL DEFAULT '0',
  `entrytype` varchar(32) CHARACTER SET utf8mb4 COLLATE utf8mb4_0900_ai_ci DEFAULT NULL,
  `perpage` int NOT NULL DEFAULT '0',
  `groupby` varchar(64) CHARACTER SET utf8mb4 COLLATE utf8mb4_0900_ai_ci DEFAULT NULL,
  `filterid` bigint NOT NULL DEFAULT '0',
  `patterns` longtext CHARACTER SET utf8mb4 COLLATE utf8mb4_0900_ai_ci,
  `submission` longtext CHARACTER SET utf8mb4 COLLATE utf8mb4_0900_ai_ci,
  `section` longtext CHARACTER SET utf8mb4 COLLATE utf8mb4_0900_ai_ci,
  `param1` longtext CHARACTER SET utf8mb4 COLLATE utf8mb4_0900_ai_ci,
  `param2` longtext CHARACTER SET utf8mb4 COLLATE utf8mb4_0900_ai_ci,
  `param3` longtext CHARACTER SET utf8mb4 COLLATE utf8mb4_0900_ai_ci,
  `param4` longtext CHARACTER SET utf8mb4 COLLATE utf8mb4_0900_ai_ci,
  `param5` longtext CHARACTER SET utf8mb4 COLLATE utf8mb4_0900_ai_ci,
  `param6` longtext CHARACTER SET utf8mb4 COLLATE utf8mb4_0900_ai_ci,
  `param7` longtext CHARACTER SET utf8mb4 COLLATE utf8mb4_0900_ai_ci,
  `param8` longtext CHARACTER SET utf8mb4 COLLATE utf8mb4_0900_ai_ci,
  `param9` longtext CHARACTER SET utf8mb4 COLLATE utf8mb4_0900_ai_ci,
  `param10` longtext CHARACTER SET utf8mb4 COLLATE utf8mb4_0900_ai_ci,
  PRIMARY KEY (`id`),
  KEY `mdl_dataview_typdat_ix` (`type`,`dataid`),
  KEY `mdl_dataview_dat_ix` (`dataid`)
) ENGINE=InnoDB DEFAULT CHARSET=utf8mb4 COLLATE=utf8mb4_0900_ai_ci ROW_FORMAT=COMPRESSED COMMENT='the available activity views';

--
-- Dumping data for table `mdl_dataform_views`
--


--
-- Table structure for table `mdl_enrol`
--

CREATE TABLE `mdl_enrol` (
  `id` bigint NOT NULL AUTO_INCREMENT,
  `enrol` varchar(20) CHARACTER SET utf8mb4 COLLATE utf8mb4_0900_ai_ci NOT NULL DEFAULT '',
  `status` bigint NOT NULL DEFAULT '0',
  `courseid` bigint NOT NULL,
  `sortorder` bigint NOT NULL DEFAULT '0',
  `name` varchar(255) CHARACTER SET utf8mb4 COLLATE utf8mb4_0900_ai_ci DEFAULT NULL,
  `enrolperiod` bigint DEFAULT '0',
  `enrolstartdate` bigint DEFAULT '0',
  `enrolenddate` bigint DEFAULT '0',
  `expirynotify` tinyint(1) DEFAULT '0',
  `expirythreshold` bigint DEFAULT '0',
  `notifyall` tinyint(1) DEFAULT '0',
  `password` varchar(50) CHARACTER SET utf8mb4 COLLATE utf8mb4_0900_ai_ci DEFAULT NULL,
  `cost` varchar(20) CHARACTER SET utf8mb4 COLLATE utf8mb4_0900_ai_ci DEFAULT NULL,
  `currency` varchar(3) CHARACTER SET utf8mb4 COLLATE utf8mb4_0900_ai_ci DEFAULT NULL,
  `roleid` bigint DEFAULT '0',
  `customint1` bigint DEFAULT NULL,
  `customint2` bigint DEFAULT NULL,
  `customint3` bigint DEFAULT NULL,
  `customint4` bigint DEFAULT NULL,
  `customint5` bigint DEFAULT NULL,
  `customint6` bigint DEFAULT NULL,
  `customint7` bigint DEFAULT NULL,
  `customint8` bigint DEFAULT NULL,
  `customchar1` varchar(255) CHARACTER SET utf8mb4 COLLATE utf8mb4_0900_ai_ci DEFAULT NULL,
  `customchar2` varchar(255) CHARACTER SET utf8mb4 COLLATE utf8mb4_0900_ai_ci DEFAULT NULL,
  `customchar3` varchar(1333) CHARACTER SET utf8mb4 COLLATE utf8mb4_0900_ai_ci DEFAULT NULL,
  `customdec1` decimal(12,7) DEFAULT NULL,
  `customdec2` decimal(12,7) DEFAULT NULL,
  `customtext1` longtext CHARACTER SET utf8mb4 COLLATE utf8mb4_0900_ai_ci,
  `customtext2` longtext CHARACTER SET utf8mb4 COLLATE utf8mb4_0900_ai_ci,
  `customtext3` longtext CHARACTER SET utf8mb4 COLLATE utf8mb4_0900_ai_ci,
  `customtext4` longtext CHARACTER SET utf8mb4 COLLATE utf8mb4_0900_ai_ci,
  `timecreated` bigint NOT NULL DEFAULT '0',
  `timemodified` bigint NOT NULL DEFAULT '0',
  PRIMARY KEY (`id`),
  KEY `mdl_enro_enr_ix` (`enrol`),
  KEY `mdl_enro_cou_ix` (`courseid`),
  KEY `mdl_enro_rol_ix` (`roleid`)
) ENGINE=InnoDB AUTO_INCREMENT=62 DEFAULT CHARSET=utf8mb4 COLLATE=utf8mb4_0900_ai_ci ROW_FORMAT=COMPRESSED COMMENT='Instances of enrolment plugins used in courses, fields marke';

--
-- Dumping data for table `mdl_enrol`
--

INSERT INTO `mdl_enrol` VALUES (1,'manual',0,2,0,NULL,0,0,0,0,86400,0,NULL,NULL,NULL,5,1,NULL,NULL,NULL,NULL,NULL,NULL,NULL,NULL,NULL,NULL,NULL,NULL,NULL,NULL,NULL,NULL,1730577667,1730577667),(2,'guest',1,2,1,NULL,0,0,0,0,0,0,'',NULL,NULL,0,NULL,NULL,NULL,NULL,NULL,NULL,NULL,NULL,NULL,NULL,NULL,NULL,NULL,NULL,NULL,NULL,NULL,1730577667,1730577667),(3,'self',0,2,2,NULL,0,0,0,0,86400,0,NULL,NULL,NULL,5,0,0,0,1,0,1,NULL,NULL,NULL,NULL,NULL,NULL,NULL,NULL,NULL,NULL,NULL,1730577667,1730577667),(4,'manual',0,3,0,NULL,0,0,0,0,0,0,NULL,NULL,NULL,5,1,NULL,NULL,NULL,NULL,NULL,NULL,NULL,NULL,NULL,NULL,NULL,NULL,'Bonjour {$a->fullname}, vous êtes maintenant inscrit au cours {$a->coursename}',NULL,NULL,NULL,1730583740,1730786490),(5,'guest',1,3,1,NULL,0,0,0,0,0,0,'',NULL,NULL,0,NULL,NULL,NULL,NULL,NULL,NULL,NULL,NULL,NULL,NULL,NULL,NULL,NULL,NULL,NULL,NULL,NULL,1730583740,1730583740),(6,'self',0,3,2,NULL,0,0,0,0,86400,0,NULL,NULL,NULL,5,0,0,0,1,0,1,NULL,NULL,NULL,NULL,NULL,NULL,NULL,NULL,NULL,NULL,NULL,1730583740,1730583740),(7,'manual',0,4,0,NULL,0,0,0,0,86400,0,NULL,NULL,NULL,5,1,NULL,NULL,NULL,NULL,NULL,NULL,NULL,NULL,NULL,NULL,NULL,NULL,NULL,NULL,NULL,NULL,1730585093,1730585093),(8,'guest',1,4,1,NULL,0,0,0,0,0,0,'',NULL,NULL,0,NULL,NULL,NULL,NULL,NULL,NULL,NULL,NULL,NULL,NULL,NULL,NULL,NULL,NULL,NULL,NULL,NULL,1730585093,1730585093),(9,'self',0,4,2,NULL,0,0,0,0,86400,0,NULL,NULL,NULL,5,0,0,0,1,0,1,NULL,NULL,NULL,NULL,NULL,NULL,NULL,NULL,NULL,NULL,NULL,1730585093,1730585093),(10,'manual',0,5,0,NULL,0,0,0,0,86400,0,NULL,NULL,NULL,5,1,NULL,NULL,NULL,NULL,NULL,NULL,NULL,NULL,NULL,NULL,NULL,NULL,NULL,NULL,NULL,NULL,1730585395,1730585395),(11,'guest',1,5,1,NULL,0,0,0,0,0,0,'',NULL,NULL,0,NULL,NULL,NULL,NULL,NULL,NULL,NULL,NULL,NULL,NULL,NULL,NULL,NULL,NULL,NULL,NULL,NULL,1730585395,1730585395),(13,'manual',0,6,0,NULL,0,0,0,0,86400,0,NULL,NULL,NULL,5,1,NULL,NULL,NULL,NULL,NULL,NULL,NULL,NULL,NULL,NULL,NULL,NULL,NULL,NULL,NULL,NULL,1730586389,1730586389),(14,'guest',1,6,1,NULL,0,0,0,0,0,0,'',NULL,NULL,0,NULL,NULL,NULL,NULL,NULL,NULL,NULL,NULL,NULL,NULL,NULL,NULL,NULL,NULL,NULL,NULL,NULL,1730586389,1730586389),(15,'self',0,6,2,'',0,0,0,0,0,0,'',NULL,NULL,5,0,0,0,1,0,1,NULL,NULL,NULL,NULL,NULL,NULL,NULL,'Bonjour {$a->fullname}, vous êtes maintenant inscrit au cours {$a->coursename}',NULL,NULL,NULL,1730586389,1730787421),(18,'manual',0,7,0,NULL,0,0,0,0,86400,0,NULL,NULL,NULL,5,1,NULL,NULL,NULL,NULL,NULL,NULL,NULL,NULL,NULL,NULL,NULL,NULL,NULL,NULL,NULL,NULL,1734105391,1734105391),(19,'guest',1,7,1,NULL,0,0,0,0,0,0,'',NULL,NULL,0,NULL,NULL,NULL,NULL,NULL,NULL,NULL,NULL,NULL,NULL,NULL,NULL,NULL,NULL,NULL,NULL,NULL,1734105391,1734105391),(21,'self',0,7,3,'',0,0,0,0,0,0,'',NULL,NULL,5,0,0,0,1,0,1,NULL,NULL,NULL,NULL,NULL,NULL,NULL,'Bonjour {$a->firstname}, vous êtes inscrit au cours {$a->coursename}',NULL,NULL,NULL,1734381431,1734381431),(22,'xp',0,6,3,'',0,0,0,0,0,0,NULL,NULL,NULL,5,2,1,NULL,NULL,NULL,NULL,NULL,NULL,NULL,NULL,NULL,NULL,NULL,'',NULL,NULL,NULL,1734414835,1737457475),(23,'manual',0,8,0,NULL,0,0,0,0,86400,0,NULL,NULL,NULL,5,1,NULL,NULL,NULL,NULL,NULL,NULL,NULL,NULL,NULL,NULL,NULL,NULL,NULL,NULL,NULL,NULL,1734457035,1734457035),(24,'guest',1,8,1,NULL,0,0,0,0,0,0,'',NULL,NULL,0,NULL,NULL,NULL,NULL,NULL,NULL,NULL,NULL,NULL,NULL,NULL,NULL,NULL,NULL,NULL,NULL,NULL,1734457035,1734457035),(25,'self',1,8,2,NULL,0,0,0,0,86400,0,NULL,NULL,NULL,5,0,0,0,1,0,1,NULL,NULL,NULL,NULL,NULL,NULL,NULL,NULL,NULL,NULL,NULL,1734457035,1734457035),(26,'self',0,8,3,'',0,0,0,0,0,0,'',NULL,NULL,5,0,0,0,1,0,1,NULL,NULL,NULL,NULL,NULL,NULL,NULL,'Bonjour {$a->firstname}, vous êtes inscrit au cours {$a->coursename}',NULL,NULL,NULL,1734506420,1734506420),(31,'self',0,5,2,'',0,0,0,0,0,0,'',NULL,NULL,5,0,0,0,1,0,1,NULL,NULL,NULL,NULL,NULL,NULL,NULL,'Bonjour {$a->firstname}, vous êtes inscrit au cours {$a->coursename}',NULL,NULL,NULL,1737457440,1737457440),(32,'cohort',0,2,3,NULL,0,0,0,0,0,0,NULL,NULL,NULL,5,2,0,NULL,NULL,NULL,NULL,NULL,NULL,NULL,NULL,NULL,NULL,NULL,NULL,NULL,NULL,NULL,1741164745,1741164745),(33,'cohort',0,2,4,NULL,0,0,0,0,0,0,NULL,NULL,NULL,5,1,0,NULL,NULL,NULL,NULL,NULL,NULL,NULL,NULL,NULL,NULL,NULL,NULL,NULL,NULL,NULL,1741164745,1741164745),(34,'cohort',0,8,4,NULL,0,0,0,0,0,0,NULL,NULL,NULL,5,2,0,NULL,NULL,NULL,NULL,NULL,NULL,NULL,NULL,NULL,NULL,NULL,NULL,NULL,NULL,NULL,1741164833,1741164833),(35,'cohort',0,8,5,NULL,0,0,0,0,0,0,NULL,NULL,NULL,5,1,0,NULL,NULL,NULL,NULL,NULL,NULL,NULL,NULL,NULL,NULL,NULL,NULL,NULL,NULL,NULL,1741164833,1741164833),(36,'cohort',0,4,3,NULL,0,0,0,0,0,0,NULL,NULL,NULL,5,2,0,NULL,NULL,NULL,NULL,NULL,NULL,NULL,NULL,NULL,NULL,NULL,NULL,NULL,NULL,NULL,1741164882,1741164882),(37,'cohort',0,4,4,NULL,0,0,0,0,0,0,NULL,NULL,NULL,5,1,0,NULL,NULL,NULL,NULL,NULL,NULL,NULL,NULL,NULL,NULL,NULL,NULL,NULL,NULL,NULL,1741164882,1741164882),(38,'cohort',0,6,4,NULL,0,0,0,0,0,0,NULL,NULL,NULL,5,2,0,NULL,NULL,NULL,NULL,NULL,NULL,NULL,NULL,NULL,NULL,NULL,NULL,NULL,NULL,NULL,1741164919,1741164919),(39,'cohort',0,6,5,NULL,0,0,0,0,0,0,NULL,NULL,NULL,5,1,0,NULL,NULL,NULL,NULL,NULL,NULL,NULL,NULL,NULL,NULL,NULL,NULL,NULL,NULL,NULL,1741164919,1741164919),(40,'cohort',0,3,3,NULL,0,0,0,0,0,0,NULL,NULL,NULL,5,2,0,NULL,NULL,NULL,NULL,NULL,NULL,NULL,NULL,NULL,NULL,NULL,NULL,NULL,NULL,NULL,1741164952,1741164952),(41,'cohort',0,3,4,NULL,0,0,0,0,0,0,NULL,NULL,NULL,5,1,0,NULL,NULL,NULL,NULL,NULL,NULL,NULL,NULL,NULL,NULL,NULL,NULL,NULL,NULL,NULL,1741164952,1741164952),(42,'cohort',0,5,3,NULL,0,0,0,0,0,0,NULL,NULL,NULL,5,2,0,NULL,NULL,NULL,NULL,NULL,NULL,NULL,NULL,NULL,NULL,NULL,NULL,NULL,NULL,NULL,1741165072,1741165072),(43,'cohort',0,5,4,NULL,0,0,0,0,0,0,NULL,NULL,NULL,5,1,0,NULL,NULL,NULL,NULL,NULL,NULL,NULL,NULL,NULL,NULL,NULL,NULL,NULL,NULL,NULL,1741165072,1741165072),(44,'cohort',0,2,5,NULL,0,0,0,0,0,0,NULL,NULL,NULL,5,3,0,NULL,NULL,NULL,NULL,NULL,NULL,NULL,NULL,NULL,NULL,NULL,NULL,NULL,NULL,NULL,1741734805,1741734805),(45,'cohort',0,6,6,NULL,0,0,0,0,0,0,NULL,NULL,NULL,5,3,0,NULL,NULL,NULL,NULL,NULL,NULL,NULL,NULL,NULL,NULL,NULL,NULL,NULL,NULL,NULL,1741734860,1741734860),(46,'cohort',0,3,5,NULL,0,0,0,0,0,0,NULL,NULL,NULL,5,3,0,NULL,NULL,NULL,NULL,NULL,NULL,NULL,NULL,NULL,NULL,NULL,NULL,NULL,NULL,NULL,1741734918,1741734918),(47,'cohort',0,5,5,NULL,0,0,0,0,0,0,NULL,NULL,NULL,5,3,0,NULL,NULL,NULL,NULL,NULL,NULL,NULL,NULL,NULL,NULL,NULL,NULL,NULL,NULL,NULL,1741734952,1741734952),(48,'cohort',0,8,6,NULL,0,0,0,0,0,0,NULL,NULL,NULL,5,3,0,NULL,NULL,NULL,NULL,NULL,NULL,NULL,NULL,NULL,NULL,NULL,NULL,NULL,NULL,NULL,1741734984,1741734984),(49,'cohort',0,4,5,NULL,0,0,0,0,0,0,NULL,NULL,NULL,5,3,0,NULL,NULL,NULL,NULL,NULL,NULL,NULL,NULL,NULL,NULL,NULL,NULL,NULL,NULL,NULL,1741735018,1741735018),(50,'cohort',0,7,4,NULL,0,0,0,0,0,0,NULL,NULL,NULL,5,2,0,NULL,NULL,NULL,NULL,NULL,NULL,NULL,NULL,NULL,NULL,NULL,NULL,NULL,NULL,NULL,1743487808,1743487808),(51,'cohort',0,7,5,NULL,0,0,0,0,0,0,NULL,NULL,NULL,5,3,0,NULL,NULL,NULL,NULL,NULL,NULL,NULL,NULL,NULL,NULL,NULL,NULL,NULL,NULL,NULL,1743487808,1743487808),(52,'cohort',0,7,6,NULL,0,0,0,0,0,0,NULL,NULL,NULL,5,1,0,NULL,NULL,NULL,NULL,NULL,NULL,NULL,NULL,NULL,NULL,NULL,NULL,NULL,NULL,NULL,1743487808,1743487808),(53,'manual',0,10,0,NULL,0,0,0,0,86400,0,NULL,NULL,NULL,5,1,NULL,NULL,NULL,NULL,NULL,NULL,NULL,NULL,NULL,NULL,NULL,NULL,NULL,NULL,NULL,NULL,1749891368,1749891368),(54,'guest',1,10,1,NULL,0,0,0,0,0,0,'',NULL,NULL,0,NULL,NULL,NULL,NULL,NULL,NULL,NULL,NULL,NULL,NULL,NULL,NULL,NULL,NULL,NULL,NULL,NULL,1749891368,1749891368),(55,'self',1,10,2,NULL,0,0,0,0,86400,0,NULL,NULL,NULL,5,0,0,0,1,0,1,NULL,NULL,NULL,NULL,NULL,NULL,NULL,NULL,NULL,NULL,NULL,1749891368,1749891368),(56,'manual',0,11,0,NULL,0,0,0,0,86400,0,NULL,NULL,NULL,5,1,NULL,NULL,NULL,NULL,NULL,NULL,NULL,NULL,NULL,NULL,NULL,NULL,NULL,NULL,NULL,NULL,1750410890,1750410890),(57,'guest',1,11,1,NULL,0,0,0,0,0,0,'',NULL,NULL,0,NULL,NULL,NULL,NULL,NULL,NULL,NULL,NULL,NULL,NULL,NULL,NULL,NULL,NULL,NULL,NULL,NULL,1750410890,1750410890),(58,'self',1,11,2,NULL,0,0,0,0,86400,0,NULL,NULL,NULL,5,0,0,0,1,0,1,NULL,NULL,NULL,NULL,NULL,NULL,NULL,NULL,NULL,NULL,NULL,1750410890,1750410890),(59,'manual',0,12,0,NULL,0,0,0,0,86400,0,NULL,NULL,NULL,5,1,NULL,NULL,NULL,NULL,NULL,NULL,NULL,NULL,NULL,NULL,NULL,NULL,NULL,NULL,NULL,NULL,1755155503,1755155503),(60,'guest',1,12,1,NULL,0,0,0,0,0,0,'',NULL,NULL,0,NULL,NULL,NULL,NULL,NULL,NULL,NULL,NULL,NULL,NULL,NULL,NULL,NULL,NULL,NULL,NULL,NULL,1755155503,1755155503),(61,'self',1,12,2,NULL,0,0,0,0,86400,0,NULL,NULL,NULL,5,0,0,0,1,0,1,NULL,NULL,NULL,NULL,NULL,NULL,NULL,NULL,NULL,NULL,NULL,1755155503,1755155503);

--
-- Table structure for table `mdl_enrol_flatfile`
--

CREATE TABLE `mdl_enrol_flatfile` (
  `id` bigint NOT NULL AUTO_INCREMENT,
  `action` varchar(30) CHARACTER SET utf8mb4 COLLATE utf8mb4_0900_ai_ci NOT NULL DEFAULT '',
  `roleid` bigint NOT NULL,
  `userid` bigint NOT NULL,
  `courseid` bigint NOT NULL,
  `timestart` bigint NOT NULL DEFAULT '0',
  `timeend` bigint NOT NULL DEFAULT '0',
  `timemodified` bigint NOT NULL DEFAULT '0',
  PRIMARY KEY (`id`),
  KEY `mdl_enroflat_cou_ix` (`courseid`),
  KEY `mdl_enroflat_use_ix` (`userid`),
  KEY `mdl_enroflat_rol_ix` (`roleid`)
) ENGINE=InnoDB DEFAULT CHARSET=utf8mb4 COLLATE=utf8mb4_0900_ai_ci ROW_FORMAT=COMPRESSED COMMENT='enrol_flatfile table retrofitted from MySQL';

--
-- Dumping data for table `mdl_enrol_flatfile`
--


--
-- Table structure for table `mdl_enrol_lti_app_registration`
--

CREATE TABLE `mdl_enrol_lti_app_registration` (
  `id` bigint NOT NULL AUTO_INCREMENT,
  `name` varchar(255) CHARACTER SET utf8mb4 COLLATE utf8mb4_0900_ai_ci NOT NULL DEFAULT '',
  `platformid` longtext CHARACTER SET utf8mb4 COLLATE utf8mb4_0900_ai_ci,
  `clientid` varchar(1333) CHARACTER SET utf8mb4 COLLATE utf8mb4_0900_ai_ci DEFAULT NULL,
  `uniqueid` varchar(255) CHARACTER SET utf8mb4 COLLATE utf8mb4_0900_ai_ci NOT NULL DEFAULT '',
  `platformclienthash` varchar(64) CHARACTER SET utf8mb4 COLLATE utf8mb4_0900_ai_ci DEFAULT NULL,
  `platformuniqueidhash` varchar(64) CHARACTER SET utf8mb4 COLLATE utf8mb4_0900_ai_ci DEFAULT NULL,
  `authenticationrequesturl` longtext CHARACTER SET utf8mb4 COLLATE utf8mb4_0900_ai_ci,
  `jwksurl` longtext CHARACTER SET utf8mb4 COLLATE utf8mb4_0900_ai_ci,
  `accesstokenurl` longtext CHARACTER SET utf8mb4 COLLATE utf8mb4_0900_ai_ci,
  `status` tinyint(1) NOT NULL DEFAULT '0',
  `timecreated` bigint NOT NULL,
  `timemodified` bigint NOT NULL,
  PRIMARY KEY (`id`),
  UNIQUE KEY `mdl_enroltiappregi_uni_uix` (`uniqueid`),
  UNIQUE KEY `mdl_enroltiappregi_pla_uix` (`platformclienthash`),
  UNIQUE KEY `mdl_enroltiappregi_pla2_uix` (`platformuniqueidhash`)
) ENGINE=InnoDB DEFAULT CHARSET=utf8mb4 COLLATE=utf8mb4_0900_ai_ci ROW_FORMAT=COMPRESSED COMMENT='Details of each application that has been registered with th';

--
-- Dumping data for table `mdl_enrol_lti_app_registration`
--


--
-- Table structure for table `mdl_enrol_lti_context`
--

CREATE TABLE `mdl_enrol_lti_context` (
  `id` bigint NOT NULL AUTO_INCREMENT,
  `contextid` varchar(255) CHARACTER SET utf8mb4 COLLATE utf8mb4_0900_ai_ci NOT NULL DEFAULT '',
  `ltideploymentid` bigint NOT NULL,
  `type` longtext CHARACTER SET utf8mb4 COLLATE utf8mb4_0900_ai_ci,
  `timecreated` bigint NOT NULL,
  `timemodified` bigint NOT NULL,
  PRIMARY KEY (`id`),
  UNIQUE KEY `mdl_enrolticont_lticon_uix` (`ltideploymentid`,`contextid`),
  KEY `mdl_enrolticont_lti_ix` (`ltideploymentid`)
) ENGINE=InnoDB DEFAULT CHARSET=utf8mb4 COLLATE=utf8mb4_0900_ai_ci ROW_FORMAT=COMPRESSED COMMENT='Each row represents a context in the platform, where resourc';

--
-- Dumping data for table `mdl_enrol_lti_context`
--


--
-- Table structure for table `mdl_enrol_lti_deployment`
--

CREATE TABLE `mdl_enrol_lti_deployment` (
  `id` bigint NOT NULL AUTO_INCREMENT,
  `name` varchar(255) CHARACTER SET utf8mb4 COLLATE utf8mb4_0900_ai_ci NOT NULL DEFAULT '',
  `deploymentid` varchar(255) CHARACTER SET utf8mb4 COLLATE utf8mb4_0900_ai_ci NOT NULL DEFAULT '',
  `platformid` bigint NOT NULL,
  `legacyconsumerkey` varchar(255) CHARACTER SET utf8mb4 COLLATE utf8mb4_0900_ai_ci DEFAULT NULL,
  `timecreated` bigint NOT NULL,
  `timemodified` bigint NOT NULL,
  PRIMARY KEY (`id`),
  UNIQUE KEY `mdl_enroltidepl_pladep_uix` (`platformid`,`deploymentid`),
  KEY `mdl_enroltidepl_pla_ix` (`platformid`)
) ENGINE=InnoDB DEFAULT CHARSET=utf8mb4 COLLATE=utf8mb4_0900_ai_ci ROW_FORMAT=COMPRESSED COMMENT='Each row represents a deployment of a tool within a platform';

--
-- Dumping data for table `mdl_enrol_lti_deployment`
--


--
-- Table structure for table `mdl_enrol_lti_lti2_consumer`
--

CREATE TABLE `mdl_enrol_lti_lti2_consumer` (
  `id` bigint NOT NULL AUTO_INCREMENT,
  `name` varchar(50) CHARACTER SET utf8mb4 COLLATE utf8mb4_0900_ai_ci NOT NULL DEFAULT '',
  `consumerkey256` varchar(255) CHARACTER SET utf8mb4 COLLATE utf8mb4_0900_ai_ci NOT NULL DEFAULT '',
  `consumerkey` longtext CHARACTER SET utf8mb4 COLLATE utf8mb4_0900_ai_ci,
  `secret` varchar(1024) CHARACTER SET utf8mb4 COLLATE utf8mb4_0900_ai_ci NOT NULL DEFAULT '',
  `ltiversion` varchar(10) CHARACTER SET utf8mb4 COLLATE utf8mb4_0900_ai_ci DEFAULT NULL,
  `consumername` varchar(255) CHARACTER SET utf8mb4 COLLATE utf8mb4_0900_ai_ci DEFAULT NULL,
  `consumerversion` varchar(255) CHARACTER SET utf8mb4 COLLATE utf8mb4_0900_ai_ci DEFAULT NULL,
  `consumerguid` varchar(1024) CHARACTER SET utf8mb4 COLLATE utf8mb4_0900_ai_ci DEFAULT NULL,
  `profile` longtext CHARACTER SET utf8mb4 COLLATE utf8mb4_0900_ai_ci,
  `toolproxy` longtext CHARACTER SET utf8mb4 COLLATE utf8mb4_0900_ai_ci,
  `settings` longtext CHARACTER SET utf8mb4 COLLATE utf8mb4_0900_ai_ci,
  `protected` tinyint(1) NOT NULL,
  `enabled` tinyint(1) NOT NULL,
  `enablefrom` bigint DEFAULT NULL,
  `enableuntil` bigint DEFAULT NULL,
  `lastaccess` bigint DEFAULT NULL,
  `created` bigint NOT NULL,
  `updated` bigint NOT NULL,
  PRIMARY KEY (`id`),
  UNIQUE KEY `mdl_enroltilti2cons_con_uix` (`consumerkey256`)
) ENGINE=InnoDB DEFAULT CHARSET=utf8mb4 COLLATE=utf8mb4_0900_ai_ci ROW_FORMAT=COMPRESSED COMMENT='LTI consumers interacting with moodle';

--
-- Dumping data for table `mdl_enrol_lti_lti2_consumer`
--


--
-- Table structure for table `mdl_enrol_lti_lti2_context`
--

CREATE TABLE `mdl_enrol_lti_lti2_context` (
  `id` bigint NOT NULL AUTO_INCREMENT,
  `consumerid` bigint NOT NULL,
  `lticontextkey` varchar(255) CHARACTER SET utf8mb4 COLLATE utf8mb4_0900_ai_ci NOT NULL DEFAULT '',
  `type` varchar(100) CHARACTER SET utf8mb4 COLLATE utf8mb4_0900_ai_ci DEFAULT NULL,
  `settings` longtext CHARACTER SET utf8mb4 COLLATE utf8mb4_0900_ai_ci,
  `created` bigint NOT NULL,
  `updated` bigint NOT NULL,
  PRIMARY KEY (`id`),
  KEY `mdl_enroltilti2cont_con_ix` (`consumerid`)
) ENGINE=InnoDB DEFAULT CHARSET=utf8mb4 COLLATE=utf8mb4_0900_ai_ci ROW_FORMAT=COMPRESSED COMMENT='Information about a specific LTI contexts from the consumers';

--
-- Dumping data for table `mdl_enrol_lti_lti2_context`
--


--
-- Table structure for table `mdl_enrol_lti_lti2_nonce`
--

CREATE TABLE `mdl_enrol_lti_lti2_nonce` (
  `id` bigint NOT NULL AUTO_INCREMENT,
  `consumerid` bigint NOT NULL,
  `value` varchar(64) CHARACTER SET utf8mb4 COLLATE utf8mb4_0900_ai_ci NOT NULL DEFAULT '',
  `expires` bigint NOT NULL,
  PRIMARY KEY (`id`),
  KEY `mdl_enroltilti2nonc_con_ix` (`consumerid`)
) ENGINE=InnoDB DEFAULT CHARSET=utf8mb4 COLLATE=utf8mb4_0900_ai_ci ROW_FORMAT=COMPRESSED COMMENT='Nonce used for authentication between moodle and a consumer';

--
-- Dumping data for table `mdl_enrol_lti_lti2_nonce`
--


--
-- Table structure for table `mdl_enrol_lti_lti2_resource_link`
--

CREATE TABLE `mdl_enrol_lti_lti2_resource_link` (
  `id` bigint NOT NULL AUTO_INCREMENT,
  `contextid` bigint DEFAULT NULL,
  `consumerid` bigint DEFAULT NULL,
  `ltiresourcelinkkey` varchar(255) CHARACTER SET utf8mb4 COLLATE utf8mb4_0900_ai_ci NOT NULL DEFAULT '',
  `settings` longtext CHARACTER SET utf8mb4 COLLATE utf8mb4_0900_ai_ci,
  `primaryresourcelinkid` bigint DEFAULT NULL,
  `shareapproved` tinyint(1) DEFAULT NULL,
  `created` bigint NOT NULL,
  `updated` bigint NOT NULL,
  PRIMARY KEY (`id`),
  KEY `mdl_enroltilti2resolink_con_ix` (`contextid`),
  KEY `mdl_enroltilti2resolink_pri_ix` (`primaryresourcelinkid`),
  KEY `mdl_enroltilti2resolink_co2_ix` (`consumerid`)
) ENGINE=InnoDB DEFAULT CHARSET=utf8mb4 COLLATE=utf8mb4_0900_ai_ci ROW_FORMAT=COMPRESSED COMMENT='Link from the consumer to the tool';

--
-- Dumping data for table `mdl_enrol_lti_lti2_resource_link`
--


--
-- Table structure for table `mdl_enrol_lti_lti2_share_key`
--

CREATE TABLE `mdl_enrol_lti_lti2_share_key` (
  `id` bigint NOT NULL AUTO_INCREMENT,
  `sharekey` varchar(32) CHARACTER SET utf8mb4 COLLATE utf8mb4_0900_ai_ci NOT NULL DEFAULT '',
  `resourcelinkid` bigint NOT NULL,
  `autoapprove` tinyint(1) NOT NULL,
  `expires` bigint NOT NULL,
  PRIMARY KEY (`id`),
  UNIQUE KEY `mdl_enroltilti2sharkey_sha_uix` (`sharekey`),
  UNIQUE KEY `mdl_enroltilti2sharkey_res_uix` (`resourcelinkid`)
) ENGINE=InnoDB DEFAULT CHARSET=utf8mb4 COLLATE=utf8mb4_0900_ai_ci ROW_FORMAT=COMPRESSED COMMENT='Resource link share key';

--
-- Dumping data for table `mdl_enrol_lti_lti2_share_key`
--


--
-- Table structure for table `mdl_enrol_lti_lti2_tool_proxy`
--

CREATE TABLE `mdl_enrol_lti_lti2_tool_proxy` (
  `id` bigint NOT NULL AUTO_INCREMENT,
  `toolproxykey` varchar(32) CHARACTER SET utf8mb4 COLLATE utf8mb4_0900_ai_ci NOT NULL DEFAULT '',
  `consumerid` bigint NOT NULL,
  `toolproxy` longtext CHARACTER SET utf8mb4 COLLATE utf8mb4_0900_ai_ci NOT NULL,
  `created` bigint NOT NULL,
  `updated` bigint NOT NULL,
  PRIMARY KEY (`id`),
  UNIQUE KEY `mdl_enroltilti2toolprox_to_uix` (`toolproxykey`),
  KEY `mdl_enroltilti2toolprox_con_ix` (`consumerid`)
) ENGINE=InnoDB DEFAULT CHARSET=utf8mb4 COLLATE=utf8mb4_0900_ai_ci ROW_FORMAT=COMPRESSED COMMENT='A tool proxy between moodle and a consumer';

--
-- Dumping data for table `mdl_enrol_lti_lti2_tool_proxy`
--


--
-- Table structure for table `mdl_enrol_lti_lti2_user_result`
--

CREATE TABLE `mdl_enrol_lti_lti2_user_result` (
  `id` bigint NOT NULL AUTO_INCREMENT,
  `resourcelinkid` bigint NOT NULL,
  `ltiuserkey` varchar(255) CHARACTER SET utf8mb4 COLLATE utf8mb4_0900_ai_ci NOT NULL DEFAULT '',
  `ltiresultsourcedid` varchar(1024) CHARACTER SET utf8mb4 COLLATE utf8mb4_0900_ai_ci NOT NULL DEFAULT '',
  `created` bigint NOT NULL,
  `updated` bigint NOT NULL,
  PRIMARY KEY (`id`),
  KEY `mdl_enroltilti2userresu_res_ix` (`resourcelinkid`)
) ENGINE=InnoDB DEFAULT CHARSET=utf8mb4 COLLATE=utf8mb4_0900_ai_ci ROW_FORMAT=COMPRESSED COMMENT='Results for each user for each resource link';

--
-- Dumping data for table `mdl_enrol_lti_lti2_user_result`
--


--
-- Table structure for table `mdl_enrol_lti_resource_link`
--

CREATE TABLE `mdl_enrol_lti_resource_link` (
  `id` bigint NOT NULL AUTO_INCREMENT,
  `resourcelinkid` varchar(255) CHARACTER SET utf8mb4 COLLATE utf8mb4_0900_ai_ci NOT NULL DEFAULT '',
  `ltideploymentid` bigint NOT NULL,
  `resourceid` bigint NOT NULL,
  `lticontextid` bigint DEFAULT NULL,
  `lineitemsservice` varchar(1333) CHARACTER SET utf8mb4 COLLATE utf8mb4_0900_ai_ci DEFAULT NULL,
  `lineitemservice` varchar(1333) CHARACTER SET utf8mb4 COLLATE utf8mb4_0900_ai_ci DEFAULT NULL,
  `lineitemscope` varchar(255) CHARACTER SET utf8mb4 COLLATE utf8mb4_0900_ai_ci DEFAULT NULL,
  `resultscope` varchar(255) CHARACTER SET utf8mb4 COLLATE utf8mb4_0900_ai_ci DEFAULT NULL,
  `scorescope` varchar(255) CHARACTER SET utf8mb4 COLLATE utf8mb4_0900_ai_ci DEFAULT NULL,
  `contextmembershipsurl` varchar(1333) CHARACTER SET utf8mb4 COLLATE utf8mb4_0900_ai_ci DEFAULT NULL,
  `nrpsserviceversions` varchar(255) CHARACTER SET utf8mb4 COLLATE utf8mb4_0900_ai_ci DEFAULT NULL,
  `timecreated` bigint NOT NULL,
  `timemodified` bigint NOT NULL,
  PRIMARY KEY (`id`),
  UNIQUE KEY `mdl_enroltiresolink_reslti_uix` (`resourcelinkid`,`ltideploymentid`),
  KEY `mdl_enroltiresolink_lti_ix` (`ltideploymentid`),
  KEY `mdl_enroltiresolink_lti2_ix` (`lticontextid`)
) ENGINE=InnoDB DEFAULT CHARSET=utf8mb4 COLLATE=utf8mb4_0900_ai_ci ROW_FORMAT=COMPRESSED COMMENT='Each row represents a resource link for a platform and deplo';

--
-- Dumping data for table `mdl_enrol_lti_resource_link`
--


--
-- Table structure for table `mdl_enrol_lti_tool_consumer_map`
--

CREATE TABLE `mdl_enrol_lti_tool_consumer_map` (
  `id` bigint NOT NULL AUTO_INCREMENT,
  `toolid` bigint NOT NULL,
  `consumerid` bigint NOT NULL,
  PRIMARY KEY (`id`),
  KEY `mdl_enroltitoolconsmap_too_ix` (`toolid`),
  KEY `mdl_enroltitoolconsmap_con_ix` (`consumerid`)
) ENGINE=InnoDB DEFAULT CHARSET=utf8mb4 COLLATE=utf8mb4_0900_ai_ci ROW_FORMAT=COMPRESSED COMMENT='Table that maps the published tool to tool consumers.';

--
-- Dumping data for table `mdl_enrol_lti_tool_consumer_map`
--


--
-- Table structure for table `mdl_enrol_lti_tools`
--

CREATE TABLE `mdl_enrol_lti_tools` (
  `id` bigint NOT NULL AUTO_INCREMENT,
  `enrolid` bigint NOT NULL,
  `contextid` bigint NOT NULL,
  `ltiversion` varchar(15) CHARACTER SET utf8mb4 COLLATE utf8mb4_0900_ai_ci NOT NULL DEFAULT 'LTI-1p3',
  `institution` varchar(40) CHARACTER SET utf8mb4 COLLATE utf8mb4_0900_ai_ci NOT NULL DEFAULT '',
  `lang` varchar(30) CHARACTER SET utf8mb4 COLLATE utf8mb4_0900_ai_ci NOT NULL DEFAULT 'en',
  `timezone` varchar(100) CHARACTER SET utf8mb4 COLLATE utf8mb4_0900_ai_ci NOT NULL DEFAULT '99',
  `maxenrolled` bigint NOT NULL DEFAULT '0',
  `maildisplay` tinyint NOT NULL DEFAULT '2',
  `city` varchar(120) CHARACTER SET utf8mb4 COLLATE utf8mb4_0900_ai_ci NOT NULL DEFAULT '',
  `country` varchar(2) CHARACTER SET utf8mb4 COLLATE utf8mb4_0900_ai_ci NOT NULL DEFAULT '',
  `gradesync` tinyint(1) NOT NULL DEFAULT '0',
  `gradesynccompletion` tinyint(1) NOT NULL DEFAULT '0',
  `membersync` tinyint(1) NOT NULL DEFAULT '0',
  `membersyncmode` tinyint(1) NOT NULL DEFAULT '0',
  `roleinstructor` bigint NOT NULL,
  `rolelearner` bigint NOT NULL,
  `secret` longtext CHARACTER SET utf8mb4 COLLATE utf8mb4_0900_ai_ci,
  `uuid` varchar(36) CHARACTER SET utf8mb4 COLLATE utf8mb4_0900_ai_ci DEFAULT NULL,
  `provisioningmodelearner` tinyint DEFAULT NULL,
  `provisioningmodeinstructor` tinyint DEFAULT NULL,
  `timecreated` bigint NOT NULL,
  `timemodified` bigint NOT NULL,
  PRIMARY KEY (`id`),
  UNIQUE KEY `mdl_enroltitool_uui_uix` (`uuid`),
  KEY `mdl_enroltitool_enr_ix` (`enrolid`),
  KEY `mdl_enroltitool_con_ix` (`contextid`)
) ENGINE=InnoDB DEFAULT CHARSET=utf8mb4 COLLATE=utf8mb4_0900_ai_ci ROW_FORMAT=COMPRESSED COMMENT='List of tools provided to the remote system';

--
-- Dumping data for table `mdl_enrol_lti_tools`
--


--
-- Table structure for table `mdl_enrol_lti_user_resource_link`
--

CREATE TABLE `mdl_enrol_lti_user_resource_link` (
  `id` bigint NOT NULL AUTO_INCREMENT,
  `ltiuserid` bigint NOT NULL,
  `resourcelinkid` bigint NOT NULL,
  PRIMARY KEY (`id`),
  UNIQUE KEY `mdl_enroltiuserresolink_lt_uix` (`ltiuserid`,`resourcelinkid`),
  KEY `mdl_enroltiuserresolink_lti_ix` (`ltiuserid`),
  KEY `mdl_enroltiuserresolink_res_ix` (`resourcelinkid`)
) ENGINE=InnoDB DEFAULT CHARSET=utf8mb4 COLLATE=utf8mb4_0900_ai_ci ROW_FORMAT=COMPRESSED COMMENT='Join table mapping users to resource links as this is a many';

--
-- Dumping data for table `mdl_enrol_lti_user_resource_link`
--


--
-- Table structure for table `mdl_enrol_lti_users`
--

CREATE TABLE `mdl_enrol_lti_users` (
  `id` bigint NOT NULL AUTO_INCREMENT,
  `userid` bigint NOT NULL,
  `toolid` bigint NOT NULL,
  `serviceurl` longtext CHARACTER SET utf8mb4 COLLATE utf8mb4_0900_ai_ci,
  `sourceid` longtext CHARACTER SET utf8mb4 COLLATE utf8mb4_0900_ai_ci,
  `ltideploymentid` bigint DEFAULT NULL,
  `consumerkey` longtext CHARACTER SET utf8mb4 COLLATE utf8mb4_0900_ai_ci,
  `consumersecret` longtext CHARACTER SET utf8mb4 COLLATE utf8mb4_0900_ai_ci,
  `membershipsurl` longtext CHARACTER SET utf8mb4 COLLATE utf8mb4_0900_ai_ci,
  `membershipsid` longtext CHARACTER SET utf8mb4 COLLATE utf8mb4_0900_ai_ci,
  `lastgrade` decimal(10,5) DEFAULT NULL,
  `lastaccess` bigint DEFAULT NULL,
  `timecreated` bigint DEFAULT NULL,
  PRIMARY KEY (`id`),
  KEY `mdl_enroltiuser_use_ix` (`userid`),
  KEY `mdl_enroltiuser_too_ix` (`toolid`),
  KEY `mdl_enroltiuser_lti_ix` (`ltideploymentid`)
) ENGINE=InnoDB DEFAULT CHARSET=utf8mb4 COLLATE=utf8mb4_0900_ai_ci ROW_FORMAT=COMPRESSED COMMENT='User access log and gradeback data';

--
-- Dumping data for table `mdl_enrol_lti_users`
--


--
-- Table structure for table `mdl_enrol_paypal`
--

CREATE TABLE `mdl_enrol_paypal` (
  `id` bigint NOT NULL AUTO_INCREMENT,
  `business` varchar(255) CHARACTER SET utf8mb4 COLLATE utf8mb4_0900_ai_ci NOT NULL DEFAULT '',
  `receiver_email` varchar(255) CHARACTER SET utf8mb4 COLLATE utf8mb4_0900_ai_ci NOT NULL DEFAULT '',
  `receiver_id` varchar(255) CHARACTER SET utf8mb4 COLLATE utf8mb4_0900_ai_ci NOT NULL DEFAULT '',
  `item_name` varchar(255) CHARACTER SET utf8mb4 COLLATE utf8mb4_0900_ai_ci NOT NULL DEFAULT '',
  `courseid` bigint NOT NULL DEFAULT '0',
  `userid` bigint NOT NULL DEFAULT '0',
  `instanceid` bigint NOT NULL DEFAULT '0',
  `memo` varchar(255) CHARACTER SET utf8mb4 COLLATE utf8mb4_0900_ai_ci NOT NULL DEFAULT '',
  `tax` varchar(255) CHARACTER SET utf8mb4 COLLATE utf8mb4_0900_ai_ci NOT NULL DEFAULT '',
  `option_name1` varchar(255) CHARACTER SET utf8mb4 COLLATE utf8mb4_0900_ai_ci NOT NULL DEFAULT '',
  `option_selection1_x` varchar(255) CHARACTER SET utf8mb4 COLLATE utf8mb4_0900_ai_ci NOT NULL DEFAULT '',
  `option_name2` varchar(255) CHARACTER SET utf8mb4 COLLATE utf8mb4_0900_ai_ci NOT NULL DEFAULT '',
  `option_selection2_x` varchar(255) CHARACTER SET utf8mb4 COLLATE utf8mb4_0900_ai_ci NOT NULL DEFAULT '',
  `payment_status` varchar(255) CHARACTER SET utf8mb4 COLLATE utf8mb4_0900_ai_ci NOT NULL DEFAULT '',
  `pending_reason` varchar(255) CHARACTER SET utf8mb4 COLLATE utf8mb4_0900_ai_ci NOT NULL DEFAULT '',
  `reason_code` varchar(30) CHARACTER SET utf8mb4 COLLATE utf8mb4_0900_ai_ci NOT NULL DEFAULT '',
  `txn_id` varchar(255) CHARACTER SET utf8mb4 COLLATE utf8mb4_0900_ai_ci NOT NULL DEFAULT '',
  `parent_txn_id` varchar(255) CHARACTER SET utf8mb4 COLLATE utf8mb4_0900_ai_ci NOT NULL DEFAULT '',
  `payment_type` varchar(30) CHARACTER SET utf8mb4 COLLATE utf8mb4_0900_ai_ci NOT NULL DEFAULT '',
  `timeupdated` bigint NOT NULL DEFAULT '0',
  PRIMARY KEY (`id`),
  KEY `mdl_enropayp_bus_ix` (`business`),
  KEY `mdl_enropayp_rec_ix` (`receiver_email`),
  KEY `mdl_enropayp_cou_ix` (`courseid`),
  KEY `mdl_enropayp_use_ix` (`userid`),
  KEY `mdl_enropayp_ins_ix` (`instanceid`)
) ENGINE=InnoDB DEFAULT CHARSET=utf8mb4 COLLATE=utf8mb4_0900_ai_ci ROW_FORMAT=COMPRESSED COMMENT='Holds all known information about PayPal transactions';

--
-- Dumping data for table `mdl_enrol_paypal`
--


--
-- Table structure for table `mdl_event`
--

CREATE TABLE `mdl_event` (
  `id` bigint NOT NULL AUTO_INCREMENT,
  `name` longtext CHARACTER SET utf8mb4 COLLATE utf8mb4_0900_ai_ci NOT NULL,
  `description` longtext CHARACTER SET utf8mb4 COLLATE utf8mb4_0900_ai_ci NOT NULL,
  `format` smallint NOT NULL DEFAULT '0',
  `categoryid` bigint NOT NULL DEFAULT '0',
  `courseid` bigint NOT NULL DEFAULT '0',
  `groupid` bigint NOT NULL DEFAULT '0',
  `userid` bigint NOT NULL DEFAULT '0',
  `repeatid` bigint NOT NULL DEFAULT '0',
  `component` varchar(100) CHARACTER SET utf8mb4 COLLATE utf8mb4_0900_ai_ci DEFAULT NULL,
  `modulename` varchar(20) CHARACTER SET utf8mb4 COLLATE utf8mb4_0900_ai_ci NOT NULL DEFAULT '',
  `instance` bigint NOT NULL DEFAULT '0',
  `type` smallint NOT NULL DEFAULT '0',
  `eventtype` varchar(20) CHARACTER SET utf8mb4 COLLATE utf8mb4_0900_ai_ci NOT NULL DEFAULT '',
  `timestart` bigint NOT NULL DEFAULT '0',
  `timeduration` bigint NOT NULL DEFAULT '0',
  `timesort` bigint DEFAULT NULL,
  `visible` smallint NOT NULL DEFAULT '1',
  `uuid` varchar(255) CHARACTER SET utf8mb4 COLLATE utf8mb4_0900_ai_ci NOT NULL DEFAULT '',
  `sequence` bigint NOT NULL DEFAULT '1',
  `timemodified` bigint NOT NULL DEFAULT '0',
  `subscriptionid` bigint DEFAULT NULL,
  `priority` bigint DEFAULT NULL,
  `location` longtext CHARACTER SET utf8mb4 COLLATE utf8mb4_0900_ai_ci,
  PRIMARY KEY (`id`),
  KEY `mdl_even_cou_ix` (`courseid`),
  KEY `mdl_even_use_ix` (`userid`),
  KEY `mdl_even_tim_ix` (`timestart`),
  KEY `mdl_even_tim2_ix` (`timeduration`),
  KEY `mdl_even_uui_ix` (`uuid`),
  KEY `mdl_even_typtim_ix` (`type`,`timesort`),
  KEY `mdl_even_grocoucatvisuse_ix` (`groupid`,`courseid`,`categoryid`,`visible`,`userid`),
  KEY `mdl_even_eve_ix` (`eventtype`),
  KEY `mdl_even_comeveins_ix` (`component`,`eventtype`,`instance`),
  KEY `mdl_even_modinseve_ix` (`modulename`,`instance`,`eventtype`),
  KEY `mdl_even_cat_ix` (`categoryid`),
  KEY `mdl_even_sub_ix` (`subscriptionid`)
) ENGINE=InnoDB AUTO_INCREMENT=13 DEFAULT CHARSET=utf8mb4 COLLATE=utf8mb4_0900_ai_ci ROW_FORMAT=COMPRESSED COMMENT='For everything with a time associated to it';

--
-- Dumping data for table `mdl_event`
--

INSERT INTO `mdl_event` VALUES (1,'Cours de Météorologie et aérologie avec Marin DESCARREGA ','<p><strong>Ce chapitre est divisé en 4 parties </strong><br /><br />Partie 1 : Température, pression et vents<br />Partie 2 : Nuages et précipitations<br />Partie 3 : Les phénomènes dangereux pour l’aéronautique<br />Partie 4 : L’information météorologique</p>\r\n<p>Des exemples et des vidéos seront commentés dans ce cours.</p>\r\n<p></p>',1,0,3,0,2,0,NULL,'0',0,0,'course',1731007800,5400,NULL,1,'',1,1730789576,NULL,NULL,'Centre sportif : 1 All. Konrad Roentgen, 67000 Strasbourg. Salle des personnels'),(2,'Nouveau cours','<p>test</p>',1,0,0,0,2,0,NULL,'0',0,0,'user',1731106320,0,NULL,1,'',1,1731012822,NULL,NULL,''),(3,'Test Otopo - Début','',1,0,1,0,2,0,NULL,'otopo',1,1,'otopo_activity',0,0,NULL,1,'',1,1734295032,NULL,NULL,NULL),(4,'Test Otopo - Fin','',1,0,1,0,2,0,NULL,'otopo',1,1,'otopo_activity',0,0,NULL,1,'',1,1734295032,NULL,NULL,NULL),(5,'Quels sont les front de pression à éviter ? opens','<div class=\"no-overflow\"><p><img class=\"img-fluid\" src=\"https://bia-facile.fr/pluginfile.php/143/mod_hotquestion/intro/Windstorm_Emma.png\" alt=\"Quels sont les front de pression à éviter ?\" width=\"600\" height=\"474\"></p>\r\n<p>Dites pourquoi dans votre réponse.</p></div>',1,0,3,0,2,0,NULL,'hotquestion',1,0,'open',1734512400,0,1734512400,1,'',1,1734512881,NULL,NULL,NULL),(6,'Quels sont les front de pression à éviter ? closes','<div class=\"no-overflow\"><p><img class=\"img-fluid\" src=\"https://bia-facile.fr/pluginfile.php/143/mod_hotquestion/intro/Windstorm_Emma.png\" alt=\"Quels sont les front de pression à éviter ?\" width=\"600\" height=\"474\"></p>\r\n<p>Dites pourquoi dans votre réponse.</p></div>',1,0,3,0,2,0,NULL,'hotquestion',1,1,'close',1766048460,0,1766048460,1,'',1,1734512881,NULL,NULL,NULL),(8,'Cours avec Marin sur la météo','',1,0,3,0,2,0,NULL,'0',0,0,'course',1734636600,0,NULL,1,'',1,1734606482,NULL,NULL,'Service des sports'),(9,'Question du jour ','<p>Quelle est la traduction correcte du mot \"Runway\" ?</p>\r\n<p>{1:MULTICHOICE:=Piste de décollage~Chemin~Route~Trottoir#La bonne réponse est \"Piste de décollage\".}</p>',1,0,7,0,2,0,NULL,'0',0,0,'course',1735858800,86340,NULL,1,'',1,1735897984,NULL,NULL,''),(11,'BIA','',1,0,0,0,26,0,NULL,'0',0,0,'user',1742025600,9068400,NULL,1,'',1,1741618449,NULL,NULL,''),(12,'Votre premier test d\'autopositionnement doit être achevée','<div class=\"no-overflow\"><p>En répondant aux 5 questions suivantes vous déterminerez votre préparation à l\'examen d\'anglais du BIA.</p></div>',1,0,7,0,2,0,NULL,'quiz',20,1,'expectcompletionon',1734593340,0,1734593340,1,'',1,1755155333,NULL,NULL,NULL);

--
-- Table structure for table `mdl_event_subscriptions`
--

CREATE TABLE `mdl_event_subscriptions` (
  `id` bigint NOT NULL AUTO_INCREMENT,
  `url` varchar(255) CHARACTER SET utf8mb4 COLLATE utf8mb4_0900_ai_ci NOT NULL DEFAULT '',
  `categoryid` bigint NOT NULL DEFAULT '0',
  `courseid` bigint NOT NULL DEFAULT '0',
  `groupid` bigint NOT NULL DEFAULT '0',
  `userid` bigint NOT NULL DEFAULT '0',
  `eventtype` varchar(20) CHARACTER SET utf8mb4 COLLATE utf8mb4_0900_ai_ci NOT NULL DEFAULT '',
  `pollinterval` bigint NOT NULL DEFAULT '0',
  `lastupdated` bigint DEFAULT NULL,
  `name` varchar(255) CHARACTER SET utf8mb4 COLLATE utf8mb4_0900_ai_ci NOT NULL DEFAULT '',
  PRIMARY KEY (`id`),
  KEY `mdl_evensubs_cou_ix` (`courseid`),
  KEY `mdl_evensubs_use_ix` (`userid`)
) ENGINE=InnoDB DEFAULT CHARSET=utf8mb4 COLLATE=utf8mb4_0900_ai_ci ROW_FORMAT=COMPRESSED COMMENT='Tracks subscriptions to remote calendars.';

--
-- Dumping data for table `mdl_event_subscriptions`
--


--
-- Table structure for table `mdl_events_handlers`
--

CREATE TABLE `mdl_events_handlers` (
  `id` bigint NOT NULL AUTO_INCREMENT,
  `eventname` varchar(166) CHARACTER SET utf8mb4 COLLATE utf8mb4_0900_ai_ci NOT NULL DEFAULT '',
  `component` varchar(166) CHARACTER SET utf8mb4 COLLATE utf8mb4_0900_ai_ci NOT NULL DEFAULT '',
  `handlerfile` varchar(255) CHARACTER SET utf8mb4 COLLATE utf8mb4_0900_ai_ci NOT NULL DEFAULT '',
  `handlerfunction` longtext CHARACTER SET utf8mb4 COLLATE utf8mb4_0900_ai_ci,
  `schedule` varchar(255) CHARACTER SET utf8mb4 COLLATE utf8mb4_0900_ai_ci DEFAULT NULL,
  `status` bigint NOT NULL DEFAULT '0',
  `internal` tinyint NOT NULL DEFAULT '1',
  PRIMARY KEY (`id`),
  UNIQUE KEY `mdl_evenhand_evecom_uix` (`eventname`,`component`)
) ENGINE=InnoDB DEFAULT CHARSET=utf8mb4 COLLATE=utf8mb4_0900_ai_ci ROW_FORMAT=COMPRESSED COMMENT='This table is for storing which components requests what typ';

--
-- Dumping data for table `mdl_events_handlers`
--


--
-- Table structure for table `mdl_events_queue`
--

CREATE TABLE `mdl_events_queue` (
  `id` bigint NOT NULL AUTO_INCREMENT,
  `eventdata` longtext CHARACTER SET utf8mb4 COLLATE utf8mb4_0900_ai_ci NOT NULL,
  `stackdump` longtext CHARACTER SET utf8mb4 COLLATE utf8mb4_0900_ai_ci,
  `userid` bigint DEFAULT NULL,
  `timecreated` bigint NOT NULL,
  PRIMARY KEY (`id`),
  KEY `mdl_evenqueu_use_ix` (`userid`)
) ENGINE=InnoDB DEFAULT CHARSET=utf8mb4 COLLATE=utf8mb4_0900_ai_ci ROW_FORMAT=COMPRESSED COMMENT='This table is for storing queued events. It stores only one ';

--
-- Dumping data for table `mdl_events_queue`
--


--
-- Table structure for table `mdl_events_queue_handlers`
--

CREATE TABLE `mdl_events_queue_handlers` (
  `id` bigint NOT NULL AUTO_INCREMENT,
  `queuedeventid` bigint NOT NULL,
  `handlerid` bigint NOT NULL,
  `status` bigint DEFAULT NULL,
  `errormessage` longtext CHARACTER SET utf8mb4 COLLATE utf8mb4_0900_ai_ci,
  `timemodified` bigint NOT NULL,
  PRIMARY KEY (`id`),
  KEY `mdl_evenqueuhand_que_ix` (`queuedeventid`),
  KEY `mdl_evenqueuhand_han_ix` (`handlerid`)
) ENGINE=InnoDB DEFAULT CHARSET=utf8mb4 COLLATE=utf8mb4_0900_ai_ci ROW_FORMAT=COMPRESSED COMMENT='This is the list of queued handlers for processing. The even';

--
-- Dumping data for table `mdl_events_queue_handlers`
--


--
-- Table structure for table `mdl_external_functions`
--

CREATE TABLE `mdl_external_functions` (
  `id` bigint NOT NULL AUTO_INCREMENT,
  `name` varchar(200) CHARACTER SET utf8mb4 COLLATE utf8mb4_0900_ai_ci NOT NULL DEFAULT '',
  `classname` varchar(100) CHARACTER SET utf8mb4 COLLATE utf8mb4_0900_ai_ci NOT NULL DEFAULT '',
  `methodname` varchar(100) CHARACTER SET utf8mb4 COLLATE utf8mb4_0900_ai_ci NOT NULL DEFAULT '',
  `classpath` varchar(255) CHARACTER SET utf8mb4 COLLATE utf8mb4_0900_ai_ci DEFAULT NULL,
  `component` varchar(100) CHARACTER SET utf8mb4 COLLATE utf8mb4_0900_ai_ci NOT NULL DEFAULT '',
  `capabilities` varchar(255) CHARACTER SET utf8mb4 COLLATE utf8mb4_0900_ai_ci DEFAULT NULL,
  `services` varchar(1333) CHARACTER SET utf8mb4 COLLATE utf8mb4_0900_ai_ci DEFAULT NULL,
  PRIMARY KEY (`id`),
  UNIQUE KEY `mdl_extefunc_nam_uix` (`name`)
) ENGINE=InnoDB AUTO_INCREMENT=929 DEFAULT CHARSET=utf8mb4 COLLATE=utf8mb4_0900_ai_ci ROW_FORMAT=COMPRESSED COMMENT='list of all external functions';

--
-- Dumping data for table `mdl_external_functions`
--

INSERT INTO `mdl_external_functions` VALUES (1,'core_auth_confirm_user','core_auth_external','confirm_user',NULL,'moodle','',NULL),(2,'core_auth_request_password_reset','core_auth_external','request_password_reset',NULL,'moodle','',NULL),(3,'core_auth_is_minor','core_auth_external','is_minor',NULL,'moodle','',NULL),(4,'core_auth_is_age_digital_consent_verification_enabled','core_auth_external','is_age_digital_consent_verification_enabled',NULL,'moodle','',NULL),(5,'core_auth_resend_confirmation_email','core_auth_external','resend_confirmation_email',NULL,'moodle','',NULL),(6,'core_backup_get_async_backup_progress','core_backup_external','get_async_backup_progress','backup/externallib.php','moodle','',NULL),(7,'core_backup_get_async_backup_links_backup','core_backup_external','get_async_backup_links_backup','backup/externallib.php','moodle','',NULL),(8,'core_backup_get_async_backup_links_restore','core_backup_external','get_async_backup_links_restore','backup/externallib.php','moodle','',NULL),(9,'core_backup_get_copy_progress','core_backup_external','get_copy_progress','backup/externallib.php','moodle','',NULL),(10,'core_backup_submit_copy_form','core_backup_external','submit_copy_form','backup/externallib.php','moodle','',NULL),(11,'core_badges_get_user_badges','core_badges_external','get_user_badges',NULL,'moodle','moodle/badges:viewotherbadges','moodle_mobile_app'),(12,'core_badges_get_user_badge_by_hash','core_badges\\external\\get_user_badge_by_hash','execute',NULL,'moodle','','moodle_mobile_app'),(13,'core_blog_get_entries','core_blog\\external','get_entries',NULL,'moodle','','moodle_mobile_app'),(14,'core_blog_view_entries','core_blog\\external','view_entries',NULL,'moodle','','moodle_mobile_app'),(15,'core_blog_get_access_information','\\core_blog\\external\\get_access_information','execute',NULL,'moodle','','moodle_mobile_app'),(16,'core_blog_add_entry','\\core_blog\\external\\add_entry','execute',NULL,'moodle','','moodle_mobile_app'),(17,'core_blog_delete_entry','\\core_blog\\external\\delete_entry','execute',NULL,'moodle','','moodle_mobile_app'),(18,'core_blog_prepare_entry_for_edition','\\core_blog\\external\\prepare_entry_for_edition','execute',NULL,'moodle','','moodle_mobile_app'),(19,'core_blog_update_entry','\\core_blog\\external\\update_entry','execute',NULL,'moodle','','moodle_mobile_app'),(20,'core_calendar_get_calendar_monthly_view','core_calendar_external','get_calendar_monthly_view','calendar/externallib.php','moodle','','moodle_mobile_app'),(21,'core_calendar_get_calendar_day_view','core_calendar_external','get_calendar_day_view','calendar/externallib.php','moodle','','moodle_mobile_app'),(22,'core_calendar_get_calendar_upcoming_view','core_calendar_external','get_calendar_upcoming_view','calendar/externallib.php','moodle','','moodle_mobile_app'),(23,'core_calendar_update_event_start_day','core_calendar_external','update_event_start_day','calendar/externallib.php','moodle','moodle/calendar:manageentries, moodle/calendar:manageownentries, moodle/calendar:managegroupentries','moodle_mobile_app'),(24,'core_calendar_create_calendar_events','core_calendar_external','create_calendar_events','calendar/externallib.php','moodle','moodle/calendar:manageentries, moodle/calendar:manageownentries, moodle/calendar:managegroupentries','moodle_mobile_app'),(25,'core_calendar_delete_calendar_events','core_calendar_external','delete_calendar_events','calendar/externallib.php','moodle','moodle/calendar:manageentries, moodle/calendar:manageownentries, moodle/calendar:managegroupentries','moodle_mobile_app'),(26,'core_calendar_get_calendar_events','core_calendar_external','get_calendar_events','calendar/externallib.php','moodle','moodle/calendar:manageentries, moodle/calendar:manageownentries, moodle/calendar:managegroupentries','moodle_mobile_app'),(27,'core_calendar_get_action_events_by_timesort','core_calendar_external','get_calendar_action_events_by_timesort','calendar/externallib.php','moodle','moodle/calendar:manageentries, moodle/calendar:manageownentries, moodle/calendar:managegroupentries','moodle_mobile_app'),(28,'core_calendar_get_action_events_by_course','core_calendar_external','get_calendar_action_events_by_course','calendar/externallib.php','moodle','moodle/calendar:manageentries, moodle/calendar:manageownentries, moodle/calendar:managegroupentries','moodle_mobile_app'),(29,'core_calendar_get_action_events_by_courses','core_calendar_external','get_calendar_action_events_by_courses','calendar/externallib.php','moodle','moodle/calendar:manageentries, moodle/calendar:manageownentries, moodle/calendar:managegroupentries','moodle_mobile_app'),(30,'core_calendar_get_calendar_event_by_id','core_calendar_external','get_calendar_event_by_id','calendar/externallib.php','moodle','moodle/calendar:manageentries, moodle/calendar:manageownentries, moodle/calendar:managegroupentries','moodle_mobile_app'),(31,'core_calendar_submit_create_update_form','core_calendar_external','submit_create_update_form','calendar/externallib.php','moodle','moodle/calendar:manageentries, moodle/calendar:manageownentries, moodle/calendar:managegroupentries','moodle_mobile_app'),(32,'core_calendar_get_calendar_access_information','core_calendar_external','get_calendar_access_information','calendar/externallib.php','moodle','','moodle_mobile_app'),(33,'core_calendar_get_allowed_event_types','core_calendar_external','get_allowed_event_types','calendar/externallib.php','moodle','','moodle_mobile_app'),(34,'core_calendar_get_timestamps','core_calendar_external','get_timestamps','calendar/externallib.php','moodle','',NULL),(35,'core_calendar_get_calendar_export_token','core_calendar\\external\\export\\token','execute',NULL,'moodle','','moodle_mobile_app'),(36,'core_calendar_delete_subscription','core_calendar\\external\\subscription\\delete','execute',NULL,'moodle','',NULL),(37,'core_check_get_result_admintree','core\\check\\external\\get_result_admintree','execute',NULL,'moodle','',NULL),(38,'core_cohort_add_cohort_members','core_cohort_external','add_cohort_members','cohort/externallib.php','moodle','moodle/cohort:assign',NULL),(39,'core_cohort_create_cohorts','core_cohort_external','create_cohorts','cohort/externallib.php','moodle','moodle/cohort:manage',NULL),(40,'core_cohort_delete_cohort_members','core_cohort_external','delete_cohort_members','cohort/externallib.php','moodle','moodle/cohort:assign',NULL),(41,'core_cohort_delete_cohorts','core_cohort_external','delete_cohorts','cohort/externallib.php','moodle','moodle/cohort:manage',NULL),(42,'core_cohort_get_cohort_members','core_cohort_external','get_cohort_members','cohort/externallib.php','moodle','moodle/cohort:view',NULL),(43,'core_cohort_search_cohorts','core_cohort_external','search_cohorts','cohort/externallib.php','moodle','moodle/cohort:view',NULL),(44,'core_cohort_get_cohorts','core_cohort_external','get_cohorts','cohort/externallib.php','moodle','moodle/cohort:view',NULL),(45,'core_cohort_update_cohorts','core_cohort_external','update_cohorts','cohort/externallib.php','moodle','moodle/cohort:manage',NULL),(46,'core_comment_get_comments','core_comment_external','get_comments',NULL,'moodle','moodle/comment:view','moodle_mobile_app'),(47,'core_comment_add_comments','core_comment_external','add_comments',NULL,'moodle','','moodle_mobile_app'),(48,'core_comment_delete_comments','core_comment_external','delete_comments',NULL,'moodle','','moodle_mobile_app'),(49,'core_completion_get_activities_completion_status','core_completion_external','get_activities_completion_status',NULL,'moodle','','moodle_mobile_app'),(50,'core_completion_get_course_completion_status','core_completion_external','get_course_completion_status',NULL,'moodle','report/completion:view','moodle_mobile_app'),(51,'core_completion_mark_course_self_completed','core_completion_external','mark_course_self_completed',NULL,'moodle','','moodle_mobile_app'),(52,'core_completion_update_activity_completion_status_manually','core_completion_external','update_activity_completion_status_manually',NULL,'moodle','','moodle_mobile_app'),(53,'core_completion_override_activity_completion_status','core_completion_external','override_activity_completion_status',NULL,'moodle','moodle/course:overridecompletion',NULL),(54,'core_course_create_categories','core_course_external','create_categories','course/externallib.php','moodle','moodle/category:manage',NULL),(55,'core_course_create_courses','core_course_external','create_courses','course/externallib.php','moodle','moodle/course:create, moodle/course:visibility',NULL),(56,'core_course_delete_categories','core_course_external','delete_categories','course/externallib.php','moodle','moodle/category:manage',NULL),(57,'core_course_delete_courses','core_course_external','delete_courses','course/externallib.php','moodle','moodle/course:delete',NULL),(58,'core_course_delete_modules','core_course_external','delete_modules','course/externallib.php','moodle','moodle/course:manageactivities',NULL),(59,'core_course_duplicate_course','core_course_external','duplicate_course','course/externallib.php','moodle','moodle/backup:backupcourse, moodle/restore:restorecourse, moodle/course:create',NULL),(60,'core_course_get_categories','core_course_external','get_categories','course/externallib.php','moodle','moodle/category:viewhiddencategories','moodle_mobile_app'),(61,'core_course_get_contents','core_course_external','get_course_contents','course/externallib.php','moodle','moodle/course:update, moodle/course:viewhiddencourses','moodle_mobile_app'),(62,'core_course_get_course_module','core_course_external','get_course_module','course/externallib.php','moodle','','moodle_mobile_app'),(63,'core_course_get_course_module_by_instance','core_course_external','get_course_module_by_instance','course/externallib.php','moodle','','moodle_mobile_app'),(64,'core_course_get_module','core_course_external','get_module','course/externallib.php','moodle','',NULL),(65,'core_courseformat_file_handlers','core_courseformat\\external\\file_handlers','execute',NULL,'moodle','',NULL),(66,'core_courseformat_get_state','core_courseformat\\external\\get_state','execute',NULL,'moodle','',NULL),(67,'core_courseformat_update_course','core_courseformat\\external\\update_course','execute',NULL,'moodle','moodle/course:sectionvisibility, moodle/course:activityvisibility',NULL),(68,'core_course_edit_module','core_course_external','edit_module','course/externallib.php','moodle','',NULL),(69,'core_course_edit_section','core_course_external','edit_section','course/externallib.php','moodle','',NULL),(70,'core_course_get_courses','core_course_external','get_courses','course/externallib.php','moodle','moodle/course:view, moodle/course:update, moodle/course:viewhiddencourses','moodle_mobile_app'),(71,'core_course_import_course','core_course_external','import_course','course/externallib.php','moodle','moodle/backup:backuptargetimport, moodle/restore:restoretargetimport',NULL),(72,'core_course_search_courses','core_course_external','search_courses','course/externallib.php','moodle','','moodle_mobile_app'),(73,'core_course_update_categories','core_course_external','update_categories','course/externallib.php','moodle','moodle/category:manage',NULL),(74,'core_course_update_courses','core_course_external','update_courses','course/externallib.php','moodle','moodle/course:update, moodle/course:changecategory, moodle/course:changefullname, moodle/course:changeshortname, moodle/course:changeidnumber, moodle/course:changesummary, moodle/course:visibility',NULL),(75,'core_course_view_course','core_course_external','view_course','course/externallib.php','moodle','','moodle_mobile_app'),(76,'core_course_get_user_navigation_options','core_course_external','get_user_navigation_options','course/externallib.php','moodle','','moodle_mobile_app'),(77,'core_course_get_user_administration_options','core_course_external','get_user_administration_options','course/externallib.php','moodle','','moodle_mobile_app'),(78,'core_course_get_courses_by_field','core_course_external','get_courses_by_field','course/externallib.php','moodle','','moodle_mobile_app'),(79,'core_course_check_updates','core_course_external','check_updates','course/externallib.php','moodle','','moodle_mobile_app'),(80,'core_course_get_updates_since','core_course_external','get_updates_since','course/externallib.php','moodle','','moodle_mobile_app'),(81,'core_course_get_enrolled_courses_by_timeline_classification','core_course_external','get_enrolled_courses_by_timeline_classification','course/externallib.php','moodle','','moodle_mobile_app'),(82,'core_course_get_enrolled_courses_with_action_events_by_timeline_classification','\\core_course\\external\\get_enrolled_courses_with_action_events_by_timeline_classification','execute',NULL,'moodle','','moodle_mobile_app'),(83,'core_course_get_recent_courses','core_course_external','get_recent_courses','course/externallib.php','moodle','','moodle_mobile_app'),(84,'core_course_set_favourite_courses','core_course_external','set_favourite_courses','course/externallib.php','moodle','','moodle_mobile_app'),(85,'core_course_get_enrolled_users_by_cmid','core_course_external','get_enrolled_users_by_cmid','course/externallib.php','moodle','',NULL),(86,'core_course_add_content_item_to_user_favourites','core_course_external','add_content_item_to_user_favourites','course/externallib.php','moodle','',NULL),(87,'core_course_remove_content_item_from_user_favourites','core_course_external','remove_content_item_from_user_favourites','course/externallib.php','moodle','',NULL),(88,'core_course_get_course_content_items','core_course_external','get_course_content_items','course/externallib.php','moodle','',NULL),(89,'core_course_get_activity_chooser_footer','core_course_external','get_activity_chooser_footer','course/externallib.php','moodle','',NULL),(90,'core_course_toggle_activity_recommendation','core_course_external','toggle_activity_recommendation','course/externallib.php','moodle','',NULL),(91,'core_enrol_get_course_enrolment_methods','core_enrol_external','get_course_enrolment_methods','enrol/externallib.php','moodle','','moodle_mobile_app'),(92,'core_enrol_get_enrolled_users','core_enrol_external','get_enrolled_users','enrol/externallib.php','moodle','moodle/user:viewdetails, moodle/user:viewhiddendetails, moodle/course:useremail, moodle/user:update, moodle/site:accessallgroups','moodle_mobile_app'),(93,'core_enrol_get_enrolled_users_with_capability','core_enrol_external','get_enrolled_users_with_capability','enrol/externallib.php','moodle','',NULL),(94,'core_enrol_get_potential_users','core_enrol_external','get_potential_users','enrol/externallib.php','moodle','moodle/course:enrolreview',NULL),(95,'core_enrol_search_users','core_enrol_external','search_users','enrol/externallib.php','moodle','moodle/course:viewparticipants','moodle_mobile_app'),(96,'core_enrol_get_users_courses','core_enrol_external','get_users_courses','enrol/externallib.php','moodle','moodle/course:viewparticipants','moodle_mobile_app'),(97,'core_enrol_submit_user_enrolment_form','core_enrol_external','submit_user_enrolment_form','enrol/externallib.php','moodle','',NULL),(98,'core_enrol_unenrol_user_enrolment','core_enrol_external','unenrol_user_enrolment','enrol/externallib.php','moodle','',NULL),(99,'core_fetch_notifications','core_external','fetch_notifications','lib/external/externallib.php','moodle','',NULL),(100,'core_session_touch','core\\session\\external','touch_session',NULL,'moodle','',NULL),(101,'core_session_time_remaining','core\\session\\external','time_remaining',NULL,'moodle','',NULL),(102,'core_files_get_files','core_files_external','get_files','files/externallib.php','moodle','','moodle_mobile_app'),(103,'core_files_upload','core_files_external','upload','files/externallib.php','moodle','',NULL),(104,'core_files_delete_draft_files','core_files\\external\\delete\\draft','execute',NULL,'moodle','','moodle_mobile_app'),(105,'core_files_get_unused_draft_itemid','core_files\\external\\get\\unused_draft','execute',NULL,'moodle','','moodle_mobile_app'),(106,'core_form_get_filetypes_browser_data','core_form\\external','get_filetypes_browser_data',NULL,'moodle','',NULL),(107,'core_form_dynamic_form','core_form\\external\\dynamic_form','execute',NULL,'moodle','',NULL),(108,'core_get_component_strings','core_external','get_component_strings','lib/external/externallib.php','moodle','','moodle_mobile_app'),(109,'core_get_fragment','core_external','get_fragment','lib/external/externallib.php','moodle','',NULL),(110,'core_get_string','core_external','get_string','lib/external/externallib.php','moodle','',NULL),(111,'core_get_strings','core_external','get_strings','lib/external/externallib.php','moodle','',NULL),(112,'core_get_user_dates','core_external','get_user_dates','lib/external/externallib.php','moodle','',NULL),(113,'core_grades_update_grades','core_grades_external','update_grades',NULL,'moodle','',NULL),(114,'core_grades_grader_gradingpanel_point_fetch','core_grades\\grades\\grader\\gradingpanel\\point\\external\\fetch','execute',NULL,'moodle','','moodle_mobile_app'),(115,'core_grades_grader_gradingpanel_point_store','core_grades\\grades\\grader\\gradingpanel\\point\\external\\store','execute',NULL,'moodle','','moodle_mobile_app'),(116,'core_grades_grader_gradingpanel_scale_fetch','core_grades\\grades\\grader\\gradingpanel\\scale\\external\\fetch','execute',NULL,'moodle','','moodle_mobile_app'),(117,'core_grades_grader_gradingpanel_scale_store','core_grades\\grades\\grader\\gradingpanel\\scale\\external\\store','execute',NULL,'moodle','','moodle_mobile_app'),(118,'core_grades_create_gradecategories','core_grades\\external\\create_gradecategories','execute',NULL,'moodle','moodle/grade:manage',NULL),(120,'core_grades_get_enrolled_users_for_selector','core_grades\\external\\get_enrolled_users_for_selector','execute',NULL,'moodle','','moodle_mobile_app'),(122,'core_grades_get_groups_for_selector','core_group\\external\\get_groups_for_selector','execute',NULL,'moodle','','moodle_mobile_app'),(123,'core_grades_get_feedback','core_grades\\external\\get_feedback','execute',NULL,'moodle','',NULL),(124,'core_grades_get_gradeitems','core_grades\\external\\get_gradeitems','execute',NULL,'moodle','','moodle_mobile_app'),(125,'core_grades_get_grade_tree','core_grades\\external\\get_grade_tree','execute',NULL,'moodle','',NULL),(126,'core_grades_get_gradable_users','core_grades\\external\\get_gradable_users','execute',NULL,'moodle','','moodle_mobile_app'),(127,'core_grading_get_definitions','core_grading_external','get_definitions',NULL,'moodle','',NULL),(128,'core_grading_get_gradingform_instances','core_grading_external','get_gradingform_instances',NULL,'moodle','',NULL),(129,'core_grading_save_definitions','core_grading_external','save_definitions',NULL,'moodle','',NULL),(130,'core_group_add_group_members','core_group_external','add_group_members','group/externallib.php','moodle','moodle/course:managegroups',NULL),(131,'core_group_assign_grouping','core_group_external','assign_grouping','group/externallib.php','moodle','',NULL),(132,'core_group_create_groupings','core_group_external','create_groupings','group/externallib.php','moodle','',NULL),(133,'core_group_create_groups','core_group_external','create_groups','group/externallib.php','moodle','moodle/course:managegroups',NULL),(134,'core_group_delete_group_members','core_group_external','delete_group_members','group/externallib.php','moodle','moodle/course:managegroups',NULL),(135,'core_group_delete_groupings','core_group_external','delete_groupings','group/externallib.php','moodle','',NULL),(136,'core_group_delete_groups','core_group_external','delete_groups','group/externallib.php','moodle','moodle/course:managegroups',NULL),(137,'core_group_get_activity_allowed_groups','core_group_external','get_activity_allowed_groups','group/externallib.php','moodle','','moodle_mobile_app'),(138,'core_group_get_activity_groupmode','core_group_external','get_activity_groupmode','group/externallib.php','moodle','','moodle_mobile_app'),(139,'core_group_get_course_groupings','core_group_external','get_course_groupings','group/externallib.php','moodle','','moodle_mobile_app'),(140,'core_group_get_course_groups','core_group_external','get_course_groups','group/externallib.php','moodle','moodle/course:managegroups','moodle_mobile_app'),(141,'core_group_get_course_user_groups','core_group_external','get_course_user_groups','group/externallib.php','moodle','moodle/course:managegroups','moodle_mobile_app'),(142,'core_group_get_group_members','core_group_external','get_group_members','group/externallib.php','moodle','moodle/course:managegroups',NULL),(143,'core_group_get_groupings','core_group_external','get_groupings','group/externallib.php','moodle','',NULL),(144,'core_group_get_groups','core_group_external','get_groups','group/externallib.php','moodle','moodle/course:managegroups',NULL),(145,'core_group_get_groups_for_selector','core_group\\external\\get_groups_for_selector','execute',NULL,'moodle','','moodle_mobile_app'),(146,'core_group_unassign_grouping','core_group_external','unassign_grouping','group/externallib.php','moodle','',NULL),(147,'core_group_update_groupings','core_group_external','update_groupings','group/externallib.php','moodle','',NULL),(148,'core_group_update_groups','core_group_external','update_groups','group/externallib.php','moodle','moodle/course:managegroups',NULL),(149,'core_message_mute_conversations','core_message_external','mute_conversations','message/externallib.php','moodle','','moodle_mobile_app'),(150,'core_message_unmute_conversations','core_message_external','unmute_conversations','message/externallib.php','moodle','','moodle_mobile_app'),(151,'core_message_block_user','core_message_external','block_user','message/externallib.php','moodle','','moodle_mobile_app'),(152,'core_message_get_contact_requests','core_message_external','get_contact_requests','message/externallib.php','moodle','','moodle_mobile_app'),(153,'core_message_create_contact_request','core_message_external','create_contact_request','message/externallib.php','moodle','','moodle_mobile_app'),(154,'core_message_confirm_contact_request','core_message_external','confirm_contact_request','message/externallib.php','moodle','','moodle_mobile_app'),(155,'core_message_decline_contact_request','core_message_external','decline_contact_request','message/externallib.php','moodle','','moodle_mobile_app'),(156,'core_message_get_received_contact_requests_count','core_message_external','get_received_contact_requests_count','message/externallib.php','moodle','','moodle_mobile_app'),(157,'core_message_delete_contacts','core_message_external','delete_contacts','message/externallib.php','moodle','','moodle_mobile_app'),(158,'core_message_delete_conversations_by_id','core_message_external','delete_conversations_by_id','message/externallib.php','moodle','moodle/site:deleteownmessage','moodle_mobile_app'),(159,'core_message_delete_message','core_message_external','delete_message','message/externallib.php','moodle','moodle/site:deleteownmessage','moodle_mobile_app'),(160,'core_message_get_blocked_users','core_message_external','get_blocked_users','message/externallib.php','moodle','','moodle_mobile_app'),(161,'core_message_data_for_messagearea_search_messages','core_message_external','data_for_messagearea_search_messages','message/externallib.php','moodle','','moodle_mobile_app'),(162,'core_message_message_search_users','core_message_external','message_search_users','message/externallib.php','moodle','','moodle_mobile_app'),(163,'core_message_get_user_contacts','core_message_external','get_user_contacts','message/externallib.php','moodle','','moodle_mobile_app'),(164,'core_message_get_conversations','core_message_external','get_conversations','message/externallib.php','moodle','','moodle_mobile_app'),(165,'core_message_get_conversation','core_message_external','get_conversation','message/externallib.php','moodle','','moodle_mobile_app'),(166,'core_message_get_conversation_between_users','core_message_external','get_conversation_between_users','message/externallib.php','moodle','','moodle_mobile_app'),(167,'core_message_get_self_conversation','core_message_external','get_self_conversation','message/externallib.php','moodle','','moodle_mobile_app'),(168,'core_message_get_messages','core_message_external','get_messages','message/externallib.php','moodle','','moodle_mobile_app'),(169,'core_message_get_conversation_counts','core_message_external','get_conversation_counts','message/externallib.php','moodle','','moodle_mobile_app'),(170,'core_message_get_unread_conversation_counts','core_message_external','get_unread_conversation_counts','message/externallib.php','moodle','','moodle_mobile_app'),(171,'core_message_get_conversation_members','core_message_external','get_conversation_members','message/externallib.php','moodle','','moodle_mobile_app'),(172,'core_message_get_member_info','core_message_external','get_member_info','message/externallib.php','moodle','','moodle_mobile_app'),(173,'core_message_get_unread_conversations_count','core_message_external','get_unread_conversations_count','message/externallib.php','moodle','','moodle_mobile_app'),(174,'core_message_mark_all_notifications_as_read','core_message_external','mark_all_notifications_as_read','message/externallib.php','moodle','','moodle_mobile_app'),(175,'core_message_mark_all_conversation_messages_as_read','core_message_external','mark_all_conversation_messages_as_read','message/externallib.php','moodle','','moodle_mobile_app'),(176,'core_message_mark_message_read','core_message_external','mark_message_read','message/externallib.php','moodle','','moodle_mobile_app'),(177,'core_message_mark_notification_read','core_message_external','mark_notification_read','message/externallib.php','moodle','','moodle_mobile_app'),(178,'core_message_message_processor_config_form','core_message_external','message_processor_config_form','message/externallib.php','moodle','','moodle_mobile_app'),(179,'core_message_get_message_processor','core_message_external','get_message_processor','message/externallib.php','moodle','',NULL),(180,'core_message_search_contacts','core_message_external','search_contacts','message/externallib.php','moodle','','moodle_mobile_app'),(181,'core_message_send_instant_messages','core_message_external','send_instant_messages','message/externallib.php','moodle','moodle/site:sendmessage','moodle_mobile_app'),(182,'core_message_send_messages_to_conversation','core_message_external','send_messages_to_conversation','message/externallib.php','moodle','moodle/site:sendmessage','moodle_mobile_app'),(183,'core_message_get_conversation_messages','core_message_external','get_conversation_messages','message/externallib.php','moodle','','moodle_mobile_app'),(184,'core_message_unblock_user','core_message_external','unblock_user','message/externallib.php','moodle','','moodle_mobile_app'),(185,'core_message_get_user_notification_preferences','core_message_external','get_user_notification_preferences','message/externallib.php','moodle','moodle/user:editownmessageprofile','moodle_mobile_app'),(186,'core_message_get_user_message_preferences','core_message_external','get_user_message_preferences','message/externallib.php','moodle','moodle/user:editownmessageprofile','moodle_mobile_app'),(187,'core_message_set_favourite_conversations','core_message_external','set_favourite_conversations','message/externallib.php','moodle','','moodle_mobile_app'),(188,'core_message_unset_favourite_conversations','core_message_external','unset_favourite_conversations','message/externallib.php','moodle','','moodle_mobile_app'),(189,'core_message_delete_message_for_all_users','core_message_external','delete_message_for_all_users','message/externallib.php','moodle','moodle/site:deleteanymessage','moodle_mobile_app'),(190,'core_message_get_unread_notification_count','\\core_message\\external\\get_unread_notification_count','execute',NULL,'moodle','','moodle_mobile_app'),(191,'core_my_view_page','\\core_my\\external\\view_page','execute',NULL,'moodle','','moodle_mobile_app'),(192,'core_notes_create_notes','core_notes_external','create_notes','notes/externallib.php','moodle','moodle/notes:manage','moodle_mobile_app'),(193,'core_notes_delete_notes','core_notes_external','delete_notes','notes/externallib.php','moodle','moodle/notes:manage','moodle_mobile_app'),(194,'core_notes_get_course_notes','core_notes_external','get_course_notes','notes/externallib.php','moodle','moodle/notes:view','moodle_mobile_app'),(195,'core_notes_get_notes','core_notes_external','get_notes','notes/externallib.php','moodle','moodle/notes:view',NULL),(196,'core_notes_update_notes','core_notes_external','update_notes','notes/externallib.php','moodle','moodle/notes:manage',NULL),(197,'core_notes_view_notes','core_notes_external','view_notes','notes/externallib.php','moodle','moodle/notes:view','moodle_mobile_app'),(198,'core_output_load_template','core\\output\\external','load_template',NULL,'moodle','',NULL),(199,'core_output_load_template_with_dependencies','core\\output\\external','load_template_with_dependencies',NULL,'moodle','',NULL),(201,'core_output_load_fontawesome_icon_system_map','core\\external\\output\\icon_system\\load_fontawesome_map','execute',NULL,'moodle','',NULL),(202,'core_question_update_flag','core_question_external','update_flag',NULL,'moodle','moodle/question:flag','moodle_mobile_app'),(203,'core_question_get_random_question_summaries','core_question_external','get_random_question_summaries',NULL,'moodle','',NULL),(204,'core_rating_get_item_ratings','core_rating_external','get_item_ratings',NULL,'moodle','moodle/rating:view','moodle_mobile_app'),(205,'core_rating_add_rating','core_rating_external','add_rating',NULL,'moodle','moodle/rating:rate','moodle_mobile_app'),(206,'core_role_assign_roles','core_role_external','assign_roles','enrol/externallib.php','moodle','moodle/role:assign',NULL),(207,'core_role_unassign_roles','core_role_external','unassign_roles','enrol/externallib.php','moodle','moodle/role:assign',NULL),(208,'core_search_get_relevant_users','\\core_search\\external','get_relevant_users',NULL,'moodle','',NULL),(209,'core_search_get_results','\\core_search\\external\\get_results','execute',NULL,'moodle','moodle/search:query','moodle_mobile_app'),(210,'core_search_get_search_areas_list','\\core_search\\external\\get_search_areas_list','execute',NULL,'moodle','moodle/search:query','moodle_mobile_app'),(211,'core_search_view_results','\\core_search\\external\\view_results','execute',NULL,'moodle','moodle/search:query','moodle_mobile_app'),(212,'core_search_get_top_results','\\core_search\\external\\get_top_results','execute',NULL,'moodle','moodle/search:query','moodle_mobile_app'),(213,'core_tag_get_tagindex','core_tag_external','get_tagindex',NULL,'moodle','','moodle_mobile_app'),(214,'core_tag_get_tags','core_tag_external','get_tags',NULL,'moodle','',NULL),(215,'core_tag_update_tags','core_tag_external','update_tags',NULL,'moodle','',NULL),(216,'core_tag_get_tagindex_per_area','core_tag_external','get_tagindex_per_area',NULL,'moodle','','moodle_mobile_app'),(217,'core_tag_get_tag_areas','core_tag_external','get_tag_areas',NULL,'moodle','','moodle_mobile_app'),(218,'core_tag_get_tag_collections','core_tag_external','get_tag_collections',NULL,'moodle','','moodle_mobile_app'),(219,'core_tag_get_tag_cloud','core_tag_external','get_tag_cloud',NULL,'moodle','','moodle_mobile_app'),(220,'core_update_inplace_editable','core_external','update_inplace_editable','lib/external/externallib.php','moodle','',NULL),(221,'core_user_add_user_device','core_user_external','add_user_device','user/externallib.php','moodle','','moodle_mobile_app'),(222,'core_user_update_user_device_public_key','\\core_user\\external\\update_user_device_public_key','execute',NULL,'moodle','','moodle_mobile_app'),(223,'core_user_add_user_private_files','core_user_external','add_user_private_files','user/externallib.php','moodle','moodle/user:manageownfiles','moodle_mobile_app'),(224,'core_user_create_users','core_user_external','create_users','user/externallib.php','moodle','moodle/user:create',NULL),(225,'core_user_delete_users','core_user_external','delete_users','user/externallib.php','moodle','moodle/user:delete',NULL),(226,'core_user_get_course_user_profiles','core_user_external','get_course_user_profiles','user/externallib.php','moodle','moodle/user:viewdetails, moodle/user:viewhiddendetails, moodle/course:useremail, moodle/user:update, moodle/site:accessallgroups','moodle_mobile_app'),(227,'core_user_get_users','core_user_external','get_users','user/externallib.php','moodle','moodle/user:viewdetails, moodle/user:viewhiddendetails, moodle/course:useremail, moodle/user:update',NULL),(228,'core_user_get_users_by_field','core_user_external','get_users_by_field','user/externallib.php','moodle','moodle/user:viewdetails, moodle/user:viewhiddendetails, moodle/course:useremail, moodle/user:update','moodle_mobile_app'),(229,'core_user_search_identity','\\core_user\\external\\search_identity','execute',NULL,'moodle','moodle/user:viewalldetails',NULL),(230,'core_user_remove_user_device','core_user_external','remove_user_device','user/externallib.php','moodle','','moodle_mobile_app'),(231,'core_user_update_users','core_user_external','update_users','user/externallib.php','moodle','moodle/user:update',NULL),(232,'core_user_update_user_preferences','core_user_external','update_user_preferences','user/externallib.php','moodle','moodle/user:editownmessageprofile, moodle/user:editmessageprofile','moodle_mobile_app'),(233,'core_user_view_user_list','core_user_external','view_user_list','user/externallib.php','moodle','moodle/course:viewparticipants','moodle_mobile_app'),(234,'core_user_view_user_profile','core_user_external','view_user_profile','user/externallib.php','moodle','moodle/user:viewdetails','moodle_mobile_app'),(235,'core_user_get_user_preferences','core_user_external','get_user_preferences','user/externallib.php','moodle','','moodle_mobile_app'),(236,'core_user_update_picture','core_user_external','update_picture','user/externallib.php','moodle','moodle/user:editownprofile, moodle/user:editprofile','moodle_mobile_app'),(237,'core_user_set_user_preferences','core_user_external','set_user_preferences','user/externallib.php','moodle','moodle/site:config','moodle_mobile_app'),(238,'core_user_agree_site_policy','core_user_external','agree_site_policy','user/externallib.php','moodle','','moodle_mobile_app'),(239,'core_user_get_private_files_info','core_user_external','get_private_files_info','user/externallib.php','moodle','moodle/user:manageownfiles','moodle_mobile_app'),(240,'core_competency_create_competency_framework','core_competency\\external','create_competency_framework',NULL,'moodle','moodle/competency:competencymanage',NULL),(241,'core_competency_read_competency_framework','core_competency\\external','read_competency_framework',NULL,'moodle','moodle/competency:competencyview',NULL),(242,'core_competency_duplicate_competency_framework','core_competency\\external','duplicate_competency_framework',NULL,'moodle','moodle/competency:competencymanage',NULL),(243,'core_competency_delete_competency_framework','core_competency\\external','delete_competency_framework',NULL,'moodle','moodle/competency:competencymanage',NULL),(244,'core_competency_update_competency_framework','core_competency\\external','update_competency_framework',NULL,'moodle','moodle/competency:competencymanage',NULL),(245,'core_competency_list_competency_frameworks','core_competency\\external','list_competency_frameworks',NULL,'moodle','moodle/competency:competencyview',NULL),(246,'core_competency_count_competency_frameworks','core_competency\\external','count_competency_frameworks',NULL,'moodle','moodle/competency:competencyview',NULL),(247,'core_competency_competency_framework_viewed','core_competency\\external','competency_framework_viewed',NULL,'moodle','moodle/competency:competencyview',NULL),(248,'core_competency_create_competency','core_competency\\external','create_competency',NULL,'moodle','moodle/competency:competencymanage',NULL),(249,'core_competency_read_competency','core_competency\\external','read_competency',NULL,'moodle','moodle/competency:competencyview',NULL),(250,'core_competency_competency_viewed','core_competency\\external','competency_viewed',NULL,'moodle','moodle/competency:competencyview','moodle_mobile_app'),(251,'core_competency_delete_competency','core_competency\\external','delete_competency',NULL,'moodle','moodle/competency:competencymanage',NULL),(252,'core_competency_update_competency','core_competency\\external','update_competency',NULL,'moodle','moodle/competency:competencymanage',NULL),(253,'core_competency_list_competencies','core_competency\\external','list_competencies',NULL,'moodle','moodle/competency:competencyview',NULL),(254,'core_competency_list_competencies_in_template','core_competency\\external','list_competencies_in_template',NULL,'moodle','moodle/competency:competencyview',NULL),(255,'core_competency_count_competencies','core_competency\\external','count_competencies',NULL,'moodle','moodle/competency:competencyview',NULL),(256,'core_competency_count_competencies_in_template','core_competency\\external','count_competencies_in_template',NULL,'moodle','moodle/competency:competencyview',NULL),(257,'core_competency_search_competencies','core_competency\\external','search_competencies',NULL,'moodle','moodle/competency:competencyview',NULL),(258,'core_competency_set_parent_competency','core_competency\\external','set_parent_competency',NULL,'moodle','moodle/competency:competencymanage',NULL),(259,'core_competency_move_up_competency','core_competency\\external','move_up_competency',NULL,'moodle','moodle/competency:competencymanage',NULL),(260,'core_competency_move_down_competency','core_competency\\external','move_down_competency',NULL,'moodle','moodle/competency:competencymanage',NULL),(261,'core_competency_list_course_module_competencies','core_competency\\external','list_course_module_competencies',NULL,'moodle','moodle/competency:coursecompetencyview',NULL),(262,'core_competency_count_course_module_competencies','core_competency\\external','count_course_module_competencies',NULL,'moodle','moodle/competency:coursecompetencyview',NULL),(263,'core_competency_list_course_competencies','core_competency\\external','list_course_competencies',NULL,'moodle','moodle/competency:coursecompetencyview','moodle_mobile_app'),(264,'core_competency_count_competencies_in_course','core_competency\\external','count_competencies_in_course',NULL,'moodle','moodle/competency:coursecompetencyview',NULL),(265,'core_competency_count_courses_using_competency','core_competency\\external','count_courses_using_competency',NULL,'moodle','moodle/competency:coursecompetencyview',NULL),(266,'core_competency_add_competency_to_course','core_competency\\external','add_competency_to_course',NULL,'moodle','moodle/competency:coursecompetencymanage',NULL),(267,'core_competency_add_competency_to_template','core_competency\\external','add_competency_to_template',NULL,'moodle','moodle/competency:templatemanage',NULL),(268,'core_competency_remove_competency_from_course','core_competency\\external','remove_competency_from_course',NULL,'moodle','moodle/competency:coursecompetencymanage',NULL),(269,'core_competency_set_course_competency_ruleoutcome','core_competency\\external','set_course_competency_ruleoutcome',NULL,'moodle','moodle/competency:coursecompetencymanage',NULL),(270,'core_competency_remove_competency_from_template','core_competency\\external','remove_competency_from_template',NULL,'moodle','moodle/competency:templatemanage',NULL),(271,'core_competency_reorder_course_competency','core_competency\\external','reorder_course_competency',NULL,'moodle','moodle/competency:coursecompetencymanage',NULL),(272,'core_competency_reorder_template_competency','core_competency\\external','reorder_template_competency',NULL,'moodle','moodle/competency:templatemanage',NULL),(273,'core_competency_create_template','core_competency\\external','create_template',NULL,'moodle','moodle/competency:templatemanage',NULL),(274,'core_competency_duplicate_template','core_competency\\external','duplicate_template',NULL,'moodle','moodle/competency:templatemanage',NULL),(275,'core_competency_read_template','core_competency\\external','read_template',NULL,'moodle','moodle/competency:templateview',NULL),(276,'core_competency_delete_template','core_competency\\external','delete_template',NULL,'moodle','moodle/competency:templatemanage',NULL),(277,'core_competency_update_template','core_competency\\external','update_template',NULL,'moodle','moodle/competency:templatemanage',NULL),(278,'core_competency_list_templates','core_competency\\external','list_templates',NULL,'moodle','moodle/competency:templateview',NULL),(279,'core_competency_list_templates_using_competency','core_competency\\external','list_templates_using_competency',NULL,'moodle','moodle/competency:templateview',NULL),(280,'core_competency_count_templates','core_competency\\external','count_templates',NULL,'moodle','moodle/competency:templateview',NULL),(281,'core_competency_count_templates_using_competency','core_competency\\external','count_templates_using_competency',NULL,'moodle','moodle/competency:templateview',NULL),(282,'core_competency_create_plan','core_competency\\external','create_plan',NULL,'moodle','moodle/competency:planmanage',NULL),(283,'core_competency_update_plan','core_competency\\external','update_plan',NULL,'moodle','moodle/competency:planmanage',NULL),(284,'core_competency_complete_plan','core_competency\\external','complete_plan',NULL,'moodle','moodle/competency:planmanage',NULL),(285,'core_competency_reopen_plan','core_competency\\external','reopen_plan',NULL,'moodle','moodle/competency:planmanage',NULL),(286,'core_competency_read_plan','core_competency\\external','read_plan',NULL,'moodle','moodle/competency:planviewown',NULL),(287,'core_competency_delete_plan','core_competency\\external','delete_plan',NULL,'moodle','moodle/competency:planmanage',NULL),(288,'core_competency_list_user_plans','core_competency\\external','list_user_plans',NULL,'moodle','moodle/competency:planviewown',NULL),(289,'core_competency_list_plan_competencies','core_competency\\external','list_plan_competencies',NULL,'moodle','moodle/competency:planviewown',NULL),(290,'core_competency_add_competency_to_plan','core_competency\\external','add_competency_to_plan',NULL,'moodle','moodle/competency:planmanage',NULL),(291,'core_competency_remove_competency_from_plan','core_competency\\external','remove_competency_from_plan',NULL,'moodle','moodle/competency:planmanage',NULL),(292,'core_competency_reorder_plan_competency','core_competency\\external','reorder_plan_competency',NULL,'moodle','moodle/competency:planmanage',NULL),(293,'core_competency_plan_request_review','core_competency\\external','plan_request_review',NULL,'moodle','moodle/competency:planmanagedraft',NULL),(294,'core_competency_plan_start_review','core_competency\\external','plan_start_review',NULL,'moodle','moodle/competency:planmanage',NULL),(295,'core_competency_plan_stop_review','core_competency\\external','plan_stop_review',NULL,'moodle','moodle/competency:planmanage',NULL),(296,'core_competency_plan_cancel_review_request','core_competency\\external','plan_cancel_review_request',NULL,'moodle','moodle/competency:planmanagedraft',NULL),(297,'core_competency_approve_plan','core_competency\\external','approve_plan',NULL,'moodle','moodle/competency:planmanage',NULL),(298,'core_competency_unapprove_plan','core_competency\\external','unapprove_plan',NULL,'moodle','moodle/competency:planmanage',NULL),(299,'core_competency_template_has_related_data','core_competency\\external','template_has_related_data',NULL,'moodle','moodle/competency:templateview',NULL),(300,'core_competency_get_scale_values','core_competency\\external','get_scale_values',NULL,'moodle','moodle/competency:competencymanage','moodle_mobile_app'),(301,'core_competency_add_related_competency','core_competency\\external','add_related_competency',NULL,'moodle','moodle/competency:competencymanage',NULL),(302,'core_competency_remove_related_competency','core_competency\\external','remove_related_competency',NULL,'moodle','moodle/competency:competencymanage',NULL),(303,'core_competency_read_user_evidence','core_competency\\external','read_user_evidence',NULL,'moodle','moodle/competency:userevidenceview',NULL),(304,'core_competency_delete_user_evidence','core_competency\\external','delete_user_evidence',NULL,'moodle','moodle/competency:userevidencemanageown',NULL),(305,'core_competency_create_user_evidence_competency','core_competency\\external','create_user_evidence_competency',NULL,'moodle','moodle/competency:userevidencemanageown, moodle/competency:competencyview',NULL),(306,'core_competency_delete_user_evidence_competency','core_competency\\external','delete_user_evidence_competency',NULL,'moodle','moodle/competency:userevidencemanageown',NULL),(307,'core_competency_user_competency_cancel_review_request','core_competency\\external','user_competency_cancel_review_request',NULL,'moodle','moodle/competency:userevidencemanageown',NULL),(308,'core_competency_user_competency_request_review','core_competency\\external','user_competency_request_review',NULL,'moodle','moodle/competency:userevidencemanageown',NULL),(309,'core_competency_user_competency_start_review','core_competency\\external','user_competency_start_review',NULL,'moodle','moodle/competency:competencygrade',NULL),(310,'core_competency_user_competency_stop_review','core_competency\\external','user_competency_stop_review',NULL,'moodle','moodle/competency:competencygrade',NULL),(311,'core_competency_user_competency_viewed','core_competency\\external','user_competency_viewed',NULL,'moodle','moodle/competency:usercompetencyview','moodle_mobile_app'),(312,'core_competency_user_competency_viewed_in_plan','core_competency\\external','user_competency_viewed_in_plan',NULL,'moodle','moodle/competency:usercompetencyview','moodle_mobile_app'),(313,'core_competency_user_competency_viewed_in_course','core_competency\\external','user_competency_viewed_in_course',NULL,'moodle','moodle/competency:usercompetencyview','moodle_mobile_app'),(314,'core_competency_user_competency_plan_viewed','core_competency\\external','user_competency_plan_viewed',NULL,'moodle','moodle/competency:usercompetencyview','moodle_mobile_app'),(315,'core_competency_grade_competency','core_competency\\external','grade_competency',NULL,'moodle','moodle/competency:competencygrade',NULL),(316,'core_competency_grade_competency_in_plan','core_competency\\external','grade_competency_in_plan',NULL,'moodle','moodle/competency:competencygrade',NULL),(317,'core_competency_grade_competency_in_course','core_competency\\external','grade_competency_in_course',NULL,'moodle','moodle/competency:competencygrade','moodle_mobile_app'),(318,'core_competency_unlink_plan_from_template','core_competency\\external','unlink_plan_from_template',NULL,'moodle','moodle/competency:planmanage',NULL),(319,'core_competency_template_viewed','core_competency\\external','template_viewed',NULL,'moodle','moodle/competency:templateview',NULL),(320,'core_competency_request_review_of_user_evidence_linked_competencies','core_competency\\external','request_review_of_user_evidence_linked_competencies',NULL,'moodle','moodle/competency:userevidencemanageown',NULL),(321,'core_competency_update_course_competency_settings','core_competency\\external','update_course_competency_settings',NULL,'moodle','moodle/competency:coursecompetencyconfigure',NULL),(322,'core_competency_delete_evidence','core_competency\\external','delete_evidence',NULL,'moodle','moodle/competency:evidencedelete','moodle_mobile_app'),(323,'core_webservice_get_site_info','core_webservice_external','get_site_info','webservice/externallib.php','moodle','','moodle_mobile_app'),(324,'core_block_get_course_blocks','core_block_external','get_course_blocks',NULL,'moodle','','moodle_mobile_app'),(325,'core_block_get_dashboard_blocks','core_block_external','get_dashboard_blocks',NULL,'moodle','','moodle_mobile_app'),(326,'core_block_fetch_addable_blocks','core_block\\external\\fetch_addable_blocks','execute',NULL,'moodle','moodle/site:manageblocks','moodle_mobile_app'),(327,'core_filters_get_available_in_context','core_filters\\external\\get_available_in_context','execute',NULL,'moodle','','moodle_mobile_app'),(328,'core_filters_get_all_states','core_filters\\external\\get_all_states','execute',NULL,'moodle','','moodle_mobile_app'),(329,'core_customfield_delete_field','core_customfield_external','delete_field','customfield/externallib.php','moodle','',NULL),(330,'core_customfield_reload_template','core_customfield_external','reload_template','customfield/externallib.php','moodle','',NULL),(331,'core_customfield_create_category','core_customfield_external','create_category','customfield/externallib.php','moodle','',NULL),(332,'core_customfield_delete_category','core_customfield_external','delete_category','customfield/externallib.php','moodle','',NULL),(333,'core_customfield_move_field','core_customfield_external','move_field','customfield/externallib.php','moodle','',NULL),(334,'core_customfield_move_category','core_customfield_external','move_category','customfield/externallib.php','moodle','',NULL),(335,'core_h5p_get_trusted_h5p_file','core_h5p\\external','get_trusted_h5p_file',NULL,'moodle','','moodle_mobile_app'),(336,'core_table_get_dynamic_table_content','core_table\\external\\dynamic\\get','execute',NULL,'moodle','','moodle_mobile_app'),(337,'core_xapi_statement_post','core_xapi\\external\\post_statement','execute',NULL,'moodle','','moodle_mobile_app'),(338,'core_xapi_post_state','core_xapi\\external\\post_state','execute',NULL,'moodle','','moodle_mobile_app'),(339,'core_xapi_get_state','core_xapi\\external\\get_state','execute',NULL,'moodle','','moodle_mobile_app'),(340,'core_xapi_get_states','core_xapi\\external\\get_states','execute',NULL,'moodle','','moodle_mobile_app'),(341,'core_xapi_delete_state','core_xapi\\external\\delete_state','execute',NULL,'moodle','','moodle_mobile_app'),(342,'core_xapi_delete_states','core_xapi\\external\\delete_states','execute',NULL,'moodle','','moodle_mobile_app'),(343,'core_contentbank_delete_content','core_contentbank\\external\\delete_content','execute',NULL,'moodle','moodle/contentbank:deleteanycontent',NULL),(344,'core_contentbank_rename_content','core_contentbank\\external\\rename_content','execute',NULL,'moodle','moodle/contentbank:manageowncontent',NULL),(345,'core_contentbank_copy_content','core_contentbank\\external\\copy_content','execute',NULL,'moodle','moodle/contentbank:copycontent, moodle/contentbank:copyanycontent',NULL),(346,'core_contentbank_set_content_visibility','core_contentbank\\external\\set_content_visibility','execute',NULL,'moodle','moodle/contentbank:manageowncontent',NULL),(347,'core_create_userfeedback_action_record','core\\external\\record_userfeedback_action','execute',NULL,'moodle','',NULL),(348,'core_payment_get_available_gateways','core_payment\\external\\get_available_gateways','execute',NULL,'moodle','',NULL),(349,'core_reportbuilder_filters_reset','core_reportbuilder\\external\\filters\\reset','execute',NULL,'moodle','',NULL),(350,'core_reportbuilder_set_filters','core_reportbuilder\\external\\filters\\set','execute',NULL,'moodle','',NULL),(351,'core_dynamic_tabs_get_content','core\\external\\dynamic_tabs_get_content','execute',NULL,'moodle','',NULL),(352,'core_change_editmode','core\\external\\editmode','change_editmode',NULL,'moodle','',NULL),(353,'core_reportbuilder_reports_delete','core_reportbuilder\\external\\reports\\delete','execute',NULL,'moodle','',NULL),(354,'core_reportbuilder_reports_get','core_reportbuilder\\external\\reports\\get','execute',NULL,'moodle','',NULL),(355,'core_reportbuilder_list_reports','core_reportbuilder\\external\\reports\\listing','execute',NULL,'moodle','','moodle_mobile_app'),(356,'core_reportbuilder_retrieve_report','core_reportbuilder\\external\\reports\\retrieve','execute',NULL,'moodle','','moodle_mobile_app'),(357,'core_reportbuilder_retrieve_system_report','core_reportbuilder\\external\\systemreports\\retrieve','execute',NULL,'moodle','','moodle_mobile_app'),(358,'core_reportbuilder_can_view_system_report','core_reportbuilder\\external\\systemreports\\can_view','execute',NULL,'moodle','','moodle_mobile_app'),(359,'core_reportbuilder_view_report','core_reportbuilder\\external\\reports\\view','execute',NULL,'moodle','','moodle_mobile_app'),(360,'core_reportbuilder_columns_add','core_reportbuilder\\external\\columns\\add','execute',NULL,'moodle','',NULL),(361,'core_reportbuilder_columns_delete','core_reportbuilder\\external\\columns\\delete','execute',NULL,'moodle','',NULL),(362,'core_reportbuilder_columns_reorder','core_reportbuilder\\external\\columns\\reorder','execute',NULL,'moodle','',NULL),(363,'core_reportbuilder_columns_sort_get','core_reportbuilder\\external\\columns\\sort\\get','execute',NULL,'moodle','',NULL),(364,'core_reportbuilder_columns_sort_reorder','core_reportbuilder\\external\\columns\\sort\\reorder','execute',NULL,'moodle','',NULL),(365,'core_reportbuilder_columns_sort_toggle','core_reportbuilder\\external\\columns\\sort\\toggle','execute',NULL,'moodle','',NULL),(366,'core_reportbuilder_conditions_add','core_reportbuilder\\external\\conditions\\add','execute',NULL,'moodle','',NULL),(367,'core_reportbuilder_conditions_delete','core_reportbuilder\\external\\conditions\\delete','execute',NULL,'moodle','',NULL),(368,'core_reportbuilder_conditions_reorder','core_reportbuilder\\external\\conditions\\reorder','execute',NULL,'moodle','',NULL),(369,'core_reportbuilder_conditions_reset','core_reportbuilder\\external\\conditions\\reset','execute',NULL,'moodle','',NULL),(370,'core_reportbuilder_filters_add','core_reportbuilder\\external\\filters\\add','execute',NULL,'moodle','',NULL),(371,'core_reportbuilder_filters_delete','core_reportbuilder\\external\\filters\\delete','execute',NULL,'moodle','',NULL),(372,'core_reportbuilder_filters_reorder','core_reportbuilder\\external\\filters\\reorder','execute',NULL,'moodle','',NULL),(373,'core_reportbuilder_audiences_delete','core_reportbuilder\\external\\audiences\\delete','execute',NULL,'moodle','',NULL),(374,'core_reportbuilder_schedules_delete','core_reportbuilder\\external\\schedules\\delete','execute',NULL,'moodle','',NULL),(375,'core_reportbuilder_schedules_send','core_reportbuilder\\external\\schedules\\send','execute',NULL,'moodle','',NULL),(376,'core_reportbuilder_schedules_toggle','core_reportbuilder\\external\\schedules\\toggle','execute',NULL,'moodle','',NULL),(377,'core_admin_set_plugin_state','core_admin\\external\\set_plugin_state','execute',NULL,'moodle','',NULL),(378,'core_admin_set_plugin_order','core_admin\\external\\set_plugin_order','execute',NULL,'moodle','',NULL),(379,'core_admin_set_block_protection','core_admin\\external\\set_block_protection','execute',NULL,'moodle','',NULL),(380,'core_moodlenet_send_activity','core\\external\\moodlenet_send_activity','execute',NULL,'moodle','',NULL),(381,'core_moodlenet_get_share_info_activity','core\\external\\moodlenet_get_share_info_activity','execute',NULL,'moodle','',NULL),(382,'core_moodlenet_auth_check','core\\external\\moodlenet_auth_check','execute',NULL,'moodle','',NULL),(383,'core_moodlenet_get_shared_course_info','core\\external\\moodlenet_get_shared_course_info','execute',NULL,'moodle','',NULL),(384,'core_moodlenet_send_course','core\\external\\moodlenet_send_course','execute',NULL,'moodle','',NULL),(385,'mod_assign_copy_previous_attempt','mod_assign_external','copy_previous_attempt','mod/assign/externallib.php','mod_assign','mod/assign:view, mod/assign:submit',NULL),(386,'mod_assign_get_grades','mod_assign_external','get_grades','mod/assign/externallib.php','mod_assign','','moodle_mobile_app'),(387,'mod_assign_get_assignments','mod_assign_external','get_assignments','mod/assign/externallib.php','mod_assign','','moodle_mobile_app'),(388,'mod_assign_get_submissions','mod_assign_external','get_submissions','mod/assign/externallib.php','mod_assign','','moodle_mobile_app'),(389,'mod_assign_get_user_flags','mod_assign_external','get_user_flags','mod/assign/externallib.php','mod_assign','','moodle_mobile_app'),(390,'mod_assign_set_user_flags','mod_assign_external','set_user_flags','mod/assign/externallib.php','mod_assign','mod/assign:grade','moodle_mobile_app'),(391,'mod_assign_get_user_mappings','mod_assign_external','get_user_mappings','mod/assign/externallib.php','mod_assign','','moodle_mobile_app'),(392,'mod_assign_revert_submissions_to_draft','mod_assign_external','revert_submissions_to_draft','mod/assign/externallib.php','mod_assign','','moodle_mobile_app'),(393,'mod_assign_lock_submissions','mod_assign_external','lock_submissions','mod/assign/externallib.php','mod_assign','','moodle_mobile_app'),(394,'mod_assign_unlock_submissions','mod_assign_external','unlock_submissions','mod/assign/externallib.php','mod_assign','','moodle_mobile_app'),(395,'mod_assign_save_submission','mod_assign_external','save_submission','mod/assign/externallib.php','mod_assign','','moodle_mobile_app'),(396,'mod_assign_submit_for_grading','mod_assign_external','submit_for_grading','mod/assign/externallib.php','mod_assign','','moodle_mobile_app'),(397,'mod_assign_save_grade','mod_assign_external','save_grade','mod/assign/externallib.php','mod_assign','','moodle_mobile_app'),(398,'mod_assign_save_grades','mod_assign_external','save_grades','mod/assign/externallib.php','mod_assign','','moodle_mobile_app'),(399,'mod_assign_save_user_extensions','mod_assign_external','save_user_extensions','mod/assign/externallib.php','mod_assign','','moodle_mobile_app'),(400,'mod_assign_reveal_identities','mod_assign_external','reveal_identities','mod/assign/externallib.php','mod_assign','','moodle_mobile_app'),(401,'mod_assign_view_grading_table','mod_assign_external','view_grading_table','mod/assign/externallib.php','mod_assign','mod/assign:view, mod/assign:viewgrades','moodle_mobile_app'),(402,'mod_assign_view_submission_status','mod_assign_external','view_submission_status','mod/assign/externallib.php','mod_assign','mod/assign:view','moodle_mobile_app'),(403,'mod_assign_get_submission_status','mod_assign_external','get_submission_status','mod/assign/externallib.php','mod_assign','mod/assign:view','moodle_mobile_app'),(404,'mod_assign_list_participants','mod_assign_external','list_participants','mod/assign/externallib.php','mod_assign','mod/assign:view, mod/assign:viewgrades','moodle_mobile_app'),(405,'mod_assign_submit_grading_form','mod_assign_external','submit_grading_form','mod/assign/externallib.php','mod_assign','mod/assign:grade','moodle_mobile_app'),(406,'mod_assign_get_participant','mod_assign_external','get_participant','mod/assign/externallib.php','mod_assign','mod/assign:view, mod/assign:viewgrades','moodle_mobile_app'),(407,'mod_assign_view_assign','mod_assign_external','view_assign','mod/assign/externallib.php','mod_assign','mod/assign:view','moodle_mobile_app'),(408,'mod_assign_start_submission','mod_assign\\external\\start_submission','execute',NULL,'mod_assign','mod/assign:view','moodle_mobile_app'),(409,'mod_bigbluebuttonbn_can_join','mod_bigbluebuttonbn\\external\\can_join','execute',NULL,'mod_bigbluebuttonbn','mod/bigbluebuttonbn:view','moodle_mobile_app'),(410,'mod_bigbluebuttonbn_get_recordings','mod_bigbluebuttonbn\\external\\get_recordings','execute',NULL,'mod_bigbluebuttonbn','mod/bigbluebuttonbn:view','moodle_mobile_app'),(411,'mod_bigbluebuttonbn_get_recordings_to_import','mod_bigbluebuttonbn\\external\\get_recordings_to_import','execute',NULL,'mod_bigbluebuttonbn','mod/bigbluebuttonbn:importrecordings','moodle_mobile_app'),(412,'mod_bigbluebuttonbn_update_recording','mod_bigbluebuttonbn\\external\\update_recording','execute',NULL,'mod_bigbluebuttonbn','mod/bigbluebuttonbn:managerecordings','moodle_mobile_app'),(413,'mod_bigbluebuttonbn_end_meeting','mod_bigbluebuttonbn\\external\\end_meeting','execute',NULL,'mod_bigbluebuttonbn','mod/bigbluebuttonbn:join','moodle_mobile_app'),(414,'mod_bigbluebuttonbn_completion_validate','mod_bigbluebuttonbn\\external\\completion_validate','execute',NULL,'mod_bigbluebuttonbn','mod/bigbluebuttonbn:view','moodle_mobile_app'),(415,'mod_bigbluebuttonbn_meeting_info','mod_bigbluebuttonbn\\external\\meeting_info','execute',NULL,'mod_bigbluebuttonbn','mod/bigbluebuttonbn:view','moodle_mobile_app'),(416,'mod_bigbluebuttonbn_get_bigbluebuttonbns_by_courses','mod_bigbluebuttonbn\\external\\get_bigbluebuttonbns_by_courses','execute',NULL,'mod_bigbluebuttonbn','mod/bigbluebuttonbn:view','moodle_mobile_app'),(417,'mod_bigbluebuttonbn_view_bigbluebuttonbn','mod_bigbluebuttonbn\\external\\view_bigbluebuttonbn','execute',NULL,'mod_bigbluebuttonbn','mod/bigbluebuttonbn:view','moodle_mobile_app'),(418,'mod_bigbluebuttonbn_get_join_url','mod_bigbluebuttonbn\\external\\get_join_url','execute',NULL,'mod_bigbluebuttonbn','mod/bigbluebuttonbn:join','moodle_mobile_app'),(419,'mod_book_view_book','mod_book_external','view_book',NULL,'mod_book','mod/book:read','moodle_mobile_app'),(420,'mod_book_get_books_by_courses','mod_book_external','get_books_by_courses',NULL,'mod_book','','moodle_mobile_app'),(430,'mod_choice_get_choice_results','mod_choice_external','get_choice_results',NULL,'mod_choice','','moodle_mobile_app'),(431,'mod_choice_get_choice_options','mod_choice_external','get_choice_options',NULL,'mod_choice','mod/choice:choose','moodle_mobile_app'),(432,'mod_choice_submit_choice_response','mod_choice_external','submit_choice_response',NULL,'mod_choice','mod/choice:choose','moodle_mobile_app'),(433,'mod_choice_view_choice','mod_choice_external','view_choice',NULL,'mod_choice','','moodle_mobile_app'),(434,'mod_choice_get_choices_by_courses','mod_choice_external','get_choices_by_courses',NULL,'mod_choice','','moodle_mobile_app'),(435,'mod_choice_delete_choice_responses','mod_choice_external','delete_choice_responses',NULL,'mod_choice','mod/choice:choose','moodle_mobile_app'),(436,'mod_data_get_databases_by_courses','mod_data_external','get_databases_by_courses',NULL,'mod_data','mod/data:viewentry','moodle_mobile_app'),(437,'mod_data_view_database','mod_data_external','view_database',NULL,'mod_data','mod/data:viewentry','moodle_mobile_app'),(438,'mod_data_get_data_access_information','mod_data_external','get_data_access_information',NULL,'mod_data','mod/data:viewentry','moodle_mobile_app'),(439,'mod_data_get_entries','mod_data_external','get_entries',NULL,'mod_data','mod/data:viewentry','moodle_mobile_app'),(440,'mod_data_get_entry','mod_data_external','get_entry',NULL,'mod_data','mod/data:viewentry','moodle_mobile_app'),(441,'mod_data_get_fields','mod_data_external','get_fields',NULL,'mod_data','mod/data:viewentry','moodle_mobile_app'),(442,'mod_data_search_entries','mod_data_external','search_entries',NULL,'mod_data','mod/data:viewentry','moodle_mobile_app'),(443,'mod_data_approve_entry','mod_data_external','approve_entry',NULL,'mod_data','mod/data:approve','moodle_mobile_app'),(444,'mod_data_delete_entry','mod_data_external','delete_entry',NULL,'mod_data','mod/data:manageentries','moodle_mobile_app'),(445,'mod_data_add_entry','mod_data_external','add_entry',NULL,'mod_data','mod/data:writeentry','moodle_mobile_app'),(446,'mod_data_update_entry','mod_data_external','update_entry',NULL,'mod_data','mod/data:writeentry','moodle_mobile_app'),(447,'mod_data_delete_saved_preset','mod_data\\external\\delete_saved_preset','execute',NULL,'mod_data','mod/data:manageuserpresets',NULL),(448,'mod_data_get_mapping_information','mod_data\\external\\get_mapping_information','execute',NULL,'mod_data','mod/data:managetemplates',NULL),(449,'mod_feedback_get_feedbacks_by_courses','mod_feedback_external','get_feedbacks_by_courses',NULL,'mod_feedback','mod/feedback:view','moodle_mobile_app'),(450,'mod_feedback_get_feedback_access_information','mod_feedback_external','get_feedback_access_information',NULL,'mod_feedback','mod/feedback:view','moodle_mobile_app'),(451,'mod_feedback_view_feedback','mod_feedback_external','view_feedback',NULL,'mod_feedback','mod/feedback:view','moodle_mobile_app'),(452,'mod_feedback_get_current_completed_tmp','mod_feedback_external','get_current_completed_tmp',NULL,'mod_feedback','mod/feedback:view','moodle_mobile_app'),(453,'mod_feedback_get_items','mod_feedback_external','get_items',NULL,'mod_feedback','mod/feedback:view','moodle_mobile_app'),(454,'mod_feedback_launch_feedback','mod_feedback_external','launch_feedback',NULL,'mod_feedback','mod/feedback:complete','moodle_mobile_app'),(455,'mod_feedback_get_page_items','mod_feedback_external','get_page_items',NULL,'mod_feedback','mod/feedback:complete','moodle_mobile_app'),(456,'mod_feedback_process_page','mod_feedback_external','process_page',NULL,'mod_feedback','mod/feedback:complete','moodle_mobile_app'),(457,'mod_feedback_get_analysis','mod_feedback_external','get_analysis',NULL,'mod_feedback','mod/feedback:viewanalysepage','moodle_mobile_app'),(458,'mod_feedback_get_unfinished_responses','mod_feedback_external','get_unfinished_responses',NULL,'mod_feedback','mod/feedback:view','moodle_mobile_app'),(459,'mod_feedback_get_finished_responses','mod_feedback_external','get_finished_responses',NULL,'mod_feedback','mod/feedback:view','moodle_mobile_app'),(460,'mod_feedback_get_non_respondents','mod_feedback_external','get_non_respondents',NULL,'mod_feedback','mod/feedback:viewreports','moodle_mobile_app'),(461,'mod_feedback_get_responses_analysis','mod_feedback_external','get_responses_analysis',NULL,'mod_feedback','mod/feedback:viewreports','moodle_mobile_app'),(462,'mod_feedback_get_last_completed','mod_feedback_external','get_last_completed',NULL,'mod_feedback','mod/feedback:view','moodle_mobile_app'),(463,'mod_folder_view_folder','mod_folder_external','view_folder',NULL,'mod_folder','mod/folder:view','moodle_mobile_app'),(464,'mod_folder_get_folders_by_courses','mod_folder_external','get_folders_by_courses',NULL,'mod_folder','mod/folder:view','moodle_mobile_app'),(465,'mod_forum_get_forums_by_courses','mod_forum_external','get_forums_by_courses','mod/forum/externallib.php','mod_forum','mod/forum:viewdiscussion','moodle_mobile_app'),(466,'mod_forum_get_discussion_posts','mod_forum_external','get_discussion_posts','mod/forum/externallib.php','mod_forum','mod/forum:viewdiscussion, mod/forum:viewqandawithoutposting','moodle_mobile_app'),(467,'mod_forum_get_forum_discussions','mod_forum_external','get_forum_discussions','mod/forum/externallib.php','mod_forum','mod/forum:viewdiscussion, mod/forum:viewqandawithoutposting','moodle_mobile_app'),(468,'mod_forum_view_forum','mod_forum_external','view_forum','mod/forum/externallib.php','mod_forum','mod/forum:viewdiscussion','moodle_mobile_app'),(469,'mod_forum_view_forum_discussion','mod_forum_external','view_forum_discussion','mod/forum/externallib.php','mod_forum','mod/forum:viewdiscussion','moodle_mobile_app'),(470,'mod_forum_add_discussion_post','mod_forum_external','add_discussion_post','mod/forum/externallib.php','mod_forum','mod/forum:replypost','moodle_mobile_app'),(471,'mod_forum_add_discussion','mod_forum_external','add_discussion','mod/forum/externallib.php','mod_forum','mod/forum:startdiscussion','moodle_mobile_app'),(472,'mod_forum_can_add_discussion','mod_forum_external','can_add_discussion','mod/forum/externallib.php','mod_forum','','moodle_mobile_app'),(473,'mod_forum_get_forum_access_information','mod_forum_external','get_forum_access_information',NULL,'mod_forum','','moodle_mobile_app'),(474,'mod_forum_set_subscription_state','mod_forum_external','set_subscription_state','mod/forum/externallib.php','mod_forum','','moodle_mobile_app'),(475,'mod_forum_set_lock_state','mod_forum_external','set_lock_state','mod/forum/externallib.php','mod_forum','moodle/course:manageactivities','moodle_mobile_app'),(476,'mod_forum_toggle_favourite_state','mod_forum_external','toggle_favourite_state','mod/forum/externallib.php','mod_forum','','moodle_mobile_app'),(477,'mod_forum_set_pin_state','mod_forum_external','set_pin_state','mod/forum/externallib.php','mod_forum','','moodle_mobile_app'),(478,'mod_forum_delete_post','mod_forum_external','delete_post','mod/forum/externallib.php','mod_forum','','moodle_mobile_app'),(479,'mod_forum_get_discussion_posts_by_userid','mod_forum_external','get_discussion_posts_by_userid','mod/forum/externallib.php','mod_forum','mod/forum:viewdiscussion, mod/forum:viewqandawithoutposting',NULL),(480,'mod_forum_get_discussion_post','mod_forum_external','get_discussion_post','mod/forum/externallib.php','mod_forum','','moodle_mobile_app'),(481,'mod_forum_prepare_draft_area_for_post','mod_forum_external','prepare_draft_area_for_post','mod/forum/externallib.php','mod_forum','','moodle_mobile_app'),(482,'mod_forum_update_discussion_post','mod_forum_external','update_discussion_post','mod/forum/externallib.php','mod_forum','','moodle_mobile_app'),(483,'mod_glossary_get_glossaries_by_courses','mod_glossary_external','get_glossaries_by_courses',NULL,'mod_glossary','mod/glossary:view','moodle_mobile_app'),(484,'mod_glossary_view_glossary','mod_glossary_external','view_glossary',NULL,'mod_glossary','mod/glossary:view','moodle_mobile_app'),(485,'mod_glossary_view_entry','mod_glossary_external','view_entry',NULL,'mod_glossary','mod/glossary:view','moodle_mobile_app'),(486,'mod_glossary_get_entries_by_letter','mod_glossary_external','get_entries_by_letter',NULL,'mod_glossary','mod/glossary:view','moodle_mobile_app'),(487,'mod_glossary_get_entries_by_date','mod_glossary_external','get_entries_by_date',NULL,'mod_glossary','mod/glossary:view','moodle_mobile_app'),(488,'mod_glossary_get_categories','mod_glossary_external','get_categories',NULL,'mod_glossary','mod/glossary:view','moodle_mobile_app'),(489,'mod_glossary_get_entries_by_category','mod_glossary_external','get_entries_by_category',NULL,'mod_glossary','mod/glossary:view','moodle_mobile_app'),(490,'mod_glossary_get_authors','mod_glossary_external','get_authors',NULL,'mod_glossary','mod/glossary:view','moodle_mobile_app'),(491,'mod_glossary_get_entries_by_author','mod_glossary_external','get_entries_by_author',NULL,'mod_glossary','mod/glossary:view','moodle_mobile_app'),(492,'mod_glossary_get_entries_by_author_id','mod_glossary_external','get_entries_by_author_id',NULL,'mod_glossary','mod/glossary:view','moodle_mobile_app'),(493,'mod_glossary_get_entries_by_search','mod_glossary_external','get_entries_by_search',NULL,'mod_glossary','mod/glossary:view','moodle_mobile_app'),(494,'mod_glossary_get_entries_by_term','mod_glossary_external','get_entries_by_term',NULL,'mod_glossary','mod/glossary:view','moodle_mobile_app'),(495,'mod_glossary_get_entries_to_approve','mod_glossary_external','get_entries_to_approve',NULL,'mod_glossary','mod/glossary:approve','moodle_mobile_app'),(496,'mod_glossary_get_entry_by_id','mod_glossary_external','get_entry_by_id',NULL,'mod_glossary','mod/glossary:view','moodle_mobile_app'),(497,'mod_glossary_add_entry','mod_glossary_external','add_entry',NULL,'mod_glossary','mod/glossary:write','moodle_mobile_app'),(498,'mod_glossary_delete_entry','mod_glossary\\external\\delete_entry','execute',NULL,'mod_glossary','','moodle_mobile_app'),(499,'mod_glossary_update_entry','mod_glossary\\external\\update_entry','execute',NULL,'mod_glossary','','moodle_mobile_app'),(500,'mod_glossary_prepare_entry_for_edition','mod_glossary\\external\\prepare_entry','execute',NULL,'mod_glossary','','moodle_mobile_app'),(501,'mod_h5pactivity_get_h5pactivity_access_information','mod_h5pactivity\\external\\get_h5pactivity_access_information','execute',NULL,'mod_h5pactivity','mod/h5pactivity:view','moodle_mobile_app'),(502,'mod_h5pactivity_view_h5pactivity','mod_h5pactivity\\external\\view_h5pactivity','execute',NULL,'mod_h5pactivity','mod/h5pactivity:view','moodle_mobile_app'),(503,'mod_h5pactivity_get_attempts','mod_h5pactivity\\external\\get_attempts','execute',NULL,'mod_h5pactivity','mod/h5pactivity:view','moodle_mobile_app'),(504,'mod_h5pactivity_get_results','mod_h5pactivity\\external\\get_results','execute',NULL,'mod_h5pactivity','mod/h5pactivity:view','moodle_mobile_app'),(505,'mod_h5pactivity_get_h5pactivities_by_courses','mod_h5pactivity\\external\\get_h5pactivities_by_courses','execute',NULL,'mod_h5pactivity','mod/h5pactivity:view','moodle_mobile_app'),(506,'mod_h5pactivity_log_report_viewed','mod_h5pactivity\\external\\log_report_viewed','execute',NULL,'mod_h5pactivity','','moodle_mobile_app'),(507,'mod_h5pactivity_get_user_attempts','mod_h5pactivity\\external\\get_user_attempts','execute',NULL,'mod_h5pactivity','mod/h5pactivity:reviewattempts','moodle_mobile_app'),(508,'mod_imscp_view_imscp','mod_imscp_external','view_imscp',NULL,'mod_imscp','mod/imscp:view','moodle_mobile_app'),(509,'mod_imscp_get_imscps_by_courses','mod_imscp_external','get_imscps_by_courses',NULL,'mod_imscp','mod/imscp:view','moodle_mobile_app'),(510,'mod_label_get_labels_by_courses','mod_label_external','get_labels_by_courses',NULL,'mod_label','mod/label:view','moodle_mobile_app'),(511,'mod_lesson_get_lessons_by_courses','mod_lesson_external','get_lessons_by_courses',NULL,'mod_lesson','mod/lesson:view','moodle_mobile_app'),(512,'mod_lesson_get_lesson_access_information','mod_lesson_external','get_lesson_access_information',NULL,'mod_lesson','mod/lesson:view','moodle_mobile_app'),(513,'mod_lesson_view_lesson','mod_lesson_external','view_lesson',NULL,'mod_lesson','mod/lesson:view','moodle_mobile_app'),(514,'mod_lesson_get_questions_attempts','mod_lesson_external','get_questions_attempts',NULL,'mod_lesson','mod/lesson:view','moodle_mobile_app'),(515,'mod_lesson_get_user_grade','mod_lesson_external','get_user_grade',NULL,'mod_lesson','mod/lesson:view','moodle_mobile_app'),(516,'mod_lesson_get_user_attempt_grade','mod_lesson_external','get_user_attempt_grade',NULL,'mod_lesson','mod/lesson:view','moodle_mobile_app'),(517,'mod_lesson_get_content_pages_viewed','mod_lesson_external','get_content_pages_viewed',NULL,'mod_lesson','mod/lesson:view','moodle_mobile_app'),(518,'mod_lesson_get_user_timers','mod_lesson_external','get_user_timers',NULL,'mod_lesson','mod/lesson:view','moodle_mobile_app'),(519,'mod_lesson_get_pages','mod_lesson_external','get_pages',NULL,'mod_lesson','mod/lesson:view','moodle_mobile_app'),(520,'mod_lesson_launch_attempt','mod_lesson_external','launch_attempt',NULL,'mod_lesson','mod/lesson:view','moodle_mobile_app'),(521,'mod_lesson_get_page_data','mod_lesson_external','get_page_data',NULL,'mod_lesson','mod/lesson:view','moodle_mobile_app'),(522,'mod_lesson_process_page','mod_lesson_external','process_page',NULL,'mod_lesson','mod/lesson:view','moodle_mobile_app'),(523,'mod_lesson_finish_attempt','mod_lesson_external','finish_attempt',NULL,'mod_lesson','mod/lesson:view','moodle_mobile_app'),(524,'mod_lesson_get_attempts_overview','mod_lesson_external','get_attempts_overview',NULL,'mod_lesson','mod/lesson:viewreports','moodle_mobile_app'),(525,'mod_lesson_get_user_attempt','mod_lesson_external','get_user_attempt',NULL,'mod_lesson','mod/lesson:viewreports','moodle_mobile_app'),(526,'mod_lesson_get_pages_possible_jumps','mod_lesson_external','get_pages_possible_jumps',NULL,'mod_lesson','mod/lesson:view','moodle_mobile_app'),(527,'mod_lesson_get_lesson','mod_lesson_external','get_lesson',NULL,'mod_lesson','mod/lesson:view','moodle_mobile_app'),(528,'mod_lti_get_tool_launch_data','mod_lti_external','get_tool_launch_data',NULL,'mod_lti','mod/lti:view','moodle_mobile_app'),(529,'mod_lti_get_ltis_by_courses','mod_lti_external','get_ltis_by_courses',NULL,'mod_lti','mod/lti:view','moodle_mobile_app'),(530,'mod_lti_view_lti','mod_lti_external','view_lti',NULL,'mod_lti','mod/lti:view','moodle_mobile_app'),(531,'mod_lti_get_tool_proxies','mod_lti_external','get_tool_proxies',NULL,'mod_lti','moodle/site:config',NULL),(532,'mod_lti_create_tool_proxy','mod_lti_external','create_tool_proxy',NULL,'mod_lti','moodle/site:config',NULL),(533,'mod_lti_delete_tool_proxy','mod_lti_external','delete_tool_proxy',NULL,'mod_lti','moodle/site:config',NULL),(534,'mod_lti_get_tool_proxy_registration_request','mod_lti_external','get_tool_proxy_registration_request',NULL,'mod_lti','moodle/site:config',NULL),(535,'mod_lti_get_tool_types','mod_lti_external','get_tool_types',NULL,'mod_lti','moodle/site:config',NULL),(536,'mod_lti_get_tool_types_and_proxies','mod_lti\\external\\get_tool_types_and_proxies','execute',NULL,'mod_lti','moodle/site:config',NULL),(537,'mod_lti_get_tool_types_and_proxies_count','mod_lti\\external\\get_tool_types_and_proxies_count','execute',NULL,'mod_lti','moodle/site:config',NULL),(538,'mod_lti_create_tool_type','mod_lti_external','create_tool_type',NULL,'mod_lti','moodle/site:config',NULL),(539,'mod_lti_update_tool_type','mod_lti_external','update_tool_type',NULL,'mod_lti','moodle/site:config',NULL),(540,'mod_lti_delete_tool_type','mod_lti_external','delete_tool_type',NULL,'mod_lti','moodle/site:config',NULL),(541,'mod_lti_delete_course_tool_type','mod_lti\\external\\delete_course_tool_type','execute',NULL,'mod_lti','mod/lti:addcoursetool',NULL),(542,'mod_lti_toggle_showinactivitychooser','mod_lti\\external\\toggle_showinactivitychooser','execute',NULL,'mod_lti','mod/lti:addcoursetool',NULL),(543,'mod_lti_is_cartridge','mod_lti_external','is_cartridge',NULL,'mod_lti','moodle/site:config',NULL),(544,'mod_page_view_page','mod_page_external','view_page',NULL,'mod_page','mod/page:view','moodle_mobile_app'),(545,'mod_page_get_pages_by_courses','mod_page_external','get_pages_by_courses',NULL,'mod_page','mod/page:view','moodle_mobile_app'),(546,'mod_quiz_get_quizzes_by_courses','mod_quiz_external','get_quizzes_by_courses',NULL,'mod_quiz','mod/quiz:view','moodle_mobile_app'),(547,'mod_quiz_view_quiz','mod_quiz_external','view_quiz',NULL,'mod_quiz','mod/quiz:view','moodle_mobile_app'),(548,'mod_quiz_get_user_attempts','mod_quiz_external','get_user_attempts',NULL,'mod_quiz','mod/quiz:view','moodle_mobile_app'),(549,'mod_quiz_get_user_best_grade','mod_quiz_external','get_user_best_grade',NULL,'mod_quiz','mod/quiz:view','moodle_mobile_app'),(550,'mod_quiz_get_combined_review_options','mod_quiz_external','get_combined_review_options',NULL,'mod_quiz','mod/quiz:view','moodle_mobile_app'),(551,'mod_quiz_start_attempt','mod_quiz_external','start_attempt',NULL,'mod_quiz','mod/quiz:attempt','moodle_mobile_app'),(552,'mod_quiz_get_attempt_data','mod_quiz_external','get_attempt_data',NULL,'mod_quiz','mod/quiz:attempt','moodle_mobile_app'),(553,'mod_quiz_get_attempt_summary','mod_quiz_external','get_attempt_summary',NULL,'mod_quiz','mod/quiz:attempt','moodle_mobile_app'),(554,'mod_quiz_save_attempt','mod_quiz_external','save_attempt',NULL,'mod_quiz','mod/quiz:attempt','moodle_mobile_app'),(555,'mod_quiz_process_attempt','mod_quiz_external','process_attempt',NULL,'mod_quiz','mod/quiz:attempt','moodle_mobile_app'),(556,'mod_quiz_get_attempt_review','mod_quiz_external','get_attempt_review',NULL,'mod_quiz','mod/quiz:reviewmyattempts','moodle_mobile_app'),(557,'mod_quiz_view_attempt','mod_quiz_external','view_attempt',NULL,'mod_quiz','mod/quiz:attempt','moodle_mobile_app'),(558,'mod_quiz_view_attempt_summary','mod_quiz_external','view_attempt_summary',NULL,'mod_quiz','mod/quiz:attempt','moodle_mobile_app'),(559,'mod_quiz_view_attempt_review','mod_quiz_external','view_attempt_review',NULL,'mod_quiz','mod/quiz:reviewmyattempts','moodle_mobile_app'),(560,'mod_quiz_get_quiz_feedback_for_grade','mod_quiz_external','get_quiz_feedback_for_grade',NULL,'mod_quiz','mod/quiz:view','moodle_mobile_app'),(561,'mod_quiz_get_quiz_access_information','mod_quiz_external','get_quiz_access_information',NULL,'mod_quiz','mod/quiz:view','moodle_mobile_app'),(562,'mod_quiz_get_attempt_access_information','mod_quiz_external','get_attempt_access_information',NULL,'mod_quiz','mod/quiz:view','moodle_mobile_app'),(563,'mod_quiz_get_quiz_required_qtypes','mod_quiz_external','get_quiz_required_qtypes',NULL,'mod_quiz','mod/quiz:view','moodle_mobile_app'),(564,'mod_quiz_set_question_version','mod_quiz\\external\\submit_question_version','execute',NULL,'mod_quiz','mod/quiz:view',NULL),(565,'mod_quiz_reopen_attempt','mod_quiz\\external\\reopen_attempt','execute',NULL,'mod_quiz','mod/quiz:reopenattempts',NULL),(566,'mod_quiz_get_reopen_attempt_confirmation','mod_quiz\\external\\get_reopen_attempt_confirmation','execute',NULL,'mod_quiz','mod/quiz:reopenattempts',NULL),(567,'mod_quiz_add_random_questions','mod_quiz\\external\\add_random_questions','execute',NULL,'mod_quiz','mod/quiz:manage',NULL),(568,'mod_quiz_update_filter_condition','mod_quiz\\external\\update_filter_condition','execute',NULL,'mod_quiz','mod/quiz:manage',NULL),(569,'mod_quiz_save_overrides','mod_quiz\\external\\save_overrides','execute',NULL,'mod_quiz','mod/quiz:manageoverrides',NULL),(570,'mod_quiz_delete_overrides','mod_quiz\\external\\delete_overrides','execute',NULL,'mod_quiz','mod/quiz:manageoverrides',NULL),(571,'mod_quiz_get_overrides','mod_quiz\\external\\get_overrides','execute',NULL,'mod_quiz','mod/quiz:manageoverrides',NULL),(572,'mod_quiz_create_grade_items','mod_quiz\\external\\create_grade_items','execute',NULL,'mod_quiz','mod/quiz:manage',NULL),(573,'mod_quiz_delete_grade_items','mod_quiz\\external\\delete_grade_items','execute',NULL,'mod_quiz','mod/quiz:manage',NULL),(574,'mod_quiz_update_grade_items','mod_quiz\\external\\update_grade_items','execute',NULL,'mod_quiz','mod/quiz:manage',NULL),(575,'mod_quiz_update_slots','mod_quiz\\external\\update_slots','execute',NULL,'mod_quiz','mod/quiz:manage',NULL),(576,'mod_quiz_get_edit_grading_page_data','mod_quiz\\external\\get_edit_grading_page_data','execute',NULL,'mod_quiz','mod/quiz:manage',NULL),(577,'mod_quiz_create_grade_item_per_section','mod_quiz\\external\\create_grade_item_per_section','execute',NULL,'mod_quiz','mod/quiz:manage',NULL),(578,'mod_resource_view_resource','mod_resource_external','view_resource',NULL,'mod_resource','mod/resource:view','moodle_mobile_app'),(579,'mod_resource_get_resources_by_courses','mod_resource_external','get_resources_by_courses',NULL,'mod_resource','mod/resource:view','moodle_mobile_app'),(580,'mod_scorm_view_scorm','mod_scorm_external','view_scorm',NULL,'mod_scorm','','moodle_mobile_app'),(581,'mod_scorm_get_scorm_attempt_count','mod_scorm_external','get_scorm_attempt_count',NULL,'mod_scorm','','moodle_mobile_app'),(582,'mod_scorm_get_scorm_scoes','mod_scorm_external','get_scorm_scoes',NULL,'mod_scorm','','moodle_mobile_app'),(583,'mod_scorm_get_scorm_user_data','mod_scorm_external','get_scorm_user_data',NULL,'mod_scorm','','moodle_mobile_app'),(584,'mod_scorm_insert_scorm_tracks','mod_scorm_external','insert_scorm_tracks',NULL,'mod_scorm','mod/scorm:savetrack','moodle_mobile_app'),(585,'mod_scorm_get_scorm_sco_tracks','mod_scorm_external','get_scorm_sco_tracks',NULL,'mod_scorm','','moodle_mobile_app'),(586,'mod_scorm_get_scorms_by_courses','mod_scorm_external','get_scorms_by_courses',NULL,'mod_scorm','','moodle_mobile_app'),(587,'mod_scorm_launch_sco','mod_scorm_external','launch_sco',NULL,'mod_scorm','','moodle_mobile_app'),(588,'mod_scorm_get_scorm_access_information','mod_scorm_external','get_scorm_access_information',NULL,'mod_scorm','','moodle_mobile_app'),(593,'mod_url_view_url','mod_url_external','view_url',NULL,'mod_url','mod/url:view','moodle_mobile_app'),(594,'mod_url_get_urls_by_courses','mod_url_external','get_urls_by_courses',NULL,'mod_url','mod/url:view','moodle_mobile_app'),(595,'mod_wiki_get_wikis_by_courses','mod_wiki_external','get_wikis_by_courses',NULL,'mod_wiki','mod/wiki:viewpage','moodle_mobile_app'),(596,'mod_wiki_view_wiki','mod_wiki_external','view_wiki',NULL,'mod_wiki','mod/wiki:viewpage','moodle_mobile_app'),(597,'mod_wiki_view_page','mod_wiki_external','view_page',NULL,'mod_wiki','mod/wiki:viewpage','moodle_mobile_app'),(598,'mod_wiki_get_subwikis','mod_wiki_external','get_subwikis',NULL,'mod_wiki','mod/wiki:viewpage','moodle_mobile_app'),(599,'mod_wiki_get_subwiki_pages','mod_wiki_external','get_subwiki_pages',NULL,'mod_wiki','mod/wiki:viewpage','moodle_mobile_app'),(600,'mod_wiki_get_subwiki_files','mod_wiki_external','get_subwiki_files',NULL,'mod_wiki','mod/wiki:viewpage','moodle_mobile_app'),(601,'mod_wiki_get_page_contents','mod_wiki_external','get_page_contents',NULL,'mod_wiki','mod/wiki:viewpage','moodle_mobile_app'),(602,'mod_wiki_get_page_for_editing','mod_wiki_external','get_page_for_editing',NULL,'mod_wiki','mod/wiki:editpage','moodle_mobile_app'),(603,'mod_wiki_new_page','mod_wiki_external','new_page',NULL,'mod_wiki','mod/wiki:editpage','moodle_mobile_app'),(604,'mod_wiki_edit_page','mod_wiki_external','edit_page',NULL,'mod_wiki','mod/wiki:editpage','moodle_mobile_app'),(605,'mod_workshop_get_workshops_by_courses','mod_workshop_external','get_workshops_by_courses',NULL,'mod_workshop','mod/workshop:view','moodle_mobile_app'),(606,'mod_workshop_get_workshop_access_information','mod_workshop_external','get_workshop_access_information',NULL,'mod_workshop','mod/workshop:view','moodle_mobile_app'),(607,'mod_workshop_get_user_plan','mod_workshop_external','get_user_plan',NULL,'mod_workshop','mod/workshop:view','moodle_mobile_app'),(608,'mod_workshop_view_workshop','mod_workshop_external','view_workshop',NULL,'mod_workshop','mod/workshop:view','moodle_mobile_app'),(609,'mod_workshop_add_submission','mod_workshop_external','add_submission',NULL,'mod_workshop','mod/workshop:submit','moodle_mobile_app'),(610,'mod_workshop_update_submission','mod_workshop_external','update_submission',NULL,'mod_workshop','mod/workshop:submit','moodle_mobile_app'),(611,'mod_workshop_delete_submission','mod_workshop_external','delete_submission',NULL,'mod_workshop','mod/workshop:submit','moodle_mobile_app'),(612,'mod_workshop_get_submissions','mod_workshop_external','get_submissions',NULL,'mod_workshop','','moodle_mobile_app'),(613,'mod_workshop_get_submission','mod_workshop_external','get_submission',NULL,'mod_workshop','','moodle_mobile_app'),(614,'mod_workshop_get_submission_assessments','mod_workshop_external','get_submission_assessments',NULL,'mod_workshop','','moodle_mobile_app'),(615,'mod_workshop_get_assessment','mod_workshop_external','get_assessment',NULL,'mod_workshop','','moodle_mobile_app'),(616,'mod_workshop_get_assessment_form_definition','mod_workshop_external','get_assessment_form_definition',NULL,'mod_workshop','','moodle_mobile_app'),(617,'mod_workshop_get_reviewer_assessments','mod_workshop_external','get_reviewer_assessments',NULL,'mod_workshop','','moodle_mobile_app'),(618,'mod_workshop_update_assessment','mod_workshop_external','update_assessment',NULL,'mod_workshop','','moodle_mobile_app'),(619,'mod_workshop_get_grades','mod_workshop_external','get_grades',NULL,'mod_workshop','','moodle_mobile_app'),(620,'mod_workshop_evaluate_assessment','mod_workshop_external','evaluate_assessment',NULL,'mod_workshop','','moodle_mobile_app'),(621,'mod_workshop_get_grades_report','mod_workshop_external','get_grades_report',NULL,'mod_workshop','','moodle_mobile_app'),(622,'mod_workshop_view_submission','mod_workshop_external','view_submission',NULL,'mod_workshop','mod/workshop:view','moodle_mobile_app'),(623,'mod_workshop_evaluate_submission','mod_workshop_external','evaluate_submission',NULL,'mod_workshop','','moodle_mobile_app'),(624,'auth_email_get_signup_settings','auth_email_external','get_signup_settings',NULL,'auth_email','',NULL),(625,'auth_email_signup_user','auth_email_external','signup_user',NULL,'auth_email','',NULL),(626,'enrol_guest_get_instance_info','enrol_guest_external','get_instance_info',NULL,'enrol_guest','','moodle_mobile_app'),(627,'enrol_guest_validate_password','enrol_guest\\external\\validate_password','execute',NULL,'enrol_guest','','moodle_mobile_app'),(628,'enrol_manual_enrol_users','enrol_manual_external','enrol_users','enrol/manual/externallib.php','enrol_manual','enrol/manual:enrol',NULL),(629,'enrol_manual_unenrol_users','enrol_manual_external','unenrol_users','enrol/manual/externallib.php','enrol_manual','enrol/manual:unenrol',NULL),(630,'enrol_meta_add_instances','enrol_meta\\external\\add_instances','execute',NULL,'enrol_meta','enrol/meta:config',NULL),(631,'enrol_meta_delete_instances','enrol_meta\\external\\delete_instances','execute',NULL,'enrol_meta','enrol/meta:config',NULL),(632,'enrol_self_get_instance_info','enrol_self_external','get_instance_info','enrol/self/externallib.php','enrol_self','','moodle_mobile_app'),(633,'enrol_self_enrol_user','enrol_self_external','enrol_user','enrol/self/externallib.php','enrol_self','','moodle_mobile_app'),(634,'message_airnotifier_is_system_configured','message_airnotifier_external','is_system_configured','message/output/airnotifier/externallib.php','message_airnotifier','','moodle_mobile_app'),(635,'message_airnotifier_are_notification_preferences_configured','message_airnotifier_external','are_notification_preferences_configured','message/output/airnotifier/externallib.php','message_airnotifier','','moodle_mobile_app'),(636,'message_airnotifier_get_user_devices','message_airnotifier_external','get_user_devices','message/output/airnotifier/externallib.php','message_airnotifier','','moodle_mobile_app'),(637,'message_airnotifier_enable_device','message_airnotifier_external','enable_device','message/output/airnotifier/externallib.php','message_airnotifier','message/airnotifier:managedevice','moodle_mobile_app'),(638,'message_popup_get_popup_notifications','message_popup_external','get_popup_notifications','message/output/popup/externallib.php','message_popup','','moodle_mobile_app'),(639,'message_popup_get_unread_popup_notification_count','message_popup_external','get_unread_popup_notification_count','message/output/popup/externallib.php','message_popup','','moodle_mobile_app'),(640,'block_accessreview_get_module_data','block_accessreview\\external\\get_module_data','execute',NULL,'block_accessreview','block/accessreview:view',NULL),(641,'block_accessreview_get_section_data','block_accessreview\\external\\get_section_data','execute',NULL,'block_accessreview','block/accessreview:view',NULL),(642,'block_recentlyaccesseditems_get_recent_items','block_recentlyaccesseditems\\external','get_recent_items',NULL,'block_recentlyaccesseditems','','moodle_mobile_app'),(643,'block_starredcourses_get_starred_courses','block_starredcourses_external','get_starred_courses','block/starredcourses/classes/external.php','block_starredcourses','','moodle_mobile_app'),(644,'media_videojs_get_language','media_videojs\\external\\get_language','execute',NULL,'media_videojs','',NULL),(645,'report_competency_data_for_report','report_competency\\external','data_for_report',NULL,'report_competency','moodle/competency:coursecompetencyview',NULL),(648,'report_insights_action_executed','report_insights\\external','action_executed',NULL,'report_insights','','moodle_mobile_app'),(649,'gradereport_grader_get_users_in_report','gradereport_grader\\external\\get_users_in_report','execute',NULL,'gradereport_grader','gradereport/grader:view','moodle_mobile_app'),(650,'gradereport_overview_get_course_grades','gradereport_overview_external','get_course_grades',NULL,'gradereport_overview','','moodle_mobile_app'),(651,'gradereport_overview_view_grade_report','gradereport_overview_external','view_grade_report',NULL,'gradereport_overview','gradereport/overview:view','moodle_mobile_app'),(652,'gradereport_singleview_get_grade_items_for_search_widget','gradereport_singleview\\external\\singleview','get_grade_items_for_search_widget',NULL,'gradereport_singleview','gradereport/singleview:view','moodle_mobile_app'),(653,'gradereport_user_get_grades_table','gradereport_user\\external\\user','get_grades_table',NULL,'gradereport_user','gradereport/user:view','moodle_mobile_app'),(654,'gradereport_user_view_grade_report','gradereport_user\\external\\user','view_grade_report',NULL,'gradereport_user','gradereport/user:view','moodle_mobile_app'),(655,'gradereport_user_get_grade_items','gradereport_user\\external\\user','get_grade_items',NULL,'gradereport_user','gradereport/user:view','moodle_mobile_app'),(656,'gradereport_user_get_access_information','gradereport_user\\external\\get_access_information','execute',NULL,'gradereport_user','','moodle_mobile_app'),(657,'gradingform_guide_grader_gradingpanel_fetch','gradingform_guide\\grades\\grader\\gradingpanel\\external\\fetch','execute',NULL,'gradingform_guide','',NULL),(658,'gradingform_guide_grader_gradingpanel_store','gradingform_guide\\grades\\grader\\gradingpanel\\external\\store','execute',NULL,'gradingform_guide','',NULL),(659,'gradingform_rubric_grader_gradingpanel_fetch','gradingform_rubric\\grades\\grader\\gradingpanel\\external\\fetch','execute',NULL,'gradingform_rubric','',NULL),(660,'gradingform_rubric_grader_gradingpanel_store','gradingform_rubric\\grades\\grader\\gradingpanel\\external\\store','execute',NULL,'gradingform_rubric','',NULL),(661,'qbank_columnsortorder_set_columnbank_order','qbank_columnsortorder\\external\\set_columnbank_order','execute',NULL,'qbank_columnsortorder','',NULL),(662,'qbank_columnsortorder_set_hidden_columns','qbank_columnsortorder\\external\\set_hidden_columns','execute',NULL,'qbank_columnsortorder','',NULL),(663,'qbank_columnsortorder_set_column_size','qbank_columnsortorder\\external\\set_column_size','execute',NULL,'qbank_columnsortorder','',NULL),(664,'qbank_editquestion_set_status','qbank_editquestion\\external\\update_question_version_status','execute',NULL,'qbank_editquestion','',NULL),(665,'qbank_tagquestion_submit_tags_form','qbank_tagquestion\\external\\submit_tags','execute',NULL,'qbank_tagquestion','',NULL),(666,'qbank_viewquestiontext_set_question_text_format','qbank_viewquestiontext\\external\\set_question_text_format','execute',NULL,'qbank_viewquestiontext','',NULL),(667,'tool_analytics_potential_contexts','tool_analytics\\external','potential_contexts',NULL,'tool_analytics','','moodle_mobile_app'),(668,'tool_behat_get_entity_generator','tool_behat\\external\\get_entity_generator','execute',NULL,'tool_behat','moodle/site:config',NULL),(669,'tool_dataprivacy_cancel_data_request','tool_dataprivacy\\external','cancel_data_request',NULL,'tool_dataprivacy','','moodle_mobile_app'),(670,'tool_dataprivacy_contact_dpo','tool_dataprivacy\\external','contact_dpo',NULL,'tool_dataprivacy','','moodle_mobile_app'),(671,'tool_dataprivacy_mark_complete','tool_dataprivacy\\external','mark_complete',NULL,'tool_dataprivacy','tool/dataprivacy:managedatarequests',NULL),(672,'tool_dataprivacy_get_data_request','tool_dataprivacy\\external','get_data_request',NULL,'tool_dataprivacy','tool/dataprivacy:managedatarequests',NULL),(673,'tool_dataprivacy_approve_data_request','tool_dataprivacy\\external','approve_data_request',NULL,'tool_dataprivacy','tool/dataprivacy:managedatarequests',NULL),(674,'tool_dataprivacy_submit_selected_courses_form','tool_dataprivacy\\external\\submit_selected_courses_form','execute',NULL,'tool_dataprivacy','tool/dataprivacy:managedatarequests',NULL),(675,'tool_dataprivacy_bulk_approve_data_requests','tool_dataprivacy\\external','bulk_approve_data_requests',NULL,'tool_dataprivacy','tool/dataprivacy:managedatarequests',NULL),(676,'tool_dataprivacy_deny_data_request','tool_dataprivacy\\external','deny_data_request',NULL,'tool_dataprivacy','tool/dataprivacy:managedatarequests',NULL),(677,'tool_dataprivacy_bulk_deny_data_requests','tool_dataprivacy\\external','bulk_deny_data_requests',NULL,'tool_dataprivacy','tool/dataprivacy:managedatarequests',NULL),(678,'tool_dataprivacy_get_users','tool_dataprivacy\\external','get_users',NULL,'tool_dataprivacy','tool/dataprivacy:managedatarequests',NULL),(679,'tool_dataprivacy_create_purpose_form','tool_dataprivacy\\external','create_purpose_form',NULL,'tool_dataprivacy','',NULL),(680,'tool_dataprivacy_create_category_form','tool_dataprivacy\\external','create_category_form',NULL,'tool_dataprivacy','',NULL),(681,'tool_dataprivacy_delete_purpose','tool_dataprivacy\\external','delete_purpose',NULL,'tool_dataprivacy','',NULL),(682,'tool_dataprivacy_delete_category','tool_dataprivacy\\external','delete_category',NULL,'tool_dataprivacy','',NULL),(683,'tool_dataprivacy_set_contextlevel_form','tool_dataprivacy\\external','set_contextlevel_form',NULL,'tool_dataprivacy','',NULL),(684,'tool_dataprivacy_set_context_form','tool_dataprivacy\\external','set_context_form',NULL,'tool_dataprivacy','',NULL),(685,'tool_dataprivacy_tree_extra_branches','tool_dataprivacy\\external','tree_extra_branches',NULL,'tool_dataprivacy','',NULL),(686,'tool_dataprivacy_confirm_contexts_for_deletion','tool_dataprivacy\\external','confirm_contexts_for_deletion',NULL,'tool_dataprivacy','',NULL),(687,'tool_dataprivacy_set_context_defaults','tool_dataprivacy\\external','set_context_defaults',NULL,'tool_dataprivacy','tool/dataprivacy:managedataregistry',NULL),(688,'tool_dataprivacy_get_category_options','tool_dataprivacy\\external','get_category_options',NULL,'tool_dataprivacy','tool/dataprivacy:managedataregistry',NULL),(689,'tool_dataprivacy_get_purpose_options','tool_dataprivacy\\external','get_purpose_options',NULL,'tool_dataprivacy','tool/dataprivacy:managedataregistry',NULL),(690,'tool_dataprivacy_get_activity_options','tool_dataprivacy\\external','get_activity_options',NULL,'tool_dataprivacy','tool/dataprivacy:managedataregistry',NULL),(691,'tool_dataprivacy_get_access_information','\\tool_dataprivacy\\external\\get_access_information','execute',NULL,'tool_dataprivacy','','moodle_mobile_app'),(692,'tool_dataprivacy_create_data_request','\\tool_dataprivacy\\external\\create_data_request','execute',NULL,'tool_dataprivacy','','moodle_mobile_app'),(693,'tool_dataprivacy_get_data_requests','\\tool_dataprivacy\\external\\get_data_requests','execute',NULL,'tool_dataprivacy','','moodle_mobile_app'),(694,'tool_lp_data_for_competency_frameworks_manage_page','tool_lp\\external','data_for_competency_frameworks_manage_page',NULL,'tool_lp','moodle/competency:competencyview',NULL),(695,'tool_lp_data_for_competency_summary','tool_lp\\external','data_for_competency_summary',NULL,'tool_lp','moodle/competency:competencyview',NULL),(696,'tool_lp_data_for_competencies_manage_page','tool_lp\\external','data_for_competencies_manage_page',NULL,'tool_lp','moodle/competency:competencyview',NULL),(697,'tool_lp_list_courses_using_competency','tool_lp\\external','list_courses_using_competency',NULL,'tool_lp','moodle/competency:coursecompetencyview',NULL),(698,'tool_lp_data_for_course_competencies_page','tool_lp\\external','data_for_course_competencies_page',NULL,'tool_lp','moodle/competency:coursecompetencyview','moodle_mobile_app'),(699,'tool_lp_data_for_template_competencies_page','tool_lp\\external','data_for_template_competencies_page',NULL,'tool_lp','moodle/competency:templateview',NULL),(700,'tool_lp_data_for_templates_manage_page','tool_lp\\external','data_for_templates_manage_page',NULL,'tool_lp','moodle/competency:templateview',NULL),(701,'tool_lp_data_for_plans_page','tool_lp\\external','data_for_plans_page',NULL,'tool_lp','moodle/competency:planviewown','moodle_mobile_app'),(702,'tool_lp_data_for_plan_page','tool_lp\\external','data_for_plan_page',NULL,'tool_lp','moodle/competency:planview','moodle_mobile_app'),(703,'tool_lp_data_for_related_competencies_section','tool_lp\\external','data_for_related_competencies_section',NULL,'tool_lp','moodle/competency:competencyview',NULL),(704,'tool_lp_search_users','tool_lp\\external','search_users',NULL,'tool_lp','moodle/competency:templatemanage',NULL),(705,'tool_lp_search_cohorts','core_cohort_external','search_cohorts','cohort/externallib.php','tool_lp','moodle/cohort:view',NULL),(706,'tool_lp_data_for_user_evidence_list_page','tool_lp\\external','data_for_user_evidence_list_page',NULL,'tool_lp','moodle/competency:userevidenceview','moodle_mobile_app'),(707,'tool_lp_data_for_user_evidence_page','tool_lp\\external','data_for_user_evidence_page',NULL,'tool_lp','moodle/competency:userevidenceview','moodle_mobile_app'),(708,'tool_lp_data_for_user_competency_summary','tool_lp\\external','data_for_user_competency_summary',NULL,'tool_lp','moodle/competency:planview','moodle_mobile_app'),(709,'tool_lp_data_for_user_competency_summary_in_plan','tool_lp\\external','data_for_user_competency_summary_in_plan',NULL,'tool_lp','moodle/competency:planview','moodle_mobile_app'),(710,'tool_lp_data_for_user_competency_summary_in_course','tool_lp\\external','data_for_user_competency_summary_in_course',NULL,'tool_lp','moodle/competency:coursecompetencyview','moodle_mobile_app'),(711,'tool_mobile_get_plugins_supporting_mobile','tool_mobile\\external','get_plugins_supporting_mobile',NULL,'tool_mobile','','moodle_mobile_app'),(712,'tool_mobile_get_public_config','tool_mobile\\external','get_public_config',NULL,'tool_mobile','','moodle_mobile_app'),(713,'tool_mobile_get_config','tool_mobile\\external','get_config',NULL,'tool_mobile','','moodle_mobile_app'),(714,'tool_mobile_get_autologin_key','tool_mobile\\external','get_autologin_key',NULL,'tool_mobile','','moodle_mobile_app'),(715,'tool_mobile_get_content','tool_mobile\\external','get_content',NULL,'tool_mobile','','moodle_mobile_app'),(716,'tool_mobile_call_external_functions','tool_mobile\\external','call_external_functions',NULL,'tool_mobile','','moodle_mobile_app'),(717,'tool_mobile_validate_subscription_key','tool_mobile\\external','validate_subscription_key',NULL,'tool_mobile','','moodle_mobile_app'),(718,'tool_mobile_get_tokens_for_qr_login','tool_mobile\\external','get_tokens_for_qr_login',NULL,'tool_mobile','','moodle_mobile_app'),(719,'tool_moodlenet_verify_webfinger','tool_moodlenet\\external','verify_webfinger',NULL,'tool_moodlenet','','moodle_mobile_app'),(720,'tool_moodlenet_search_courses','tool_moodlenet\\external','search_courses',NULL,'tool_moodlenet','','moodle_mobile_app'),(721,'tool_policy_get_policy_version','tool_policy\\external','get_policy_version',NULL,'tool_policy','',NULL),(722,'tool_policy_submit_accept_on_behalf','tool_policy\\external','submit_accept_on_behalf',NULL,'tool_policy','',NULL),(723,'tool_policy_get_user_acceptances','\\tool_policy\\external\\get_user_acceptances','execute',NULL,'tool_policy','','moodle_mobile_app'),(724,'tool_policy_set_acceptances_status','\\tool_policy\\external\\set_acceptances_status','execute',NULL,'tool_policy','','moodle_mobile_app'),(725,'tool_templatelibrary_list_templates','tool_templatelibrary\\external','list_templates',NULL,'tool_templatelibrary','',NULL),(726,'tool_templatelibrary_load_canonical_template','tool_templatelibrary\\external','load_canonical_template',NULL,'tool_templatelibrary','',NULL),(727,'tool_usertours_fetch_and_start_tour','tool_usertours\\external\\tour','fetch_and_start_tour',NULL,'tool_usertours','',NULL),(728,'tool_usertours_step_shown','tool_usertours\\external\\tour','step_shown',NULL,'tool_usertours','',NULL),(729,'tool_usertours_complete_tour','tool_usertours\\external\\tour','complete_tour',NULL,'tool_usertours','',NULL),(730,'tool_usertours_reset_tour','tool_usertours\\external\\tour','reset_tour',NULL,'tool_usertours','',NULL),(731,'tool_xmldb_invoke_move_action','tool_xmldb_external','invoke_move_action',NULL,'tool_xmldb','',NULL),(732,'paygw_paypal_get_config_for_js','paygw_paypal\\external\\get_config_for_js','execute',NULL,'paygw_paypal','',NULL),(733,'paygw_paypal_create_transaction_complete','paygw_paypal\\external\\transaction_complete','execute',NULL,'paygw_paypal','',NULL),(734,'quizaccess_seb_validate_quiz_keys','quizaccess_seb\\external\\validate_quiz_keys','execute',NULL,'quizaccess_seb','',NULL),(735,'tiny_autosave_resume_session','tiny_autosave\\external\\resume_autosave_session','execute',NULL,'tiny_autosave','',NULL),(736,'tiny_autosave_reset_session','tiny_autosave\\external\\reset_autosave_session','execute',NULL,'tiny_autosave','',NULL),(737,'tiny_autosave_update_session','tiny_autosave\\external\\update_autosave_session_content','execute',NULL,'tiny_autosave','',NULL),(738,'tiny_equation_filter','tiny_equation\\external\\filter','execute',NULL,'tiny_equation','',NULL),(739,'tiny_premium_get_api_key','tiny_premium\\external\\get_api_key','execute',NULL,'tiny_premium','','moodle_mobile_app'),(740,'theme_boost_magnific_mycourses_html','\\theme_boost_magnific\\external\\mycourses','html','theme/boost_magnific/classes/external/mycourses.php','theme_boost_magnific','','moodle_mobile_app'),(753,'theme_boost_magnific_userprerence_layout','\\theme_boost_magnific\\external\\userprerence','layout','theme/boost_magnific/classes/external/userprerence.php','theme_boost_magnific','',NULL),(754,'core_badges_disable_badges','core_badges\\external\\disable_badges','execute',NULL,'moodle','',NULL),(755,'core_badges_enable_badges','core_badges\\external\\enable_badges','execute',NULL,'moodle','',NULL),(756,'core_badges_get_badge','core_badges\\external\\get_badge','execute',NULL,'moodle','','moodle_mobile_app'),(757,'core_courseformat_create_module','core_courseformat\\external\\create_module','execute',NULL,'moodle','moodle/course:manageactivities',NULL),(758,'core_user_prepare_private_files_for_edition','\\core_user\\external\\prepare_private_files_for_edition','execute',NULL,'moodle','moodle/user:manageownfiles','moodle_mobile_app'),(759,'core_user_update_private_files','\\core_user\\external\\update_private_files','execute',NULL,'moodle','moodle/user:manageownfiles','moodle_mobile_app'),(760,'core_output_poll_stored_progress','core\\external\\output\\poll_stored_progress','execute',NULL,'moodle','',NULL),(761,'core_ai_set_policy_status','core_ai\\external\\set_policy_status','execute',NULL,'moodle','','moodle_mobile_app'),(762,'core_ai_get_policy_status','core_ai\\external\\get_policy_status','execute',NULL,'moodle','','moodle_mobile_app'),(763,'core_ai_set_action','core_ai\\external\\set_action','execute',NULL,'moodle','',NULL),(764,'core_sms_set_gateway_status','core_sms\\external\\sms_gateway_status','execute',NULL,'moodle','',NULL),(765,'aiplacement_courseassist_summarise_text','aiplacement_courseassist\\external\\summarise_text','execute',NULL,'aiplacement_courseassist','','moodle_mobile_app'),(766,'aiplacement_editor_generate_image','aiplacement_editor\\external\\generate_image','execute',NULL,'aiplacement_editor','','moodle_mobile_app'),(767,'aiplacement_editor_generate_text','aiplacement_editor\\external\\generate_text','execute',NULL,'aiplacement_editor','','moodle_mobile_app'),(768,'mod_assign_remove_submission','mod_assign\\external\\remove_submission','execute',NULL,'mod_assign','mod/assign:submit','moodle_mobile_app'),(769,'customfield_number_recalculate_value','customfield_number\\external\\recalculate','execute',NULL,'customfield_number','',NULL),(770,'qbank_managecategories_move_category','qbank_managecategories\\external\\move_category','execute',NULL,'qbank_managecategories','moodle/question:managecategory',NULL),(771,'tool_admin_presets_delete_preset','tool_admin_presets\\external\\delete_preset','execute',NULL,'tool_admin_presets','',NULL),(772,'mod_otopo_get_items','mod_otopo_external','get_items','mod/otopo/externallib.php','mod_otopo','','moodle_mobile_app'),(773,'mod_otopo_create_item','mod_otopo_external','create_item','mod/otopo/externallib.php','mod_otopo','mod/otopo:admin','moodle_mobile_app'),(774,'mod_otopo_edit_item','mod_otopo_external','edit_item','mod/otopo/externallib.php','mod_otopo','mod/otopo:admin','moodle_mobile_app'),(775,'mod_otopo_delete_item','mod_otopo_external','delete_item','mod/otopo/externallib.php','mod_otopo','mod/otopo:admin','moodle_mobile_app'),(776,'mod_otopo_create_degree','mod_otopo_external','create_degree','mod/otopo/externallib.php','mod_otopo','mod/otopo:admin','moodle_mobile_app'),(777,'mod_otopo_edit_degree','mod_otopo_external','edit_degree','mod/otopo/externallib.php','mod_otopo','mod/otopo:admin','moodle_mobile_app'),(778,'mod_otopo_delete_degree','mod_otopo_external','delete_degree','mod/otopo/externallib.php','mod_otopo','mod/otopo:admin','moodle_mobile_app'),(779,'mod_otopo_get_user_otopo','mod_otopo_external','get_user_otopo','mod/otopo/externallib.php','mod_otopo','mod/otopo:fill','moodle_mobile_app'),(780,'mod_otopo_set_user_otopo','mod_otopo_external','set_user_otopo','mod/otopo/externallib.php','mod_otopo','mod/otopo:fill','moodle_mobile_app'),(781,'mod_otopo_get_group_chart','mod_otopo_external','get_group_chart','mod/otopo/externallib.php','mod_otopo','mod/otopo:admin','moodle_mobile_app'),(782,'mod_otopo_get_my_evolution','mod_otopo_external','get_my_evolution','mod/otopo/externallib.php','mod_otopo','mod/otopo:fill','moodle_mobile_app'),(783,'mod_otopo_list_participants','mod_otopo_external','list_participants','mod/otopo/externallib.php','mod_otopo','mod/otopo:view','moodle_mobile_app'),(784,'mod_otopo_get_participant','mod_otopo_external','get_participant','mod/otopo/externallib.php','mod_otopo','mod/otopo:view','moodle_mobile_app'),(785,'mod_otopo_submit_grading_form','mod_otopo_external','submit_grading_form','mod/otopo/externallib.php','mod_otopo','mod/otopo:grade','moodle_mobile_app'),(786,'mod_forumng_get_posts','mod_forumng\\local\\external\\get_posts','get_posts',NULL,'mod_forumng','',NULL),(787,'mod_forumng_get_discussion','mod_forumng\\local\\external\\get_discussion','get_discussion',NULL,'mod_forumng','mod/forumng:viewdiscussion','local_mobile,moodle_mobile_app'),(788,'mod_forumng_expand_post','mod_forumng\\local\\external\\expand_post','expand_post',NULL,'mod_forumng','',NULL),(789,'mod_forumng_create_reply','mod_forumng\\local\\external\\create_reply','create_reply',NULL,'mod_forumng','',NULL),(790,'mod_forumng_edit_post','mod_forumng\\local\\external\\edit_post','edit_post',NULL,'mod_forumng','',NULL),(791,'mod_forumng_delete_post','mod_forumng\\local\\external\\delete_post','delete_post',NULL,'mod_forumng','',NULL),(792,'mod_forumng_undelete_post','mod_forumng\\local\\external\\undelete_post','undelete_post',NULL,'mod_forumng','',NULL),(793,'mod_forumng_get_more_discussions','\\mod_forumng\\local\\external\\more_discussions','more_discussions',NULL,'mod_forumng','mod/forumng:viewdiscussion','local_mobile,moodle_mobile_app'),(794,'mod_forumng_add_discussion','\\mod_forumng\\local\\external\\add_discussion','add_discussion',NULL,'mod_forumng','mod/forumng:startdiscussion','local_mobile,moodle_mobile_app'),(795,'mod_forumng_reply','\\mod_forumng\\local\\external\\reply','reply',NULL,'mod_forumng','mod/forumng:replypost','local_mobile,moodle_mobile_app'),(796,'mod_forumng_mark_read','\\mod_forumng\\local\\external\\mark_read','mark_read',NULL,'mod_forumng','mod/forumng:viewdiscussion','local_mobile,moodle_mobile_app'),(797,'mod_forumng_mark_all_post_read','\\mod_forumng\\local\\external\\mark_all_post_read','mark_all_post_read',NULL,'mod_forumng','mod/forumng:viewdiscussion','local_mobile,moodle_mobile_app'),(798,'mod_forumng_lock_discussion','\\mod_forumng\\local\\external\\lock_discussion','lock_discussion',NULL,'mod_forumng','mod/forumng:viewdiscussion','local_mobile,moodle_mobile_app'),(799,'mod_forumng_delete_post_mobile','mod_forumng\\local\\external\\delete_post','delete_post',NULL,'mod_forumng','mod/forumng:replypost','local_mobile,moodle_mobile_app'),(800,'mod_forumng_undelete_post_mobile','mod_forumng\\local\\external\\undelete_post','undelete_post',NULL,'mod_forumng','mod/forumng:replypost','local_mobile,moodle_mobile_app'),(801,'mod_forumng_add_draft','\\mod_forumng\\local\\external\\add_draft','add_draft',NULL,'mod_forumng','mod/forumng:startdiscussion','local_mobile,moodle_mobile_app'),(802,'mod_forumng_delete_draft','\\mod_forumng\\local\\external\\delete_draft','delete_draft',NULL,'mod_forumng','mod/forumng:startdiscussion','local_mobile,moodle_mobile_app'),(803,'mod_forumng_delete_discussion','\\mod_forumng\\local\\external\\delete_discussion','delete_discussion',NULL,'mod_forumng','mod/forumng:managediscussions','local_mobile,moodle_mobile_app'),(804,'block_xp_create_rule','block_xp\\external\\create_rule','execute',NULL,'block_xp','',NULL),(805,'block_xp_delete_rule','block_xp\\external\\delete_rule','execute',NULL,'block_xp','',NULL),(806,'block_xp_get_rules','block_xp\\external\\get_rules','execute',NULL,'block_xp','',NULL),(807,'block_xp_get_sections','block_xp\\external\\get_sections','execute',NULL,'block_xp','',NULL),(808,'block_xp_mark_popup_notification_seen','block_xp\\external\\mark_popup_notification_seen','execute',NULL,'block_xp','',NULL),(809,'block_xp_search_courses','block_xp\\external\\search_courses','execute',NULL,'block_xp','',NULL),(810,'block_xp_search_modules','block_xp\\external\\search_modules','execute',NULL,'block_xp','',NULL),(811,'block_xp_set_default_levels_info','block_xp\\external\\set_default_levels_info','execute',NULL,'block_xp','',NULL),(812,'block_xp_set_levels_info','block_xp\\external\\set_levels_info','execute',NULL,'block_xp','',NULL),(813,'mod_studentquiz_update_question_state','mod_studentquiz\\external\\update_question_state','execute',NULL,'mod_studentquiz','',NULL),(814,'mod_studentquiz_get_comments','mod_studentquiz\\local\\external\\get_comments_api','get_comments',NULL,'mod_studentquiz','',NULL),(815,'mod_studentquiz_expand_comment','mod_studentquiz\\local\\external\\expand_comment_api','expand_comment',NULL,'mod_studentquiz','',NULL),(816,'mod_studentquiz_create_comment','mod_studentquiz\\local\\external\\create_comment_api','create_comment',NULL,'mod_studentquiz','',NULL),(817,'mod_studentquiz_delete_comment','mod_studentquiz\\local\\external\\delete_comment_api','delete_comment',NULL,'mod_studentquiz','',NULL),(818,'mod_studentquiz_edit_comment','mod_studentquiz\\local\\external\\edit_comment_api','edit_comment',NULL,'mod_studentquiz','',NULL),(819,'block_completion_levels_delete_custom_pix','block_completion_levels_external','delete_custom_pix','blocks/completion_levels/externallib.php','block_completion_levels','',NULL),(820,'block_completion_levels_get_progress','block_completion_levels_external','get_progress','blocks/completion_levels/externallib.php','block_completion_levels','','moodle_mobile_app'),(821,'local_intelliboard_database_query','local_intelliboard_external','database_query','local/intelliboard/externallib.php','local_intelliboard','',NULL),(822,'local_intelliboard_save_assigns','local_intelliboard_assign','save_assigns','local/intelliboard/classes/assignlib.php','local_intelliboard','',NULL),(823,'local_intelliboard_delete_assigns','local_intelliboard_assign','delete_assigns','local/intelliboard/classes/assignlib.php','local_intelliboard','',NULL),(824,'local_intelliboard_run_report','local_intelliboard_report','run_report','local/intelliboard/classes/reportlib.php','local_intelliboard','',NULL),(825,'local_intelliboard_save_report','local_intelliboard_report','save_report','local/intelliboard/classes/reportlib.php','local_intelliboard','',NULL),(826,'local_intelliboard_delete_report','local_intelliboard_report','delete_report','local/intelliboard/classes/reportlib.php','local_intelliboard','',NULL),(827,'local_intelliboard_get_param_values','local_intelliboard_search','get_param_values','local/intelliboard/classes/searchlib.php','local_intelliboard','',NULL),(828,'local_intelliboard_get_data_by_query','local_intelliboard_search','get_data_by_query','local/intelliboard/classes/searchlib.php','local_intelliboard','',NULL),(829,'local_intelliboard_extract_db_params_from_sentence','local_intelliboard_search','extract_db_params_from_sentence','local/intelliboard/classes/searchlib.php','local_intelliboard','',NULL),(830,'local_intelliboard_process_auto_complete_db','local_intelliboard_search','process_auto_complete_db','local/intelliboard/classes/searchlib.php','local_intelliboard','',NULL),(831,'local_intelliboard_check_installed_plugins','local_intelliboard_search','check_installed_plugins','local/intelliboard/classes/searchlib.php','local_intelliboard','',NULL),(832,'local_intelliboard_get_gradebook_fields','local_intelliboard_search','get_gradebook_fields','local/intelliboard/classes/searchlib.php','local_intelliboard','',NULL),(833,'local_intelliboard_send_notifications','local_intelliboard_notificationlib','send_notifications','local/intelliboard/classes/notificationlib.php','local_intelliboard','',NULL),(834,'local_intelliboard_save_notification','local_intelliboard_notificationlib','save_notification','local/intelliboard/classes/notificationlib.php','local_intelliboard','',NULL),(835,'local_intelliboard_delete_notification','local_intelliboard_notificationlib','delete_notification','local/intelliboard/classes/notificationlib.php','local_intelliboard','',NULL),(836,'local_intelliboard_get_history','local_intelliboard_notificationlib','get_history','local/intelliboard/classes/notificationlib.php','local_intelliboard','',NULL),(837,'local_intelliboard_clear_notifications','local_intelliboard_notificationlib','clear_notifications','local/intelliboard/classes/notificationlib.php','local_intelliboard','',NULL),(838,'local_intelliboard_attendance_api','local_intelliboard_attendancelib','attendance_api','local/intelliboard/classes/attendancelib.php','local_intelliboard','',NULL),(839,'local_intelliboard_save_instructor_courses','local_intelliboard_instructorlib','save_instructor_courses','local/intelliboard/classes/instructorlib.php','local_intelliboard','',NULL),(840,'local_intelliboard_setup_base_settings','local_intelliboard_setuplib','save_base_settings','local/intelliboard/classes/setuplib.php','local_intelliboard','',NULL),(841,'local_intelliboard_setup_login','local_intelliboard_setuplib','login','local/intelliboard/classes/setuplib.php','local_intelliboard','',NULL),(842,'local_intelliboard_setup_register','local_intelliboard_setuplib','register','local/intelliboard/classes/setuplib.php','local_intelliboard','',NULL),(843,'local_intelliboard_setup_check_email','local_intelliboard_setuplib','check_email','local/intelliboard/classes/setuplib.php','local_intelliboard','',NULL),(844,'local_intelliboard_setup_apikey','local_intelliboard_apikeylib','save_apikey','local/intelliboard/classes/apikeylib.php','local_intelliboard','',NULL),(845,'local_intelliboard_course_get_categories','core_course_external','get_categories','course/externallib.php','local_intelliboard','moodle/category:viewhiddencategories','moodle_mobile_app'),(846,'local_intelliboard_course_get_courses','core_course_external','get_courses','course/externallib.php','local_intelliboard','moodle/course:view, moodle/course:update, moodle/course:viewhiddencourses','moodle_mobile_app'),(847,'local_intelliboard_course_get_courses_by_field','core_course_external','get_courses_by_field','course/externallib.php','local_intelliboard','','moodle_mobile_app'),(848,'local_intelliboard_role_assign_roles','core_role_external','assign_roles','enrol/externallib.php','local_intelliboard','moodle/role:assign',NULL),(849,'local_intelliboard_user_get_users_by_field','core_user_external','get_users_by_field','user/externallib.php','local_intelliboard','moodle/user:viewdetails, moodle/user:viewhiddendetails, moodle/course:useremail, moodle/user:update','moodle_mobile_app'),(850,'local_intelliboard_enrol_users','enrol_manual_external','enrol_users','enrol/manual/externallib.php','local_intelliboard','enrol/manual:enrol',NULL),(851,'local_intelliboard_unenrol_users','enrol_manual_external','unenrol_users','enrol/manual/externallib.php','local_intelliboard','enrol/manual:unenrol',NULL),(852,'local_intelliboard_user_get_users','core_user_external','get_users','user/externallib.php','local_intelliboard','moodle/user:viewdetails, moodle/user:viewhiddendetails, moodle/course:useremail, moodle/user:update',NULL),(853,'local_intelliboard_get_users_roles','local_intelliboard_accesslib','get_users_roles','local/intelliboard/classes/api/accesslib.php','local_intelliboard','',NULL),(854,'local_intelliboard_get_roles_list','local_intelliboard_accesslib','get_roles_list','local/intelliboard/classes/api/accesslib.php','local_intelliboard','',NULL),(855,'local_intelliboard_instructor_action','local_intelliboard_instructor_actions','execute_action','local/intelliboard/classes/instructor_actions.php','local_intelliboard','',NULL),(856,'local_intelliboard_account_setup','local_intelliboard_account_setup','execute','local/intelliboard/classes/account_setup.php','local_intelliboard','',NULL),(857,'mod_questionnaire_submit_questionnaire_response','mod_questionnaire\\external','submit_questionnaire_response','mod/questionnaire/externallib.php','mod_questionnaire','mod/questionnaire:submit','moodle_mobile_app'),(858,'mod_threesixo_get_questions','mod_threesixo\\external','get_questions',NULL,'mod_threesixo','',NULL),(859,'mod_threesixo_add_question','mod_threesixo\\external','add_question',NULL,'mod_threesixo','mod/threesixo:editquestions',NULL),(860,'mod_threesixo_update_question','mod_threesixo\\external','update_question',NULL,'mod_threesixo','mod/threesixo:editquestions',NULL),(861,'mod_threesixo_delete_question','mod_threesixo\\external','delete_question',NULL,'mod_threesixo','mod/threesixo:editquestions',NULL),(862,'mod_threesixo_get_items','mod_threesixo\\external','get_items',NULL,'mod_threesixo','',NULL),(863,'mod_threesixo_set_items','mod_threesixo\\external','set_items',NULL,'mod_threesixo','',NULL),(864,'mod_threesixo_delete_item','mod_threesixo\\external','delete_item',NULL,'mod_threesixo','',NULL),(865,'mod_threesixo_get_question_types','mod_threesixo\\external','get_question_types',NULL,'mod_threesixo','',NULL),(866,'mod_threesixo_move_item_up','mod_threesixo\\external','move_item_up',NULL,'mod_threesixo','',NULL),(867,'mod_threesixo_move_item_down','mod_threesixo\\external','move_item_down',NULL,'mod_threesixo','',NULL),(868,'mod_threesixo_decline_feedback','mod_threesixo\\external','decline_feedback',NULL,'mod_threesixo','',NULL),(869,'mod_threesixo_undo_decline','mod_threesixo\\external','undo_decline',NULL,'mod_threesixo','',NULL),(870,'mod_threesixo_data_for_participant_list','mod_threesixo\\external','data_for_participant_list',NULL,'mod_threesixo','',NULL),(871,'mod_threesixo_save_responses','mod_threesixo\\external','save_responses',NULL,'mod_threesixo','',NULL),(872,'mod_threesixo_get_responses','mod_threesixo\\external','get_responses',NULL,'mod_threesixo','',NULL),(873,'block_point_view_update_db','block_point_view_external','update_db','blocks/point_view/externallib.php','block_point_view','',NULL),(874,'block_point_view_delete_custom_pix','block_point_view_external','delete_custom_pix','blocks/point_view/externallib.php','block_point_view','',NULL),(875,'theme_adaptable_output_load_fontawesome_icon_map','theme_adaptable\\output\\external','load_fontawesome_icon_map',NULL,'theme_adaptable','',NULL),(876,'theme_adaptable_user_set_user_preferences','theme_adaptable\\output\\external','set_user_preferences',NULL,'theme_adaptable','',NULL),(877,'format_tiles_set_image','format_tiles\\external\\external','set_image',NULL,'format_tiles','moodle/course:update',NULL),(878,'format_tiles_log_tile_click','format_tiles\\external\\external','log_tile_click',NULL,'format_tiles','',NULL),(879,'format_tiles_get_icon_set','format_tiles\\external\\external','get_icon_set',NULL,'format_tiles','moodle/course:update',NULL),(880,'format_tiles_set_session_width','format_tiles\\external\\external','set_session_width',NULL,'format_tiles','',NULL),(881,'format_tiles_get_section_information','format_tiles\\external\\external','get_section_information',NULL,'format_tiles','',NULL),(882,'format_tiles_get_course_mod_info','format_tiles\\external\\external','get_course_mod_info',NULL,'format_tiles','mod/[modulename]:view',NULL),(883,'local_wunderbyte_table_load_data','local_wunderbyte_table\\external\\load_data','execute',NULL,'local_wunderbyte_table','',NULL),(884,'local_wunderbyte_table_execute_action','local_wunderbyte_table\\external\\execute_action','execute',NULL,'local_wunderbyte_table','',NULL),(885,'mod_customcert_delete_issue','mod_customcert\\external','delete_issue',NULL,'mod_customcert','','moodle_mobile_app'),(886,'mod_customcert_save_element','mod_customcert\\external','save_element',NULL,'mod_customcert','',NULL),(887,'mod_customcert_get_element_html','mod_customcert\\external','get_element_html',NULL,'mod_customcert','',NULL),(888,'block_use_stats_get_user_stats','block_use_stats_external','get_user_stats','blocks/use_stats/externallib.php','block_use_stats','block/use_stats:export',NULL),(889,'block_use_stats_get_users_stats','block_use_stats_external','get_users_stats','blocks/use_stats/externallib.php','block_use_stats','block/use_stats:export',NULL),(890,'block_use_stats_get_users_course_stats','block_use_stats_external','get_users_course_stats','blocks/use_stats/externallib.php','block_use_stats','block/use_stats:export',NULL),(891,'block_configurable_reports_get_report_data','block_configurable_reports\\external','get_report_data',NULL,'block_configurable_reports','',NULL),(892,'core_courseformat_new_module','core_courseformat\\external\\new_module','execute',NULL,'moodle','moodle/course:manageactivities',NULL),(893,'core_message_set_default_notification','core_message\\external\\message_set_default_notification','execute',NULL,'moodle','moodle/site:config',NULL),(894,'core_ai_delete_provider_instance','core_ai\\external\\delete_provider_instance','execute',NULL,'moodle','',NULL),(895,'core_ai_set_provider_status','core_ai\\external\\set_provider_status','execute',NULL,'moodle','',NULL),(896,'core_ai_set_provider_order','core_ai\\external\\set_provider_order','execute',NULL,'moodle','',NULL),(897,'core_question_move_questions','\\core_question\\external\\move_questions','execute',NULL,'moodle','',NULL),(898,'core_question_search_shared_banks','\\core_question\\external\\search_shared_banks','execute',NULL,'moodle','',NULL),(899,'core_message_set_unsent_message','core_message\\external\\set_unsent_message','execute',NULL,'moodle','',NULL),(900,'core_message_get_unsent_message','core_message\\external\\get_unsent_message','execute',NULL,'moodle','',NULL),(901,'aiplacement_courseassist_explain_text','aiplacement_courseassist\\external\\explain_text','execute',NULL,'aiplacement_courseassist','','moodle_mobile_app'),(902,'mod_feedback_questions_reorder','mod_feedback\\external\\questions\\reorder','execute',NULL,'mod_feedback','mod/feedback:edititems',NULL),(903,'mod_quiz_get_user_quiz_attempts','mod_quiz_external','get_user_quiz_attempts',NULL,'mod_quiz','mod/quiz:view','moodle_mobile_app'),(904,'editor_tiny_get_configuration','editor_tiny\\external\\get_configuration','execute',NULL,'editor_tiny','','moodle_mobile_app'),(905,'tiny_media_preview','tiny_media\\external\\preview','execute',NULL,'tiny_media','',NULL),(906,'theme_boost_union_get_fontawesome_icons','theme_boost_union\\external\\get_fontawesome_icons','execute',NULL,'theme_boost_union','',NULL),(907,'theme_adaptable_activity_navigation','theme_adaptable\\output\\external\\activity_navigation','execute',NULL,'theme_adaptable','',NULL),(908,'theme_moove_fontsize','theme_moove\\api\\accessibility','fontsize','theme_moove/classes/api/accessibility.php','theme_moove','',NULL),(909,'theme_moove_sitecolor','theme_moove\\api\\accessibility','sitecolor',NULL,'theme_moove','',NULL),(910,'theme_moove_savethemesettings','theme_moove\\api\\accessibility','savethemesettings',NULL,'theme_moove','',NULL),(911,'theme_moove_getthemesettings','theme_moove\\api\\accessibility','getthemesettings',NULL,'theme_moove','',NULL),(912,'theme_foundation_output_load_fontawesome_icon_map','theme_foundation\\output\\external','load_fontawesome_icon_map',NULL,'theme_foundation','',NULL),(913,'theme_foundation_user_set_user_preferences','theme_foundation\\output\\external','set_user_preferences',NULL,'theme_foundation','',NULL),(914,'theme_snap_course_card','theme_snap\\webservice\\ws_course_card','service',NULL,'theme_snap','',NULL),(915,'theme_snap_cover_image','theme_snap\\webservice\\ws_cover_image','service',NULL,'theme_snap','',NULL),(916,'theme_snap_course_completion','theme_snap\\webservice\\ws_course_completion','service',NULL,'theme_snap','',NULL),(917,'theme_snap_course_toc_chapters','theme_snap\\webservice\\ws_course_toc_chapters','service',NULL,'theme_snap','',NULL),(918,'theme_snap_course_sections','theme_snap\\webservice\\ws_course_sections','service',NULL,'theme_snap','',NULL),(919,'theme_snap_course_module','theme_snap\\webservice\\ws_course_module','service',NULL,'theme_snap','',NULL),(920,'theme_snap_course_module_completion','theme_snap\\webservice\\ws_course_module_completion','service',NULL,'theme_snap','',NULL),(921,'theme_snap_course_cards_categories','theme_snap\\webservice\\ws_course_cards_categories','service',NULL,'theme_snap','',NULL),(922,'theme_snap_course_cards_data','theme_snap\\webservice\\ws_course_cards_data','service',NULL,'theme_snap','',NULL),(923,'theme_snap_feed','theme_snap\\webservice\\ws_feed','service',NULL,'theme_snap','',NULL),(924,'theme_snap_file_manager_options','theme_snap\\webservice\\ws_file_manager_options','service',NULL,'theme_snap','',NULL),(925,'theme_snap_block_myoverview_filters','theme_snap\\webservice\\ws_block_myoverview','service',NULL,'theme_snap','',NULL),(926,'theme_snap_coursetools_block_actions','theme_snap\\webservice\\ws_coursetools_block_actions','service',NULL,'theme_snap','',NULL),(927,'theme_degrade_mycourses_html','\\theme_degrade\\external\\mycourses','html','theme/degrade/classes/external/mycourses.php','theme_degrade','','moodle_mobile_app'),(928,'theme_degrade_userprerence_layout','\\theme_degrade\\external\\userprerence','layout','theme/degrade/classes/external/userprerence.php','theme_degrade','',NULL);

--
