--
-- Host: localhost    Database: flashculture
-- ------------------------------------------------------


--
-- Table structure for table `mdl_adaptivequiz`
--

CREATE TABLE `mdl_adaptivequiz` (
  `id` bigint NOT NULL AUTO_INCREMENT,
  `course` bigint NOT NULL DEFAULT '0',
  `name` varchar(255) CHARACTER SET utf8mb4 COLLATE utf8mb4_0900_ai_ci NOT NULL DEFAULT '',
  `intro` longtext CHARACTER SET utf8mb4 COLLATE utf8mb4_0900_ai_ci NOT NULL,
  `introformat` smallint NOT NULL DEFAULT '0',
  `attempts` tinyint NOT NULL DEFAULT '0',
  `password` varchar(255) CHARACTER SET utf8mb4 COLLATE utf8mb4_0900_ai_ci NOT NULL DEFAULT '',
  `browsersecurity` tinyint(1) NOT NULL DEFAULT '0',
  `attemptfeedback` longtext CHARACTER SET utf8mb4 COLLATE utf8mb4_0900_ai_ci NOT NULL,
  `attemptfeedbackformat` tinyint NOT NULL DEFAULT '0',
  `showabilitymeasure` tinyint(1) NOT NULL DEFAULT '0',
  `showattemptprogress` tinyint(1) NOT NULL DEFAULT '0',
  `highestlevel` smallint NOT NULL DEFAULT '0',
  `lowestlevel` smallint NOT NULL DEFAULT '0',
  `minimumquestions` smallint NOT NULL DEFAULT '0',
  `maximumquestions` smallint NOT NULL DEFAULT '0',
  `standarderror` decimal(10,5) NOT NULL DEFAULT '0.00000',
  `startinglevel` smallint NOT NULL DEFAULT '0',
  `grademethod` smallint NOT NULL DEFAULT '0',
  `timecreated` bigint NOT NULL DEFAULT '0',
  `timemodified` bigint NOT NULL DEFAULT '0',
  `completionattemptcompleted` tinyint(1) NOT NULL DEFAULT '0',
  PRIMARY KEY (`id`),
  KEY `mdl_adap_cou_ix` (`course`)
) ENGINE=InnoDB DEFAULT CHARSET=utf8mb4 COLLATE=utf8mb4_0900_ai_ci ROW_FORMAT=COMPRESSED COMMENT='Adaptive quiz instances table';

--
-- Dumping data for table `mdl_adaptivequiz`
--


--
-- Table structure for table `mdl_adaptivequiz_attempt`
--

CREATE TABLE `mdl_adaptivequiz_attempt` (
  `id` bigint NOT NULL AUTO_INCREMENT,
  `instance` bigint NOT NULL DEFAULT '0',
  `userid` bigint NOT NULL DEFAULT '0',
  `uniqueid` bigint NOT NULL DEFAULT '0',
  `attemptstate` varchar(30) CHARACTER SET utf8mb4 COLLATE utf8mb4_0900_ai_ci NOT NULL DEFAULT '',
  `attemptstopcriteria` varchar(255) CHARACTER SET utf8mb4 COLLATE utf8mb4_0900_ai_ci NOT NULL DEFAULT '',
  `questionsattempted` bigint NOT NULL DEFAULT '0',
  `difficultysum` decimal(10,7) NOT NULL DEFAULT '0.0000000',
  `standarderror` decimal(10,5) NOT NULL DEFAULT '0.00000',
  `measure` decimal(10,5) NOT NULL DEFAULT '0.00000',
  `timecreated` bigint NOT NULL DEFAULT '0',
  `timemodified` bigint NOT NULL DEFAULT '0',
  PRIMARY KEY (`id`),
  KEY `mdl_adapatte_insuse_ix` (`instance`,`userid`),
  KEY `mdl_adapatte_ins_ix` (`instance`),
  KEY `mdl_adapatte_use_ix` (`userid`),
  KEY `mdl_adapatte_uni_ix` (`uniqueid`)
) ENGINE=InnoDB DEFAULT CHARSET=utf8mb4 COLLATE=utf8mb4_0900_ai_ci ROW_FORMAT=COMPRESSED COMMENT='Logging of attempts';

--
-- Dumping data for table `mdl_adaptivequiz_attempt`
--


--
-- Table structure for table `mdl_adaptivequiz_question`
--

CREATE TABLE `mdl_adaptivequiz_question` (
  `id` bigint NOT NULL AUTO_INCREMENT,
  `instance` bigint NOT NULL DEFAULT '0',
  `questioncategory` bigint NOT NULL DEFAULT '0',
  PRIMARY KEY (`id`),
  KEY `mdl_adapques_ins_ix` (`instance`),
  KEY `mdl_adapques_que_ix` (`questioncategory`)
) ENGINE=InnoDB DEFAULT CHARSET=utf8mb4 COLLATE=utf8mb4_0900_ai_ci ROW_FORMAT=COMPRESSED COMMENT='An association table for activity instance and question cate';

--
-- Dumping data for table `mdl_adaptivequiz_question`
--


--
-- Table structure for table `mdl_adminpresets`
--

CREATE TABLE `mdl_adminpresets` (
  `id` bigint NOT NULL AUTO_INCREMENT,
  `userid` bigint NOT NULL,
  `name` varchar(255) CHARACTER SET utf8mb4 COLLATE utf8mb4_0900_ai_ci NOT NULL DEFAULT '',
  `comments` longtext CHARACTER SET utf8mb4 COLLATE utf8mb4_0900_ai_ci,
  `site` varchar(255) CHARACTER SET utf8mb4 COLLATE utf8mb4_0900_ai_ci NOT NULL DEFAULT '',
  `author` varchar(255) CHARACTER SET utf8mb4 COLLATE utf8mb4_0900_ai_ci DEFAULT NULL,
  `moodleversion` varchar(20) CHARACTER SET utf8mb4 COLLATE utf8mb4_0900_ai_ci NOT NULL DEFAULT '',
  `moodlerelease` varchar(255) CHARACTER SET utf8mb4 COLLATE utf8mb4_0900_ai_ci NOT NULL DEFAULT '',
  `iscore` tinyint(1) NOT NULL DEFAULT '0',
  `timecreated` bigint NOT NULL DEFAULT '0',
  `timeimported` bigint NOT NULL DEFAULT '0',
  PRIMARY KEY (`id`)
) ENGINE=InnoDB AUTO_INCREMENT=3 DEFAULT CHARSET=utf8mb4 COLLATE=utf8mb4_0900_ai_ci ROW_FORMAT=COMPRESSED COMMENT='Table to store presets data';

--
-- Dumping data for table `mdl_adminpresets`
--

INSERT INTO `mdl_adminpresets` VALUES (1,0,'Débutant','Moodle avec ses fonctionnalités les plus appréciées, comprenant Devoir, Feedback, Forum, H5P, Test et suivi d’achèvement.','https://bia-facile.fr','','','',1,1728145855,0),(2,0,'Complet','Toutes les fonctionnalités du préréglage Débutant, avec en plus Outil LTI, SCORM, Atelier, Analyse de données, Badges, Compétences, Plans d’apprentissage et bien d’autres choses encore.','https://bia-facile.fr','','','',2,1728145856,0);

--
-- Table structure for table `mdl_adminpresets_app`
--

CREATE TABLE `mdl_adminpresets_app` (
  `id` bigint NOT NULL AUTO_INCREMENT,
  `adminpresetid` bigint NOT NULL,
  `userid` bigint NOT NULL,
  `time` bigint NOT NULL,
  PRIMARY KEY (`id`),
  KEY `mdl_admiapp_adm_ix` (`adminpresetid`)
) ENGINE=InnoDB DEFAULT CHARSET=utf8mb4 COLLATE=utf8mb4_0900_ai_ci ROW_FORMAT=COMPRESSED COMMENT='Applied presets';

--
-- Dumping data for table `mdl_adminpresets_app`
--


--
-- Table structure for table `mdl_adminpresets_app_it`
--

CREATE TABLE `mdl_adminpresets_app_it` (
  `id` bigint NOT NULL AUTO_INCREMENT,
  `adminpresetapplyid` bigint NOT NULL,
  `configlogid` bigint NOT NULL,
  PRIMARY KEY (`id`),
  KEY `mdl_admiappit_con_ix` (`configlogid`),
  KEY `mdl_admiappit_adm_ix` (`adminpresetapplyid`)
) ENGINE=InnoDB DEFAULT CHARSET=utf8mb4 COLLATE=utf8mb4_0900_ai_ci ROW_FORMAT=COMPRESSED COMMENT='Admin presets applied items. To maintain the relation with c';

--
-- Dumping data for table `mdl_adminpresets_app_it`
--


--
-- Table structure for table `mdl_adminpresets_app_it_a`
--

CREATE TABLE `mdl_adminpresets_app_it_a` (
  `id` bigint NOT NULL AUTO_INCREMENT,
  `adminpresetapplyid` bigint NOT NULL,
  `configlogid` bigint NOT NULL,
  `itemname` varchar(100) CHARACTER SET utf8mb4 COLLATE utf8mb4_0900_ai_ci DEFAULT NULL,
  PRIMARY KEY (`id`),
  KEY `mdl_admiappita_con_ix` (`configlogid`),
  KEY `mdl_admiappita_adm_ix` (`adminpresetapplyid`)
) ENGINE=InnoDB DEFAULT CHARSET=utf8mb4 COLLATE=utf8mb4_0900_ai_ci ROW_FORMAT=COMPRESSED COMMENT='Attributes of the applied items';

--
-- Dumping data for table `mdl_adminpresets_app_it_a`
--


--
-- Table structure for table `mdl_adminpresets_app_plug`
--

CREATE TABLE `mdl_adminpresets_app_plug` (
  `id` bigint NOT NULL AUTO_INCREMENT,
  `adminpresetapplyid` bigint NOT NULL,
  `plugin` varchar(100) CHARACTER SET utf8mb4 COLLATE utf8mb4_0900_ai_ci DEFAULT NULL,
  `name` varchar(100) CHARACTER SET utf8mb4 COLLATE utf8mb4_0900_ai_ci NOT NULL DEFAULT '',
  `value` smallint NOT NULL DEFAULT '0',
  `oldvalue` smallint NOT NULL DEFAULT '0',
  PRIMARY KEY (`id`),
  KEY `mdl_admiappplug_adm_ix` (`adminpresetapplyid`)
) ENGINE=InnoDB DEFAULT CHARSET=utf8mb4 COLLATE=utf8mb4_0900_ai_ci ROW_FORMAT=COMPRESSED COMMENT='Admin presets plugins applied';

--
-- Dumping data for table `mdl_adminpresets_app_plug`
--


--
-- Table structure for table `mdl_adminpresets_it`
--

CREATE TABLE `mdl_adminpresets_it` (
  `id` bigint NOT NULL AUTO_INCREMENT,
  `adminpresetid` bigint NOT NULL,
  `plugin` varchar(100) CHARACTER SET utf8mb4 COLLATE utf8mb4_0900_ai_ci DEFAULT NULL,
  `name` varchar(100) CHARACTER SET utf8mb4 COLLATE utf8mb4_0900_ai_ci NOT NULL DEFAULT '',
  `value` longtext CHARACTER SET utf8mb4 COLLATE utf8mb4_0900_ai_ci,
  PRIMARY KEY (`id`),
  KEY `mdl_admiit_adm_ix` (`adminpresetid`)
) ENGINE=InnoDB AUTO_INCREMENT=25 DEFAULT CHARSET=utf8mb4 COLLATE=utf8mb4_0900_ai_ci ROW_FORMAT=COMPRESSED COMMENT='Table to store settings';

--
-- Dumping data for table `mdl_adminpresets_it`
--

INSERT INTO `mdl_adminpresets_it` VALUES (1,1,'none','usecomments','0'),(2,1,'none','usetags','0'),(3,1,'none','enablenotes','0'),(4,1,'none','enableblogs','0'),(5,1,'none','enablebadges','0'),(6,1,'none','enableanalytics','0'),(7,1,'core_competency','enabled','0'),(8,1,'core_competency','pushcourseratingstouserplans','0'),(9,1,'tool_dataprivacy','showdataretentionsummary','0'),(10,1,'none','forum_maxattachments','3'),(11,1,'none','guestloginbutton','0'),(12,1,'none','activitychoosertabmode','4'),(13,2,'none','usecomments','1'),(14,2,'none','usetags','1'),(15,2,'none','enablenotes','1'),(16,2,'none','enableblogs','1'),(17,2,'none','enablebadges','1'),(18,2,'none','enableanalytics','1'),(19,2,'core_competency','enabled','1'),(20,2,'core_competency','pushcourseratingstouserplans','1'),(21,2,'tool_dataprivacy','showdataretentionsummary','1'),(22,2,'none','forum_maxattachments','9'),(23,2,'none','guestloginbutton','1'),(24,2,'none','activitychoosertabmode','3');

--
-- Table structure for table `mdl_adminpresets_it_a`
--

CREATE TABLE `mdl_adminpresets_it_a` (
  `id` bigint NOT NULL AUTO_INCREMENT,
  `itemid` bigint NOT NULL,
  `name` varchar(100) CHARACTER SET utf8mb4 COLLATE utf8mb4_0900_ai_ci NOT NULL DEFAULT '',
  `value` longtext CHARACTER SET utf8mb4 COLLATE utf8mb4_0900_ai_ci,
  PRIMARY KEY (`id`),
  KEY `mdl_admiita_ite_ix` (`itemid`)
) ENGINE=InnoDB DEFAULT CHARSET=utf8mb4 COLLATE=utf8mb4_0900_ai_ci ROW_FORMAT=COMPRESSED COMMENT='Admin presets items attributes. For settings with attributes';

--
-- Dumping data for table `mdl_adminpresets_it_a`
--


--
-- Table structure for table `mdl_adminpresets_plug`
--

CREATE TABLE `mdl_adminpresets_plug` (
  `id` bigint NOT NULL AUTO_INCREMENT,
  `adminpresetid` bigint NOT NULL,
  `plugin` varchar(100) CHARACTER SET utf8mb4 COLLATE utf8mb4_0900_ai_ci DEFAULT NULL,
  `name` varchar(100) CHARACTER SET utf8mb4 COLLATE utf8mb4_0900_ai_ci NOT NULL DEFAULT '',
  `enabled` smallint NOT NULL DEFAULT '0',
  PRIMARY KEY (`id`),
  KEY `mdl_admiplug_adm_ix` (`adminpresetid`)
) ENGINE=InnoDB AUTO_INCREMENT=114 DEFAULT CHARSET=utf8mb4 COLLATE=utf8mb4_0900_ai_ci ROW_FORMAT=COMPRESSED COMMENT='Admin presets plugins status, to store information about whe';

--
-- Dumping data for table `mdl_adminpresets_plug`
--

INSERT INTO `mdl_adminpresets_plug` VALUES (2,1,'mod','data',0),(3,1,'mod','lti',0),(4,1,'mod','imscp',0),(5,1,'mod','lesson',0),(6,1,'mod','scorm',0),(8,1,'mod','wiki',0),(9,1,'mod','workshop',0),(10,1,'availability','grouping',0),(11,1,'availability','profile',0),(12,1,'block','activity_modules',0),(13,1,'block','blog_menu',0),(14,1,'block','blog_tags',0),(15,1,'block','comments',0),(16,1,'block','completionstatus',0),(17,1,'block','course_summary',0),(18,1,'block','course_list',0),(19,1,'block','tag_flickr',0),(20,1,'block','globalsearch',0),(21,1,'block','badges',0),(22,1,'block','lp',0),(23,1,'block','myprofile',0),(24,1,'block','login',0),(25,1,'block','site_main_menu',0),(26,1,'block','mentees',0),(28,1,'block','private_files',0),(29,1,'block','blog_recent',0),(30,1,'block','rss_client',0),(31,1,'block','search_forums',0),(32,1,'block','section_links',0),(33,1,'block','selfcompletion',0),(34,1,'block','social_activities',0),(35,1,'block','tags',0),(36,1,'block','tag_youtube',0),(37,1,'block','feedback',0),(38,1,'block','online_users',0),(39,1,'block','recentlyaccessedcourses',0),(40,1,'block','starredcourses',0),(41,1,'format','social',0),(42,1,'dataformat','json',0),(43,1,'enrol','cohort',0),(44,1,'enrol','guest',0),(45,1,'filter','mathjaxloader',-9999),(46,1,'filter','activitynames',-9999),(47,1,'qbehaviour','adaptivenopenalty',0),(48,1,'qbehaviour','deferredcbm',0),(49,1,'qbehaviour','immediatecbm',0),(50,1,'qtype','calculated',0),(51,1,'qtype','calculatedmulti',0),(52,1,'qtype','calculatedsimple',0),(53,1,'qtype','ddmarker',0),(54,1,'qtype','ddimageortext',0),(55,1,'qtype','multianswer',0),(56,1,'qtype','numerical',0),(57,1,'qtype','randomsamatch',0),(58,1,'repository','local',0),(59,1,'repository','url',0),(60,1,'repository','wikimedia',0),(61,2,'mod','data',1),(62,2,'mod','lti',1),(63,2,'mod','imscp',1),(64,2,'mod','lesson',1),(65,2,'mod','scorm',1),(66,2,'mod','wiki',1),(67,2,'mod','workshop',1),(68,2,'availability','grouping',1),(69,2,'availability','profile',1),(70,2,'block','activity_modules',1),(71,2,'block','blog_menu',1),(72,2,'block','blog_tags',1),(73,2,'block','comments',1),(74,2,'block','completionstatus',1),(75,2,'block','course_list',1),(76,2,'block','tag_flickr',1),(77,2,'block','globalsearch',1),(78,2,'block','badges',1),(79,2,'block','lp',1),(80,2,'block','myprofile',1),(81,2,'block','login',1),(82,2,'block','site_main_menu',1),(83,2,'block','mentees',1),(85,2,'block','private_files',1),(86,2,'block','blog_recent',1),(87,2,'block','search_forums',1),(88,2,'block','section_links',1),(89,2,'block','social_activities',1),(90,2,'block','tags',1),(91,2,'block','online_users',1),(92,2,'block','recentlyaccessedcourses',1),(93,2,'block','starredcourses',1),(94,2,'format','social',1),(95,2,'dataformat','json',1),(96,2,'enrol','cohort',1),(97,2,'enrol','guest',1),(98,2,'filter','mathjaxloader',1),(99,2,'filter','activitynames',1),(100,2,'qbehaviour','adaptivenopenalty',1),(101,2,'qbehaviour','deferredcbm',1),(102,2,'qbehaviour','immediatecbm',1),(103,2,'qtype','calculated',1),(104,2,'qtype','calculatedmulti',1),(105,2,'qtype','calculatedsimple',1),(106,2,'qtype','ddmarker',1),(107,2,'qtype','ddimageortext',1),(108,2,'qtype','multianswer',1),(109,2,'qtype','numerical',1),(110,2,'qtype','randomsamatch',1),(111,2,'repository','local',1),(112,2,'repository','url',1),(113,2,'repository','wikimedia',1);

--
-- Table structure for table `mdl_ai_action_explain_text`
--

CREATE TABLE `mdl_ai_action_explain_text` (
  `id` bigint NOT NULL AUTO_INCREMENT,
  `prompt` longtext CHARACTER SET utf8mb4 COLLATE utf8mb4_unicode_ci,
  `responseid` varchar(128) CHARACTER SET utf8mb4 COLLATE utf8mb4_unicode_ci DEFAULT NULL,
  `fingerprint` varchar(128) CHARACTER SET utf8mb4 COLLATE utf8mb4_unicode_ci DEFAULT NULL,
  `generatedcontent` longtext CHARACTER SET utf8mb4 COLLATE utf8mb4_unicode_ci,
  `finishreason` varchar(128) CHARACTER SET utf8mb4 COLLATE utf8mb4_unicode_ci DEFAULT NULL,
  `prompttokens` bigint DEFAULT NULL,
  `completiontoken` bigint DEFAULT NULL,
  PRIMARY KEY (`id`)
) ENGINE=InnoDB DEFAULT CHARSET=utf8mb4 COLLATE=utf8mb4_unicode_ci ROW_FORMAT=COMPRESSED;

--
-- Dumping data for table `mdl_ai_action_explain_text`
--


--
-- Table structure for table `mdl_ai_action_generate_image`
--

CREATE TABLE `mdl_ai_action_generate_image` (
  `id` bigint NOT NULL AUTO_INCREMENT,
  `prompt` longtext CHARACTER SET utf8mb4 COLLATE utf8mb4_0900_ai_ci,
  `numberimages` bigint NOT NULL,
  `quality` varchar(21) CHARACTER SET utf8mb4 COLLATE utf8mb4_0900_ai_ci NOT NULL DEFAULT '',
  `aspectratio` varchar(20) CHARACTER SET utf8mb4 COLLATE utf8mb4_0900_ai_ci DEFAULT NULL,
  `style` varchar(20) CHARACTER SET utf8mb4 COLLATE utf8mb4_0900_ai_ci DEFAULT NULL,
  `sourceurl` longtext CHARACTER SET utf8mb4 COLLATE utf8mb4_0900_ai_ci,
  `revisedprompt` longtext CHARACTER SET utf8mb4 COLLATE utf8mb4_0900_ai_ci,
  PRIMARY KEY (`id`)
) ENGINE=InnoDB DEFAULT CHARSET=utf8mb4 COLLATE=utf8mb4_0900_ai_ci ROW_FORMAT=COMPRESSED;

--
-- Dumping data for table `mdl_ai_action_generate_image`
--


--
-- Table structure for table `mdl_ai_action_generate_text`
--

CREATE TABLE `mdl_ai_action_generate_text` (
  `id` bigint NOT NULL AUTO_INCREMENT,
  `prompt` longtext CHARACTER SET utf8mb4 COLLATE utf8mb4_0900_ai_ci,
  `responseid` varchar(128) CHARACTER SET utf8mb4 COLLATE utf8mb4_0900_ai_ci DEFAULT NULL,
  `fingerprint` varchar(128) CHARACTER SET utf8mb4 COLLATE utf8mb4_0900_ai_ci DEFAULT NULL,
  `generatedcontent` longtext CHARACTER SET utf8mb4 COLLATE utf8mb4_0900_ai_ci,
  `finishreason` varchar(128) CHARACTER SET utf8mb4 COLLATE utf8mb4_0900_ai_ci DEFAULT NULL,
  `prompttokens` bigint DEFAULT NULL,
  `completiontoken` bigint DEFAULT NULL,
  PRIMARY KEY (`id`)
) ENGINE=InnoDB DEFAULT CHARSET=utf8mb4 COLLATE=utf8mb4_0900_ai_ci ROW_FORMAT=COMPRESSED;

--
-- Dumping data for table `mdl_ai_action_generate_text`
--


--
-- Table structure for table `mdl_ai_action_register`
--

CREATE TABLE `mdl_ai_action_register` (
  `id` bigint NOT NULL AUTO_INCREMENT,
  `actionname` varchar(100) CHARACTER SET utf8mb4 COLLATE utf8mb4_0900_ai_ci NOT NULL DEFAULT '',
  `actionid` bigint NOT NULL,
  `success` tinyint(1) NOT NULL DEFAULT '0',
  `userid` bigint NOT NULL,
  `contextid` bigint NOT NULL,
  `provider` varchar(100) CHARACTER SET utf8mb4 COLLATE utf8mb4_0900_ai_ci NOT NULL DEFAULT '',
  `errorcode` smallint DEFAULT NULL,
  `errormessage` longtext CHARACTER SET utf8mb4 COLLATE utf8mb4_0900_ai_ci,
  `timecreated` bigint NOT NULL,
  `timecompleted` bigint DEFAULT NULL,
  `model` varchar(50) CHARACTER SET utf8mb4 COLLATE utf8mb4_unicode_ci DEFAULT NULL,
  PRIMARY KEY (`id`),
  UNIQUE KEY `mdl_aiactiregi_actact_uix` (`actionname`,`actionid`),
  KEY `mdl_aiactiregi_actpro_ix` (`actionname`,`provider`),
  KEY `mdl_aiactiregi_use_ix` (`userid`)
) ENGINE=InnoDB DEFAULT CHARSET=utf8mb4 COLLATE=utf8mb4_0900_ai_ci ROW_FORMAT=COMPRESSED;

--
-- Dumping data for table `mdl_ai_action_register`
--


--
-- Table structure for table `mdl_ai_action_summarise_text`
--

CREATE TABLE `mdl_ai_action_summarise_text` (
  `id` bigint NOT NULL AUTO_INCREMENT,
  `prompt` longtext CHARACTER SET utf8mb4 COLLATE utf8mb4_0900_ai_ci,
  `responseid` varchar(128) CHARACTER SET utf8mb4 COLLATE utf8mb4_0900_ai_ci DEFAULT NULL,
  `fingerprint` varchar(128) CHARACTER SET utf8mb4 COLLATE utf8mb4_0900_ai_ci DEFAULT NULL,
  `generatedcontent` longtext CHARACTER SET utf8mb4 COLLATE utf8mb4_0900_ai_ci,
  `finishreason` varchar(128) CHARACTER SET utf8mb4 COLLATE utf8mb4_0900_ai_ci DEFAULT NULL,
  `prompttokens` bigint DEFAULT NULL,
  `completiontoken` bigint DEFAULT NULL,
  PRIMARY KEY (`id`)
) ENGINE=InnoDB DEFAULT CHARSET=utf8mb4 COLLATE=utf8mb4_0900_ai_ci ROW_FORMAT=COMPRESSED;

--
-- Dumping data for table `mdl_ai_action_summarise_text`
--


--
-- Table structure for table `mdl_ai_policy_register`
--

CREATE TABLE `mdl_ai_policy_register` (
  `id` bigint NOT NULL AUTO_INCREMENT,
  `userid` bigint NOT NULL,
  `contextid` bigint NOT NULL,
  `timeaccepted` bigint NOT NULL,
  PRIMARY KEY (`id`),
  UNIQUE KEY `mdl_aipoliregi_use_uix` (`userid`)
) ENGINE=InnoDB DEFAULT CHARSET=utf8mb4 COLLATE=utf8mb4_0900_ai_ci ROW_FORMAT=COMPRESSED;

--
-- Dumping data for table `mdl_ai_policy_register`
--


--
-- Table structure for table `mdl_ai_providers`
--

CREATE TABLE `mdl_ai_providers` (
  `id` bigint NOT NULL AUTO_INCREMENT,
  `name` varchar(255) CHARACTER SET utf8mb4 COLLATE utf8mb4_unicode_ci NOT NULL DEFAULT '',
  `provider` varchar(255) CHARACTER SET utf8mb4 COLLATE utf8mb4_unicode_ci NOT NULL DEFAULT '',
  `enabled` tinyint(1) NOT NULL DEFAULT '1',
  `config` longtext CHARACTER SET utf8mb4 COLLATE utf8mb4_unicode_ci NOT NULL,
  `actionconfig` longtext CHARACTER SET utf8mb4 COLLATE utf8mb4_unicode_ci,
  PRIMARY KEY (`id`),
  KEY `mdl_aiprov_pro_ix` (`provider`)
) ENGINE=InnoDB AUTO_INCREMENT=2 DEFAULT CHARSET=utf8mb4 COLLATE=utf8mb4_unicode_ci ROW_FORMAT=COMPRESSED;

--
-- Dumping data for table `mdl_ai_providers`
--

INSERT INTO `mdl_ai_providers` VALUES (1,'Fournisseur API OpenAI','aiprovider_openai\\provider',1,'{\"aiprovider\":\"aiprovider_openai\\\\provider\",\"name\":\"Fournisseur API OpenAI\",\"apikey\":\"\",\"orgid\":\"\",\"enableglobalratelimit\":\"0\",\"globalratelimit\":\"100\",\"enableuserratelimit\":\"0\",\"userratelimit\":\"10\"}','{\"core_ai\\\\aiactions\\\\generate_text\":{\"enabled\":true,\"settings\":{\"model\":\"gpt-4o\",\"endpoint\":\"https:\\/\\/api.openai.com\\/v1\\/chat\\/completions\",\"systeminstruction\":\"Tu vas recevoir un texte de l\\u2019utilisateur. Ta t\\u00e2che consiste \\u00e0 g\\u00e9n\\u00e9rer un texte sur la base de sa requ\\u00eate. Observe ces instructions importantes\\u00a0:\\r\\n    1. Retourner le r\\u00e9sum\\u00e9 en texte brut uniquement.\\r\\n    2. Ne pas inclure de formatage markdown, de salutations ou de platitudes.\"}},\"core_ai\\\\aiactions\\\\generate_image\":{\"enabled\":true,\"settings\":{\"model\":\"gpt-4o\",\"endpoint\":\"https:\\/\\/api.openai.com\\/v1\\/chat\\/completions\"}},\"core_ai\\\\aiactions\\\\summarise_text\":{\"enabled\":true,\"settings\":{\"model\":\"gpt-4o\",\"endpoint\":\"https:\\/\\/api.openai.com\\/v1\\/chat\\/completions\",\"systeminstruction\":\"Tu vas recevoir un texte de l\\u2019utilisateur. Ta t\\u00e2che consiste \\u00e0 g\\u00e9n\\u00e9rer un texte sur la base de sa requ\\u00eate. Observe ces instructions importantes\\u00a0:\\r\\n    1. Retourner le r\\u00e9sum\\u00e9 en texte brut uniquement.\\r\\n    2. Ne pas inclure de formatage markdown, de salutations ou de platitudes.\"}},\"core_ai\\\\aiactions\\\\explain_text\":{\"enabled\":true,\"settings\":{\"model\":\"gpt-4o\",\"endpoint\":\"https:\\/\\/api.openai.com\\/v1\\/chat\\/completions\",\"systeminstruction\":\"Tu vas recevoir un texte de l\\u2019utilisateur. Ta t\\u00e2che consiste \\u00e0 expliquer le texte fourni. Observe les instructions suivantes\\u00a0:\\n    1. \\u00c9labore\\u00a0: d\\u00e9veloppe les id\\u00e9es et concepts clefs, en t\\u2019assurant que l\\u2019explication ajoute de la profondeur et \\u00e9vite de r\\u00e9p\\u00e9ter le texte.\\n    2. Simplifie\\u00a0: rend les termes ou id\\u00e9es complexes plus faciles \\u00e0 comprendre, en particulier pour les personnes qui \\u00e9tudient.\\n    3. Fournis du contexte\\u00a0: explique pourquoi quelque chose se passe, comment \\u00e7a fonctionne ou quel est l\\u2019objectif. Inclus des exemples pertinents ou des analogies pour am\\u00e9liorer la compr\\u00e9hension, lorsque cela est ad\\u00e9quat.\\n    4. Organise logiquement\\u00a0: structure ton explication naturellement, en commen\\u00e7ant par les id\\u00e9es de base avant de passer aux d\\u00e9tails plus pr\\u00e9cis.\\n\\nConsignes importantes\\u00a0:\\n    1. Retourne l\\u2019explication en texte brut uniquement.\\n    2. N\\u2019inclus pas de formatage markdown, de salutations ou de platitudes.\\n    3. Mets l\\u2019accent sur la clart\\u00e9, la concision et l\\u2019accessibilit\\u00e9.\\n\\nVeille \\u00e0 ce que l\\u2019explication soit facile \\u00e0 lire et qu\\u2019elle transmette effectivement les principaux points du texte original.\"}}}');

--
-- Table structure for table `mdl_analytics_indicator_calc`
--

CREATE TABLE `mdl_analytics_indicator_calc` (
  `id` bigint NOT NULL AUTO_INCREMENT,
  `starttime` bigint NOT NULL,
  `endtime` bigint NOT NULL,
  `contextid` bigint NOT NULL,
  `sampleorigin` varchar(255) CHARACTER SET utf8mb4 COLLATE utf8mb4_0900_ai_ci NOT NULL DEFAULT '',
  `sampleid` bigint NOT NULL,
  `indicator` varchar(255) CHARACTER SET utf8mb4 COLLATE utf8mb4_0900_ai_ci NOT NULL DEFAULT '',
  `value` decimal(10,2) DEFAULT NULL,
  `timecreated` bigint NOT NULL,
  PRIMARY KEY (`id`),
  KEY `mdl_analindicalc_staendcon_ix` (`starttime`,`endtime`,`contextid`),
  KEY `mdl_analindicalc_con_ix` (`contextid`)
) ENGINE=InnoDB DEFAULT CHARSET=utf8mb4 COLLATE=utf8mb4_0900_ai_ci ROW_FORMAT=COMPRESSED COMMENT='Stored indicator calculations';

--
-- Dumping data for table `mdl_analytics_indicator_calc`
--


--
-- Table structure for table `mdl_analytics_models`
--

CREATE TABLE `mdl_analytics_models` (
  `id` bigint NOT NULL AUTO_INCREMENT,
  `enabled` tinyint(1) NOT NULL DEFAULT '0',
  `trained` tinyint(1) NOT NULL DEFAULT '0',
  `name` varchar(1333) CHARACTER SET utf8mb4 COLLATE utf8mb4_0900_ai_ci DEFAULT NULL,
  `target` varchar(255) CHARACTER SET utf8mb4 COLLATE utf8mb4_0900_ai_ci NOT NULL DEFAULT '',
  `indicators` longtext CHARACTER SET utf8mb4 COLLATE utf8mb4_0900_ai_ci NOT NULL,
  `timesplitting` varchar(255) CHARACTER SET utf8mb4 COLLATE utf8mb4_0900_ai_ci DEFAULT NULL,
  `predictionsprocessor` varchar(255) CHARACTER SET utf8mb4 COLLATE utf8mb4_0900_ai_ci DEFAULT NULL,
  `version` bigint NOT NULL,
  `contextids` longtext CHARACTER SET utf8mb4 COLLATE utf8mb4_0900_ai_ci,
  `timecreated` bigint DEFAULT NULL,
  `timemodified` bigint NOT NULL,
  `usermodified` bigint NOT NULL,
  PRIMARY KEY (`id`),
  KEY `mdl_analmode_enatra_ix` (`enabled`,`trained`),
  KEY `mdl_analmode_use_ix` (`usermodified`)
) ENGINE=InnoDB AUTO_INCREMENT=6 DEFAULT CHARSET=utf8mb4 COLLATE=utf8mb4_0900_ai_ci ROW_FORMAT=COMPRESSED COMMENT='Analytic models.';

--
-- Dumping data for table `mdl_analytics_models`
--

INSERT INTO `mdl_analytics_models` VALUES (1,0,0,NULL,'\\core_course\\analytics\\target\\course_dropout','[\"\\\\core\\\\analytics\\\\indicator\\\\any_access_after_end\",\"\\\\core\\\\analytics\\\\indicator\\\\any_access_before_start\",\"\\\\core\\\\analytics\\\\indicator\\\\any_write_action_in_course\",\"\\\\core\\\\analytics\\\\indicator\\\\read_actions\",\"\\\\core_course\\\\analytics\\\\indicator\\\\completion_enabled\",\"\\\\core_course\\\\analytics\\\\indicator\\\\potential_cognitive_depth\",\"\\\\core_course\\\\analytics\\\\indicator\\\\potential_social_breadth\",\"\\\\mod_assign\\\\analytics\\\\indicator\\\\cognitive_depth\",\"\\\\mod_assign\\\\analytics\\\\indicator\\\\social_breadth\",\"\\\\mod_book\\\\analytics\\\\indicator\\\\cognitive_depth\",\"\\\\mod_book\\\\analytics\\\\indicator\\\\social_breadth\",\"\\\\mod_choice\\\\analytics\\\\indicator\\\\cognitive_depth\",\"\\\\mod_choice\\\\analytics\\\\indicator\\\\social_breadth\",\"\\\\mod_data\\\\analytics\\\\indicator\\\\cognitive_depth\",\"\\\\mod_data\\\\analytics\\\\indicator\\\\social_breadth\",\"\\\\mod_feedback\\\\analytics\\\\indicator\\\\cognitive_depth\",\"\\\\mod_feedback\\\\analytics\\\\indicator\\\\social_breadth\",\"\\\\mod_folder\\\\analytics\\\\indicator\\\\cognitive_depth\",\"\\\\mod_folder\\\\analytics\\\\indicator\\\\social_breadth\",\"\\\\mod_forum\\\\analytics\\\\indicator\\\\cognitive_depth\",\"\\\\mod_forum\\\\analytics\\\\indicator\\\\social_breadth\",\"\\\\mod_glossary\\\\analytics\\\\indicator\\\\cognitive_depth\",\"\\\\mod_glossary\\\\analytics\\\\indicator\\\\social_breadth\",\"\\\\mod_imscp\\\\analytics\\\\indicator\\\\cognitive_depth\",\"\\\\mod_imscp\\\\analytics\\\\indicator\\\\social_breadth\",\"\\\\mod_label\\\\analytics\\\\indicator\\\\cognitive_depth\",\"\\\\mod_label\\\\analytics\\\\indicator\\\\social_breadth\",\"\\\\mod_lesson\\\\analytics\\\\indicator\\\\cognitive_depth\",\"\\\\mod_lesson\\\\analytics\\\\indicator\\\\social_breadth\",\"\\\\mod_lti\\\\analytics\\\\indicator\\\\cognitive_depth\",\"\\\\mod_lti\\\\analytics\\\\indicator\\\\social_breadth\",\"\\\\mod_page\\\\analytics\\\\indicator\\\\cognitive_depth\",\"\\\\mod_page\\\\analytics\\\\indicator\\\\social_breadth\",\"\\\\mod_quiz\\\\analytics\\\\indicator\\\\cognitive_depth\",\"\\\\mod_quiz\\\\analytics\\\\indicator\\\\social_breadth\",\"\\\\mod_resource\\\\analytics\\\\indicator\\\\cognitive_depth\",\"\\\\mod_resource\\\\analytics\\\\indicator\\\\social_breadth\",\"\\\\mod_scorm\\\\analytics\\\\indicator\\\\cognitive_depth\",\"\\\\mod_scorm\\\\analytics\\\\indicator\\\\social_breadth\",\"\\\\mod_url\\\\analytics\\\\indicator\\\\cognitive_depth\",\"\\\\mod_url\\\\analytics\\\\indicator\\\\social_breadth\",\"\\\\mod_wiki\\\\analytics\\\\indicator\\\\cognitive_depth\",\"\\\\mod_wiki\\\\analytics\\\\indicator\\\\social_breadth\",\"\\\\mod_workshop\\\\analytics\\\\indicator\\\\cognitive_depth\",\"\\\\mod_workshop\\\\analytics\\\\indicator\\\\social_breadth\"]',NULL,NULL,1728145859,NULL,1728145859,1728145859,0),(2,1,1,NULL,'\\core_course\\analytics\\target\\no_teaching','[\"\\\\core_course\\\\analytics\\\\indicator\\\\no_teacher\",\"\\\\core_course\\\\analytics\\\\indicator\\\\no_student\"]','\\core\\analytics\\time_splitting\\single_range',NULL,1728145859,NULL,1728145859,1728145859,0),(3,1,1,NULL,'\\core_user\\analytics\\target\\upcoming_activities_due','[\"\\\\core_course\\\\analytics\\\\indicator\\\\activities_due\"]','\\core\\analytics\\time_splitting\\upcoming_week',NULL,1728145859,NULL,1728145859,1728145859,0),(4,1,1,NULL,'\\core_course\\analytics\\target\\no_access_since_course_start','[\"\\\\core\\\\analytics\\\\indicator\\\\any_course_access\"]','\\core\\analytics\\time_splitting\\one_month_after_start',NULL,1728145859,NULL,1728145859,1728145859,0),(5,1,1,NULL,'\\core_course\\analytics\\target\\no_recent_accesses','[\"\\\\core\\\\analytics\\\\indicator\\\\any_course_access\"]','\\core\\analytics\\time_splitting\\past_month',NULL,1728145859,NULL,1728145859,1728145859,0);

--
-- Table structure for table `mdl_analytics_models_log`
--

CREATE TABLE `mdl_analytics_models_log` (
  `id` bigint NOT NULL AUTO_INCREMENT,
  `modelid` bigint NOT NULL,
  `version` bigint NOT NULL,
  `evaluationmode` varchar(50) CHARACTER SET utf8mb4 COLLATE utf8mb4_0900_ai_ci NOT NULL DEFAULT '',
  `target` varchar(255) CHARACTER SET utf8mb4 COLLATE utf8mb4_0900_ai_ci NOT NULL DEFAULT '',
  `indicators` longtext CHARACTER SET utf8mb4 COLLATE utf8mb4_0900_ai_ci NOT NULL,
  `timesplitting` varchar(255) CHARACTER SET utf8mb4 COLLATE utf8mb4_0900_ai_ci DEFAULT NULL,
  `score` decimal(10,5) NOT NULL DEFAULT '0.00000',
  `info` longtext CHARACTER SET utf8mb4 COLLATE utf8mb4_0900_ai_ci,
  `dir` longtext CHARACTER SET utf8mb4 COLLATE utf8mb4_0900_ai_ci NOT NULL,
  `timecreated` bigint NOT NULL,
  `usermodified` bigint NOT NULL,
  PRIMARY KEY (`id`),
  KEY `mdl_analmodelog_mod_ix` (`modelid`),
  KEY `mdl_analmodelog_use_ix` (`usermodified`)
) ENGINE=InnoDB DEFAULT CHARSET=utf8mb4 COLLATE=utf8mb4_0900_ai_ci ROW_FORMAT=COMPRESSED COMMENT='Analytic models changes during evaluation.';

--
-- Dumping data for table `mdl_analytics_models_log`
--


--
-- Table structure for table `mdl_analytics_predict_samples`
--

CREATE TABLE `mdl_analytics_predict_samples` (
  `id` bigint NOT NULL AUTO_INCREMENT,
  `modelid` bigint NOT NULL,
  `analysableid` bigint NOT NULL,
  `timesplitting` varchar(255) CHARACTER SET utf8mb4 COLLATE utf8mb4_0900_ai_ci NOT NULL DEFAULT '',
  `rangeindex` bigint NOT NULL,
  `sampleids` longtext CHARACTER SET utf8mb4 COLLATE utf8mb4_0900_ai_ci NOT NULL,
  `timecreated` bigint NOT NULL DEFAULT '0',
  `timemodified` bigint NOT NULL DEFAULT '0',
  PRIMARY KEY (`id`),
  KEY `mdl_analpredsamp_modanatimr_ix` (`modelid`,`analysableid`,`timesplitting`,`rangeindex`),
  KEY `mdl_analpredsamp_mod_ix` (`modelid`)
) ENGINE=InnoDB DEFAULT CHARSET=utf8mb4 COLLATE=utf8mb4_0900_ai_ci ROW_FORMAT=COMPRESSED COMMENT='Samples already used for predictions.';

--
-- Dumping data for table `mdl_analytics_predict_samples`
--


--
-- Table structure for table `mdl_analytics_prediction_actions`
--

CREATE TABLE `mdl_analytics_prediction_actions` (
  `id` bigint NOT NULL AUTO_INCREMENT,
  `predictionid` bigint NOT NULL,
  `userid` bigint NOT NULL,
  `actionname` varchar(255) CHARACTER SET utf8mb4 COLLATE utf8mb4_0900_ai_ci NOT NULL DEFAULT '',
  `timecreated` bigint NOT NULL,
  PRIMARY KEY (`id`),
  KEY `mdl_analpredacti_preuseact_ix` (`predictionid`,`userid`,`actionname`),
  KEY `mdl_analpredacti_pre_ix` (`predictionid`),
  KEY `mdl_analpredacti_use_ix` (`userid`)
) ENGINE=InnoDB DEFAULT CHARSET=utf8mb4 COLLATE=utf8mb4_0900_ai_ci ROW_FORMAT=COMPRESSED COMMENT='Register of user actions over predictions.';

--
-- Dumping data for table `mdl_analytics_prediction_actions`
--


--
-- Table structure for table `mdl_analytics_predictions`
--

CREATE TABLE `mdl_analytics_predictions` (
  `id` bigint NOT NULL AUTO_INCREMENT,
  `modelid` bigint NOT NULL,
  `contextid` bigint NOT NULL,
  `sampleid` bigint NOT NULL,
  `rangeindex` mediumint NOT NULL,
  `prediction` decimal(10,2) NOT NULL,
  `predictionscore` decimal(10,5) NOT NULL,
  `calculations` longtext CHARACTER SET utf8mb4 COLLATE utf8mb4_0900_ai_ci NOT NULL,
  `timecreated` bigint NOT NULL DEFAULT '0',
  `timestart` bigint DEFAULT NULL,
  `timeend` bigint DEFAULT NULL,
  PRIMARY KEY (`id`),
  KEY `mdl_analpred_modcon_ix` (`modelid`,`contextid`),
  KEY `mdl_analpred_mod_ix` (`modelid`),
  KEY `mdl_analpred_con_ix` (`contextid`)
) ENGINE=InnoDB DEFAULT CHARSET=utf8mb4 COLLATE=utf8mb4_0900_ai_ci ROW_FORMAT=COMPRESSED COMMENT='Predictions';

--
-- Dumping data for table `mdl_analytics_predictions`
--


--
-- Table structure for table `mdl_analytics_train_samples`
--

CREATE TABLE `mdl_analytics_train_samples` (
  `id` bigint NOT NULL AUTO_INCREMENT,
  `modelid` bigint NOT NULL,
  `analysableid` bigint NOT NULL,
  `timesplitting` varchar(255) CHARACTER SET utf8mb4 COLLATE utf8mb4_0900_ai_ci NOT NULL DEFAULT '',
  `sampleids` longtext CHARACTER SET utf8mb4 COLLATE utf8mb4_0900_ai_ci NOT NULL,
  `timecreated` bigint NOT NULL DEFAULT '0',
  PRIMARY KEY (`id`),
  KEY `mdl_analtraisamp_modanatim_ix` (`modelid`,`analysableid`,`timesplitting`),
  KEY `mdl_analtraisamp_mod_ix` (`modelid`)
) ENGINE=InnoDB DEFAULT CHARSET=utf8mb4 COLLATE=utf8mb4_0900_ai_ci ROW_FORMAT=COMPRESSED COMMENT='Samples used for training';

--
-- Dumping data for table `mdl_analytics_train_samples`
--


--
-- Table structure for table `mdl_analytics_used_analysables`
--

CREATE TABLE `mdl_analytics_used_analysables` (
  `id` bigint NOT NULL AUTO_INCREMENT,
  `modelid` bigint NOT NULL,
  `action` varchar(50) CHARACTER SET utf8mb4 COLLATE utf8mb4_0900_ai_ci NOT NULL DEFAULT '',
  `analysableid` bigint NOT NULL,
  `firstanalysis` bigint NOT NULL,
  `timeanalysed` bigint NOT NULL,
  PRIMARY KEY (`id`),
  KEY `mdl_analusedanal_modact_ix` (`modelid`,`action`),
  KEY `mdl_analusedanal_ana_ix` (`analysableid`),
  KEY `mdl_analusedanal_mod_ix` (`modelid`)
) ENGINE=InnoDB AUTO_INCREMENT=2 DEFAULT CHARSET=utf8mb4 COLLATE=utf8mb4_0900_ai_ci ROW_FORMAT=COMPRESSED COMMENT='List of analysables used by each model';

--
-- Dumping data for table `mdl_analytics_used_analysables`
--

INSERT INTO `mdl_analytics_used_analysables` VALUES (1,2,'prediction',1,1730573148,1730573148);

--
-- Table structure for table `mdl_analytics_used_files`
--

CREATE TABLE `mdl_analytics_used_files` (
  `id` bigint NOT NULL AUTO_INCREMENT,
  `modelid` bigint NOT NULL DEFAULT '0',
  `fileid` bigint NOT NULL DEFAULT '0',
  `action` varchar(50) CHARACTER SET utf8mb4 COLLATE utf8mb4_0900_ai_ci NOT NULL DEFAULT '',
  `time` bigint NOT NULL DEFAULT '0',
  PRIMARY KEY (`id`),
  KEY `mdl_analusedfile_modactfil_ix` (`modelid`,`action`,`fileid`),
  KEY `mdl_analusedfile_mod_ix` (`modelid`),
  KEY `mdl_analusedfile_fil_ix` (`fileid`)
) ENGINE=InnoDB DEFAULT CHARSET=utf8mb4 COLLATE=utf8mb4_0900_ai_ci ROW_FORMAT=COMPRESSED COMMENT='Files that have already been used for training and predictio';

--
-- Dumping data for table `mdl_analytics_used_files`
--


--
-- Table structure for table `mdl_assign`
--

CREATE TABLE `mdl_assign` (
  `id` bigint NOT NULL AUTO_INCREMENT,
  `course` bigint NOT NULL DEFAULT '0',
  `name` varchar(255) CHARACTER SET utf8mb4 COLLATE utf8mb4_0900_ai_ci NOT NULL DEFAULT '',
  `intro` longtext CHARACTER SET utf8mb4 COLLATE utf8mb4_0900_ai_ci NOT NULL,
  `introformat` smallint NOT NULL DEFAULT '0',
  `alwaysshowdescription` tinyint NOT NULL DEFAULT '0',
  `nosubmissions` tinyint NOT NULL DEFAULT '0',
  `submissiondrafts` tinyint NOT NULL DEFAULT '0',
  `sendnotifications` tinyint NOT NULL DEFAULT '0',
  `sendlatenotifications` tinyint NOT NULL DEFAULT '0',
  `duedate` bigint NOT NULL DEFAULT '0',
  `allowsubmissionsfromdate` bigint NOT NULL DEFAULT '0',
  `grade` bigint NOT NULL DEFAULT '0',
  `timemodified` bigint NOT NULL DEFAULT '0',
  `requiresubmissionstatement` tinyint NOT NULL DEFAULT '0',
  `completionsubmit` tinyint NOT NULL DEFAULT '0',
  `cutoffdate` bigint NOT NULL DEFAULT '0',
  `gradingduedate` bigint NOT NULL DEFAULT '0',
  `teamsubmission` tinyint NOT NULL DEFAULT '0',
  `requireallteammemberssubmit` tinyint NOT NULL DEFAULT '0',
  `teamsubmissiongroupingid` bigint NOT NULL DEFAULT '0',
  `blindmarking` tinyint NOT NULL DEFAULT '0',
  `hidegrader` tinyint NOT NULL DEFAULT '0',
  `revealidentities` tinyint NOT NULL DEFAULT '0',
  `attemptreopenmethod` varchar(10) CHARACTER SET utf8mb4 COLLATE utf8mb4_0900_ai_ci NOT NULL DEFAULT 'untilpass',
  `maxattempts` mediumint NOT NULL DEFAULT '1',
  `markingworkflow` tinyint NOT NULL DEFAULT '0',
  `markingallocation` tinyint NOT NULL DEFAULT '0',
  `markinganonymous` tinyint NOT NULL DEFAULT '0',
  `sendstudentnotifications` tinyint NOT NULL DEFAULT '1',
  `preventsubmissionnotingroup` tinyint NOT NULL DEFAULT '0',
  `activity` longtext CHARACTER SET utf8mb4 COLLATE utf8mb4_0900_ai_ci,
  `activityformat` smallint NOT NULL DEFAULT '0',
  `timelimit` bigint NOT NULL DEFAULT '0',
  `submissionattachments` tinyint NOT NULL DEFAULT '0',
  `gradepenalty` tinyint NOT NULL DEFAULT '0',
  PRIMARY KEY (`id`),
  KEY `mdl_assi_cou_ix` (`course`),
  KEY `mdl_assi_tea_ix` (`teamsubmissiongroupingid`),
  KEY `mdl_assi_gra_ix` (`gradepenalty`)
) ENGINE=InnoDB DEFAULT CHARSET=utf8mb4 COLLATE=utf8mb4_0900_ai_ci ROW_FORMAT=COMPRESSED COMMENT='This table saves information about an instance of mod_assign';

--
-- Dumping data for table `mdl_assign`
--


--
-- Table structure for table `mdl_assign_grades`
--

CREATE TABLE `mdl_assign_grades` (
  `id` bigint NOT NULL AUTO_INCREMENT,
  `assignment` bigint NOT NULL DEFAULT '0',
  `userid` bigint NOT NULL DEFAULT '0',
  `timecreated` bigint NOT NULL DEFAULT '0',
  `timemodified` bigint NOT NULL DEFAULT '0',
  `grader` bigint NOT NULL DEFAULT '0',
  `grade` decimal(10,5) DEFAULT '0.00000',
  `penalty` decimal(10,5) NOT NULL DEFAULT '0.00000',
  `attemptnumber` bigint NOT NULL DEFAULT '0',
  PRIMARY KEY (`id`),
  UNIQUE KEY `mdl_assigrad_assuseatt_uix` (`assignment`,`userid`,`attemptnumber`),
  KEY `mdl_assigrad_use_ix` (`userid`),
  KEY `mdl_assigrad_att_ix` (`attemptnumber`),
  KEY `mdl_assigrad_ass_ix` (`assignment`)
) ENGINE=InnoDB DEFAULT CHARSET=utf8mb4 COLLATE=utf8mb4_0900_ai_ci ROW_FORMAT=COMPRESSED COMMENT='Grading information about a single assignment submission.';

--
-- Dumping data for table `mdl_assign_grades`
--


--
-- Table structure for table `mdl_assign_overrides`
--

CREATE TABLE `mdl_assign_overrides` (
  `id` bigint NOT NULL AUTO_INCREMENT,
  `assignid` bigint NOT NULL DEFAULT '0',
  `groupid` bigint DEFAULT NULL,
  `userid` bigint DEFAULT NULL,
  `sortorder` bigint DEFAULT NULL,
  `allowsubmissionsfromdate` bigint DEFAULT NULL,
  `duedate` bigint DEFAULT NULL,
  `cutoffdate` bigint DEFAULT NULL,
  `timelimit` bigint DEFAULT NULL,
  PRIMARY KEY (`id`),
  KEY `mdl_assiover_ass_ix` (`assignid`),
  KEY `mdl_assiover_gro_ix` (`groupid`),
  KEY `mdl_assiover_use_ix` (`userid`)
) ENGINE=InnoDB DEFAULT CHARSET=utf8mb4 COLLATE=utf8mb4_0900_ai_ci ROW_FORMAT=COMPRESSED COMMENT='The overrides to assign settings.';

--
-- Dumping data for table `mdl_assign_overrides`
--


--
-- Table structure for table `mdl_assign_plugin_config`
--

CREATE TABLE `mdl_assign_plugin_config` (
  `id` bigint NOT NULL AUTO_INCREMENT,
  `assignment` bigint NOT NULL DEFAULT '0',
  `plugin` varchar(28) CHARACTER SET utf8mb4 COLLATE utf8mb4_0900_ai_ci NOT NULL DEFAULT '',
  `subtype` varchar(28) CHARACTER SET utf8mb4 COLLATE utf8mb4_0900_ai_ci NOT NULL DEFAULT '',
  `name` varchar(28) CHARACTER SET utf8mb4 COLLATE utf8mb4_0900_ai_ci NOT NULL DEFAULT '',
  `value` longtext CHARACTER SET utf8mb4 COLLATE utf8mb4_0900_ai_ci,
  PRIMARY KEY (`id`),
  KEY `mdl_assiplugconf_plu_ix` (`plugin`),
  KEY `mdl_assiplugconf_sub_ix` (`subtype`),
  KEY `mdl_assiplugconf_nam_ix` (`name`),
  KEY `mdl_assiplugconf_ass_ix` (`assignment`)
) ENGINE=InnoDB DEFAULT CHARSET=utf8mb4 COLLATE=utf8mb4_0900_ai_ci ROW_FORMAT=COMPRESSED COMMENT='Config data for an instance of a plugin in an assignment.';

--
-- Dumping data for table `mdl_assign_plugin_config`
--


--
-- Table structure for table `mdl_assign_submission`
--

CREATE TABLE `mdl_assign_submission` (
  `id` bigint NOT NULL AUTO_INCREMENT,
  `assignment` bigint NOT NULL DEFAULT '0',
  `userid` bigint NOT NULL DEFAULT '0',
  `timecreated` bigint NOT NULL DEFAULT '0',
  `timemodified` bigint NOT NULL DEFAULT '0',
  `timestarted` bigint DEFAULT NULL,
  `status` varchar(10) CHARACTER SET utf8mb4 COLLATE utf8mb4_0900_ai_ci DEFAULT NULL,
  `groupid` bigint NOT NULL DEFAULT '0',
  `attemptnumber` bigint NOT NULL DEFAULT '0',
  `latest` tinyint NOT NULL DEFAULT '0',
  PRIMARY KEY (`id`),
  UNIQUE KEY `mdl_assisubm_assusegroatt_uix` (`assignment`,`userid`,`groupid`,`attemptnumber`),
  KEY `mdl_assisubm_use_ix` (`userid`),
  KEY `mdl_assisubm_att_ix` (`attemptnumber`),
  KEY `mdl_assisubm_assusegrolat_ix` (`assignment`,`userid`,`groupid`,`latest`),
  KEY `mdl_assisubm_ass_ix` (`assignment`)
) ENGINE=InnoDB DEFAULT CHARSET=utf8mb4 COLLATE=utf8mb4_0900_ai_ci ROW_FORMAT=COMPRESSED COMMENT='This table keeps information about student interactions with';

--
-- Dumping data for table `mdl_assign_submission`
--


--
-- Table structure for table `mdl_assign_user_flags`
--

CREATE TABLE `mdl_assign_user_flags` (
  `id` bigint NOT NULL AUTO_INCREMENT,
  `userid` bigint NOT NULL DEFAULT '0',
  `assignment` bigint NOT NULL DEFAULT '0',
  `locked` bigint NOT NULL DEFAULT '0',
  `mailed` smallint NOT NULL DEFAULT '0',
  `extensionduedate` bigint NOT NULL DEFAULT '0',
  `workflowstate` varchar(20) CHARACTER SET utf8mb4 COLLATE utf8mb4_0900_ai_ci DEFAULT NULL,
  `allocatedmarker` bigint NOT NULL DEFAULT '0',
  PRIMARY KEY (`id`),
  KEY `mdl_assiuserflag_mai_ix` (`mailed`),
  KEY `mdl_assiuserflag_use_ix` (`userid`),
  KEY `mdl_assiuserflag_ass_ix` (`assignment`)
) ENGINE=InnoDB DEFAULT CHARSET=utf8mb4 COLLATE=utf8mb4_0900_ai_ci ROW_FORMAT=COMPRESSED COMMENT='List of flags that can be set for a single user in a single ';

--
-- Dumping data for table `mdl_assign_user_flags`
--


--
-- Table structure for table `mdl_assign_user_mapping`
--

CREATE TABLE `mdl_assign_user_mapping` (
  `id` bigint NOT NULL AUTO_INCREMENT,
  `assignment` bigint NOT NULL DEFAULT '0',
  `userid` bigint NOT NULL DEFAULT '0',
  PRIMARY KEY (`id`),
  KEY `mdl_assiusermapp_ass_ix` (`assignment`),
  KEY `mdl_assiusermapp_use_ix` (`userid`)
) ENGINE=InnoDB DEFAULT CHARSET=utf8mb4 COLLATE=utf8mb4_0900_ai_ci ROW_FORMAT=COMPRESSED COMMENT='Map an assignment specific id number to a user';

--
-- Dumping data for table `mdl_assign_user_mapping`
--


--
-- Table structure for table `mdl_assignfeedback_comments`
--

CREATE TABLE `mdl_assignfeedback_comments` (
  `id` bigint NOT NULL AUTO_INCREMENT,
  `assignment` bigint NOT NULL DEFAULT '0',
  `grade` bigint NOT NULL DEFAULT '0',
  `commenttext` longtext CHARACTER SET utf8mb4 COLLATE utf8mb4_0900_ai_ci,
  `commentformat` smallint NOT NULL DEFAULT '0',
  PRIMARY KEY (`id`),
  KEY `mdl_assicomm_ass_ix` (`assignment`),
  KEY `mdl_assicomm_gra_ix` (`grade`)
) ENGINE=InnoDB DEFAULT CHARSET=utf8mb4 COLLATE=utf8mb4_0900_ai_ci ROW_FORMAT=COMPRESSED COMMENT='Text feedback for submitted assignments';

--
-- Dumping data for table `mdl_assignfeedback_comments`
--


--
-- Table structure for table `mdl_assignfeedback_editpdf_annot`
--

CREATE TABLE `mdl_assignfeedback_editpdf_annot` (
  `id` bigint NOT NULL AUTO_INCREMENT,
  `gradeid` bigint NOT NULL DEFAULT '0',
  `pageno` bigint NOT NULL DEFAULT '0',
  `x` bigint DEFAULT '0',
  `y` bigint DEFAULT '0',
  `endx` bigint DEFAULT '0',
  `endy` bigint DEFAULT '0',
  `path` longtext CHARACTER SET utf8mb4 COLLATE utf8mb4_0900_ai_ci,
  `type` varchar(10) CHARACTER SET utf8mb4 COLLATE utf8mb4_0900_ai_ci DEFAULT 'line',
  `colour` varchar(10) CHARACTER SET utf8mb4 COLLATE utf8mb4_0900_ai_ci DEFAULT 'black',
  `draft` tinyint NOT NULL DEFAULT '1',
  PRIMARY KEY (`id`),
  KEY `mdl_assieditanno_grapag_ix` (`gradeid`,`pageno`),
  KEY `mdl_assieditanno_gra_ix` (`gradeid`)
) ENGINE=InnoDB DEFAULT CHARSET=utf8mb4 COLLATE=utf8mb4_0900_ai_ci ROW_FORMAT=COMPRESSED COMMENT='stores annotations added to pdfs submitted by students';

--
-- Dumping data for table `mdl_assignfeedback_editpdf_annot`
--


--
-- Table structure for table `mdl_assignfeedback_editpdf_cmnt`
--

CREATE TABLE `mdl_assignfeedback_editpdf_cmnt` (
  `id` bigint NOT NULL AUTO_INCREMENT,
  `gradeid` bigint NOT NULL DEFAULT '0',
  `x` bigint DEFAULT '0',
  `y` bigint DEFAULT '0',
  `width` bigint DEFAULT '120',
  `rawtext` longtext CHARACTER SET utf8mb4 COLLATE utf8mb4_0900_ai_ci,
  `pageno` bigint NOT NULL DEFAULT '0',
  `colour` varchar(10) CHARACTER SET utf8mb4 COLLATE utf8mb4_0900_ai_ci DEFAULT 'black',
  `draft` tinyint NOT NULL DEFAULT '1',
  PRIMARY KEY (`id`),
  KEY `mdl_assieditcmnt_grapag_ix` (`gradeid`,`pageno`),
  KEY `mdl_assieditcmnt_gra_ix` (`gradeid`)
) ENGINE=InnoDB DEFAULT CHARSET=utf8mb4 COLLATE=utf8mb4_0900_ai_ci ROW_FORMAT=COMPRESSED COMMENT='Stores comments added to pdfs';

--
-- Dumping data for table `mdl_assignfeedback_editpdf_cmnt`
--


--
-- Table structure for table `mdl_assignfeedback_editpdf_quick`
--

CREATE TABLE `mdl_assignfeedback_editpdf_quick` (
  `id` bigint NOT NULL AUTO_INCREMENT,
  `userid` bigint NOT NULL DEFAULT '0',
  `rawtext` longtext CHARACTER SET utf8mb4 COLLATE utf8mb4_0900_ai_ci NOT NULL,
  `width` bigint NOT NULL DEFAULT '120',
  `colour` varchar(10) CHARACTER SET utf8mb4 COLLATE utf8mb4_0900_ai_ci DEFAULT 'yellow',
  PRIMARY KEY (`id`),
  KEY `mdl_assieditquic_use_ix` (`userid`)
) ENGINE=InnoDB DEFAULT CHARSET=utf8mb4 COLLATE=utf8mb4_0900_ai_ci ROW_FORMAT=COMPRESSED COMMENT='Stores teacher specified quicklist comments';

--
-- Dumping data for table `mdl_assignfeedback_editpdf_quick`
--


--
-- Table structure for table `mdl_assignfeedback_editpdf_rot`
--

CREATE TABLE `mdl_assignfeedback_editpdf_rot` (
  `id` bigint NOT NULL AUTO_INCREMENT,
  `gradeid` bigint NOT NULL DEFAULT '0',
  `pageno` bigint NOT NULL DEFAULT '0',
  `pathnamehash` longtext CHARACTER SET utf8mb4 COLLATE utf8mb4_0900_ai_ci NOT NULL,
  `isrotated` tinyint(1) NOT NULL DEFAULT '0',
  `degree` bigint NOT NULL DEFAULT '0',
  PRIMARY KEY (`id`),
  UNIQUE KEY `mdl_assieditrot_grapag_uix` (`gradeid`,`pageno`),
  KEY `mdl_assieditrot_gra_ix` (`gradeid`)
) ENGINE=InnoDB DEFAULT CHARSET=utf8mb4 COLLATE=utf8mb4_0900_ai_ci ROW_FORMAT=COMPRESSED COMMENT='Stores rotation information of a page.';

--
-- Dumping data for table `mdl_assignfeedback_editpdf_rot`
--


--
-- Table structure for table `mdl_assignfeedback_file`
--

CREATE TABLE `mdl_assignfeedback_file` (
  `id` bigint NOT NULL AUTO_INCREMENT,
  `assignment` bigint NOT NULL DEFAULT '0',
  `grade` bigint NOT NULL DEFAULT '0',
  `numfiles` bigint NOT NULL DEFAULT '0',
  PRIMARY KEY (`id`),
  KEY `mdl_assifile_ass2_ix` (`assignment`),
  KEY `mdl_assifile_gra_ix` (`grade`)
) ENGINE=InnoDB DEFAULT CHARSET=utf8mb4 COLLATE=utf8mb4_0900_ai_ci ROW_FORMAT=COMPRESSED COMMENT='Stores info about the number of files submitted by a student';

--
-- Dumping data for table `mdl_assignfeedback_file`
--


--
-- Table structure for table `mdl_assignsubmission_file`
--

CREATE TABLE `mdl_assignsubmission_file` (
  `id` bigint NOT NULL AUTO_INCREMENT,
  `assignment` bigint NOT NULL DEFAULT '0',
  `submission` bigint NOT NULL DEFAULT '0',
  `numfiles` bigint NOT NULL DEFAULT '0',
  PRIMARY KEY (`id`),
  KEY `mdl_assifile_ass_ix` (`assignment`),
  KEY `mdl_assifile_sub_ix` (`submission`)
) ENGINE=InnoDB DEFAULT CHARSET=utf8mb4 COLLATE=utf8mb4_0900_ai_ci ROW_FORMAT=COMPRESSED COMMENT='Info about file submissions for assignments';

--
-- Dumping data for table `mdl_assignsubmission_file`
--


--
-- Table structure for table `mdl_assignsubmission_onlinetext`
--

CREATE TABLE `mdl_assignsubmission_onlinetext` (
  `id` bigint NOT NULL AUTO_INCREMENT,
  `assignment` bigint NOT NULL DEFAULT '0',
  `submission` bigint NOT NULL DEFAULT '0',
  `onlinetext` longtext CHARACTER SET utf8mb4 COLLATE utf8mb4_0900_ai_ci,
  `onlineformat` smallint NOT NULL DEFAULT '0',
  PRIMARY KEY (`id`),
  KEY `mdl_assionli_ass_ix` (`assignment`),
  KEY `mdl_assionli_sub_ix` (`submission`)
) ENGINE=InnoDB DEFAULT CHARSET=utf8mb4 COLLATE=utf8mb4_0900_ai_ci ROW_FORMAT=COMPRESSED COMMENT='Info about onlinetext submission';

--
-- Dumping data for table `mdl_assignsubmission_onlinetext`
--


--
-- Table structure for table `mdl_auth_lti_linked_login`
--

CREATE TABLE `mdl_auth_lti_linked_login` (
  `id` bigint NOT NULL AUTO_INCREMENT,
  `userid` bigint NOT NULL,
  `issuer` longtext CHARACTER SET utf8mb4 COLLATE utf8mb4_0900_ai_ci NOT NULL,
  `issuer256` varchar(64) CHARACTER SET utf8mb4 COLLATE utf8mb4_0900_ai_ci NOT NULL DEFAULT '',
  `sub` varchar(255) CHARACTER SET utf8mb4 COLLATE utf8mb4_0900_ai_ci NOT NULL DEFAULT '',
  `sub256` varchar(64) CHARACTER SET utf8mb4 COLLATE utf8mb4_0900_ai_ci NOT NULL DEFAULT '',
  `timecreated` bigint NOT NULL,
  `timemodified` bigint NOT NULL,
  PRIMARY KEY (`id`),
  UNIQUE KEY `mdl_authltilinklogi_useiss_uix` (`userid`,`issuer256`,`sub256`),
  KEY `mdl_authltilinklogi_use_ix` (`userid`)
) ENGINE=InnoDB DEFAULT CHARSET=utf8mb4 COLLATE=utf8mb4_0900_ai_ci ROW_FORMAT=COMPRESSED COMMENT='Accounts linked to a users Moodle account.';

--
-- Dumping data for table `mdl_auth_lti_linked_login`
--


--
-- Table structure for table `mdl_auth_oauth2_linked_login`
--

CREATE TABLE `mdl_auth_oauth2_linked_login` (
  `id` bigint NOT NULL AUTO_INCREMENT,
  `timecreated` bigint NOT NULL,
  `timemodified` bigint NOT NULL,
  `usermodified` bigint NOT NULL,
  `userid` bigint NOT NULL,
  `issuerid` bigint NOT NULL,
  `username` varchar(255) CHARACTER SET utf8mb4 COLLATE utf8mb4_0900_ai_ci NOT NULL DEFAULT '',
  `email` longtext CHARACTER SET utf8mb4 COLLATE utf8mb4_0900_ai_ci NOT NULL,
  `confirmtoken` varchar(64) CHARACTER SET utf8mb4 COLLATE utf8mb4_0900_ai_ci NOT NULL DEFAULT '',
  `confirmtokenexpires` bigint DEFAULT NULL,
  PRIMARY KEY (`id`),
  UNIQUE KEY `mdl_authoautlinklogi_useis_uix` (`userid`,`issuerid`,`username`),
  KEY `mdl_authoautlinklogi_issuse_ix` (`issuerid`,`username`),
  KEY `mdl_authoautlinklogi_use_ix` (`usermodified`),
  KEY `mdl_authoautlinklogi_use2_ix` (`userid`),
  KEY `mdl_authoautlinklogi_iss_ix` (`issuerid`)
) ENGINE=InnoDB DEFAULT CHARSET=utf8mb4 COLLATE=utf8mb4_0900_ai_ci ROW_FORMAT=COMPRESSED COMMENT='Accounts linked to a users Moodle account.';

--
-- Dumping data for table `mdl_auth_oauth2_linked_login`
--


--
-- Table structure for table `mdl_backup_controllers`
--

CREATE TABLE `mdl_backup_controllers` (
  `id` bigint NOT NULL AUTO_INCREMENT,
  `backupid` varchar(32) CHARACTER SET utf8mb4 COLLATE utf8mb4_0900_ai_ci NOT NULL DEFAULT '',
  `operation` varchar(20) CHARACTER SET utf8mb4 COLLATE utf8mb4_0900_ai_ci NOT NULL DEFAULT 'backup',
  `type` varchar(10) CHARACTER SET utf8mb4 COLLATE utf8mb4_0900_ai_ci NOT NULL DEFAULT '',
  `itemid` bigint NOT NULL,
  `format` varchar(20) CHARACTER SET utf8mb4 COLLATE utf8mb4_0900_ai_ci NOT NULL DEFAULT '',
  `interactive` smallint NOT NULL,
  `purpose` smallint NOT NULL,
  `userid` bigint NOT NULL,
  `status` smallint NOT NULL,
  `execution` smallint NOT NULL,
  `executiontime` bigint NOT NULL,
  `checksum` varchar(32) CHARACTER SET utf8mb4 COLLATE utf8mb4_0900_ai_ci NOT NULL DEFAULT '',
  `timecreated` bigint NOT NULL,
  `timemodified` bigint NOT NULL,
  `progress` decimal(15,14) NOT NULL DEFAULT '0.00000000000000',
  `controller` longtext CHARACTER SET utf8mb4 COLLATE utf8mb4_0900_ai_ci NOT NULL,
  PRIMARY KEY (`id`),
  UNIQUE KEY `mdl_backcont_bac_uix` (`backupid`),
  KEY `mdl_backcont_typite_ix` (`type`,`itemid`),
  KEY `mdl_backcont_useite_ix` (`userid`,`itemid`),
  KEY `mdl_backcont_use_ix` (`userid`)
) ENGINE=InnoDB AUTO_INCREMENT=215 DEFAULT CHARSET=utf8mb4 COLLATE=utf8mb4_0900_ai_ci ROW_FORMAT=COMPRESSED COMMENT='To store the backup_controllers as they are used';

--
-- Dumping data for table `mdl_backup_controllers`
--

INSERT INTO `mdl_backup_controllers` VALUES (103,'bef96a7088f196553ac501e251a2a582','backup','activity',1,'moodle2',0,50,2,1000,1,0,'dda92859f1bd508763e6dc64550aac29',1755155307,1755155307,0.00000000000000,''),(104,'c8b80882ca3c27a832b57d44acd3f671','backup','activity',8,'moodle2',0,50,2,1000,1,0,'df81c81a73e85a219204e8bb71b064e0',1755155307,1755155308,0.00000000000000,''),(105,'e2b581530f226473eaa1755ef0c0d59e','backup','activity',11,'moodle2',0,50,2,1000,1,0,'71097b1db44f509f13c1f12ae5fc3b8c',1755155308,1755155309,0.00000000000000,''),(106,'214674adcaeb10b4a20175dfe2607afe','backup','activity',12,'moodle2',0,50,2,1000,1,0,'afb3a5957235b4e091d10de959825a51',1755155309,1755155310,0.00000000000000,''),(107,'57b94de25b957181b13dad544ca31660','backup','activity',14,'moodle2',0,50,2,1000,1,0,'db74dd91b8d436ae1ce85ab7d21b5d9c',1755155310,1755155310,0.00000000000000,''),(108,'4d3004285bd7470e51ef886f6d58ff34','backup','activity',13,'moodle2',0,50,2,1000,1,0,'56ffb2f062fe8a211bf9523eb13c1457',1755155310,1755155311,0.00000000000000,''),(109,'2bc698b01a6cdc3902dd5d713c30ff06','backup','activity',2,'moodle2',0,50,2,1000,1,0,'c0db4b42ec2d3d5811c3f1a9b5554053',1755155311,1755155311,0.00000000000000,''),(110,'77865f216ac58851c79b11de897cbf5a','backup','activity',9,'moodle2',0,50,2,1000,1,0,'3a1e0683230f2c48e7d47feb7770ab9b',1755155311,1755155312,0.00000000000000,''),(111,'5cc2ed5b46e88bf7fed7ed7c12ed07cc','backup','activity',16,'moodle2',0,50,2,1000,1,0,'228be19c7b747be47e2d4eb13649b36f',1755155312,1755155312,0.00000000000000,''),(112,'79d3783ab5d64ef3055cd1deb2e416ce','backup','activity',3,'moodle2',0,50,2,1000,1,0,'bb4951814177f3ef703a444b963a5625',1755155313,1755155313,0.00000000000000,''),(113,'75ee424102c2fe9db8241ce37dce73cf','backup','activity',5,'moodle2',0,50,2,1000,1,0,'f3a49b504a9b48c2926eb10294ca16ac',1755155313,1755155313,0.00000000000000,''),(114,'c718e8df8681414f69c12b0e753d3578','backup','activity',4,'moodle2',0,50,2,1000,1,0,'7715462f69ba33fbfba5aae89866cd84',1755155313,1755155314,0.00000000000000,''),(115,'f0e3833a5418652904c4a50211398e20','backup','activity',18,'moodle2',0,50,2,1000,1,0,'3ab64f4d5000fe0429a02fa49d7db643',1755155314,1755155314,0.00000000000000,''),(116,'462cddf57049ecfc40751bbfb32af552','backup','activity',19,'moodle2',0,50,2,1000,1,0,'c9699715ef93d94649f8e6ee2b9d9622',1755155315,1755155316,0.00000000000000,''),(117,'2654aa55c41ed88ddd315d37965e1293','backup','activity',20,'moodle2',0,50,2,1000,1,0,'2b398d138abbd2b74f1bf3770006e845',1755155316,1755155316,0.00000000000000,''),(118,'63d44be5962cc10821da5baeeea03786','backup','activity',21,'moodle2',0,50,2,1000,1,0,'1fde929c851a85e707ac780c1333dcf7',1755155317,1755155317,0.00000000000000,''),(119,'59f9cdaabcf9600009f0236c4b36044b','backup','activity',23,'moodle2',0,50,2,1000,1,0,'2adf25a5b3cc18c593e2ae3d3c9fec35',1755155317,1755155318,0.00000000000000,''),(120,'1b558feb07d187cf71b68c17340f599a','backup','activity',22,'moodle2',0,50,2,1000,1,0,'982cb6892e44e6626094d4d497014f59',1755155318,1755155318,0.00000000000000,''),(121,'10e0bc63245c94ea7348a8c5aa7c35a2','backup','activity',17,'moodle2',0,50,2,1000,1,0,'edd8422944bb4c8bdf2c817fb7ea7744',1755155318,1755155319,0.00000000000000,''),(122,'f7b23ba93c870cf0007f88732e1b65da','backup','activity',24,'moodle2',0,50,2,1000,1,0,'2e8e7b09939163c14babbd5d787b08b2',1755155319,1755155319,0.00000000000000,''),(123,'a1e5f47128db437571e1ea71f2eb74c9','backup','activity',25,'moodle2',0,50,2,1000,1,0,'9b346edee75b3ca04347274966ec519a',1755155320,1755155320,0.00000000000000,''),(124,'ce7d03f8ecb98e31ef0610248425e21c','backup','activity',26,'moodle2',0,50,2,1000,1,0,'4270b2613ded927d574f997150d3796a',1755155321,1755155321,0.00000000000000,''),(125,'8d0f567f4e542a99950682a75bb8fa80','backup','activity',27,'moodle2',0,50,2,1000,1,0,'6e1e38f3bdc53f1cd026645cb6dfddf3',1755155322,1755155322,0.00000000000000,''),(126,'cbbec254819dbce38781e85fbf5bee08','backup','activity',36,'moodle2',0,50,2,1000,1,0,'d27ae84a12da716a882076e1244ff158',1755155323,1755155323,0.00000000000000,''),(127,'aa5e73b7ec3ea5f5e0cf859d1ad5b6c9','backup','activity',32,'moodle2',0,50,2,1000,1,0,'ecf88f63ea8ae837f009a7cd334657f5',1755155323,1755155324,0.00000000000000,''),(128,'0a9da20fd26537cc0b2885af4100c821','backup','activity',33,'moodle2',0,50,2,1000,1,0,'01ddaf87c19fe7168ecf03a0845dc9b2',1755155324,1755155324,0.00000000000000,''),(129,'9f147d9f6d5c4e3d90554c2116364ba0','backup','activity',35,'moodle2',0,50,2,1000,1,0,'9f438965edfedfe5224d8340da740fb4',1755155325,1755155325,0.00000000000000,''),(130,'930eccaa6778185b610cc183b2d15fa8','backup','activity',34,'moodle2',0,50,2,1000,1,0,'4e3794573a4ffa5db749f81a55f374ed',1755155325,1755155326,0.00000000000000,''),(131,'5c1350b5ce95153b774bb8b6b49918a4','backup','activity',49,'moodle2',0,50,2,1000,1,0,'9b28c079b5955ba6c1448f8cc821c08d',1755155326,1755155327,0.00000000000000,''),(132,'e8259a5a1753f33d75a9bc32ed6d5db6','backup','activity',53,'moodle2',0,50,2,1000,1,0,'16e5961b7d07a371232789740daaff8f',1755155327,1755155328,0.00000000000000,''),(133,'db2441c813f0be3932f223378888233b','backup','activity',55,'moodle2',0,50,2,1000,1,0,'bb48d86a8050a3adf594fe6096da80f2',1755155328,1755155329,0.00000000000000,''),(134,'55eea342072252b44e60a3f5c19229a3','backup','activity',54,'moodle2',0,50,2,1000,1,0,'245b0e7783e3dcf33f2f69ed2b4a9275',1755155329,1755155330,0.00000000000000,''),(135,'b49ae49a0da9cc6972d2b65541f67bcb','backup','activity',57,'moodle2',0,50,2,1000,1,0,'6810a8d0f5d3af048cbb9754c29924bb',1755155330,1755155331,0.00000000000000,''),(136,'df7ab3662f0fb12a3f34f3d9cf2797c3','backup','activity',28,'moodle2',0,50,2,1000,1,0,'36dc35d21eea4a50db865c486e373f9b',1755155331,1755155332,0.00000000000000,''),(137,'84f670f13e894d013337887f268d1210','backup','activity',41,'moodle2',0,50,2,1000,1,0,'62e61ae6841ab978c1b0f8c7d369a0f5',1755155332,1755155333,0.00000000000000,''),(138,'e184f33e9dc2a8c151f240de051f0eff','backup','activity',66,'moodle2',0,50,2,1000,1,0,'edc9254a3893ad2d698dfea70fdb4b09',1755155333,1755155334,0.00000000000000,''),(139,'d11ea81b1cabb7f92ea2b20d5ddc0884','backup','activity',67,'moodle2',0,50,2,1000,1,0,'93528c810c801d389aa234daaca36c0f',1755155334,1755155335,0.00000000000000,''),(140,'fe36cd84518813eceffd562041164689','backup','activity',69,'moodle2',0,50,2,1000,1,0,'673164f7aa672039c226b16e081f2d5a',1755155335,1755155335,0.00000000000000,''),(141,'8a1cf890e2cc198bd3cc449612068521','backup','activity',31,'moodle2',0,50,2,1000,1,0,'94076ce8b3e15ee81f7937782da01624',1755155336,1755155337,0.00000000000000,''),(142,'229484da24bb6d291641836cfa849381','backup','activity',30,'moodle2',0,50,2,1000,1,0,'775b729366a65b7da9e33d62a88cb0db',1755155337,1755155337,0.00000000000000,''),(143,'61876909423bdf0a4ce0c9334b80c97a','backup','activity',40,'moodle2',0,50,2,1000,1,0,'0e23fba6eec4fcfb1f0931d5b89bb0f1',1755155338,1755155338,0.00000000000000,''),(144,'18e0d4db9d62879c9093b910322fcda4','backup','activity',38,'moodle2',0,50,2,1000,1,0,'b10efcde1cf6292dac8b88165654e41d',1755155339,1755155339,0.00000000000000,''),(145,'85a0c6dd39bcf16b13b7bd56b26f1fd0','backup','activity',100,'moodle2',0,50,2,1000,1,0,'a056ed5c35273d53ebb7a70efd7b347f',1755155341,1755155341,0.00000000000000,''),(146,'3c9e8953bfe4f297a898f560d166c603','backup','activity',107,'moodle2',0,50,2,1000,1,0,'68e57cc310a23d643819c2c884756ef0',1755155342,1755155342,0.00000000000000,''),(147,'d09172bdcae6cb2349a3d9b64f086e11','backup','activity',106,'moodle2',0,50,2,1000,1,0,'eced2df167d615da0be955043ecf4379',1755155342,1755155342,0.00000000000000,''),(148,'4d13b0a709ea82063dd16d6391fbd6b7','backup','activity',105,'moodle2',0,50,2,1000,1,0,'ba4d1df7d9703c82085b09ffb85ac8b2',1755155343,1755155343,0.00000000000000,''),(149,'3f77e8e6b9f39910eb83e4984fb554c1','backup','activity',110,'moodle2',0,50,2,1000,1,0,'423badd88cc666a187658bde70c4fa73',1755155343,1755155343,0.00000000000000,''),(150,'56cceed5bfbd193bccd5d985d6cdfc8f','backup','activity',104,'moodle2',0,50,2,1000,1,0,'643ce77d223d480c41ca113d64a4e724',1755155343,1755155344,0.00000000000000,''),(151,'48bb11951e82ae3693a633138a7bc151','backup','activity',117,'moodle2',0,50,2,1000,1,0,'e0ca9a4cb12e74648112c22792b12e45',1755155344,1755155344,0.00000000000000,''),(152,'78ed3db32594549a2616b9cb919e28b3','backup','activity',123,'moodle2',0,50,2,1000,1,0,'636e2d5bf140fa5356a8ee138b4eaa1c',1755155345,1755155345,0.00000000000000,''),(153,'cc67d0955e95b1ab0cc3e4d2388d25d9','backup','activity',114,'moodle2',0,50,2,1000,1,0,'6848727eb47c3cb4142a0136600174de',1755155346,1755155346,0.00000000000000,''),(154,'dd84238ab6c54267bcbad9648dc5354b','backup','activity',112,'moodle2',0,50,2,1000,1,0,'780963efe703e623529db7300b1312f6',1755155346,1755155347,0.00000000000000,''),(155,'e439b83f5b9efbe037ee7330b67b0d6b','backup','activity',115,'moodle2',0,50,2,1000,1,0,'923e0e3a1c360c4e8b0a17694d5f1bb5',1755155347,1755155347,0.00000000000000,''),(156,'f5b4c0c47489c3d0d230e936c8407d41','backup','activity',119,'moodle2',0,50,2,1000,1,0,'004c60fa2f216c7d99b0d6a7636f4103',1755155348,1755155348,0.00000000000000,''),(157,'a27a9cff13eb1c3ae1844a5e53809f69','backup','activity',116,'moodle2',0,50,2,1000,1,0,'7d0642010c31e03bc39b685cf3c77e46',1755155348,1755155348,0.00000000000000,''),(158,'81fae6c7c715a1c31f3debbb8556aab1','backup','activity',108,'moodle2',0,50,2,1000,1,0,'3dff7db2528de8de5aa7c91c22eb455a',1755155349,1755155349,0.00000000000000,''),(159,'6fb4b25b6512580428e22d48a08d6f83','backup','activity',120,'moodle2',0,50,2,1000,1,0,'d8dbddab07e96ed095c644cfcaf9fdb6',1755155349,1755155350,0.00000000000000,''),(160,'2c0f31698a51a8dda5dc7ba4bae94080','backup','activity',127,'moodle2',0,50,2,1000,1,0,'f191724a9179f15a71af45549f27fec8',1755155350,1755155350,0.00000000000000,''),(161,'b2813f41b1e285ec6ae6190f31648737','backup','activity',128,'moodle2',0,50,2,1000,1,0,'836a18750dbb066f03cc993f535d51cc',1755155350,1755155351,0.00000000000000,''),(162,'2b78e9a1201f8a49722792e4887ab3b8','backup','activity',129,'moodle2',0,50,2,1000,1,0,'524ae03614352d503f60fd3234e6cb2b',1755155351,1755155351,0.00000000000000,''),(163,'c9e3fd160efe862bf10b685de12c6405','backup','activity',130,'moodle2',0,50,2,1000,1,0,'7f605b9aa55cb9e1faba72154ec46725',1755155351,1755155351,0.00000000000000,''),(164,'23a692629ead8cf60be1795b25ed60bf','backup','activity',131,'moodle2',0,50,2,1000,1,0,'8ffcddba4552c3a1e599945051051ee4',1755155352,1755155352,0.00000000000000,''),(165,'a69a8c7560d7f273298187a448833e99','backup','activity',29,'moodle2',0,50,2,1000,1,0,'3f37f1a5abae89d10a90d88f2b1af974',1755155352,1755155353,0.00000000000000,''),(166,'edbf503f52824f8d6851af26419ae338','backup','activity',144,'moodle2',0,50,2,1000,1,0,'efa5760d2c5442f98c05111761b43034',1755155354,1755155354,0.00000000000000,''),(167,'453e4281acc5b2c6a36d417c41b5be84','backup','activity',145,'moodle2',0,50,2,1000,1,0,'050ee3c12b46a81f0f1097e2e5e7545c',1755155354,1755155354,0.00000000000000,''),(168,'12b459677685513d8d2cf8501e1aa00c','backup','activity',81,'moodle2',0,50,2,1000,1,0,'f70f73aa12bc1b77e5ae0bb17e3d810b',1755155355,1755155356,0.00000000000000,''),(169,'50c6a54ba51b687ab073c07cb39b466c','backup','activity',78,'moodle2',0,50,2,1000,1,0,'45cdc6dfd3cd6484c7e033fa88096fa7',1755155356,1755155356,0.00000000000000,''),(170,'2051bf0ce4e27e0c250a9a8a57436002','backup','activity',96,'moodle2',0,50,2,1000,1,0,'7a4e8e4f79337cc8990a1c146467ee1e',1755155357,1755155357,0.00000000000000,''),(171,'63d383d7c6ee85a3c435c491ae33cae0','backup','activity',97,'moodle2',0,50,2,1000,1,0,'8e4cfe1f90f297273069b9d53b42c6fd',1755155357,1755155357,0.00000000000000,''),(172,'9fba4b563b2280d164f388fa5f638e20','backup','activity',122,'moodle2',0,50,2,1000,1,0,'c1f524e766ede36423aad76b0cb7baaa',1755155357,1755155358,0.00000000000000,''),(173,'1c8191f3df96b0f523875d7c4ad0af2c','backup','activity',174,'moodle2',0,50,2,1000,1,0,'2d3ca7060ee27689794e32b3d78541e6',1755155358,1755155358,0.00000000000000,''),(174,'97e8583fbd7b10628cfa6915431c29fe','backup','activity',109,'moodle2',0,50,2,1000,1,0,'0f6df722660dbd4716c94f86232f1b5e',1755155359,1755155359,0.00000000000000,''),(175,'80065f7bbd859b4f94566f4f63fc13f9','backup','activity',164,'moodle2',0,50,2,1000,1,0,'71595670d94d33ae9bd94c1f29130eaa',1755155360,1755155360,0.00000000000000,''),(176,'8822e86465fbdfe94761efb36e4b429b','backup','activity',200,'moodle2',0,50,2,1000,1,0,'2580e89a2d4b39d453cbea052074f2b3',1755155360,1755155361,0.00000000000000,''),(177,'fb54af0d81d676577490d04a71384c95','backup','activity',180,'moodle2',0,50,2,1000,1,0,'44028aaa08408a1d0ee081666169d922',1755155361,1755155361,0.00000000000000,''),(178,'7a2e927727417558619b0151e08fc6b5','backup','activity',177,'moodle2',0,50,2,1000,1,0,'40ca4a95d9d387ae63bbf3bf1538ff5c',1755155361,1755155362,0.00000000000000,''),(179,'471e2a9a13f7858c2da4277d2fc3efa1','backup','activity',73,'moodle2',0,50,2,1000,1,0,'523fa3be726c97a0a782ff1cde06a046',1755155362,1755155362,0.00000000000000,''),(180,'dbb69e7ff9805b78f8ae8ec269a9c093','backup','activity',143,'moodle2',0,50,2,1000,1,0,'507be3dbec8f976fb9486fc79f0cae8a',1755155363,1755155363,0.00000000000000,''),(181,'b1b59b5fe9bd3bc594c6fd566964219f','backup','activity',239,'moodle2',0,50,2,1000,1,0,'16ca891819569b5b6691422a3e614718',1755155364,1755155364,0.00000000000000,''),(182,'0babfd601c45ea92080d292c8e6c4299','backup','activity',98,'moodle2',0,50,2,1000,1,0,'7e8c0b0d48de6f7bebad227cad6c67cc',1755155365,1755155365,0.00000000000000,''),(183,'b5f026b0936ccafad8b16a3bc3b19d88','backup','activity',184,'moodle2',0,50,2,1000,1,0,'d7ed90f7a82e8e6550db27d46018e98c',1755155366,1755155366,0.00000000000000,''),(184,'a22060a0c6182bfeda5bed0003af1310','backup','activity',176,'moodle2',0,50,2,1000,1,0,'d3ad1e0d4436f5a0911cc45b8f650472',1755155367,1755155367,0.00000000000000,''),(185,'d89ad462a790d3c5fc25426416393d09','backup','activity',206,'moodle2',0,50,2,1000,1,0,'670c4333171444084c18bb389389d96c',1755155367,1755155368,0.00000000000000,''),(186,'26c01f62af9e1f995e441a713f18aba9','backup','activity',202,'moodle2',0,50,2,1000,1,0,'5ea3913720b4d588df4325ea080b5182',1755155369,1755155369,0.00000000000000,''),(187,'d47adec7f26a7bea4b0c18978f78406c','backup','activity',222,'moodle2',0,50,2,1000,1,0,'7c7f41e1a7cc45224957e3fb02495a92',1755155369,1755155370,0.00000000000000,''),(188,'ba3d4342a77eef12df23c68186733eb2','backup','activity',251,'moodle2',0,50,2,1000,1,0,'afe3e7d6536545122126f10669f00521',1755155380,1755155380,0.00000000000000,''),(189,'bffee7d62c0c799250df426a6fb75d8d','backup','activity',255,'moodle2',0,50,2,1000,1,0,'dcafa5cb8fb423adef8064f1265fe3af',1755155383,1755155384,0.00000000000000,''),(190,'06dfa212a0bdf01f4a7ed61cec4afcf2','backup','activity',264,'moodle2',0,50,2,1000,1,0,'1e047127698a8454dd543d0ed2335d97',1755155384,1755155385,0.00000000000000,''),(191,'cfbc0152ae2129977522dcae1fa7aa11','backup','activity',265,'moodle2',0,50,2,1000,1,0,'9ae7a279f51ddff4ca9ff377b3b962c2',1755155385,1755155386,0.00000000000000,''),(192,'e2d8fae7afee9dd68593c96b0a831035','backup','activity',266,'moodle2',0,50,2,1000,1,0,'dfa464694888194f8279674ffead5921',1755155387,1755155387,0.00000000000000,''),(193,'32140b3cbe001192461390201f0dbb3f','backup','activity',267,'moodle2',0,50,2,1000,1,0,'1de6c735458a2bf94f389d9ef8764ee4',1755155388,1755155388,0.00000000000000,''),(194,'e9bd50beff032cc106d2d6d6a208548b','backup','activity',268,'moodle2',0,50,2,1000,1,0,'77e31ba6b89ed72e31bc8c21838d4dba',1755155389,1755155389,0.00000000000000,''),(195,'9598acbea84652a738b0fe26aa6f6293','backup','activity',269,'moodle2',0,50,2,1000,1,0,'5a3d3330c1811b3e953ba84a34fbc557',1755155390,1755155390,0.00000000000000,''),(196,'e03174bcb531ef9ae2e29935d9f03add','backup','activity',292,'moodle2',0,50,2,1000,1,0,'1e1fd4160e8ef5863e0938b3871fcc62',1755155393,1755155393,0.00000000000000,''),(197,'066b8308d7a85ec3300d74edc7ca9b20','backup','activity',286,'moodle2',0,50,2,1000,1,0,'80dbcb3a39c3b34b34325ddc82d7d84e',1755155393,1755155394,0.00000000000000,''),(198,'80ebbc6bf4bfc70d217d46a8f4b547bd','backup','activity',287,'moodle2',0,50,2,1000,1,0,'5c4bf4e5c6c1eb39425331e0ea4fa043',1755155394,1755155394,0.00000000000000,''),(199,'147c97496bf6935311eadd5d8d59870c','backup','activity',288,'moodle2',0,50,2,1000,1,0,'f325f9ac4b44fdcabd1247f463f45b37',1755155395,1755155395,0.00000000000000,''),(200,'44ea149a79345d9e2fb08a990fbcbc37','backup','activity',289,'moodle2',0,50,2,1000,1,0,'abde7f0f9f383d479c05f300b90358da',1755155395,1755155396,0.00000000000000,''),(201,'c3f8cf538ed46c72873420606b93210a','backup','activity',290,'moodle2',0,50,2,1000,1,0,'aee1065c0c2eb1c91fa25991adbd4302',1755155396,1755155397,0.00000000000000,''),(202,'cb924d9309a33507a1c171b0bdada2d0','backup','activity',291,'moodle2',0,50,2,1000,1,0,'a2c798c65dafcd37ce6965c80f506fd0',1755155397,1755155398,0.00000000000000,''),(203,'562a8b16876e6738a90c50d46434e88d','backup','activity',299,'moodle2',0,50,2,1000,1,0,'1b0b6b31d4349104ecfb67fb933eb9e6',1755155401,1755155401,0.00000000000000,''),(204,'be07f632675fe6ff1f6f3f6ac3c6ed9a','backup','activity',301,'moodle2',0,50,2,1000,1,0,'586776015f7ba4a5b1a00c58a5862747',1755155401,1755155402,0.00000000000000,''),(205,'6e32e26a9a935dff188576be0b111709','backup','activity',302,'moodle2',0,50,2,1000,1,0,'fe2e2d5158b6aee4bc0541badcfb4c09',1755155402,1755155403,0.00000000000000,''),(206,'2d00947d131b77ec4d898ad2b5d50ec1','backup','activity',303,'moodle2',0,50,2,1000,1,0,'a84218ae6f8bd7cd81c938e80a5a3ccd',1755155403,1755155404,0.00000000000000,''),(207,'55c4c56f22392cfdd948f7c972a62441','backup','activity',304,'moodle2',0,50,2,1000,1,0,'0ff75207755dd101c3e7bc90f7ed1e74',1755155404,1755155405,0.00000000000000,''),(208,'d327f82217b53f4a140488f1f58764fd','backup','activity',305,'moodle2',0,50,2,1000,1,0,'2387892c4edc475a635eefe47363e053',1755155405,1755155406,0.00000000000000,''),(209,'e163d60342fceda0ff0444b4486ff13e','backup','activity',306,'moodle2',0,50,2,1000,1,0,'b75754eeca256bc06fd9467b2cb5db61',1755155406,1755155407,0.00000000000000,''),(210,'f21fee57af374ff9056973a5f28eec3e','backup','activity',313,'moodle2',0,50,2,1000,1,0,'af4b2a4401b305a4d3278eadfa0974e5',1755155412,1755155412,0.00000000000000,''),(211,'919d83ea928022c546ded18274ca8063','backup','activity',348,'moodle2',0,50,2,1000,1,0,'28bd1f054044333c26b5ea66b2b386ed',1755155429,1755155429,0.00000000000000,''),(212,'b620fa16a5b19730123fc326644db7ee','backup','activity',370,'moodle2',0,50,2,1000,1,0,'a05e71c912b1efd5ff20675aa1d13f65',1755155461,1755155462,0.00000000000000,''),(213,'e95fb34067dbb5d0809585039a4d299b','backup','activity',380,'moodle2',0,50,2,1000,1,0,'73f5803c963175b1959d329df46c26b2',1755155499,1755155500,0.00000000000000,''),(214,'adabfe266afd9943fb41a2dc23362faa','backup','activity',383,'moodle2',0,50,2,1000,1,0,'43e5d4386e864f7bac1de1679d7b3086',1755155501,1755155501,0.00000000000000,'');

--
-- Table structure for table `mdl_backup_courses`
--

CREATE TABLE `mdl_backup_courses` (
  `id` bigint NOT NULL AUTO_INCREMENT,
  `courseid` bigint NOT NULL DEFAULT '0',
  `laststarttime` bigint NOT NULL DEFAULT '0',
  `lastendtime` bigint NOT NULL DEFAULT '0',
  `laststatus` varchar(1) CHARACTER SET utf8mb4 COLLATE utf8mb4_0900_ai_ci NOT NULL DEFAULT '5',
  `nextstarttime` bigint NOT NULL DEFAULT '0',
  PRIMARY KEY (`id`),
  UNIQUE KEY `mdl_backcour_cou_uix` (`courseid`)
) ENGINE=InnoDB AUTO_INCREMENT=12 DEFAULT CHARSET=utf8mb4 COLLATE=utf8mb4_0900_ai_ci ROW_FORMAT=COMPRESSED COMMENT='To store every course backup status';

--
-- Dumping data for table `mdl_backup_courses`
--

INSERT INTO `mdl_backup_courses` VALUES (1,6,0,0,'5',1755208800),(2,1,0,0,'5',1755208800),(3,11,0,0,'5',1755208800),(4,10,0,0,'5',1755208800),(5,7,0,0,'5',1755208800),(6,8,0,0,'5',1755208800),(7,3,0,0,'5',1755208800),(8,5,0,0,'5',1755208800),(9,2,0,0,'5',1755208800),(10,4,0,0,'5',1755208800),(11,12,0,0,'5',1755208800);

--
-- Table structure for table `mdl_backup_logs`
--

CREATE TABLE `mdl_backup_logs` (
  `id` bigint NOT NULL AUTO_INCREMENT,
  `backupid` varchar(32) CHARACTER SET utf8mb4 COLLATE utf8mb4_0900_ai_ci NOT NULL DEFAULT '',
  `loglevel` smallint NOT NULL,
  `message` longtext CHARACTER SET utf8mb4 COLLATE utf8mb4_0900_ai_ci NOT NULL,
  `timecreated` bigint NOT NULL,
  PRIMARY KEY (`id`),
  UNIQUE KEY `mdl_backlogs_bacid_uix` (`backupid`,`id`),
  KEY `mdl_backlogs_bac_ix` (`backupid`)
) ENGINE=InnoDB DEFAULT CHARSET=utf8mb4 COLLATE=utf8mb4_0900_ai_ci ROW_FORMAT=COMPRESSED COMMENT='To store all the logs from backup and restore operations (by';

--
-- Dumping data for table `mdl_backup_logs`
--


--
-- Table structure for table `mdl_badge`
--

CREATE TABLE `mdl_badge` (
  `id` bigint NOT NULL AUTO_INCREMENT,
  `name` varchar(255) CHARACTER SET utf8mb4 COLLATE utf8mb4_0900_ai_ci NOT NULL DEFAULT '',
  `description` longtext CHARACTER SET utf8mb4 COLLATE utf8mb4_0900_ai_ci,
  `timecreated` bigint NOT NULL DEFAULT '0',
  `timemodified` bigint NOT NULL DEFAULT '0',
  `usercreated` bigint NOT NULL,
  `usermodified` bigint NOT NULL,
  `issuername` varchar(255) CHARACTER SET utf8mb4 COLLATE utf8mb4_0900_ai_ci NOT NULL DEFAULT '',
  `issuerurl` varchar(255) CHARACTER SET utf8mb4 COLLATE utf8mb4_0900_ai_ci NOT NULL DEFAULT '',
  `issuercontact` varchar(255) CHARACTER SET utf8mb4 COLLATE utf8mb4_0900_ai_ci DEFAULT NULL,
  `expiredate` bigint DEFAULT NULL,
  `expireperiod` bigint DEFAULT NULL,
  `type` tinyint(1) NOT NULL DEFAULT '1',
  `courseid` bigint DEFAULT NULL,
  `message` longtext CHARACTER SET utf8mb4 COLLATE utf8mb4_0900_ai_ci NOT NULL,
  `messagesubject` longtext CHARACTER SET utf8mb4 COLLATE utf8mb4_0900_ai_ci NOT NULL,
  `attachment` tinyint(1) NOT NULL DEFAULT '1',
  `notification` tinyint(1) NOT NULL DEFAULT '1',
  `status` tinyint(1) NOT NULL DEFAULT '0',
  `nextcron` bigint DEFAULT NULL,
  `version` varchar(255) CHARACTER SET utf8mb4 COLLATE utf8mb4_0900_ai_ci DEFAULT NULL,
  `language` varchar(255) CHARACTER SET utf8mb4 COLLATE utf8mb4_0900_ai_ci DEFAULT NULL,
  `imagecaption` longtext CHARACTER SET utf8mb4 COLLATE utf8mb4_0900_ai_ci,
  PRIMARY KEY (`id`),
  KEY `mdl_badg_typ_ix` (`type`),
  KEY `mdl_badg_cou_ix` (`courseid`),
  KEY `mdl_badg_use_ix` (`usermodified`),
  KEY `mdl_badg_use2_ix` (`usercreated`)
) ENGINE=InnoDB AUTO_INCREMENT=10 DEFAULT CHARSET=utf8mb4 COLLATE=utf8mb4_0900_ai_ci ROW_FORMAT=COMPRESSED COMMENT='Defines badge';

--
-- Dumping data for table `mdl_badge`
--

INSERT INTO `mdl_badge` VALUES (1,'Test Badge','Description du badge ',1734374678,1734374753,2,2,'Brevet d\'Initiation Aéronautique (BIA)','https://bia-facile.fr','',NULL,NULL,2,7,'<p>On vous a délivré le badge « %badgename% »!</p>\n<p>Plus d’information sur ce badge est disponible ici : %badgelink%.</p>\n<p>Vous pouvez gérer et télécharger le badge sur votre page <a href=\"https://bia-facile.fr/badges/mybadges.php\">Gérer les badges</a>.</p>','Félicitations ! Vous venez de recevoir un badge !',1,0,1,NULL,'','fr',''),(2,'Mon premier badge','Description du premier badge',1734381653,1734381653,2,2,'Brevet d\'Initiation Aéronautique (BIA)','https://bia-facile.fr','',NULL,NULL,2,7,'<p>On vous a délivré le badge « %badgename% »!</p>\n<p>Plus d’information sur ce badge est disponible ici : %badgelink%.</p>\n<p>Vous pouvez gérer et télécharger le badge sur votre page <a href=\"https://bia-facile.fr/badges/mybadges.php\">Gérer les badges</a>.</p>','Félicitations ! Vous venez de recevoir un badge !',1,0,0,NULL,'','fr',''),(3,'Test Badge','Description du badge ',1734374678,1734374753,2,2,'Brevet d\'Initiation Aéronautique (BIA)','https://bia-facile.fr','',NULL,NULL,2,7,'<p>On vous a délivré le badge « %badgename% »!</p>\n<p>Plus d’information sur ce badge est disponible ici : %badgelink%.</p>\n<p>Vous pouvez gérer et télécharger le badge sur votre page <a href=\"https://bia-facile.fr/badges/mybadges.php\">Gérer les badges</a>.</p>','Félicitations ! Vous venez de recevoir un badge !',1,0,0,NULL,'','fr',''),(4,'Mon premier badge','Description du premier badge',1734381653,1734381653,2,2,'Brevet d\'Initiation Aéronautique (BIA)','https://bia-facile.fr','',NULL,NULL,2,7,'<p>On vous a délivré le badge « %badgename% »!</p>\n<p>Plus d’information sur ce badge est disponible ici : %badgelink%.</p>\n<p>Vous pouvez gérer et télécharger le badge sur votre page <a href=\"https://bia-facile.fr/badges/mybadges.php\">Gérer les badges</a>.</p>','Félicitations ! Vous venez de recevoir un badge !',1,0,0,NULL,'','fr',''),(5,'Aviateur','Félicitations vous avez obtenu la badge Aviateur.',1735905630,1735905837,2,2,'Brevet d\'Initiation Aéronautique (BIA)','https://bia-facile.fr','',NULL,NULL,1,NULL,'<p>On vous a délivré le badge « %badgename% »!</p>\r\n<p>Plus d’information sur ce badge est disponible ici : %badgelink%.</p>\r\n<p>Vous pouvez gérer et télécharger le badge sur votre page <a href=\"https://bia-facile.fr/badges/mybadges.php\">Gérer les badges</a>.</p>','Félicitations ! Vous venez de recevoir un badge !',1,1,1,NULL,'','fr',''),(6,'Test Badge','Description du badge ',1734374678,1734374753,2,2,'Brevet d\'Initiation Aéronautique (BIA)','https://bia-facile.fr','',NULL,NULL,2,7,'<p>On vous a délivré le badge « %badgename% »!</p>\n<p>Plus d’information sur ce badge est disponible ici : %badgelink%.</p>\n<p>Vous pouvez gérer et télécharger le badge sur votre page <a href=\"https://bia-facile.fr/badges/mybadges.php\">Gérer les badges</a>.</p>','Félicitations ! Vous venez de recevoir un badge !',1,0,0,NULL,'','fr',''),(7,'Mon premier badge','Description du premier badge',1734381653,1734381653,2,2,'Brevet d\'Initiation Aéronautique (BIA)','https://bia-facile.fr','',NULL,NULL,2,7,'<p>On vous a délivré le badge « %badgename% »!</p>\n<p>Plus d’information sur ce badge est disponible ici : %badgelink%.</p>\n<p>Vous pouvez gérer et télécharger le badge sur votre page <a href=\"https://bia-facile.fr/badges/mybadges.php\">Gérer les badges</a>.</p>','Félicitations ! Vous venez de recevoir un badge !',1,0,0,NULL,'','fr',''),(8,'Test Badge','Description du badge ',1734374678,1734374753,2,2,'Brevet d\'Initiation Aéronautique (BIA)','https://bia-facile.fr','',NULL,NULL,2,7,'<p>On vous a délivré le badge « %badgename% »!</p>\n<p>Plus d’information sur ce badge est disponible ici : %badgelink%.</p>\n<p>Vous pouvez gérer et télécharger le badge sur votre page <a href=\"https://bia-facile.fr/badges/mybadges.php\">Gérer les badges</a>.</p>','Félicitations ! Vous venez de recevoir un badge !',1,0,0,NULL,'','fr',''),(9,'Mon premier badge','Description du premier badge',1734381653,1734381653,2,2,'Brevet d\'Initiation Aéronautique (BIA)','https://bia-facile.fr','',NULL,NULL,2,7,'<p>On vous a délivré le badge « %badgename% »!</p>\n<p>Plus d’information sur ce badge est disponible ici : %badgelink%.</p>\n<p>Vous pouvez gérer et télécharger le badge sur votre page <a href=\"https://bia-facile.fr/badges/mybadges.php\">Gérer les badges</a>.</p>','Félicitations ! Vous venez de recevoir un badge !',1,0,0,NULL,'','fr','');

--
-- Table structure for table `mdl_badge_alignment`
--

CREATE TABLE `mdl_badge_alignment` (
  `id` bigint NOT NULL AUTO_INCREMENT,
  `badgeid` bigint NOT NULL DEFAULT '0',
  `targetname` varchar(255) CHARACTER SET utf8mb4 COLLATE utf8mb4_0900_ai_ci NOT NULL DEFAULT '',
  `targeturl` varchar(255) CHARACTER SET utf8mb4 COLLATE utf8mb4_0900_ai_ci NOT NULL DEFAULT '',
  `targetdescription` longtext CHARACTER SET utf8mb4 COLLATE utf8mb4_0900_ai_ci,
  `targetframework` varchar(255) CHARACTER SET utf8mb4 COLLATE utf8mb4_0900_ai_ci DEFAULT NULL,
  `targetcode` varchar(255) CHARACTER SET utf8mb4 COLLATE utf8mb4_0900_ai_ci DEFAULT NULL,
  PRIMARY KEY (`id`),
  KEY `mdl_badgalig_bad_ix` (`badgeid`)
) ENGINE=InnoDB DEFAULT CHARSET=utf8mb4 COLLATE=utf8mb4_0900_ai_ci ROW_FORMAT=COMPRESSED COMMENT='Defines alignment for badges';

--
-- Dumping data for table `mdl_badge_alignment`
--


--
-- Table structure for table `mdl_badge_backpack`
--

CREATE TABLE `mdl_badge_backpack` (
  `id` bigint NOT NULL AUTO_INCREMENT,
  `userid` bigint NOT NULL DEFAULT '0',
  `email` varchar(100) CHARACTER SET utf8mb4 COLLATE utf8mb4_0900_ai_ci NOT NULL DEFAULT '',
  `backpackuid` bigint NOT NULL,
  `autosync` tinyint(1) NOT NULL DEFAULT '0',
  `password` varchar(50) CHARACTER SET utf8mb4 COLLATE utf8mb4_0900_ai_ci DEFAULT NULL,
  `externalbackpackid` bigint DEFAULT NULL,
  PRIMARY KEY (`id`),
  UNIQUE KEY `mdl_badgback_useext_uix` (`userid`,`externalbackpackid`),
  KEY `mdl_badgback_use_ix` (`userid`),
  KEY `mdl_badgback_ext_ix` (`externalbackpackid`)
) ENGINE=InnoDB DEFAULT CHARSET=utf8mb4 COLLATE=utf8mb4_0900_ai_ci ROW_FORMAT=COMPRESSED COMMENT='Defines settings for connecting external backpack';

--
-- Dumping data for table `mdl_badge_backpack`
--


--
-- Table structure for table `mdl_badge_backpack_oauth2`
--

CREATE TABLE `mdl_badge_backpack_oauth2` (
  `id` bigint NOT NULL AUTO_INCREMENT,
  `usermodified` bigint NOT NULL DEFAULT '0',
  `timecreated` bigint NOT NULL DEFAULT '0',
  `timemodified` bigint NOT NULL DEFAULT '0',
  `userid` bigint NOT NULL,
  `issuerid` bigint NOT NULL,
  `externalbackpackid` bigint NOT NULL,
  `token` longtext CHARACTER SET utf8mb4 COLLATE utf8mb4_0900_ai_ci NOT NULL,
  `refreshtoken` longtext CHARACTER SET utf8mb4 COLLATE utf8mb4_0900_ai_ci NOT NULL,
  `expires` bigint DEFAULT NULL,
  `scope` longtext CHARACTER SET utf8mb4 COLLATE utf8mb4_0900_ai_ci,
  PRIMARY KEY (`id`),
  KEY `mdl_badgbackoaut_use_ix` (`usermodified`),
  KEY `mdl_badgbackoaut_use2_ix` (`userid`),
  KEY `mdl_badgbackoaut_iss_ix` (`issuerid`),
  KEY `mdl_badgbackoaut_ext_ix` (`externalbackpackid`)
) ENGINE=InnoDB DEFAULT CHARSET=utf8mb4 COLLATE=utf8mb4_0900_ai_ci ROW_FORMAT=COMPRESSED COMMENT='Default comment for the table, please edit me';

--
-- Dumping data for table `mdl_badge_backpack_oauth2`
--


--
-- Table structure for table `mdl_badge_criteria`
--

CREATE TABLE `mdl_badge_criteria` (
  `id` bigint NOT NULL AUTO_INCREMENT,
  `badgeid` bigint NOT NULL DEFAULT '0',
  `criteriatype` bigint DEFAULT NULL,
  `method` tinyint(1) NOT NULL DEFAULT '1',
  `description` longtext CHARACTER SET utf8mb4 COLLATE utf8mb4_0900_ai_ci,
  `descriptionformat` tinyint NOT NULL DEFAULT '0',
  PRIMARY KEY (`id`),
  UNIQUE KEY `mdl_badgcrit_badcri_uix` (`badgeid`,`criteriatype`),
  KEY `mdl_badgcrit_cri_ix` (`criteriatype`),
  KEY `mdl_badgcrit_bad_ix` (`badgeid`)
) ENGINE=InnoDB AUTO_INCREMENT=11 DEFAULT CHARSET=utf8mb4 COLLATE=utf8mb4_0900_ai_ci ROW_FORMAT=COMPRESSED COMMENT='Defines criteria for issuing badges';

--
-- Dumping data for table `mdl_badge_criteria`
--

INSERT INTO `mdl_badge_criteria` VALUES (1,1,0,1,'',1),(2,1,4,1,'<p>Description de l\'achèvement </p>',1),(3,3,0,1,'',1),(4,3,4,1,'<p>Description de l\'achèvement </p>',1),(5,5,0,1,'',1),(6,5,5,1,'',0),(7,6,0,1,'',1),(8,6,4,1,'<p>Description de l\'achèvement </p>',1),(9,8,0,1,'',1),(10,8,4,1,'<p>Description de l\'achèvement </p>',1);

--
-- Table structure for table `mdl_badge_criteria_met`
--

CREATE TABLE `mdl_badge_criteria_met` (
  `id` bigint NOT NULL AUTO_INCREMENT,
  `issuedid` bigint DEFAULT NULL,
  `critid` bigint NOT NULL,
  `userid` bigint NOT NULL,
  `datemet` bigint NOT NULL,
  PRIMARY KEY (`id`),
  KEY `mdl_badgcritmet_cri_ix` (`critid`),
  KEY `mdl_badgcritmet_use_ix` (`userid`),
  KEY `mdl_badgcritmet_iss_ix` (`issuedid`)
) ENGINE=InnoDB DEFAULT CHARSET=utf8mb4 COLLATE=utf8mb4_0900_ai_ci ROW_FORMAT=COMPRESSED COMMENT='Defines criteria that were met for an issued badge';

--
-- Dumping data for table `mdl_badge_criteria_met`
--


--
-- Table structure for table `mdl_badge_criteria_param`
--

CREATE TABLE `mdl_badge_criteria_param` (
  `id` bigint NOT NULL AUTO_INCREMENT,
  `critid` bigint NOT NULL,
  `name` varchar(255) CHARACTER SET utf8mb4 COLLATE utf8mb4_0900_ai_ci NOT NULL DEFAULT '',
  `value` varchar(255) CHARACTER SET utf8mb4 COLLATE utf8mb4_0900_ai_ci DEFAULT NULL,
  PRIMARY KEY (`id`),
  KEY `mdl_badgcritpara_cri_ix` (`critid`)
) ENGINE=InnoDB AUTO_INCREMENT=14 DEFAULT CHARSET=utf8mb4 COLLATE=utf8mb4_0900_ai_ci ROW_FORMAT=COMPRESSED COMMENT='Defines parameters for badges criteria';

--
-- Dumping data for table `mdl_badge_criteria_param`
--

INSERT INTO `mdl_badge_criteria_param` VALUES (1,2,'grade_7','3'),(2,2,'bydate_7','1765839600'),(3,2,'course_7','7'),(4,4,'grade_7','3'),(5,4,'bydate_7','1765839600'),(6,4,'course_7','7'),(7,6,'course_9','9'),(8,8,'grade_7','3'),(9,8,'bydate_7','1765839600'),(10,8,'course_7','7'),(11,10,'grade_7','3'),(12,10,'bydate_7','1765839600'),(13,10,'course_7','7');

--
-- Table structure for table `mdl_badge_endorsement`
--

CREATE TABLE `mdl_badge_endorsement` (
  `id` bigint NOT NULL AUTO_INCREMENT,
  `badgeid` bigint NOT NULL DEFAULT '0',
  `issuername` varchar(255) CHARACTER SET utf8mb4 COLLATE utf8mb4_0900_ai_ci NOT NULL DEFAULT '',
  `issuerurl` varchar(255) CHARACTER SET utf8mb4 COLLATE utf8mb4_0900_ai_ci NOT NULL DEFAULT '',
  `issueremail` varchar(255) CHARACTER SET utf8mb4 COLLATE utf8mb4_0900_ai_ci NOT NULL DEFAULT '',
  `claimid` varchar(255) CHARACTER SET utf8mb4 COLLATE utf8mb4_0900_ai_ci DEFAULT NULL,
  `claimcomment` longtext CHARACTER SET utf8mb4 COLLATE utf8mb4_0900_ai_ci,
  `dateissued` bigint NOT NULL DEFAULT '0',
  PRIMARY KEY (`id`),
  KEY `mdl_badgendo_bad_ix` (`badgeid`)
) ENGINE=InnoDB DEFAULT CHARSET=utf8mb4 COLLATE=utf8mb4_0900_ai_ci ROW_FORMAT=COMPRESSED COMMENT='Defines endorsement for badge';

--
-- Dumping data for table `mdl_badge_endorsement`
--


--
-- Table structure for table `mdl_badge_external`
--

CREATE TABLE `mdl_badge_external` (
  `id` bigint NOT NULL AUTO_INCREMENT,
  `backpackid` bigint NOT NULL,
  `collectionid` bigint NOT NULL,
  `entityid` varchar(255) CHARACTER SET utf8mb4 COLLATE utf8mb4_0900_ai_ci DEFAULT NULL,
  `assertion` longtext CHARACTER SET utf8mb4 COLLATE utf8mb4_0900_ai_ci,
  PRIMARY KEY (`id`),
  KEY `mdl_badgexte_bac_ix` (`backpackid`)
) ENGINE=InnoDB DEFAULT CHARSET=utf8mb4 COLLATE=utf8mb4_0900_ai_ci ROW_FORMAT=COMPRESSED COMMENT='Setting for external badges display';

--
-- Dumping data for table `mdl_badge_external`
--


--
-- Table structure for table `mdl_badge_external_backpack`
--

CREATE TABLE `mdl_badge_external_backpack` (
  `id` bigint NOT NULL AUTO_INCREMENT,
  `backpackapiurl` varchar(255) CHARACTER SET utf8mb4 COLLATE utf8mb4_0900_ai_ci NOT NULL DEFAULT '',
  `backpackweburl` varchar(255) CHARACTER SET utf8mb4 COLLATE utf8mb4_0900_ai_ci NOT NULL DEFAULT '',
  `apiversion` varchar(12) CHARACTER SET utf8mb4 COLLATE utf8mb4_unicode_ci NOT NULL DEFAULT '',
  `sortorder` bigint NOT NULL DEFAULT '0',
  `oauth2_issuerid` bigint DEFAULT NULL,
  PRIMARY KEY (`id`),
  UNIQUE KEY `mdl_badgexteback_bac_uix` (`backpackapiurl`),
  UNIQUE KEY `mdl_badgexteback_bac2_uix` (`backpackweburl`),
  KEY `mdl_badgexteback_oau_ix` (`oauth2_issuerid`)
) ENGINE=InnoDB AUTO_INCREMENT=2 DEFAULT CHARSET=utf8mb4 COLLATE=utf8mb4_0900_ai_ci ROW_FORMAT=COMPRESSED COMMENT='Defines settings for site level backpacks that a user can co';

--
-- Dumping data for table `mdl_badge_external_backpack`
--

INSERT INTO `mdl_badge_external_backpack` VALUES (1,'https://api.badgr.io/v2','https://badgr.io','2',1,NULL);

--
-- Table structure for table `mdl_badge_external_identifier`
--

CREATE TABLE `mdl_badge_external_identifier` (
  `id` bigint NOT NULL AUTO_INCREMENT,
  `sitebackpackid` bigint NOT NULL,
  `internalid` varchar(128) CHARACTER SET utf8mb4 COLLATE utf8mb4_0900_ai_ci NOT NULL DEFAULT '',
  `externalid` varchar(128) CHARACTER SET utf8mb4 COLLATE utf8mb4_0900_ai_ci NOT NULL DEFAULT '',
  `type` varchar(16) CHARACTER SET utf8mb4 COLLATE utf8mb4_0900_ai_ci NOT NULL DEFAULT '',
  PRIMARY KEY (`id`),
  UNIQUE KEY `mdl_badgexteiden_sitintext_uix` (`sitebackpackid`,`internalid`,`externalid`,`type`),
  KEY `mdl_badgexteiden_sit_ix` (`sitebackpackid`)
) ENGINE=InnoDB DEFAULT CHARSET=utf8mb4 COLLATE=utf8mb4_0900_ai_ci ROW_FORMAT=COMPRESSED COMMENT='Setting for external badges mappings';

--
-- Dumping data for table `mdl_badge_external_identifier`
--


--
-- Table structure for table `mdl_badge_issued`
--

CREATE TABLE `mdl_badge_issued` (
  `id` bigint NOT NULL AUTO_INCREMENT,
  `badgeid` bigint NOT NULL DEFAULT '0',
  `userid` bigint NOT NULL DEFAULT '0',
  `uniquehash` longtext CHARACTER SET utf8mb4 COLLATE utf8mb4_0900_ai_ci NOT NULL,
  `dateissued` bigint NOT NULL DEFAULT '0',
  `dateexpire` bigint DEFAULT NULL,
  `visible` tinyint(1) NOT NULL DEFAULT '0',
  `issuernotified` bigint DEFAULT NULL,
  PRIMARY KEY (`id`),
  UNIQUE KEY `mdl_badgissu_baduse_uix` (`badgeid`,`userid`),
  KEY `mdl_badgissu_bad_ix` (`badgeid`),
  KEY `mdl_badgissu_use_ix` (`userid`)
) ENGINE=InnoDB DEFAULT CHARSET=utf8mb4 COLLATE=utf8mb4_0900_ai_ci ROW_FORMAT=COMPRESSED COMMENT='Defines issued badges';

--
-- Dumping data for table `mdl_badge_issued`
--


--
-- Table structure for table `mdl_badge_manual_award`
--

CREATE TABLE `mdl_badge_manual_award` (
  `id` bigint NOT NULL AUTO_INCREMENT,
  `badgeid` bigint NOT NULL,
  `recipientid` bigint NOT NULL,
  `issuerid` bigint NOT NULL,
  `issuerrole` bigint NOT NULL,
  `datemet` bigint NOT NULL,
  PRIMARY KEY (`id`),
  KEY `mdl_badgmanuawar_bad_ix` (`badgeid`),
  KEY `mdl_badgmanuawar_rec_ix` (`recipientid`),
  KEY `mdl_badgmanuawar_iss_ix` (`issuerid`),
  KEY `mdl_badgmanuawar_iss2_ix` (`issuerrole`)
) ENGINE=InnoDB DEFAULT CHARSET=utf8mb4 COLLATE=utf8mb4_0900_ai_ci ROW_FORMAT=COMPRESSED COMMENT='Track manual award criteria for badges';

--
-- Dumping data for table `mdl_badge_manual_award`
--


--
-- Table structure for table `mdl_badge_related`
--

CREATE TABLE `mdl_badge_related` (
  `id` bigint NOT NULL AUTO_INCREMENT,
  `badgeid` bigint NOT NULL DEFAULT '0',
  `relatedbadgeid` bigint DEFAULT NULL,
  PRIMARY KEY (`id`),
  UNIQUE KEY `mdl_badgrela_badrel_uix` (`badgeid`,`relatedbadgeid`),
  KEY `mdl_badgrela_bad_ix` (`badgeid`),
  KEY `mdl_badgrela_rel_ix` (`relatedbadgeid`)
) ENGINE=InnoDB DEFAULT CHARSET=utf8mb4 COLLATE=utf8mb4_0900_ai_ci ROW_FORMAT=COMPRESSED COMMENT='Defines badge related for badges';

--
-- Dumping data for table `mdl_badge_related`
--


--
-- Table structure for table `mdl_bigbluebuttonbn`
--

CREATE TABLE `mdl_bigbluebuttonbn` (
  `id` bigint NOT NULL AUTO_INCREMENT,
  `type` tinyint NOT NULL DEFAULT '0',
  `course` bigint NOT NULL DEFAULT '0',
  `name` varchar(255) CHARACTER SET utf8mb4 COLLATE utf8mb4_0900_ai_ci NOT NULL DEFAULT '',
  `intro` longtext CHARACTER SET utf8mb4 COLLATE utf8mb4_0900_ai_ci,
  `introformat` smallint NOT NULL DEFAULT '1',
  `meetingid` varchar(255) CHARACTER SET utf8mb4 COLLATE utf8mb4_0900_ai_ci NOT NULL DEFAULT '',
  `moderatorpass` varchar(255) CHARACTER SET utf8mb4 COLLATE utf8mb4_0900_ai_ci NOT NULL DEFAULT '',
  `viewerpass` varchar(255) CHARACTER SET utf8mb4 COLLATE utf8mb4_0900_ai_ci NOT NULL DEFAULT '',
  `wait` tinyint(1) NOT NULL DEFAULT '0',
  `record` tinyint(1) NOT NULL DEFAULT '0',
  `recordallfromstart` tinyint(1) NOT NULL DEFAULT '0',
  `recordhidebutton` tinyint(1) NOT NULL DEFAULT '0',
  `welcome` longtext CHARACTER SET utf8mb4 COLLATE utf8mb4_0900_ai_ci,
  `voicebridge` mediumint NOT NULL DEFAULT '0',
  `openingtime` bigint NOT NULL DEFAULT '0',
  `closingtime` bigint NOT NULL DEFAULT '0',
  `timecreated` bigint NOT NULL DEFAULT '0',
  `timemodified` bigint NOT NULL DEFAULT '0',
  `presentation` longtext CHARACTER SET utf8mb4 COLLATE utf8mb4_0900_ai_ci,
  `participants` longtext CHARACTER SET utf8mb4 COLLATE utf8mb4_0900_ai_ci,
  `userlimit` smallint NOT NULL DEFAULT '0',
  `recordings_html` tinyint(1) NOT NULL DEFAULT '0',
  `recordings_deleted` tinyint(1) NOT NULL DEFAULT '1',
  `recordings_imported` tinyint(1) NOT NULL DEFAULT '0',
  `recordings_preview` tinyint(1) NOT NULL DEFAULT '0',
  `clienttype` tinyint(1) NOT NULL DEFAULT '0',
  `muteonstart` tinyint(1) NOT NULL DEFAULT '0',
  `disablecam` tinyint(1) NOT NULL DEFAULT '0',
  `disablemic` tinyint(1) NOT NULL DEFAULT '0',
  `disableprivatechat` tinyint(1) NOT NULL DEFAULT '0',
  `disablepublicchat` tinyint(1) NOT NULL DEFAULT '0',
  `disablenote` tinyint(1) NOT NULL DEFAULT '0',
  `hideuserlist` tinyint(1) NOT NULL DEFAULT '0',
  `completionattendance` int NOT NULL DEFAULT '0',
  `completionengagementchats` int NOT NULL DEFAULT '0',
  `completionengagementtalks` int NOT NULL DEFAULT '0',
  `completionengagementraisehand` int NOT NULL DEFAULT '0',
  `completionengagementpollvotes` int NOT NULL DEFAULT '0',
  `completionengagementemojis` int NOT NULL DEFAULT '0',
  `guestallowed` tinyint DEFAULT '0',
  `mustapproveuser` tinyint DEFAULT '1',
  `guestlinkuid` varchar(1024) CHARACTER SET utf8mb4 COLLATE utf8mb4_0900_ai_ci DEFAULT NULL,
  `guestpassword` varchar(255) CHARACTER SET utf8mb4 COLLATE utf8mb4_0900_ai_ci DEFAULT NULL,
  `showpresentation` tinyint(1) NOT NULL DEFAULT '1',
  `grade` bigint NOT NULL DEFAULT '0',
  PRIMARY KEY (`id`)
) ENGINE=InnoDB DEFAULT CHARSET=utf8mb4 COLLATE=utf8mb4_0900_ai_ci ROW_FORMAT=COMPRESSED COMMENT='The bigbluebuttonbn table to store information about a meeti';

--
-- Dumping data for table `mdl_bigbluebuttonbn`
--


--
-- Table structure for table `mdl_bigbluebuttonbn_logs`
--

CREATE TABLE `mdl_bigbluebuttonbn_logs` (
  `id` bigint NOT NULL AUTO_INCREMENT,
  `courseid` bigint NOT NULL,
  `bigbluebuttonbnid` bigint NOT NULL,
  `userid` bigint DEFAULT NULL,
  `timecreated` bigint NOT NULL DEFAULT '0',
  `meetingid` varchar(256) CHARACTER SET utf8mb4 COLLATE utf8mb4_0900_ai_ci NOT NULL DEFAULT '',
  `log` varchar(32) CHARACTER SET utf8mb4 COLLATE utf8mb4_0900_ai_ci NOT NULL DEFAULT '',
  `meta` longtext CHARACTER SET utf8mb4 COLLATE utf8mb4_0900_ai_ci,
  PRIMARY KEY (`id`),
  KEY `mdl_bigblogs_cou_ix` (`courseid`),
  KEY `mdl_bigblogs_log_ix` (`log`),
  KEY `mdl_bigblogs_coubiguselog_ix` (`courseid`,`bigbluebuttonbnid`,`userid`,`log`),
  KEY `mdl_bigblogs_uselog_ix` (`userid`,`log`),
  KEY `mdl_bigblogs_coubig_ix` (`courseid`,`bigbluebuttonbnid`)
) ENGINE=InnoDB DEFAULT CHARSET=utf8mb4 COLLATE=utf8mb4_0900_ai_ci ROW_FORMAT=COMPRESSED COMMENT='The bigbluebuttonbn table to store meeting activity events';

--
-- Dumping data for table `mdl_bigbluebuttonbn_logs`
--


--
-- Table structure for table `mdl_bigbluebuttonbn_recordings`
--

CREATE TABLE `mdl_bigbluebuttonbn_recordings` (
  `id` bigint NOT NULL AUTO_INCREMENT,
  `courseid` bigint NOT NULL,
  `bigbluebuttonbnid` bigint NOT NULL,
  `groupid` bigint DEFAULT NULL,
  `recordingid` varchar(64) CHARACTER SET utf8mb4 COLLATE utf8mb4_0900_ai_ci NOT NULL DEFAULT '',
  `headless` tinyint(1) NOT NULL DEFAULT '0',
  `imported` tinyint(1) NOT NULL DEFAULT '0',
  `status` tinyint(1) NOT NULL DEFAULT '0',
  `importeddata` longtext CHARACTER SET utf8mb4 COLLATE utf8mb4_0900_ai_ci,
  `timecreated` bigint NOT NULL DEFAULT '0',
  `usermodified` bigint NOT NULL DEFAULT '0',
  `timemodified` bigint NOT NULL DEFAULT '0',
  PRIMARY KEY (`id`),
  KEY `mdl_bigbreco_cou_ix` (`courseid`),
  KEY `mdl_bigbreco_rec_ix` (`recordingid`),
  KEY `mdl_bigbreco_big_ix` (`bigbluebuttonbnid`),
  KEY `mdl_bigbreco_use_ix` (`usermodified`)
) ENGINE=InnoDB DEFAULT CHARSET=utf8mb4 COLLATE=utf8mb4_0900_ai_ci ROW_FORMAT=COMPRESSED COMMENT='The bigbluebuttonbn table to store references to recordings';

--
-- Dumping data for table `mdl_bigbluebuttonbn_recordings`
--


--
-- Table structure for table `mdl_block`
--

CREATE TABLE `mdl_block` (
  `id` bigint NOT NULL AUTO_INCREMENT,
  `name` varchar(40) CHARACTER SET utf8mb4 COLLATE utf8mb4_0900_ai_ci NOT NULL DEFAULT '',
  `cron` bigint NOT NULL DEFAULT '0',
  `lastcron` bigint NOT NULL DEFAULT '0',
  `visible` tinyint(1) NOT NULL DEFAULT '1',
  PRIMARY KEY (`id`),
  UNIQUE KEY `mdl_bloc_nam_uix` (`name`)
) ENGINE=InnoDB AUTO_INCREMENT=52 DEFAULT CHARSET=utf8mb4 COLLATE=utf8mb4_0900_ai_ci ROW_FORMAT=COMPRESSED COMMENT='contains all installed blocks';

--
-- Dumping data for table `mdl_block`
--

INSERT INTO `mdl_block` VALUES (1,'accessreview',0,0,1),(2,'activity_modules',0,0,1),(3,'activity_results',0,0,1),(4,'admin_bookmarks',0,0,1),(5,'badges',0,0,1),(6,'blog_menu',0,0,1),(7,'blog_recent',0,0,1),(8,'blog_tags',0,0,1),(9,'calendar_month',0,0,1),(10,'calendar_upcoming',0,0,1),(11,'comments',0,0,1),(12,'completionstatus',0,0,1),(13,'course_list',0,0,1),(14,'course_summary',0,0,0),(15,'feedback',0,0,0),(16,'globalsearch',0,0,1),(17,'glossary_random',0,0,1),(18,'html',0,0,1),(19,'login',0,0,1),(20,'lp',0,0,1),(21,'mentees',0,0,1),(23,'myoverview',0,0,1),(24,'myprofile',0,0,1),(25,'navigation',0,0,1),(26,'news_items',0,0,1),(27,'online_users',0,0,1),(28,'private_files',0,0,1),(29,'recent_activity',0,0,1),(30,'recentlyaccessedcourses',0,0,1),(31,'recentlyaccesseditems',0,0,1),(32,'rss_client',0,0,0),(33,'search_forums',0,0,1),(34,'section_links',0,0,1),(35,'selfcompletion',0,0,0),(36,'settings',0,0,1),(37,'site_main_menu',0,0,1),(38,'social_activities',0,0,1),(39,'starredcourses',0,0,1),(40,'tag_flickr',0,0,1),(41,'tag_youtube',0,0,0),(42,'tags',0,0,1),(43,'timeline',0,0,1),(44,'openai_chat',0,0,1),(45,'xp',0,0,1),(46,'completion_progress',0,0,1),(47,'completion_levels',0,0,1),(48,'point_view',0,0,1),(49,'use_stats',0,0,1),(50,'configurable_reports',86400,0,1),(51,'dedication',0,0,1);

--
-- Table structure for table `mdl_block_configurable_reports`
--

CREATE TABLE `mdl_block_configurable_reports` (
  `id` bigint NOT NULL AUTO_INCREMENT,
  `courseid` bigint NOT NULL,
  `ownerid` bigint NOT NULL,
  `visible` smallint NOT NULL,
  `name` varchar(128) CHARACTER SET utf8mb4 COLLATE utf8mb4_0900_ai_ci NOT NULL DEFAULT '',
  `summary` longtext CHARACTER SET utf8mb4 COLLATE utf8mb4_0900_ai_ci,
  `summaryformat` smallint NOT NULL DEFAULT '0',
  `type` varchar(128) CHARACTER SET utf8mb4 COLLATE utf8mb4_0900_ai_ci NOT NULL DEFAULT '',
  `pagination` smallint DEFAULT NULL,
  `components` longtext CHARACTER SET utf8mb4 COLLATE utf8mb4_0900_ai_ci,
  `export` varchar(255) CHARACTER SET utf8mb4 COLLATE utf8mb4_0900_ai_ci DEFAULT NULL,
  `jsordering` smallint DEFAULT NULL,
  `global` smallint NOT NULL DEFAULT '0',
  `lastexecutiontime` bigint NOT NULL DEFAULT '0',
  `cron` smallint NOT NULL DEFAULT '0',
  `remote` tinyint(1) DEFAULT '0',
  `displaytotalrecords` tinyint(1) DEFAULT '1',
  `displayprintbutton` tinyint(1) DEFAULT '1',
  PRIMARY KEY (`id`)
) ENGINE=InnoDB AUTO_INCREMENT=15 DEFAULT CHARSET=utf8mb4 COLLATE=utf8mb4_0900_ai_ci ROW_FORMAT=COMPRESSED COMMENT='block_configurable_reports table retrofitted from MySQL';

--
-- Dumping data for table `mdl_block_configurable_reports`
--

INSERT INTO `mdl_block_configurable_reports` VALUES (1,2,2,1,'Cohorts by user (mardi 22 avril 2025, 08:18)','<pre class=\"sql\"></pre>',0,'sql',0,'a:2:{s:9:\"customsql\";a:1:{s:6:\"config\";O:8:\"stdClass\":6:{s:8:\"querysql\";s:222:\"SELECT+u.firstname%2C+u.lastname%2C+h.idnumber%2C+h.name%0D%0AFROM+prefix_cohort+AS+h%0D%0AJOIN+prefix_cohort_members+AS+hm+ON+h.id+%3D+hm.cohortid%0D%0AJOIN+prefix_user+AS+u+ON+hm.userid+%3D+u.id%0D%0AORDER+BY+u.firstname\";s:8:\"courseid\";s:1:\"2\";s:12:\"submitbutton\";s:12:\"Save+changes\";s:16:\"reportcategories\";s:1:\"0\";s:17:\"reportsincategory\";s:1:\"0\";s:14:\"remotequerysql\";s:0:\"\";}}s:4:\"plot\";a:1:{s:8:\"elements\";a:1:{i:0;a:5:{s:2:\"id\";s:15:\"o98AsjWZBKAd9Yb\";s:8:\"formdata\";O:8:\"stdClass\":3:{s:8:\"areaname\";s:1:\"1\";s:9:\"areavalue\";s:1:\"2\";s:12:\"submitbutton\";s:3:\"Add\";}s:10:\"pluginname\";s:3:\"pie\";s:14:\"pluginfullname\";s:3:\"Pie\";s:7:\"summary\";s:11:\"A+pie+graph\";}}}}','ods,xls,',1,0,6,0,0,1,1),(3,2,2,1,'Rapport AMV','',1,'sql',0,'a:3:{i:0;b:0;s:9:\"customsql\";a:1:{s:6:\"config\";O:8:\"stdClass\":6:{s:8:\"querysql\";s:860:\"SELECT+%0D%0A++++u.firstname+AS+%22Pr%C3%A9nom%22%2C%0D%0A++++u.lastname+AS+%22Nom%22%2C%0D%0A++++c.fullname+AS+%22Cours%22%2C%0D%0A++++ROUND%28SUM%28l.timecreated+-+COALESCE%28l.prev_time%2C+l.timecreated%29%29+%2F+60%2C+2%29+AS+%22Temps+estim%C3%A9+%28minutes%29%22%0D%0AFROM+%28%0D%0A++++SELECT+%0D%0A++++++++l.userid%2C%0D%0A++++++++l.courseid%2C%0D%0A++++++++l.timecreated%2C%0D%0A++++++++LAG%28l.timecreated%29+OVER+%28PARTITION+BY+l.userid%2C+l.courseid+ORDER+BY+l.timecreated%29+AS+prev_time%0D%0A++++FROM+prefix_logstore_standard_log+l%0D%0A++++WHERE+l.courseid+%3D+%25%25COURSEID%25%25%0D%0A++++++AND+l.action+%3D+%27viewed%27%0D%0A%29+l%0D%0AJOIN+prefix_user+u+ON+u.id+%3D+l.userid%0D%0AJOIN+prefix_course+c+ON+c.id+%3D+l.courseid%0D%0AGROUP+BY+u.id%2C+c.fullname%2C+u.firstname%2C+u.lastname%0D%0AORDER+BY+%22Temps+estim%C3%A9+%28minutes%29%22+DESC\";s:8:\"courseid\";i:2;s:12:\"submitbutton\";s:11:\"Enregistrer\";s:16:\"reportcategories\";s:1:\"0\";s:17:\"reportsincategory\";s:1:\"0\";s:14:\"remotequerysql\";s:0:\"\";}}s:11:\"permissions\";a:1:{s:6:\"config\";O:8:\"stdClass\":1:{s:13:\"conditionexpr\";s:0:\"\";}}}','',1,0,53,0,0,0,0),(4,2,2,1,'Rapport AMV 2','',1,'users',0,'a:4:{i:0;b:0;s:7:\"columns\";a:1:{s:8:\"elements\";a:4:{i:0;a:5:{s:2:\"id\";s:15:\"W5fH0vcX2nEEDoX\";s:8:\"formdata\";O:8:\"stdClass\":6:{s:6:\"column\";s:8:\"fullname\";s:9:\"columname\";s:3:\"Nom\";s:5:\"align\";s:6:\"center\";s:4:\"size\";s:0:\"\";s:4:\"wrap\";s:0:\"\";s:12:\"submitbutton\";s:7:\"Ajouter\";}s:10:\"pluginname\";s:9:\"userfield\";s:14:\"pluginfullname\";s:37:\"Champ+de+profil+d%E2%80%99utilisateur\";s:7:\"summary\";s:3:\"Nom\";}i:1;a:5:{s:2:\"id\";s:15:\"hhRdsL60obT55Sj\";s:8:\"formdata\";O:8:\"stdClass\":6:{s:4:\"cmid\";s:3:\"176\";s:9:\"columname\";s:12:\"premier+test\";s:5:\"align\";s:6:\"center\";s:4:\"size\";s:0:\"\";s:4:\"wrap\";s:0:\"\";s:12:\"submitbutton\";s:7:\"Ajouter\";}s:10:\"pluginname\";s:14:\"usermodactions\";s:14:\"pluginfullname\";s:32:\"Actions+de+l%E2%80%99utilisateur\";s:7:\"summary\";s:62:\"premier+test+%28Lancez+votre+premier+test+de+positionnement%29\";}i:2;a:5:{s:2:\"id\";s:15:\"5BvSndxVdL5VSra\";s:8:\"formdata\";O:8:\"stdClass\":7:{s:4:\"stat\";s:6:\"logins\";s:16:\"sessionlimittime\";s:4:\"1800\";s:9:\"columname\";s:12:\"Statistiques\";s:5:\"align\";s:6:\"center\";s:4:\"size\";s:0:\"\";s:4:\"wrap\";s:0:\"\";s:12:\"submitbutton\";s:7:\"Ajouter\";}s:10:\"pluginname\";s:9:\"userstats\";s:14:\"pluginfullname\";s:37:\"Statistiques+de+l%E2%80%99utilisateur\";s:7:\"summary\";s:12:\"Statistiques\";}i:3;a:5:{s:2:\"id\";s:15:\"O7VRphFXKhtCLCX\";s:8:\"formdata\";O:8:\"stdClass\":6:{s:4:\"cmid\";s:3:\"175\";s:9:\"columname\";s:4:\"test\";s:5:\"align\";s:6:\"center\";s:4:\"size\";s:0:\"\";s:4:\"wrap\";s:0:\"\";s:12:\"submitbutton\";s:7:\"Ajouter\";}s:10:\"pluginname\";s:14:\"usermodoutline\";s:14:\"pluginfullname\";s:44:\"Statistiques+d%E2%80%99utilisation+du+module\";s:7:\"summary\";s:33:\"test+%28Test+de+positionnement%29\";}}}s:10:\"conditions\";a:0:{}s:11:\"permissions\";a:1:{s:6:\"config\";O:8:\"stdClass\":1:{s:13:\"conditionexpr\";s:0:\"\";}}}','',1,0,0,0,0,0,0),(6,2,2,1,'Statistiques CBM tous cours','',1,'sql',0,'a:2:{i:0;b:0;s:9:\"customsql\";a:1:{s:6:\"config\";O:8:\"stdClass\":6:{s:8:\"querysql\";s:275:\"SELECT+%0D%0A++++q.id%2C+%0D%0A++++q.name+AS+%22Nom+du+test%22%2C+%0D%0A++++c.fullname+AS+%22Cours%22%2C%0D%0A++++q.preferredbehaviour%0D%0AFROM+prefix_quiz+q%0D%0AJOIN+prefix_course+c+ON+c.id+%3D+q.course%0D%0AWHERE+q.preferredbehaviour+%3D+%27certaintybasedmarking%27%0D%0A\";s:8:\"courseid\";i:2;s:12:\"submitbutton\";s:11:\"Enregistrer\";s:16:\"reportcategories\";s:1:\"0\";s:17:\"reportsincategory\";s:1:\"0\";s:14:\"remotequerysql\";s:0:\"\";}}}','xls,',1,0,4,0,0,0,0),(7,4,2,1,'Test autopositionnement','',1,'sql',0,'a:2:{i:0;b:0;s:9:\"customsql\";a:1:{s:6:\"config\";O:8:\"stdClass\":6:{s:8:\"querysql\";s:1248:\"SELECT+%0D%0A++++c.fullname+AS+%22Nom+du+cours%22%2C%0D%0A++++CONCAT%28u.firstname%2C+%27+%27%2C+u.lastname%29+AS+%22Nom+de+l%27utilisateur%22%2C%0D%0A++++coh.name+AS+%22Cohorte%22%2C%0D%0A++++q.name+AS+%22Nom+du+test%22%2C%0D%0A++++FROM_UNIXTIME%28qa.timefinish%2C+%27%25d%2F%25m%2F%25Y+%25H%3A%25i%27%29+AS+%22Date+de+la+tentative%22%2C%0D%0A++++COUNT%28DISTINCT+log.id%29+AS+%22Nombre+d%27acc%C3%A8s+au+cours%22%2C%0D%0A++++FROM_UNIXTIME%28MAX%28log.timecreated%29%2C+%27%25d%2F%25m%2F%25Y+%25H%3A%25i%27%29+AS+%22Dernier+acc%C3%A8s%22%0D%0AFROM+prefix_quiz+q%0D%0AJOIN+prefix_course+c+ON+c.id+%3D+q.course%0D%0AJOIN+prefix_quiz_attempts+qa+ON+qa.quiz+%3D+q.id%0D%0AJOIN+prefix_user+u+ON+u.id+%3D+qa.userid%0D%0ALEFT+JOIN+prefix_cohort_members+cm+ON+cm.userid+%3D+u.id%0D%0ALEFT+JOIN+prefix_cohort+coh+ON+coh.id+%3D+cm.cohortid%0D%0ALEFT+JOIN+prefix_logstore_standard_log+log+%0D%0A++++ON+log.courseid+%3D+c.id+AND+log.userid+%3D+u.id+AND+log.action+%3D+%27viewed%27%0D%0AWHERE+q.preferredbehaviour+%3D+%27qbehaviour_certaintywithstudentfbdeferred%27%0D%0A++AND+qa.state+%3D+%27finished%27%0D%0AGROUP+BY+%0D%0A++++c.fullname%2C+u.id%2C+q.id%2C+qa.timefinish%2C+coh.name%0D%0AORDER+BY+%0D%0A++++c.fullname%2C+%22Nom+du+test%22%2C+u.lastname%0D%0A\";s:8:\"courseid\";i:4;s:12:\"submitbutton\";s:11:\"Enregistrer\";s:16:\"reportcategories\";s:1:\"0\";s:17:\"reportsincategory\";s:1:\"0\";s:14:\"remotequerysql\";s:0:\"\";}}}','xls,',1,0,5,0,0,0,0),(8,4,2,1,'test 2','',1,'sql',0,'','',1,0,0,0,0,0,0),(9,2,2,1,'Rectorat ','',1,'sql',0,'a:2:{i:0;b:0;s:9:\"customsql\";a:1:{s:6:\"config\";O:8:\"stdClass\":6:{s:8:\"querysql\";s:884:\"SELECT%0D%0A++++c.fullname+AS+%22Cours%22%2C%0D%0A++++u.id+AS+%22ID+Utilisateur%22%2C%0D%0A++++CONCAT%28u.firstname%2C+%27+%27%2C+u.lastname%29+AS+%22Nom+complet%22%2C%0D%0A++++u.email+AS+%22Email%22%2C%0D%0A++++COUNT%28l.id%29+AS+%22Nombre+total+d%E2%80%99actions%22%2C%0D%0A++++SUM%28CASE+WHEN+l.action+%3D+%27viewed%27+THEN+1+ELSE+0+END%29+AS+%22Nombre+de+vues%22%2C%0D%0A++++MIN%28FROM_UNIXTIME%28l.timecreated%29%29+AS+%22Premi%C3%A8re+activit%C3%A9%22%2C%0D%0A++++MAX%28FROM_UNIXTIME%28l.timecreated%29%29+AS+%22Derni%C3%A8re+activit%C3%A9%22%0D%0AFROM+prefix_logstore_standard_log+l%0D%0AJOIN+prefix_user+u+ON+u.id+%3D+l.userid%0D%0AJOIN+prefix_course+c+ON+c.id+%3D+l.courseid%0D%0AWHERE+l.userid+%21%3D+0%0D%0A++AND+l.courseid+%21%3D+1%0D%0AGROUP+BY+c.id%2C+u.id%2C+u.firstname%2C+u.lastname%2C+u.email%2C+c.fullname%0D%0AORDER+BY+c.fullname%2C+%22Nombre+de+vues%22+DESC%0D%0A\";s:8:\"courseid\";i:2;s:12:\"submitbutton\";s:11:\"Enregistrer\";s:16:\"reportcategories\";s:5:\"users\";s:17:\"reportsincategory\";s:5:\"users\";s:14:\"remotequerysql\";s:0:\"\";}}}','xls,',1,1,273,0,0,0,0),(10,2,2,1,'Rectorat 2','<p>SELECT<br>    c.fullname AS \"Cours\",<br>    u.id AS \"ID Utilisateur\",<br>    CONCAT(u.firstname, \' \', u.lastname) AS \"Nom complet\",<br>    u.email AS \"Email\",<br>    COUNT(l.id) AS \"Nombre total d’actions\",<br>    SUM(CASE WHEN l.action = \'viewed\' THEN 1 ELSE 0 END) AS \"Nombre de vues\",<br>    MIN(FROM_UNIXTIME(l.timecreated)) AS \"Première activité\",<br>    MAX(FROM_UNIXTIME(l.timecreated)) AS \"Dernière activité\",<br>    ROUND(COUNT(l.id) * 2, 1) AS \"Temps estimé (minutes)\"<br>FROM prefix_logstore_standard_log l<br>JOIN prefix_user u ON u.id = l.userid<br>JOIN prefix_course c ON c.id = l.courseid<br>WHERE l.userid != 0<br>  AND l.courseid != 1<br>GROUP BY c.id, u.id, u.firstname, u.lastname, u.email, c.fullname<br>ORDER BY c.fullname, \"Temps estimé (minutes)\" DESC</p>',1,'sql',0,'a:2:{i:0;b:0;s:9:\"customsql\";a:1:{s:6:\"config\";O:8:\"stdClass\":6:{s:8:\"querysql\";s:992:\"SELECT%0D%0A++++c.fullname+AS+%22Cours%22%2C%0D%0A++++u.id+AS+%22ID+Utilisateur%22%2C%0D%0A++++CONCAT%28u.firstname%2C+%27+%27%2C+u.lastname%29+AS+%22Nom+complet%22%2C%0D%0A++++u.email+AS+%22Email%22%2C%0D%0A++++COUNT%28l.id%29+AS+%22Nombre+total+d%E2%80%99actions%22%2C%0D%0A++++SUM%28CASE+WHEN+l.action+%3D+%27viewed%27+THEN+1+ELSE+0+END%29+AS+%22Nombre+de+vues%22%2C%0D%0A++++MIN%28FROM_UNIXTIME%28l.timecreated%29%29+AS+%22Premi%C3%A8re+activit%C3%A9%22%2C%0D%0A++++MAX%28FROM_UNIXTIME%28l.timecreated%29%29+AS+%22Derni%C3%A8re+activit%C3%A9%22%2C%0D%0A++++ROUND%28COUNT%28l.id%29+%2A+2%2C+1%29+AS+%22Temps+estim%C3%A9+%28minutes%29%22%0D%0AFROM+prefix_logstore_standard_log+l%0D%0AJOIN+prefix_user+u+ON+u.id+%3D+l.userid%0D%0AJOIN+prefix_course+c+ON+c.id+%3D+l.courseid%0D%0AWHERE+l.userid+%21%3D+0%0D%0A++AND+l.courseid+%21%3D+1%0D%0AGROUP+BY+c.id%2C+u.id%2C+u.firstname%2C+u.lastname%2C+u.email%2C+c.fullname%0D%0AORDER+BY+c.fullname%2C+%22Temps+estim%C3%A9+%28minutes%29%22+DESC%0D%0A\";s:8:\"courseid\";i:2;s:12:\"submitbutton\";s:11:\"Enregistrer\";s:16:\"reportcategories\";s:1:\"0\";s:17:\"reportsincategory\";s:1:\"0\";s:14:\"remotequerysql\";s:0:\"\";}}}','xls,',1,0,292,0,0,0,0),(11,2,2,1,'Rectorat 3','',1,'sql',0,'a:2:{i:0;b:0;s:9:\"customsql\";a:1:{s:6:\"config\";O:8:\"stdClass\":3:{s:8:\"querysql\";s:853:\"SELECT%0D%0A++++c.fullname+AS+cours%2C%0D%0A++++u.id+AS+user_id%2C%0D%0A++++CONCAT%28u.firstname%2C+%27+%27%2C+u.lastname%29+AS+nom_utilisateur%2C%0D%0A++++u.email%2C%0D%0A++++COUNT%28l.id%29+AS+nb_actions_total%2C%0D%0A++++SUM%28CASE+WHEN+l.action+%3D+%27viewed%27+THEN+1+ELSE+0+END%29+AS+nb_vues%2C%0D%0A++++MIN%28FROM_UNIXTIME%28l.timecreated%29%29+AS+premiere_activite%2C%0D%0A++++MAX%28FROM_UNIXTIME%28l.timecreated%29%29+AS+derniere_activite%2C%0D%0A++++ROUND%28COUNT%28l.id%29+%2A+2%2C+1%29+AS+temps_estime_minutes%0D%0AFROM+prefix_logstore_standard_log+l%0D%0AJOIN+prefix_user+u+ON+u.id+%3D+l.userid%0D%0AJOIN+prefix_course+c+ON+c.id+%3D+l.courseid%0D%0AWHERE+l.userid+%21%3D+0%0D%0A++AND+l.courseid+%21%3D+1%0D%0AGROUP+BY+c.fullname%2C+u.id%2C+u.firstname%2C+u.lastname%2C+u.email%0D%0AORDER+BY+c.fullname+ASC%2C+temps_estime_minutes+DESC%0D%0A\";s:8:\"courseid\";i:2;s:12:\"submitbutton\";s:11:\"Enregistrer\";}}}','xls,',1,0,334,0,0,0,0),(12,2,2,1,'Rectorat 4','',1,'sql',0,'a:2:{i:0;b:0;s:9:\"customsql\";a:1:{s:6:\"config\";O:8:\"stdClass\":3:{s:8:\"querysql\";s:1817:\"SELECT%0D%0A++++IFNULL%28ch.name%2C+%27Aucune+cohorte%27%29+AS+cohorte%2C%0D%0A++++IFNULL%28c.fullname%2C+%27Tous+les+cours%27%29+AS+cours%2C%0D%0A++++u.id+AS+user_id%2C%0D%0A++++CONCAT%28u.firstname%2C+%27+%27%2C+u.lastname%29+AS+nom_utilisateur%2C%0D%0A++++u.email%2C%0D%0A++++COUNT%28l.id%29+AS+nb_actions_total%2C%0D%0A++++SUM%28CASE+WHEN+l.action+%3D+%27viewed%27+THEN+1+ELSE+0+END%29+AS+nb_vues%2C%0D%0A++++MIN%28FROM_UNIXTIME%28l.timecreated%29%29+AS+premiere_activite%2C%0D%0A++++MAX%28FROM_UNIXTIME%28l.timecreated%29%29+AS+derniere_activite%2C%0D%0A++++ROUND%28COUNT%28l.id%29+%2A+2%2C+1%29+AS+temps_estime_minutes%0D%0AFROM+prefix_logstore_standard_log+l%0D%0AJOIN+prefix_user+u+ON+u.id+%3D+l.userid%0D%0ALEFT+JOIN+prefix_course+c+ON+c.id+%3D+l.courseid+AND+c.id+%21%3D+1%0D%0ALEFT+JOIN+prefix_cohort_members+cm+ON+cm.userid+%3D+u.id%0D%0ALEFT+JOIN+prefix_cohort+ch+ON+ch.id+%3D+cm.cohortid%0D%0AWHERE+l.userid+%21%3D+0%0D%0AGROUP+BY+ch.name%2C+c.fullname%2C+u.id%2C+u.firstname%2C+u.lastname%2C+u.email%0D%0A%0D%0AUNION+ALL%0D%0A%0D%0ASELECT%0D%0A++++%27Total%27+AS+cohorte%2C%0D%0A++++%27Tous+les+cours%27+AS+cours%2C%0D%0A++++u.id+AS+user_id%2C%0D%0A++++CONCAT%28u.firstname%2C+%27+%27%2C+u.lastname%29+AS+nom_utilisateur%2C%0D%0A++++u.email%2C%0D%0A++++COUNT%28l.id%29+AS+nb_actions_total%2C%0D%0A++++SUM%28CASE+WHEN+l.action+%3D+%27viewed%27+THEN+1+ELSE+0+END%29+AS+nb_vues%2C%0D%0A++++MIN%28FROM_UNIXTIME%28l.timecreated%29%29+AS+premiere_activite%2C%0D%0A++++MAX%28FROM_UNIXTIME%28l.timecreated%29%29+AS+derniere_activite%2C%0D%0A++++ROUND%28COUNT%28l.id%29+%2A+2%2C+1%29+AS+temps_estime_minutes%0D%0AFROM+prefix_logstore_standard_log+l%0D%0AJOIN+prefix_user+u+ON+u.id+%3D+l.userid%0D%0AWHERE+l.userid+%21%3D+0+AND+l.courseid+%21%3D+1%0D%0AGROUP+BY+u.id%2C+u.firstname%2C+u.lastname%2C+u.email%0D%0A\";s:8:\"courseid\";i:2;s:12:\"submitbutton\";s:11:\"Enregistrer\";}}}','xls,',1,0,944,0,0,0,0),(13,2,2,1,'Rapport 5','',1,'sql',0,'a:2:{i:0;b:0;s:9:\"customsql\";a:1:{s:6:\"config\";O:8:\"stdClass\":6:{s:8:\"querysql\";s:687:\"SELECT%0D%0A++++ch.name+AS+cohorte%2C%0D%0A++++COUNT%28DISTINCT+u.id%29+AS+nb_utilisateurs%2C%0D%0A++++ROUND%28SUM%28CASE+WHEN+l.action+%3D+%27viewed%27+THEN+1+ELSE+0+END%29+%2F+30%2C+2%29+AS+temps_total_heures_estime%2C%0D%0A++++ROUND%28SUM%28CASE+WHEN+l.action+%3D+%27viewed%27+THEN+1+ELSE+0+END%29+%2F+COUNT%28DISTINCT+u.id%29+%2F+30%2C+2%29+AS+temps_moyen_par_utilisateur_heures%0D%0AFROM+prefix_user+u%0D%0AJOIN+prefix_cohort_members+cm+ON+cm.userid+%3D+u.id%0D%0AJOIN+prefix_cohort+ch+ON+ch.id+%3D+cm.cohortid%0D%0AJOIN+prefix_logstore_standard_log+l+ON+l.userid+%3D+u.id%0D%0AWHERE+l.userid+%21%3D+0%0D%0A++AND+l.courseid+%21%3D+1%0D%0AGROUP+BY+ch.name%0D%0AORDER+BY+ch.name%0D%0A\";s:8:\"courseid\";i:2;s:12:\"submitbutton\";s:11:\"Enregistrer\";s:16:\"reportcategories\";s:1:\"0\";s:17:\"reportsincategory\";s:1:\"0\";s:14:\"remotequerysql\";s:0:\"\";}}}','xls,',1,0,70,0,0,0,0),(14,2,2,1,'Rapport bon','',1,'sql',0,'a:2:{i:0;b:0;s:9:\"customsql\";a:1:{s:6:\"config\";O:8:\"stdClass\":6:{s:8:\"querysql\";s:673:\"SELECT%0D%0A++++ch.name+AS+cohorte%2C%0D%0A++++COUNT%28DISTINCT+u.id%29+AS+nb_utilisateurs%2C%0D%0A++++COUNT%28l.id%29+AS+nb_vues_total%2C%0D%0A++++ROUND%28COUNT%28l.id%29+%2A+4+%2F+60%2C+2%29+AS+temps_total_heures%2C%0D%0A++++ROUND%28COUNT%28l.id%29+%2A+4+%2F+60+%2F+COUNT%28DISTINCT+u.id%29%2C+2%29+AS+temps_moyen_par_utilisateur%0D%0AFROM+prefix_user+u%0D%0AJOIN+prefix_cohort_members+cm+ON+cm.userid+%3D+u.id%0D%0AJOIN+prefix_cohort+ch+ON+ch.id+%3D+cm.cohortid%0D%0AJOIN+prefix_logstore_standard_log+l+ON+l.userid+%3D+u.id%0D%0AWHERE+l.userid+%21%3D+0%0D%0A++AND+l.action+%3D+%27viewed%27%0D%0A++AND+l.courseid+%21%3D+1%0D%0AGROUP+BY+ch.name%0D%0AORDER+BY+ch.name%0D%0A\";s:8:\"courseid\";i:2;s:12:\"submitbutton\";s:11:\"Enregistrer\";s:16:\"reportcategories\";s:1:\"0\";s:17:\"reportsincategory\";s:1:\"0\";s:14:\"remotequerysql\";s:0:\"\";}}}','xls,',1,0,126,0,0,0,0);

--
-- Table structure for table `mdl_block_dedication`
--

CREATE TABLE `mdl_block_dedication` (
  `id` bigint NOT NULL AUTO_INCREMENT,
  `userid` bigint NOT NULL,
  `courseid` bigint NOT NULL,
  `timespent` bigint DEFAULT NULL,
  `timestart` bigint DEFAULT NULL,
  PRIMARY KEY (`id`),
  KEY `mdl_blocdedi_usecou_ix` (`userid`,`courseid`)
) ENGINE=InnoDB DEFAULT CHARSET=utf8mb4 COLLATE=utf8mb4_0900_ai_ci ROW_FORMAT=COMPRESSED COMMENT='Contains the student dedication informaiton';

--
-- Dumping data for table `mdl_block_dedication`
--


--
-- Table structure for table `mdl_block_instances`
--

CREATE TABLE `mdl_block_instances` (
  `id` bigint NOT NULL AUTO_INCREMENT,
  `blockname` varchar(40) CHARACTER SET utf8mb4 COLLATE utf8mb4_0900_ai_ci NOT NULL DEFAULT '',
  `parentcontextid` bigint NOT NULL,
  `showinsubcontexts` smallint NOT NULL,
  `requiredbytheme` smallint NOT NULL DEFAULT '0',
  `pagetypepattern` varchar(64) CHARACTER SET utf8mb4 COLLATE utf8mb4_0900_ai_ci NOT NULL DEFAULT '',
  `subpagepattern` varchar(16) CHARACTER SET utf8mb4 COLLATE utf8mb4_0900_ai_ci DEFAULT NULL,
  `defaultregion` varchar(16) CHARACTER SET utf8mb4 COLLATE utf8mb4_0900_ai_ci NOT NULL DEFAULT '',
  `defaultweight` bigint NOT NULL,
  `configdata` longtext CHARACTER SET utf8mb4 COLLATE utf8mb4_0900_ai_ci,
  `timecreated` bigint NOT NULL,
  `timemodified` bigint NOT NULL,
  PRIMARY KEY (`id`),
  KEY `mdl_blocinst_parshopagsub_ix` (`parentcontextid`,`showinsubcontexts`,`pagetypepattern`,`subpagepattern`),
  KEY `mdl_blocinst_tim_ix` (`timemodified`),
  KEY `mdl_blocinst_blo_ix` (`blockname`),
  KEY `mdl_blocinst_par_ix` (`parentcontextid`)
) ENGINE=InnoDB AUTO_INCREMENT=318 DEFAULT CHARSET=utf8mb4 COLLATE=utf8mb4_0900_ai_ci ROW_FORMAT=COMPRESSED COMMENT='This table stores block instances. The type of block this is';

--
-- Dumping data for table `mdl_block_instances`
--

INSERT INTO `mdl_block_instances` VALUES (5,'myoverview',1,0,0,'my-index','3','content',0,'',1728145888,1728145888),(24,'html',1,1,0,'*',NULL,'side-pre',1,'Tzo4OiJzdGRDbGFzcyI6Mzp7czo1OiJ0aXRsZSI7czoxODoiTGVzIGluZGlzcGVuc2FibGVzIjtzOjY6ImZvcm1hdCI7czoxOiIxIjtzOjQ6InRleHQiO3M6MTEzMDoiPHA+PGEgdGl0bGU9Imh0dHBzOi8vcGVkYWdvZ2llLmFjLW1vbnRwZWxsaWVyLmZyL3NpdGVzL2RlZmF1bHQvZmlsZXMvcmVzc291cmNlcy9tYW51ZWwtMDMtMTAtXzEwMjAwMDEucGRmIiBocmVmPSJodHRwczovL3BlZGFnb2dpZS5hYy1tb250cGVsbGllci5mci9zaXRlcy9kZWZhdWx0L2ZpbGVzL3Jlc3NvdXJjZXMvbWFudWVsLTAzLTEwLV8xMDIwMDAxLnBkZiI+PGltZyBjbGFzcz0iaW1nLWZsdWlkIiBzcmM9IkBAUExVR0lORklMRUBAL0NhcHR1cmUlMjBkJUUyJTgwJTk5JUMzJUE5Y3JhbiUyMGR1JTIwMjAyNC0xMi0xMyUyMDE3LTM1LTUwLnBuZyIgYWx0PSJMYSBjb3V2ZXJ0dXJlIGR1IG1hbnVlbCBkdSBCSUEiIHdpZHRoPSI2MDMiIGhlaWdodD0iODU4Ij48L2E+PC9wPg0KPHA+TGUgPGEgaHJlZj0iaHR0cHM6Ly9wZWRhZ29naWUuYWMtbW9udHBlbGxpZXIuZnIvc2l0ZXMvZGVmYXVsdC9maWxlcy9yZXNzb3VyY2VzL21hbnVlbC0wMy0xMC1fMTAyMDAwMS5wZGYiPk1hbnVlbCBkdSBCcmV2ZXQgZCdpbml0aWF0aW9uPC9hPiDDoCBsJ2HDqXJvbmF1dGlxdWUgcXVpIGVzdCBsZSBkb2N1bWVudCBkZSByw6lmw6lyZW5jZSBkZXMgbm90aW9ucyDDoCBjb25uYcOudHJlIGxlIGpvdXIgZGUgbCdleGFtZW4uPC9wPg0KPGg0PkxlcyB2aWTDqW9zPC9oND4NCjxwPjxhIHRpdGxlPSJodHRwczovL3d3dy55b3V0dWJlLmNvbS9wbGF5bGlzdD9saXN0PVBMY2lZTWZGT1RBWmFuYkJUSDctckJuYlMtMGtvdjZsV0siIGhyZWY9Imh0dHBzOi8vd3d3LnlvdXR1YmUuY29tL3BsYXlsaXN0P2xpc3Q9UExjaVlNZkZPVEFaYW5iQlRINy1yQm5iUy0wa292NmxXSyI+PGltZyBjbGFzcz0iaW1nLWZsdWlkIiBzcmM9IkBAUExVR0lORklMRUBAL2Nhc3QtY2FuYWxiaWEtMTU2MzIucG5nIiBhbHQ9IkltYWdlIGRlIGxhIGNoYWluZSAmcXVvdDtjYW5hbCBCSUEmcXVvdDsiIHdpZHRoPSI1MDAiIGhlaWdodD0iMjIwIj48L2E+PC9wPg0KPHA+TGEgY2hhw65uZSDCqyBjYW5hbCBCSUEgwrsgb3Ugdm91cyB0cm91dmVyZXogdG91dGVzIGxlcyByZXNzb3VyY2VzIGVuIHZpZMOpb3MsIGFmaW4gZGUgcHLDqXBhcmVyIGxlIEJyZXZldCBkJ2luaXRpYXRpb24gw6AgbCdhw6lyb25hdXRpcXVlLjwvcD4NCjxwPjwvcD4iO30=',1734108199,1735636919),(26,'settings',1,1,1,'*',NULL,'side-pre',0,'',1734261426,1734261426),(37,'xp',68,0,0,'course-view-*',NULL,'side-pre',0,'',1734394201,1734394201),(39,'xp',22,0,0,'course-*',NULL,'side-pre',0,'Tzo4OiJzdGRDbGFzcyI6MDp7fQ==',1734394457,1737557646),(40,'xp',14,0,0,'course-*',NULL,'side-pre',0,'Tzo4OiJzdGRDbGFzcyI6MDp7fQ==',1734394596,1736882658),(41,'xp',18,0,0,'course-*',NULL,'side-pre',0,'Tzo4OiJzdGRDbGFzcyI6MDp7fQ==',1734394645,1737557514),(42,'xp',16,0,0,'course-*',NULL,'side-pre',0,'Tzo4OiJzdGRDbGFzcyI6MDp7fQ==',1734394665,1737557575),(43,'xp',20,0,0,'course-*',NULL,'side-pre',0,'Tzo4OiJzdGRDbGFzcyI6MDp7fQ==',1734394682,1737503194),(48,'xp',68,0,0,'course-edit',NULL,'side-pre',2,'',1734415984,1734415984),(52,'xp',117,0,0,'course-view-*',NULL,'side-pre',2,'',1734466694,1734466694),(56,'completion_levels',68,0,0,'course-*',NULL,'side-pre',2,'Tzo4OiJzdGRDbGFzcyI6MTU6e3M6MTA6ImJsb2NrdGl0bGUiO3M6MjA6IlZvdHJlIHBvc2l0aW9ubmVtZW50IjtzOjEyOiJwcm9ncmVzc292ZXIiO3M6MDoiIjtzOjE0OiJtYXJrYWN0aXZpdGllcyI7czoxOiIwIjtzOjE5OiJmaWx0ZXJpbmFjdGl2ZXVzZXJzIjtzOjE6IjEiO3M6MTQ6IndhbGxvZmZhbWVzaXplIjtzOjE6IjMiO3M6MTQ6InRyYWNraW5nbWV0aG9kIjtzOjE6IjEiO3M6ODoiYWN0aXZpdHkiO2E6NDp7aTozMzthOjI6e3M6ODoiY2hlY2tib3giO3M6MToiMSI7czo2OiJ3ZWlnaHQiO2k6MTt9aTozOTthOjI6e3M6ODoiY2hlY2tib3giO3M6MToiMSI7czo2OiJ3ZWlnaHQiO2k6MTt9aTo1MjthOjI6e3M6ODoiY2hlY2tib3giO3M6MToiMSI7czo2OiJ3ZWlnaHQiO2k6MTt9aTo1MDthOjI6e3M6ODoiY2hlY2tib3giO3M6MToiMSI7czo2OiJ3ZWlnaHQiO2k6MTt9fXM6ODoibWF4bGV2ZWwiO2k6MTA7czo5OiJwaXhzZWxlY3QiO3M6NjoiY3VzdG9tIjtzOjEwOiJsZXZlbHNfcGl4IjtOO3M6Mjc6InNlbmRjb21wbGV0aW9ubm90aWZpY2F0aW9ucyI7czoxOiIxIjtzOjE5OiJzZW5kbm90aWZpY2F0aW9uc3RvIjthOjE6e2k6MjtzOjE6IjEiO31zOjk6ImFub255bW91cyI7czoxOiIwIjtzOjE3OiJ1c2VhbHRlcm5hdGVuYW1lcyI7czoxOiIwIjtzOjE2OiJzaG93b25seWNvZ3JvdXBzIjtzOjE6IjAiO30=',1734592937,1734605239),(65,'completion_progress',68,0,0,'course-view-*',NULL,'side-pre',2,'',1734606969,1734606969),(67,'completion_progress',18,0,0,'course-view-*',NULL,'side-pre',2,'',1736403803,1736403803),(70,'navigation',1,1,1,'*',NULL,'side-post',0,'',1736414960,1736414960),(83,'news_items',1,0,0,'my-index','2','content',0,'',1736524332,1736524332),(85,'completion_progress',1,0,0,'my-index','2','content',2,'',1736524371,1736524371),(91,'completion_progress',14,0,0,'course-*',NULL,'side-pre',2,'Tzo4OiJzdGRDbGFzcyI6Njp7czo3OiJvcmRlcmJ5IjtzOjExOiJvcmRlcmJ5dGltZSI7czo4OiJsb25nYmFycyI7czo3OiJzcXVlZXplIjtzOjE0OiJzaG93cGVyY2VudGFnZSI7czoxOiIwIjtzOjEzOiJwcm9ncmVzc1RpdGxlIjtzOjA6IiI7czoxODoiYWN0aXZpdGllc2luY2x1ZGVkIjtzOjE4OiJhY3Rpdml0eWNvbXBsZXRpb24iO3M6MTY6InNlbGVjdGFjdGl2aXRpZXMiO2E6MDp7fX0=',1736882226,1737555497),(102,'completion_progress',20,0,0,'course-*',NULL,'side-pre',-1,'Tzo4OiJzdGRDbGFzcyI6Njp7czo3OiJvcmRlcmJ5IjtzOjExOiJvcmRlcmJ5dGltZSI7czo4OiJsb25nYmFycyI7czo3OiJzcXVlZXplIjtzOjE0OiJzaG93cGVyY2VudGFnZSI7czoxOiIwIjtzOjEzOiJwcm9ncmVzc1RpdGxlIjtzOjA6IiI7czoxODoiYWN0aXZpdGllc2luY2x1ZGVkIjtzOjE4OiJhY3Rpdml0eWNvbXBsZXRpb24iO3M6MTY6InNlbGVjdGFjdGl2aXRpZXMiO2E6MDp7fX0=',1737555946,1737555981),(103,'completion_progress',16,0,0,'course-*',NULL,'side-pre',3,'Tzo4OiJzdGRDbGFzcyI6Njp7czo3OiJvcmRlcmJ5IjtzOjExOiJvcmRlcmJ5dGltZSI7czo4OiJsb25nYmFycyI7czo3OiJzcXVlZXplIjtzOjE0OiJzaG93cGVyY2VudGFnZSI7czoxOiIwIjtzOjEzOiJwcm9ncmVzc1RpdGxlIjtzOjA6IiI7czoxODoiYWN0aXZpdGllc2luY2x1ZGVkIjtzOjE4OiJhY3Rpdml0eWNvbXBsZXRpb24iO3M6MTY6InNlbGVjdGFjdGl2aXRpZXMiO2E6MDp7fX0=',1737556369,1737556403),(104,'completion_progress',22,0,0,'course-*',NULL,'side-pre',2,'Tzo4OiJzdGRDbGFzcyI6Njp7czo3OiJvcmRlcmJ5IjtzOjExOiJvcmRlcmJ5dGltZSI7czo4OiJsb25nYmFycyI7czo3OiJzcXVlZXplIjtzOjE0OiJzaG93cGVyY2VudGFnZSI7czoxOiIwIjtzOjEzOiJwcm9ncmVzc1RpdGxlIjtzOjA6IiI7czoxODoiYWN0aXZpdGllc2luY2x1ZGVkIjtzOjE4OiJhY3Rpdml0eWNvbXBsZXRpb24iO3M6MTY6InNlbGVjdGFjdGl2aXRpZXMiO2E6MDp7fX0=',1737556769,1737556807),(107,'online_users',1,0,0,'my-index','2','content',-1,'',1737566897,1737566929),(108,'news_items',92,0,0,'my-index','21','content',0,'',1737566972,1737566972),(109,'completion_progress',92,0,0,'my-index','21','content',2,'',1737566972,1737566972),(110,'online_users',92,0,0,'my-index','21','content',-1,'',1737566972,1737566972),(111,'news_items',5,0,0,'my-index','22','content',0,'',1737582036,1737582036),(112,'completion_progress',5,0,0,'my-index','22','content',2,'',1737582036,1737582036),(113,'online_users',5,0,0,'my-index','22','content',-1,'',1737582036,1737582036),(114,'news_items',246,0,0,'my-index','23','content',0,'',1737583635,1737583635),(115,'completion_progress',246,0,0,'my-index','23','content',2,'',1737583635,1737583635),(116,'online_users',246,0,0,'my-index','23','content',-1,'',1737583635,1737583635),(117,'news_items',51,0,0,'my-index','24','content',0,'',1737583764,1737583764),(118,'completion_progress',51,0,0,'my-index','24','content',2,'',1737583764,1737583764),(119,'online_users',51,0,0,'my-index','24','content',-1,'',1737583764,1737583764),(120,'news_items',385,0,0,'my-index','25','content',0,'',1737906582,1737906582),(121,'completion_progress',385,0,0,'my-index','25','content',2,'',1737906582,1737906582),(122,'online_users',385,0,0,'my-index','25','content',-1,'',1737906583,1737906583),(123,'news_items',389,0,0,'my-index','26','content',0,'',1738870430,1738870430),(124,'completion_progress',389,0,0,'my-index','26','content',2,'',1738870430,1738870430),(125,'online_users',389,0,0,'my-index','26','content',-1,'',1738870430,1738870430),(126,'news_items',390,0,0,'my-index','27','content',0,'',1738870440,1738870440),(127,'completion_progress',390,0,0,'my-index','27','content',2,'',1738870440,1738870440),(128,'online_users',390,0,0,'my-index','27','content',-1,'',1738870440,1738870440),(129,'news_items',397,0,0,'my-index','28','content',0,'',1738870498,1738870498),(130,'completion_progress',397,0,0,'my-index','28','content',2,'',1738870498,1738870498),(131,'online_users',397,0,0,'my-index','28','content',-1,'',1738870498,1738870498),(132,'news_items',402,0,0,'my-index','29','content',0,'',1738871075,1738871075),(133,'completion_progress',402,0,0,'my-index','29','side-pre',0,'',1738871075,1738873339),(134,'online_users',402,0,0,'my-index','29','content',-1,'',1738871075,1738871075),(135,'news_items',408,0,0,'my-index','33','content',0,'',1739873140,1739873140),(136,'completion_progress',408,0,0,'my-index','33','content',2,'',1739873140,1739873140),(137,'online_users',408,0,0,'my-index','33','content',-1,'',1739873140,1739873140),(138,'news_items',412,0,0,'my-index','36','content',0,'',1740349733,1740349733),(139,'completion_progress',412,0,0,'my-index','36','content',2,'',1740349733,1740349733),(140,'online_users',412,0,0,'my-index','36','content',-1,'',1740349733,1740349733),(141,'news_items',421,0,0,'my-index','38','content',0,'',1740472873,1740472873),(142,'completion_progress',421,0,0,'my-index','38','content',2,'',1740472873,1740472873),(143,'online_users',421,0,0,'my-index','38','content',-1,'',1740472873,1740472873),(144,'news_items',431,0,0,'my-index','40','content',0,'',1741040436,1741040436),(145,'completion_progress',431,0,0,'my-index','40','content',2,'',1741040436,1741040436),(146,'online_users',431,0,0,'my-index','40','content',-1,'',1741040436,1741040436),(147,'news_items',427,0,0,'my-index','41','content',0,'',1741066608,1741066608),(148,'completion_progress',427,0,0,'my-index','41','content',2,'',1741066608,1741066608),(149,'online_users',427,0,0,'my-index','41','content',-1,'',1741066608,1741066608),(150,'news_items',434,0,0,'my-index','42','content',0,'',1741082371,1741082371),(151,'completion_progress',434,0,0,'my-index','42','content',2,'',1741082371,1741082371),(152,'online_users',434,0,0,'my-index','42','content',-1,'',1741082371,1741082371),(153,'news_items',430,0,0,'my-index','43','content',0,'',1741088899,1741088899),(154,'completion_progress',430,0,0,'my-index','43','content',2,'',1741088899,1741088899),(155,'online_users',430,0,0,'my-index','43','content',-1,'',1741088899,1741088899),(156,'news_items',429,0,0,'my-index','44','content',0,'',1741088904,1741088904),(157,'completion_progress',429,0,0,'my-index','44','content',2,'',1741088904,1741088904),(158,'online_users',429,0,0,'my-index','44','content',-1,'',1741088904,1741088904),(159,'news_items',432,0,0,'my-index','45','content',0,'',1741088965,1741088965),(160,'completion_progress',432,0,0,'my-index','45','content',2,'',1741088965,1741088965),(161,'online_users',432,0,0,'my-index','45','content',-1,'',1741088965,1741088965),(162,'news_items',433,0,0,'my-index','47','content',0,'',1741089061,1741089061),(163,'completion_progress',433,0,0,'my-index','47','content',2,'',1741089061,1741089061),(164,'online_users',433,0,0,'my-index','47','content',-1,'',1741089061,1741089061),(165,'news_items',456,0,0,'my-index','51','content',0,'',1741163297,1741163297),(166,'completion_progress',456,0,0,'my-index','51','content',2,'',1741163297,1741163297),(167,'online_users',456,0,0,'my-index','51','content',-1,'',1741163297,1741163297),(168,'news_items',401,0,0,'my-index','52','content',0,'',1741291596,1741291596),(169,'completion_progress',401,0,0,'my-index','52','content',2,'',1741291596,1741291596),(170,'online_users',401,0,0,'my-index','52','content',-1,'',1741291596,1741291596),(171,'news_items',406,0,0,'my-index','53','content',0,'',1741357057,1741357057),(172,'completion_progress',406,0,0,'my-index','53','content',2,'',1741357057,1741357057),(173,'online_users',406,0,0,'my-index','53','content',-1,'',1741357057,1741357057),(174,'news_items',498,0,0,'my-index','56','content',0,'',1741735096,1741735096),(175,'completion_progress',498,0,0,'my-index','56','content',2,'',1741735096,1741735096),(176,'online_users',498,0,0,'my-index','56','content',-1,'',1741735096,1741735096),(177,'news_items',503,0,0,'my-index','58','content',0,'',1742029751,1742029751),(178,'completion_progress',503,0,0,'my-index','58','content',2,'',1742029751,1742029751),(179,'online_users',503,0,0,'my-index','58','content',-1,'',1742029751,1742029751),(180,'news_items',507,0,0,'my-index','59','content',0,'',1742031818,1742031818),(181,'completion_progress',507,0,0,'my-index','59','content',2,'',1742031818,1742031818),(182,'online_users',507,0,0,'my-index','59','content',-1,'',1742031818,1742031818),(183,'news_items',511,0,0,'my-index','62','content',0,'',1742241482,1742241482),(184,'completion_progress',511,0,0,'my-index','62','content',2,'',1742241482,1742241482),(185,'online_users',511,0,0,'my-index','62','content',-1,'',1742241482,1742241482),(186,'news_items',544,0,0,'my-index','63','content',0,'',1742993732,1742993732),(187,'completion_progress',544,0,0,'my-index','63','content',2,'',1742993732,1742993732),(188,'online_users',544,0,0,'my-index','63','content',-1,'',1742993732,1742993732),(189,'news_items',573,0,0,'my-index','68','content',0,'',1743766170,1743766170),(190,'completion_progress',573,0,0,'my-index','68','content',2,'',1743766170,1743766170),(191,'online_users',573,0,0,'my-index','68','content',-1,'',1743766170,1743766170),(192,'news_items',583,0,0,'my-index','69','content',0,'',1743772007,1743772007),(193,'completion_progress',583,0,0,'my-index','69','content',2,'',1743772007,1743772007),(194,'online_users',583,0,0,'my-index','69','content',-1,'',1743772007,1743772007),(195,'news_items',574,0,0,'my-index','70','content',0,'',1743772011,1743772011),(196,'completion_progress',574,0,0,'my-index','70','content',2,'',1743772011,1743772011),(197,'online_users',574,0,0,'my-index','70','content',-1,'',1743772011,1743772011),(198,'news_items',600,0,0,'my-index','71','content',0,'',1743772015,1743772015),(199,'completion_progress',600,0,0,'my-index','71','content',2,'',1743772015,1743772015),(200,'online_users',600,0,0,'my-index','71','content',-1,'',1743772015,1743772015),(201,'news_items',596,0,0,'my-index','72','content',0,'',1743772017,1743772017),(202,'completion_progress',596,0,0,'my-index','72','content',2,'',1743772017,1743772017),(203,'online_users',596,0,0,'my-index','72','content',-1,'',1743772017,1743772017),(204,'news_items',581,0,0,'my-index','73','content',0,'',1743772020,1743772020),(205,'completion_progress',581,0,0,'my-index','73','content',2,'',1743772020,1743772020),(206,'online_users',581,0,0,'my-index','73','content',-1,'',1743772020,1743772020),(207,'news_items',591,0,0,'my-index','74','content',0,'',1743772024,1743772024),(208,'completion_progress',591,0,0,'my-index','74','content',2,'',1743772024,1743772024),(209,'online_users',591,0,0,'my-index','74','content',-1,'',1743772024,1743772024),(210,'news_items',576,0,0,'my-index','75','content',0,'',1743772025,1743772025),(211,'news_items',575,0,0,'my-index','76','content',0,'',1743772025,1743772025),(212,'completion_progress',576,0,0,'my-index','75','content',2,'',1743772025,1743772025),(213,'completion_progress',575,0,0,'my-index','76','content',2,'',1743772025,1743772025),(214,'online_users',576,0,0,'my-index','75','content',-1,'',1743772025,1743772025),(215,'news_items',588,0,0,'my-index','77','content',0,'',1743772025,1743772025),(216,'online_users',575,0,0,'my-index','76','content',-1,'',1743772025,1743772025),(217,'completion_progress',588,0,0,'my-index','77','content',2,'',1743772025,1743772025),(218,'online_users',588,0,0,'my-index','77','content',-1,'',1743772025,1743772025),(219,'news_items',595,0,0,'my-index','78','content',0,'',1743772029,1743772029),(220,'completion_progress',595,0,0,'my-index','78','content',2,'',1743772029,1743772029),(221,'online_users',595,0,0,'my-index','78','content',-1,'',1743772029,1743772029),(222,'news_items',603,0,0,'my-index','79','content',0,'',1743772030,1743772030),(223,'completion_progress',603,0,0,'my-index','79','content',2,'',1743772030,1743772030),(224,'online_users',603,0,0,'my-index','79','content',-1,'',1743772030,1743772030),(225,'news_items',579,0,0,'my-index','80','content',0,'',1743772031,1743772031),(226,'completion_progress',579,0,0,'my-index','80','content',2,'',1743772031,1743772031),(227,'online_users',579,0,0,'my-index','80','content',-1,'',1743772031,1743772031),(228,'news_items',582,0,0,'my-index','81','content',0,'',1743772048,1743772048),(229,'completion_progress',582,0,0,'my-index','81','content',2,'',1743772048,1743772048),(230,'online_users',582,0,0,'my-index','81','content',-1,'',1743772048,1743772048),(231,'news_items',594,0,0,'my-index','82','content',0,'',1743772049,1743772049),(232,'completion_progress',594,0,0,'my-index','82','content',2,'',1743772049,1743772049),(233,'online_users',594,0,0,'my-index','82','content',-1,'',1743772049,1743772049),(234,'news_items',590,0,0,'my-index','84','content',0,'',1743772052,1743772052),(235,'completion_progress',590,0,0,'my-index','84','content',2,'',1743772052,1743772052),(236,'online_users',590,0,0,'my-index','84','content',-1,'',1743772052,1743772052),(237,'news_items',592,0,0,'my-index','85','content',0,'',1743772054,1743772054),(238,'completion_progress',592,0,0,'my-index','85','content',2,'',1743772054,1743772054),(239,'online_users',592,0,0,'my-index','85','content',-1,'',1743772054,1743772054),(240,'news_items',572,0,0,'my-index','86','content',0,'',1743772055,1743772055),(241,'completion_progress',572,0,0,'my-index','86','content',2,'',1743772055,1743772055),(242,'online_users',572,0,0,'my-index','86','content',-1,'',1743772055,1743772055),(243,'news_items',602,0,0,'my-index','87','content',0,'',1743772057,1743772057),(244,'completion_progress',602,0,0,'my-index','87','content',2,'',1743772057,1743772057),(245,'online_users',602,0,0,'my-index','87','content',-1,'',1743772057,1743772057),(246,'news_items',598,0,0,'my-index','88','content',0,'',1743772059,1743772059),(247,'completion_progress',598,0,0,'my-index','88','content',2,'',1743772059,1743772059),(248,'online_users',598,0,0,'my-index','88','content',-1,'',1743772059,1743772059),(252,'news_items',585,0,0,'my-index','91','content',0,'',1743772071,1743772071),(253,'completion_progress',585,0,0,'my-index','91','content',2,'',1743772071,1743772071),(254,'online_users',585,0,0,'my-index','91','content',-1,'',1743772071,1743772071),(255,'news_items',577,0,0,'my-index','92','content',0,'',1743772073,1743772073),(256,'completion_progress',577,0,0,'my-index','92','content',2,'',1743772073,1743772073),(257,'online_users',577,0,0,'my-index','92','content',-1,'',1743772073,1743772073),(258,'news_items',586,0,0,'my-index','93','content',0,'',1743772082,1743772082),(259,'completion_progress',586,0,0,'my-index','93','content',2,'',1743772082,1743772082),(260,'online_users',586,0,0,'my-index','93','content',-1,'',1743772082,1743772082),(261,'news_items',597,0,0,'my-index','94','content',0,'',1743772095,1743772095),(262,'completion_progress',597,0,0,'my-index','94','content',2,'',1743772095,1743772095),(263,'online_users',597,0,0,'my-index','94','content',-1,'',1743772095,1743772095),(264,'news_items',599,0,0,'my-index','96','content',0,'',1743772125,1743772125),(265,'completion_progress',599,0,0,'my-index','96','content',2,'',1743772125,1743772125),(266,'online_users',599,0,0,'my-index','96','content',-1,'',1743772125,1743772125),(267,'news_items',578,0,0,'my-index','97','content',0,'',1743772148,1743772148),(268,'completion_progress',578,0,0,'my-index','97','content',2,'',1743772148,1743772148),(269,'online_users',578,0,0,'my-index','97','content',-1,'',1743772148,1743772148),(270,'news_items',584,0,0,'my-index','98','content',0,'',1743772170,1743772170),(271,'completion_progress',584,0,0,'my-index','98','content',2,'',1743772170,1743772170),(272,'online_users',584,0,0,'my-index','98','content',-1,'',1743772170,1743772170),(273,'news_items',587,0,0,'my-index','100','content',0,'',1743772197,1743772197),(274,'completion_progress',587,0,0,'my-index','100','content',2,'',1743772197,1743772197),(275,'online_users',587,0,0,'my-index','100','content',-1,'',1743772197,1743772197),(276,'news_items',601,0,0,'my-index','101','content',0,'',1743772221,1743772221),(277,'completion_progress',601,0,0,'my-index','101','content',2,'',1743772221,1743772221),(278,'online_users',601,0,0,'my-index','101','content',-1,'',1743772221,1743772221),(282,'news_items',580,0,0,'my-index','103','content',0,'',1743772316,1743772316),(283,'completion_progress',580,0,0,'my-index','103','content',2,'',1743772316,1743772316),(284,'online_users',580,0,0,'my-index','103','content',-1,'',1743772316,1743772316),(285,'news_items',593,0,0,'my-index','104','content',0,'',1743772413,1743772413),(286,'completion_progress',593,0,0,'my-index','104','content',2,'',1743772413,1743772413),(287,'online_users',593,0,0,'my-index','104','content',-1,'',1743772413,1743772413),(288,'news_items',704,0,0,'my-index','127','content',0,'',1744647372,1744647372),(289,'completion_progress',704,0,0,'my-index','127','content',2,'',1744647372,1744647372),(290,'online_users',704,0,0,'my-index','127','content',-1,'',1744647372,1744647372),(291,'news_items',708,0,0,'my-index','129','content',0,'',1744742142,1744742142),(292,'completion_progress',708,0,0,'my-index','129','content',2,'',1744742142,1744742142),(293,'online_users',708,0,0,'my-index','129','content',-1,'',1744742142,1744742142),(294,'news_items',737,0,0,'my-index','131','content',0,'',1745151033,1745151033),(295,'completion_progress',737,0,0,'my-index','131','content',2,'',1745151033,1745151033),(296,'online_users',737,0,0,'my-index','131','content',-1,'',1745151033,1745151033),(297,'news_items',24,0,0,'my-index','132','content',0,'',1745224723,1745224723),(298,'completion_progress',24,0,0,'my-index','132','content',2,'',1745224723,1745224723),(299,'online_users',24,0,0,'my-index','132','content',-1,'',1745224723,1745224723),(300,'configurable_reports',14,0,0,'course-view-*',NULL,'side-pre',2,'',1745302681,1745302681),(301,'configurable_reports',18,0,0,'course-view-*',NULL,'side-pre',3,'',1745310643,1745310643),(302,'news_items',554,0,0,'my-index','133','content',0,'',1746553832,1746553832),(303,'completion_progress',554,0,0,'my-index','133','content',2,'',1746553832,1746553832),(304,'online_users',554,0,0,'my-index','133','content',-1,'',1746553832,1746553832),(305,'news_items',428,0,0,'my-index','135','content',0,'',1747139212,1747139212),(306,'completion_progress',428,0,0,'my-index','135','content',2,'',1747139212,1747139212),(307,'online_users',428,0,0,'my-index','135','content',-1,'',1747139212,1747139212),(308,'news_items',762,0,0,'my-index','139','content',0,'',1747993950,1747993950),(309,'completion_progress',762,0,0,'my-index','139','content',2,'',1747993950,1747993950),(310,'online_users',762,0,0,'my-index','139','content',-1,'',1747993950,1747993950),(311,'news_items',589,0,0,'my-index','140','content',0,'',1748110049,1748110049),(312,'completion_progress',589,0,0,'my-index','140','content',2,'',1748110049,1748110049),(313,'online_users',589,0,0,'my-index','140','content',-1,'',1748110049,1748110049),(314,'activity_modules',14,0,0,'report-participation-*',NULL,'side-pre',2,'Tzo4OiJzdGRDbGFzcyI6MDp7fQ==',1748193827,1748193906),(315,'activity_modules',22,0,0,'course-view-*',NULL,'side-pre',2,'',1748194083,1748194083),(317,'completion_progress',790,0,0,'course-view-*',NULL,'side-pre',2,'',1750053041,1750053041);

--
-- Table structure for table `mdl_block_openai_chat_log`
--

CREATE TABLE `mdl_block_openai_chat_log` (
  `id` bigint NOT NULL AUTO_INCREMENT,
  `userid` bigint NOT NULL,
  `usermessage` longtext CHARACTER SET utf8mb4 COLLATE utf8mb4_0900_ai_ci NOT NULL,
  `airesponse` longtext CHARACTER SET utf8mb4 COLLATE utf8mb4_0900_ai_ci,
  `contextid` bigint NOT NULL,
  `timecreated` bigint NOT NULL,
  PRIMARY KEY (`id`),
  KEY `mdl_blocopenchatlog_tim_ix` (`timecreated`),
  KEY `mdl_blocopenchatlog_usetim_ix` (`userid`,`timecreated`),
  KEY `mdl_blocopenchatlog_use_ix` (`userid`)
) ENGINE=InnoDB DEFAULT CHARSET=utf8mb4 COLLATE=utf8mb4_0900_ai_ci ROW_FORMAT=COMPRESSED COMMENT='Log of chat messages for block_openai_chat';

--
-- Dumping data for table `mdl_block_openai_chat_log`
--


--
-- Table structure for table `mdl_block_point_view`
--

CREATE TABLE `mdl_block_point_view` (
  `id` bigint NOT NULL AUTO_INCREMENT,
  `courseid` bigint NOT NULL,
  `cmid` bigint NOT NULL,
  `userid` bigint NOT NULL,
  `vote` tinyint(1) NOT NULL,
  PRIMARY KEY (`id`)
) ENGINE=InnoDB DEFAULT CHARSET=utf8mb4 COLLATE=utf8mb4_0900_ai_ci ROW_FORMAT=COMPRESSED COMMENT='Save the user''s votes by types for the different activities';

--
-- Dumping data for table `mdl_block_point_view`
--


--
-- Table structure for table `mdl_block_positions`
--

CREATE TABLE `mdl_block_positions` (
  `id` bigint NOT NULL AUTO_INCREMENT,
  `blockinstanceid` bigint NOT NULL,
  `contextid` bigint NOT NULL,
  `pagetype` varchar(64) CHARACTER SET utf8mb4 COLLATE utf8mb4_0900_ai_ci NOT NULL DEFAULT '',
  `subpage` varchar(16) CHARACTER SET utf8mb4 COLLATE utf8mb4_0900_ai_ci NOT NULL DEFAULT '',
  `visible` smallint NOT NULL,
  `region` varchar(16) CHARACTER SET utf8mb4 COLLATE utf8mb4_0900_ai_ci NOT NULL DEFAULT '',
  `weight` bigint NOT NULL,
  PRIMARY KEY (`id`),
  UNIQUE KEY `mdl_blocposi_bloconpagsub_uix` (`blockinstanceid`,`contextid`,`pagetype`,`subpage`),
  KEY `mdl_blocposi_blo_ix` (`blockinstanceid`),
  KEY `mdl_blocposi_con_ix` (`contextid`)
) ENGINE=InnoDB AUTO_INCREMENT=43 DEFAULT CHARSET=utf8mb4 COLLATE=utf8mb4_0900_ai_ci ROW_FORMAT=COMPRESSED COMMENT='Stores the position of a sticky block_instance on a another ';

--
-- Dumping data for table `mdl_block_positions`
--

INSERT INTO `mdl_block_positions` VALUES (5,52,117,'course-view-topics','',1,'side-pre',-1),(6,52,117,'course-view-section-topics','',1,'side-pre',0),(7,56,68,'course-view-topics','',1,'side-pre',-3),(10,65,68,'course-view-topics','',1,'side-pre',-2),(11,41,18,'course-view-topics','',1,'side-pre',-1),(12,67,18,'course-view-topics','',1,'side-pre',-3),(14,41,18,'course-view-section-topics','',1,'side-pre',-1),(15,67,18,'course-view-section-topics','',1,'side-pre',-3),(17,41,18,'course-view-tiles','',1,'side-pre',-1),(18,67,18,'course-view-tiles','',1,'side-pre',-3),(19,24,18,'course-view-tiles','',1,'side-pre',2),(25,24,5,'my-index','17',1,'side-pre',2),(26,40,14,'course-view-tiles','',1,'side-pre',-1),(27,91,14,'course-view-tiles','',1,'side-pre',-2),(28,43,20,'course-view-tiles','',1,'side-pre',-4),(30,24,20,'course-view-tiles','',1,'side-pre',-2),(31,102,20,'course-view-tiles','',1,'side-pre',-5),(33,103,16,'course-view-tiles','',1,'side-pre',-2),(34,42,16,'course-view-tiles','',1,'side-pre',-1),(35,39,22,'course-view-tiles','',1,'side-pre',-1),(36,104,22,'course-view-tiles','',1,'side-pre',-2),(37,37,68,'course-view-section-topics','',1,'side-pre',-2),(38,24,68,'course-view-section-topics','',1,'side-pre',0),(39,65,68,'course-view-section-topics','',1,'side-pre',-3),(40,300,14,'course-view-tiles','',1,'side-pre',2),(41,111,5,'my-index','22',0,'content',0),(42,317,790,'course-view-tiles','',1,'side-pre',0);

--
-- Table structure for table `mdl_block_recent_activity`
--

CREATE TABLE `mdl_block_recent_activity` (
  `id` bigint NOT NULL AUTO_INCREMENT,
  `courseid` bigint NOT NULL,
  `cmid` bigint NOT NULL,
  `timecreated` bigint NOT NULL,
  `userid` bigint NOT NULL,
  `action` tinyint(1) NOT NULL,
  `modname` varchar(20) CHARACTER SET utf8mb4 COLLATE utf8mb4_0900_ai_ci DEFAULT NULL,
  PRIMARY KEY (`id`),
  KEY `mdl_blocreceacti_coutim_ix` (`courseid`,`timecreated`)
) ENGINE=InnoDB AUTO_INCREMENT=1223 DEFAULT CHARSET=utf8mb4 COLLATE=utf8mb4_0900_ai_ci ROW_FORMAT=COMPRESSED COMMENT='Recent activity block';

--
-- Dumping data for table `mdl_block_recent_activity`
--

INSERT INTO `mdl_block_recent_activity` VALUES (1105,2,1,1755155307,2,2,'forum'),(1106,2,8,1755155308,2,2,'quiz'),(1107,2,11,1755155309,2,2,'quiz'),(1108,2,12,1755155310,2,2,'data'),(1109,2,14,1755155310,2,2,'resource'),(1110,2,13,1755155311,2,2,'resource'),(1111,3,2,1755155311,2,2,'forum'),(1112,3,9,1755155312,2,2,'quiz'),(1113,3,16,1755155313,2,2,'quiz'),(1114,4,3,1755155313,2,2,'forum'),(1115,6,5,1755155313,2,2,'forum'),(1116,5,4,1755155314,2,2,'forum'),(1117,3,18,1755155314,2,2,'quiz'),(1118,3,19,1755155316,2,2,'quiz'),(1119,3,20,1755155317,2,2,'quiz'),(1120,3,21,1755155317,2,2,'quiz'),(1121,3,23,1755155318,2,2,'quiz'),(1122,2,22,1755155318,2,2,'resource'),(1123,2,17,1755155319,2,2,'quiz'),(1124,2,24,1755155320,2,2,'quiz'),(1125,2,25,1755155321,2,2,'quiz'),(1126,2,26,1755155322,2,2,'quiz'),(1127,2,27,1755155322,2,2,'quiz'),(1128,7,36,1755155323,2,2,'glossary'),(1129,7,32,1755155324,2,2,'forum'),(1130,7,33,1755155324,2,2,'quiz'),(1131,7,35,1755155325,2,2,'data'),(1132,7,34,1755155326,2,2,'label'),(1133,7,49,1755155327,2,2,'feedback'),(1134,8,53,1755155328,2,2,'forum'),(1135,8,55,1755155329,2,2,'lesson'),(1136,8,54,1755155330,2,2,'quiz'),(1137,8,57,1755155331,2,2,'quiz'),(1138,2,28,1755155332,2,2,'quiz'),(1139,2,41,1755155333,2,2,'quiz'),(1140,7,66,1755155334,2,2,'label'),(1141,8,67,1755155335,2,2,'label'),(1142,5,69,1755155335,2,2,'page'),(1143,6,31,1755155337,2,2,'quiz'),(1144,6,30,1755155338,2,2,'quiz'),(1145,3,40,1755155339,2,2,'quiz'),(1146,1,38,1755155339,2,2,'label'),(1147,4,100,1755155341,2,2,'quiz'),(1148,4,107,1755155342,2,2,'book'),(1149,4,106,1755155342,2,2,'label'),(1150,4,105,1755155343,2,2,'label'),(1151,4,110,1755155343,2,2,'label'),(1152,4,104,1755155344,2,2,'label'),(1153,4,117,1755155344,2,2,'quiz'),(1154,4,123,1755155345,2,2,'label'),(1155,4,114,1755155346,2,2,'quiz'),(1156,4,112,1755155347,2,2,'quiz'),(1157,4,115,1755155348,2,2,'quiz'),(1158,4,119,1755155348,2,2,'label'),(1159,4,116,1755155349,2,2,'quiz'),(1160,4,108,1755155349,2,2,'label'),(1161,4,120,1755155350,2,2,'label'),(1162,4,127,1755155350,2,2,'label'),(1163,4,128,1755155351,2,2,'label'),(1164,4,129,1755155351,2,2,'label'),(1165,4,130,1755155352,2,2,'label'),(1166,4,131,1755155352,2,2,'label'),(1167,4,29,1755155353,2,2,'quiz'),(1168,4,144,1755155354,2,2,'quiz'),(1169,4,145,1755155355,2,2,'data'),(1170,2,81,1755155356,2,2,'resource'),(1171,2,78,1755155357,2,2,'label'),(1172,2,96,1755155357,2,2,'label'),(1173,2,97,1755155357,2,2,'label'),(1174,2,122,1755155358,2,2,'label'),(1175,2,174,1755155358,2,2,'feedback'),(1176,4,109,1755155359,2,2,'label'),(1177,3,164,1755155360,2,2,'label'),(1178,3,200,1755155361,2,2,'label'),(1179,3,180,1755155361,2,2,'label'),(1180,6,177,1755155362,2,2,'label'),(1181,3,73,1755155362,2,2,'choice'),(1182,4,143,1755155364,2,2,'quiz'),(1183,4,239,1755155365,2,2,'quiz'),(1184,4,98,1755155366,2,2,'quiz'),(1185,2,184,1755155367,2,2,'quiz'),(1186,2,176,1755155367,2,2,'quiz'),(1187,5,206,1755155368,2,2,'quiz'),(1188,3,202,1755155369,2,2,'quiz'),(1189,3,222,1755155370,2,2,'quiz'),(1190,5,251,1755155380,2,2,'quiz'),(1191,5,255,1755155384,2,2,'quiz'),(1192,8,264,1755155385,2,2,'quiz'),(1193,8,265,1755155387,2,2,'quiz'),(1194,8,266,1755155388,2,2,'quiz'),(1195,8,267,1755155389,2,2,'quiz'),(1196,8,268,1755155390,2,2,'quiz'),(1197,8,269,1755155391,2,2,'quiz'),(1198,8,292,1755155393,2,2,'quiz'),(1199,8,286,1755155394,2,2,'quiz'),(1200,8,287,1755155395,2,2,'quiz'),(1201,8,288,1755155395,2,2,'quiz'),(1202,8,289,1755155396,2,2,'quiz'),(1203,8,290,1755155397,2,2,'quiz'),(1204,8,291,1755155398,2,2,'quiz'),(1205,4,299,1755155401,2,2,'quiz'),(1206,8,301,1755155402,2,2,'quiz'),(1207,8,302,1755155403,2,2,'quiz'),(1208,8,303,1755155404,2,2,'quiz'),(1209,8,304,1755155405,2,2,'quiz'),(1210,8,305,1755155406,2,2,'quiz'),(1211,8,306,1755155407,2,2,'quiz'),(1212,4,313,1755155413,2,2,'quiz'),(1213,7,348,1755155430,2,2,'quiz'),(1214,8,370,1755155462,2,2,'quiz'),(1215,10,380,1755155500,2,2,'forum'),(1216,11,383,1755155501,2,2,'forum'),(1217,1,385,1755155503,2,0,NULL),(1218,2,386,1755155503,2,0,NULL),(1219,12,388,1755155503,2,0,NULL),(1220,4,389,1755155503,2,0,NULL),(1221,6,390,1755155503,2,0,NULL),(1222,7,391,1755155504,2,0,NULL);

--
-- Table structure for table `mdl_block_recentlyaccesseditems`
--

CREATE TABLE `mdl_block_recentlyaccesseditems` (
  `id` bigint NOT NULL AUTO_INCREMENT,
  `courseid` bigint NOT NULL,
  `cmid` bigint NOT NULL,
  `userid` bigint NOT NULL,
  `timeaccess` bigint NOT NULL,
  PRIMARY KEY (`id`),
  UNIQUE KEY `mdl_blocrece_usecoucmi_uix` (`userid`,`courseid`,`cmid`),
  KEY `mdl_blocrece_use_ix` (`userid`),
  KEY `mdl_blocrece_cou_ix` (`courseid`),
  KEY `mdl_blocrece_cmi_ix` (`cmid`)
) ENGINE=InnoDB AUTO_INCREMENT=1612 DEFAULT CHARSET=utf8mb4 COLLATE=utf8mb4_0900_ai_ci ROW_FORMAT=COMPRESSED COMMENT='Most recently accessed items accessed by a user';

--
-- Dumping data for table `mdl_block_recentlyaccesseditems`
--

INSERT INTO `mdl_block_recentlyaccesseditems` VALUES (131,4,101,6,1736436060),(169,8,58,8,1737484992),(188,4,101,8,1737499764),(189,4,238,8,1737499813),(224,2,80,6,1737538065),(245,3,244,6,1737567017),(248,2,79,6,1737615098),(249,4,240,8,1737624771),(258,4,238,11,1738874501),(267,6,245,11,1738874641),(268,2,241,11,1738875022),(281,8,121,18,1741693233),(282,8,58,18,1740048951),(285,3,244,18,1740068171),(292,3,246,19,1740403791),(294,4,248,20,1740475265),(295,4,240,20,1740475481),(301,2,167,5,1740495547),(315,2,241,24,1747133220),(319,2,241,23,1745924387),(320,2,241,18,1741693301),(321,4,248,18,1741091088),(336,4,240,5,1741291493),(392,2,256,18,1741693296),(393,2,280,18,1741693315),(394,2,281,18,1741693325),(407,5,205,31,1741862999),(408,5,257,31,1741863007),(409,5,262,31,1741863033),(410,5,252,32,1742121097),(411,8,65,30,1742144904),(412,8,58,30,1742144929),(474,8,121,5,1745519429),(481,6,245,24,1745924656),(520,8,64,36,1743187030),(521,8,65,36,1743187022),(542,4,240,25,1748592792),(543,2,280,23,1745924399),(549,8,64,27,1749544027),(551,8,270,27,1743504718),(556,3,276,23,1743505751),(566,7,39,54,1744627141),(567,2,241,61,1743772384),(568,2,256,61,1743772378),(569,2,247,46,1743772435),(570,7,39,48,1743772577),(571,4,240,56,1743772583),(572,6,245,38,1743773336),(573,6,245,56,1743772773),(574,6,245,48,1743772787),(575,6,245,57,1743772789),(576,6,245,67,1743772790),(577,6,320,45,1743772795),(579,6,320,39,1743772803),(580,6,245,49,1743772809),(581,6,245,55,1743772813),(582,6,321,42,1743772820),(583,6,245,50,1743772828),(585,6,320,42,1743772864),(586,6,245,61,1743772899),(587,4,240,41,1743772921),(588,6,245,58,1743772945),(589,6,245,51,1743773212),(590,6,245,62,1743773008),(591,6,245,52,1743773365),(592,2,241,56,1743773126),(593,6,278,61,1743773144),(594,3,331,38,1743773158),(595,6,253,51,1743773220),(596,6,250,51,1743773223),(597,6,245,43,1743773304),(598,4,324,68,1743773340),(599,2,241,46,1743773389),(600,6,278,38,1743773400),(601,6,279,38,1743773404),(602,6,314,38,1743773411),(603,7,39,66,1743773510),(604,6,245,46,1743773422),(605,8,64,38,1743773453),(606,8,282,38,1743773524),(607,6,278,43,1743773558),(608,6,278,46,1743773574),(609,5,333,38,1743773671),(610,5,333,68,1743774241),(611,5,333,55,1743773996),(612,5,333,67,1743773677),(613,5,333,66,1743773678),(614,5,334,65,1743773683),(615,5,333,59,1743773837),(616,5,333,37,1744028283),(617,5,243,42,1743773697),(618,5,333,41,1743773703),(619,5,333,43,1743773710),(620,5,333,49,1743773724),(621,6,279,46,1743774472),(622,5,243,50,1747161989),(623,5,243,62,1743773765),(624,5,333,39,1743774152),(625,5,333,56,1743773791),(626,5,333,42,1743773808),(627,5,333,60,1743774197),(628,5,333,61,1743773812),(629,5,333,45,1743773812),(630,8,62,44,1743773832),(632,5,333,64,1743773865),(633,5,243,52,1743774191),(634,5,335,54,1743773883),(636,7,39,32,1743953430),(637,2,326,37,1744011454),(638,2,247,37,1744011490),(639,5,334,37,1744029087),(640,5,335,37,1744031467),(641,5,336,37,1744134901),(642,4,260,27,1744531524),(643,8,121,39,1744546605),(644,2,326,54,1744621852),(645,8,319,54,1744622317),(667,4,284,54,1744649208),(668,7,50,49,1744793850),(696,6,320,60,1744881113),(697,6,321,60,1744880832),(714,7,343,53,1744993669),(715,8,121,53,1744997105),(791,6,320,63,1745579366),(792,6,321,63,1745579374),(793,7,39,63,1745483289),(794,7,347,63,1745170185),(873,4,248,64,1745332607),(874,7,39,25,1747134884),(875,8,307,42,1745392696),(876,8,308,42,1745393689),(877,8,309,42,1745394191),(878,8,310,42,1745394195),(879,8,311,42,1745349367),(880,8,319,58,1745385415),(881,7,343,66,1745360208),(882,2,247,52,1745386356),(883,2,80,52,1745391983),(885,7,343,63,1745486827),(887,8,318,5,1745519348),(888,8,261,5,1745519402),(889,2,337,13,1747151202),(890,7,344,63,1745580783),(891,7,345,63,1745580791),(892,7,346,63,1745580815),(893,8,121,21,1748881489),(894,7,349,23,1745923468),(896,4,324,24,1745924344),(897,7,50,23,1745924344),(899,8,261,27,1747739793),(900,7,343,27,1746261634),(902,7,343,58,1746771187),(904,7,39,70,1746893408),(905,3,244,70,1747229110),(906,3,276,70,1747229134),(907,3,329,36,1746976766),(925,2,281,23,1747134282),(928,2,280,24,1747133729),(929,6,321,26,1747133776),(930,8,318,26,1747133957),(932,8,282,24,1747134135),(933,8,121,24,1747134147),(934,2,337,23,1747134177),(935,2,326,26,1747134656),(938,7,347,26,1747134872),(941,5,243,43,1747142894),(942,5,243,41,1749036313),(943,5,259,43,1747143163),(944,5,259,41,1749036320),(945,5,262,43,1747143553),(946,5,262,41,1749036325),(953,5,339,13,1747148241),(959,3,277,70,1747237302),(960,3,338,70,1747240029),(961,3,338,13,1747337219),(980,4,317,25,1747737273),(981,8,363,25,1747737432),(982,8,363,24,1747737535),(983,8,363,27,1747737544),(985,8,363,22,1747737586),(986,8,363,26,1747740335),(987,8,363,23,1747737650),(988,8,364,54,1747769163),(989,8,364,39,1747930537),(1005,7,345,36,1747938535),(1006,7,344,36,1747938542),(1018,4,142,54,1748110342),(1019,6,320,53,1748120051),(1020,6,321,53,1748171597),(1021,6,322,53,1748172134),(1024,7,344,53,1748172479),(1025,7,345,53,1748172523),(1026,2,326,15,1748183333),(1027,2,327,15,1748183326),(1028,2,328,15,1748183314),(1029,2,247,15,1748183298),(1030,8,364,64,1748192796),(1031,5,333,15,1748208129),(1032,5,334,15,1748210104),(1033,5,335,15,1748210097),(1150,8,364,63,1748245043),(1151,6,323,53,1748245606),(1153,3,329,15,1748269324),(1154,3,330,15,1748272124),(1156,8,366,24,1748946874),(1158,8,366,23,1748951333),(1159,8,366,25,1748946931),(1160,8,366,27,1748946872),(1161,8,366,26,1748947058),(1162,4,324,21,1748343405),(1163,4,325,21,1748343313),(1176,6,320,55,1748966176),(1177,6,321,55,1748502130),(1178,6,322,55,1748503398),(1179,6,323,55,1748503649),(1181,6,250,55,1748503916),(1202,8,364,60,1749036228),(1223,8,365,70,1748638903),(1224,8,372,70,1748638910),(1231,8,374,70,1748681274),(1260,8,375,3,1748987663),(1264,8,364,53,1748788107),(1265,2,247,32,1748786998),(1272,8,376,3,1748987660),(1282,8,377,3,1748988368),(1283,8,377,70,1748810503),(1318,8,366,21,1748970134),(1320,3,329,25,1748875472),(1321,8,373,21,1748881378),(1323,3,277,12,1748882374),(1324,4,102,12,1748882912),(1325,4,103,12,1748882921),(1327,8,378,3,1748987658),(1328,8,373,28,1748972102),(1332,7,50,28,1748885516),(1337,7,349,21,1748890163),(1346,8,379,3,1748987657),(1349,8,296,76,1748938351),(1350,8,273,76,1748940261),(1351,8,61,76,1748941458),(1353,8,372,3,1748987661),(1354,8,375,28,1748946902),(1355,8,371,25,1748946942),(1356,7,343,21,1748947395),(1357,6,253,36,1748947039),(1358,8,371,26,1748949548),(1359,8,371,21,1748947480),(1360,8,371,24,1748949232),(1362,8,58,28,1748958623),(1363,8,62,28,1748958747),(1364,8,61,28,1748959802),(1365,8,319,12,1748960199),(1366,7,343,25,1748960278),(1368,8,360,76,1748965740),(1369,8,375,25,1748966319),(1370,7,39,28,1748970641),(1371,8,318,12,1748970756),(1372,8,368,12,1748970767),(1373,8,311,76,1748971437),(1374,8,319,76,1748971446),(1375,8,318,76,1748971451),(1376,8,365,76,1748971500),(1377,8,121,28,1748972121),(1378,8,261,28,1748972129),(1379,8,372,76,1748972923),(1380,7,50,16,1748992792),(1381,8,374,3,1748987662),(1382,7,343,16,1748992853),(1383,8,377,12,1749006350),(1384,2,241,12,1749015035),(1385,8,378,12,1749019584),(1386,7,50,14,1749022640),(1387,7,349,14,1749022622),(1388,3,277,14,1749023142),(1389,2,326,16,1749024250),(1390,2,167,14,1749026178),(1391,2,166,14,1749028506),(1392,2,165,14,1749030009),(1393,7,343,13,1749029064),(1394,7,344,13,1749029380),(1395,3,254,13,1749029640),(1396,4,101,14,1749031498),(1397,5,252,13,1749030244),(1398,5,362,13,1749030256),(1399,5,355,13,1749030546),(1400,2,327,16,1749032129),(1401,5,257,14,1749032490),(1402,8,261,21,1749032821),(1403,6,253,14,1749034581),(1404,2,328,16,1749033121),(1405,7,77,16,1749044821),(1406,7,52,16,1749044948),(1407,7,349,16,1749045032),(1408,8,64,16,1749059564),(1409,8,65,26,1749544028),(1410,8,65,27,1749544039),(1411,8,373,27,1749544070),(1412,8,373,26,1749544164),(1601,5,335,2,1755074104),(1602,5,243,2,1755074111),(1603,5,262,2,1755074115),(1604,2,326,2,1755160243),(1605,2,327,2,1755161510),(1606,5,205,3,1755161897),(1607,3,350,3,1755163079),(1608,2,281,2,1755164164),(1609,6,320,2,1755164324),(1610,2,280,2,1755164484),(1611,6,250,2,1755170560);

--
-- Table structure for table `mdl_block_rss_client`
--

CREATE TABLE `mdl_block_rss_client` (
  `id` bigint NOT NULL AUTO_INCREMENT,
  `userid` bigint NOT NULL DEFAULT '0',
  `title` longtext CHARACTER SET utf8mb4 COLLATE utf8mb4_0900_ai_ci NOT NULL,
  `preferredtitle` varchar(64) CHARACTER SET utf8mb4 COLLATE utf8mb4_0900_ai_ci NOT NULL DEFAULT '',
  `description` longtext CHARACTER SET utf8mb4 COLLATE utf8mb4_0900_ai_ci NOT NULL,
  `shared` tinyint NOT NULL DEFAULT '0',
  `url` varchar(255) CHARACTER SET utf8mb4 COLLATE utf8mb4_0900_ai_ci NOT NULL DEFAULT '',
  `skiptime` bigint NOT NULL DEFAULT '0',
  `skipuntil` bigint NOT NULL DEFAULT '0',
  PRIMARY KEY (`id`)
) ENGINE=InnoDB DEFAULT CHARSET=utf8mb4 COLLATE=utf8mb4_0900_ai_ci ROW_FORMAT=COMPRESSED COMMENT='Remote news feed information. Contains the news feed id, the';

--
-- Dumping data for table `mdl_block_rss_client`
--


--
-- Table structure for table `mdl_block_use_stats`
--

CREATE TABLE `mdl_block_use_stats` (
  `id` bigint NOT NULL AUTO_INCREMENT,
  `userid` bigint DEFAULT '0',
  `contextid` bigint DEFAULT '0',
  `elapsed` bigint DEFAULT '0',
  `events` bigint DEFAULT '0',
  `compiletime` bigint DEFAULT '0',
  PRIMARY KEY (`id`),
  KEY `mdl_blocusestat_use_ix` (`userid`),
  KEY `mdl_blocusestat_con_ix` (`contextid`)
) ENGINE=InnoDB DEFAULT CHARSET=utf8mb4 COLLATE=utf8mb4_0900_ai_ci ROW_FORMAT=COMPRESSED COMMENT='Stores compiled times for users';

--
-- Dumping data for table `mdl_block_use_stats`
--


--
-- Table structure for table `mdl_block_use_stats_log`
--

CREATE TABLE `mdl_block_use_stats_log` (
  `id` bigint NOT NULL AUTO_INCREMENT,
  `logid` bigint DEFAULT '0',
  `gap` bigint DEFAULT '0',
  `userid` bigint DEFAULT '0',
  `course` bigint DEFAULT '0',
  `time` bigint DEFAULT '0',
  `customtag1` varchar(20) CHARACTER SET utf8mb4 COLLATE utf8mb4_0900_ai_ci DEFAULT '0',
  `customtag2` varchar(20) CHARACTER SET utf8mb4 COLLATE utf8mb4_0900_ai_ci DEFAULT '0',
  `customtag3` varchar(20) CHARACTER SET utf8mb4 COLLATE utf8mb4_0900_ai_ci DEFAULT '0',
  `customtag4` varchar(128) CHARACTER SET utf8mb4 COLLATE utf8mb4_0900_ai_ci DEFAULT '0',
  `customtag5` varchar(128) CHARACTER SET utf8mb4 COLLATE utf8mb4_0900_ai_ci DEFAULT '0',
  `customtag6` varchar(128) CHARACTER SET utf8mb4 COLLATE utf8mb4_0900_ai_ci DEFAULT '0',
  PRIMARY KEY (`id`)
) ENGINE=InnoDB DEFAULT CHARSET=utf8mb4 COLLATE=utf8mb4_0900_ai_ci ROW_FORMAT=COMPRESSED COMMENT='Prestores log gaptimes';

--
-- Dumping data for table `mdl_block_use_stats_log`
--


--
-- Table structure for table `mdl_block_use_stats_session`
--

CREATE TABLE `mdl_block_use_stats_session` (
  `id` bigint NOT NULL AUTO_INCREMENT,
  `userid` bigint DEFAULT '0',
  `sessionstart` bigint DEFAULT '0',
  `sessionend` bigint DEFAULT '0',
  `courses` longtext CHARACTER SET utf8mb4 COLLATE utf8mb4_0900_ai_ci,
  PRIMARY KEY (`id`),
  UNIQUE KEY `mdl_blocusestatsess_useses_uix` (`userid`,`sessionstart`,`sessionend`)
) ENGINE=InnoDB DEFAULT CHARSET=utf8mb4 COLLATE=utf8mb4_0900_ai_ci ROW_FORMAT=COMPRESSED COMMENT='Stores compiled sessions for users';

--
-- Dumping data for table `mdl_block_use_stats_session`
--


--
-- Table structure for table `mdl_block_xp`
--

CREATE TABLE `mdl_block_xp` (
  `id` bigint NOT NULL AUTO_INCREMENT,
  `courseid` bigint NOT NULL,
  `userid` bigint NOT NULL,
  `xp` bigint NOT NULL,
  `lvl` bigint DEFAULT '1',
  PRIMARY KEY (`id`),
  UNIQUE KEY `mdl_blocxp_couuse_uix` (`courseid`,`userid`)
) ENGINE=InnoDB AUTO_INCREMENT=11 DEFAULT CHARSET=utf8mb4 COLLATE=utf8mb4_0900_ai_ci ROW_FORMAT=COMPRESSED COMMENT='XP points earned';

--
-- Dumping data for table `mdl_block_xp`
--

INSERT INTO `mdl_block_xp` VALUES (1,1,2,15138,1),(2,1,3,2058,1),(3,1,6,1527,1),(4,7,2,279,1),(5,7,6,183,1),(6,8,2,396,1),(7,7,3,561,1),(8,8,3,165,1),(9,1,8,555,1),(10,1,9,93,1);

--
-- Table structure for table `mdl_block_xp_config`
--

CREATE TABLE `mdl_block_xp_config` (
  `id` bigint NOT NULL AUTO_INCREMENT,
  `courseid` bigint NOT NULL,
  `enabled` tinyint(1) NOT NULL DEFAULT '0',
  `levels` bigint NOT NULL,
  `lastlogpurge` bigint NOT NULL DEFAULT '0',
  `enablecheatguard` tinyint(1) NOT NULL DEFAULT '1',
  `enableladder` tinyint(1) NOT NULL DEFAULT '1',
  `enableinfos` tinyint(1) NOT NULL DEFAULT '1',
  `levelsdata` longtext CHARACTER SET utf8mb4 COLLATE utf8mb4_0900_ai_ci,
  `enablelevelupnotif` tinyint(1) NOT NULL DEFAULT '1',
  `enablecustomlevelbadges` tinyint(1) NOT NULL DEFAULT '0',
  `maxactionspertime` bigint NOT NULL DEFAULT '10',
  `timeformaxactions` bigint NOT NULL DEFAULT '60',
  `timebetweensameactions` bigint NOT NULL DEFAULT '180',
  `identitymode` tinyint NOT NULL DEFAULT '1',
  `rankmode` tinyint NOT NULL DEFAULT '1',
  `neighbours` tinyint NOT NULL DEFAULT '0',
  `defaultfilters` bigint NOT NULL DEFAULT '1',
  `laddercols` varchar(255) CHARACTER SET utf8mb4 COLLATE utf8mb4_0900_ai_ci NOT NULL DEFAULT 'xp,progress',
  `instructions` longtext CHARACTER SET utf8mb4 COLLATE utf8mb4_0900_ai_ci,
  `instructions_format` tinyint NOT NULL DEFAULT '0',
  `blocktitle` longtext CHARACTER SET utf8mb4 COLLATE utf8mb4_0900_ai_ci,
  `blockdescription` longtext CHARACTER SET utf8mb4 COLLATE utf8mb4_0900_ai_ci,
  `blockrecentactivity` tinyint(1) DEFAULT NULL,
  `blockrankingsnapshot` tinyint(1) NOT NULL DEFAULT '1',
  PRIMARY KEY (`id`),
  UNIQUE KEY `mdl_blocxpconf_cou_uix` (`courseid`)
) ENGINE=InnoDB AUTO_INCREMENT=9 DEFAULT CHARSET=utf8mb4 COLLATE=utf8mb4_0900_ai_ci ROW_FORMAT=COMPRESSED COMMENT='Settings';

--
-- Dumping data for table `mdl_block_xp_config`
--

INSERT INTO `mdl_block_xp_config` VALUES (1,6,0,0,0,1,1,1,'',1,2,10,60,180,1,1,0,0,'xp,progress','',1,'Progressez !','Participez au cours pour gagner des points d’expérience et progresser !',3,1),(2,7,1,0,0,1,1,1,'',1,2,10,60,180,1,1,0,0,'xp,progress','',1,'Devenez pilote','Participez au cours pour gagner des points d’expérience et progresser !',3,1),(3,1,0,0,0,1,1,0,'',1,1,10,60,180,1,1,0,0,'xp,progress','',1,'Votre progression','Participez au cours pour gagner des points d’expérience, progresser et devenir un vrai pilote d\'avion !',3,1),(4,2,0,0,0,1,1,1,'',1,2,10,60,180,1,1,0,0,'xp,progress','',1,'Progressez !','Participez au cours pour gagner des points d’expérience et progresser !',3,1),(5,8,1,0,0,1,1,1,'',1,2,10,60,180,1,1,0,0,'xp,progress','',1,'Progressez !','Participez au cours pour gagner des points d’expérience et progresser !',3,1),(6,4,0,0,0,1,1,1,'',1,2,10,60,180,1,1,0,0,'xp,progress','',1,'Progressez !','Participez au cours pour gagner des points d’expérience et progresser !',3,1),(7,3,0,0,0,1,1,1,'',1,2,10,60,180,1,1,0,0,'xp,progress','',1,'Progressez !','Participez au cours pour gagner des points d’expérience et progresser !',3,1),(8,5,0,0,0,1,1,1,'',1,2,10,60,180,1,1,0,0,'xp,progress','',1,'Progressez !','Participez au cours pour gagner des points d’expérience et progresser !',3,1);

--
-- Table structure for table `mdl_block_xp_filters`
--

CREATE TABLE `mdl_block_xp_filters` (
  `id` bigint NOT NULL AUTO_INCREMENT,
  `courseid` bigint NOT NULL,
  `category` smallint NOT NULL DEFAULT '0',
  `ruledata` longtext CHARACTER SET utf8mb4 COLLATE utf8mb4_0900_ai_ci NOT NULL,
  `points` bigint NOT NULL DEFAULT '0',
  `sortorder` bigint NOT NULL DEFAULT '0',
  PRIMARY KEY (`id`),
  KEY `mdl_blocxpfilt_cou_ix` (`courseid`),
  KEY `mdl_blocxpfilt_coucat_ix` (`courseid`,`category`)
) ENGINE=InnoDB AUTO_INCREMENT=41 DEFAULT CHARSET=utf8mb4 COLLATE=utf8mb4_0900_ai_ci ROW_FORMAT=COMPRESSED COMMENT='Filters';

--
-- Dumping data for table `mdl_block_xp_filters`
--

INSERT INTO `mdl_block_xp_filters` VALUES (1,6,0,'{\"_class\":\"block_xp_ruleset\",\"method\":\"any\",\"rules\":[{\"_class\":\"block_xp_rule_event\",\"compare\":\"eq\",\"value\":\"\\\\mod_book\\\\event\\\\course_module_viewed\",\"property\":\"eventname\"},{\"_class\":\"block_xp_rule_event\",\"compare\":\"eq\",\"value\":\"\\\\mod_forum\\\\event\\\\discussion_subscription_created\",\"property\":\"eventname\"},{\"_class\":\"block_xp_rule_event\",\"compare\":\"eq\",\"value\":\"\\\\mod_forum\\\\event\\\\subscription_created\",\"property\":\"eventname\"},{\"_class\":\"block_xp_rule_property\",\"compare\":\"contains\",\"value\":\"assessable_submitted\",\"property\":\"eventname\"},{\"_class\":\"block_xp_rule_property\",\"compare\":\"contains\",\"value\":\"assessable_uploaded\",\"property\":\"eventname\"}]}',0,0),(2,6,0,'{\"_class\":\"block_xp_rule_property\",\"compare\":\"eq\",\"value\":\"c\",\"property\":\"crud\"}',45,1),(3,6,0,'{\"_class\":\"block_xp_rule_property\",\"compare\":\"eq\",\"value\":\"r\",\"property\":\"crud\"}',9,2),(4,6,0,'{\"_class\":\"block_xp_rule_property\",\"compare\":\"eq\",\"value\":\"u\",\"property\":\"crud\"}',3,3),(5,6,0,'{\"_class\":\"block_xp_rule_property\",\"compare\":\"eq\",\"value\":\"d\",\"property\":\"crud\"}',0,4),(6,7,0,'{\"_class\":\"block_xp_ruleset\",\"method\":\"any\",\"rules\":[{\"_class\":\"block_xp_rule_event\",\"compare\":\"eq\",\"value\":\"\\\\mod_book\\\\event\\\\course_module_viewed\",\"property\":\"eventname\"},{\"_class\":\"block_xp_rule_event\",\"compare\":\"eq\",\"value\":\"\\\\mod_forum\\\\event\\\\discussion_subscription_created\",\"property\":\"eventname\"},{\"_class\":\"block_xp_rule_event\",\"compare\":\"eq\",\"value\":\"\\\\mod_forum\\\\event\\\\subscription_created\",\"property\":\"eventname\"},{\"_class\":\"block_xp_rule_property\",\"compare\":\"contains\",\"value\":\"assessable_submitted\",\"property\":\"eventname\"},{\"_class\":\"block_xp_rule_property\",\"compare\":\"contains\",\"value\":\"assessable_uploaded\",\"property\":\"eventname\"}]}',0,0),(7,7,0,'{\"_class\":\"block_xp_rule_property\",\"compare\":\"eq\",\"value\":\"c\",\"property\":\"crud\"}',45,1),(8,7,0,'{\"_class\":\"block_xp_rule_property\",\"compare\":\"eq\",\"value\":\"r\",\"property\":\"crud\"}',9,2),(9,7,0,'{\"_class\":\"block_xp_rule_property\",\"compare\":\"eq\",\"value\":\"u\",\"property\":\"crud\"}',3,3),(10,7,0,'{\"_class\":\"block_xp_rule_property\",\"compare\":\"eq\",\"value\":\"d\",\"property\":\"crud\"}',0,4),(11,1,0,'{\"_class\":\"block_xp_ruleset\",\"method\":\"any\",\"rules\":[{\"_class\":\"block_xp_rule_event\",\"compare\":\"eq\",\"value\":\"\\\\mod_book\\\\event\\\\course_module_viewed\",\"property\":\"eventname\"},{\"_class\":\"block_xp_rule_event\",\"compare\":\"eq\",\"value\":\"\\\\mod_forum\\\\event\\\\discussion_subscription_created\",\"property\":\"eventname\"},{\"_class\":\"block_xp_rule_event\",\"compare\":\"eq\",\"value\":\"\\\\mod_forum\\\\event\\\\subscription_created\",\"property\":\"eventname\"},{\"_class\":\"block_xp_rule_property\",\"compare\":\"contains\",\"value\":\"assessable_submitted\",\"property\":\"eventname\"},{\"_class\":\"block_xp_rule_property\",\"compare\":\"contains\",\"value\":\"assessable_uploaded\",\"property\":\"eventname\"}]}',0,0),(12,1,0,'{\"_class\":\"block_xp_rule_property\",\"compare\":\"eq\",\"value\":\"c\",\"property\":\"crud\"}',45,1),(13,1,0,'{\"_class\":\"block_xp_rule_property\",\"compare\":\"eq\",\"value\":\"r\",\"property\":\"crud\"}',9,2),(14,1,0,'{\"_class\":\"block_xp_rule_property\",\"compare\":\"eq\",\"value\":\"u\",\"property\":\"crud\"}',3,3),(15,1,0,'{\"_class\":\"block_xp_rule_property\",\"compare\":\"eq\",\"value\":\"d\",\"property\":\"crud\"}',0,4),(16,2,0,'{\"_class\":\"block_xp_ruleset\",\"method\":\"any\",\"rules\":[{\"_class\":\"block_xp_rule_event\",\"compare\":\"eq\",\"value\":\"\\\\mod_book\\\\event\\\\course_module_viewed\",\"property\":\"eventname\"},{\"_class\":\"block_xp_rule_event\",\"compare\":\"eq\",\"value\":\"\\\\mod_forum\\\\event\\\\discussion_subscription_created\",\"property\":\"eventname\"},{\"_class\":\"block_xp_rule_event\",\"compare\":\"eq\",\"value\":\"\\\\mod_forum\\\\event\\\\subscription_created\",\"property\":\"eventname\"},{\"_class\":\"block_xp_rule_property\",\"compare\":\"contains\",\"value\":\"assessable_submitted\",\"property\":\"eventname\"},{\"_class\":\"block_xp_rule_property\",\"compare\":\"contains\",\"value\":\"assessable_uploaded\",\"property\":\"eventname\"}]}',0,0),(17,2,0,'{\"_class\":\"block_xp_rule_property\",\"compare\":\"eq\",\"value\":\"c\",\"property\":\"crud\"}',45,1),(18,2,0,'{\"_class\":\"block_xp_rule_property\",\"compare\":\"eq\",\"value\":\"r\",\"property\":\"crud\"}',9,2),(19,2,0,'{\"_class\":\"block_xp_rule_property\",\"compare\":\"eq\",\"value\":\"u\",\"property\":\"crud\"}',3,3),(20,2,0,'{\"_class\":\"block_xp_rule_property\",\"compare\":\"eq\",\"value\":\"d\",\"property\":\"crud\"}',0,4),(21,8,0,'{\"_class\":\"block_xp_ruleset\",\"method\":\"any\",\"rules\":[{\"_class\":\"block_xp_rule_event\",\"compare\":\"eq\",\"value\":\"\\\\mod_book\\\\event\\\\course_module_viewed\",\"property\":\"eventname\"},{\"_class\":\"block_xp_rule_event\",\"compare\":\"eq\",\"value\":\"\\\\mod_forum\\\\event\\\\discussion_subscription_created\",\"property\":\"eventname\"},{\"_class\":\"block_xp_rule_event\",\"compare\":\"eq\",\"value\":\"\\\\mod_forum\\\\event\\\\subscription_created\",\"property\":\"eventname\"},{\"_class\":\"block_xp_rule_property\",\"compare\":\"contains\",\"value\":\"assessable_submitted\",\"property\":\"eventname\"},{\"_class\":\"block_xp_rule_property\",\"compare\":\"contains\",\"value\":\"assessable_uploaded\",\"property\":\"eventname\"}]}',0,0),(22,8,0,'{\"_class\":\"block_xp_rule_property\",\"compare\":\"eq\",\"value\":\"c\",\"property\":\"crud\"}',45,1),(23,8,0,'{\"_class\":\"block_xp_rule_property\",\"compare\":\"eq\",\"value\":\"r\",\"property\":\"crud\"}',9,2),(24,8,0,'{\"_class\":\"block_xp_rule_property\",\"compare\":\"eq\",\"value\":\"u\",\"property\":\"crud\"}',3,3),(25,8,0,'{\"_class\":\"block_xp_rule_property\",\"compare\":\"eq\",\"value\":\"d\",\"property\":\"crud\"}',0,4),(26,4,0,'{\"_class\":\"block_xp_ruleset\",\"method\":\"any\",\"rules\":[{\"_class\":\"block_xp_rule_event\",\"compare\":\"eq\",\"value\":\"\\\\mod_book\\\\event\\\\course_module_viewed\",\"property\":\"eventname\"},{\"_class\":\"block_xp_rule_event\",\"compare\":\"eq\",\"value\":\"\\\\mod_forum\\\\event\\\\discussion_subscription_created\",\"property\":\"eventname\"},{\"_class\":\"block_xp_rule_event\",\"compare\":\"eq\",\"value\":\"\\\\mod_forum\\\\event\\\\subscription_created\",\"property\":\"eventname\"},{\"_class\":\"block_xp_rule_property\",\"compare\":\"contains\",\"value\":\"assessable_submitted\",\"property\":\"eventname\"},{\"_class\":\"block_xp_rule_property\",\"compare\":\"contains\",\"value\":\"assessable_uploaded\",\"property\":\"eventname\"}]}',0,0),(27,4,0,'{\"_class\":\"block_xp_rule_property\",\"compare\":\"eq\",\"value\":\"c\",\"property\":\"crud\"}',45,1),(28,4,0,'{\"_class\":\"block_xp_rule_property\",\"compare\":\"eq\",\"value\":\"r\",\"property\":\"crud\"}',9,2),(29,4,0,'{\"_class\":\"block_xp_rule_property\",\"compare\":\"eq\",\"value\":\"u\",\"property\":\"crud\"}',3,3),(30,4,0,'{\"_class\":\"block_xp_rule_property\",\"compare\":\"eq\",\"value\":\"d\",\"property\":\"crud\"}',0,4),(31,3,0,'{\"_class\":\"block_xp_ruleset\",\"method\":\"any\",\"rules\":[{\"_class\":\"block_xp_rule_event\",\"compare\":\"eq\",\"value\":\"\\\\mod_book\\\\event\\\\course_module_viewed\",\"property\":\"eventname\"},{\"_class\":\"block_xp_rule_event\",\"compare\":\"eq\",\"value\":\"\\\\mod_forum\\\\event\\\\discussion_subscription_created\",\"property\":\"eventname\"},{\"_class\":\"block_xp_rule_event\",\"compare\":\"eq\",\"value\":\"\\\\mod_forum\\\\event\\\\subscription_created\",\"property\":\"eventname\"},{\"_class\":\"block_xp_rule_property\",\"compare\":\"contains\",\"value\":\"assessable_submitted\",\"property\":\"eventname\"},{\"_class\":\"block_xp_rule_property\",\"compare\":\"contains\",\"value\":\"assessable_uploaded\",\"property\":\"eventname\"}]}',0,0),(32,3,0,'{\"_class\":\"block_xp_rule_property\",\"compare\":\"eq\",\"value\":\"c\",\"property\":\"crud\"}',45,1),(33,3,0,'{\"_class\":\"block_xp_rule_property\",\"compare\":\"eq\",\"value\":\"r\",\"property\":\"crud\"}',9,2),(34,3,0,'{\"_class\":\"block_xp_rule_property\",\"compare\":\"eq\",\"value\":\"u\",\"property\":\"crud\"}',3,3),(35,3,0,'{\"_class\":\"block_xp_rule_property\",\"compare\":\"eq\",\"value\":\"d\",\"property\":\"crud\"}',0,4),(36,5,0,'{\"_class\":\"block_xp_ruleset\",\"method\":\"any\",\"rules\":[{\"_class\":\"block_xp_rule_event\",\"compare\":\"eq\",\"value\":\"\\\\mod_book\\\\event\\\\course_module_viewed\",\"property\":\"eventname\"},{\"_class\":\"block_xp_rule_event\",\"compare\":\"eq\",\"value\":\"\\\\mod_forum\\\\event\\\\discussion_subscription_created\",\"property\":\"eventname\"},{\"_class\":\"block_xp_rule_event\",\"compare\":\"eq\",\"value\":\"\\\\mod_forum\\\\event\\\\subscription_created\",\"property\":\"eventname\"},{\"_class\":\"block_xp_rule_property\",\"compare\":\"contains\",\"value\":\"assessable_submitted\",\"property\":\"eventname\"},{\"_class\":\"block_xp_rule_property\",\"compare\":\"contains\",\"value\":\"assessable_uploaded\",\"property\":\"eventname\"}]}',0,0),(37,5,0,'{\"_class\":\"block_xp_rule_property\",\"compare\":\"eq\",\"value\":\"c\",\"property\":\"crud\"}',45,1),(38,5,0,'{\"_class\":\"block_xp_rule_property\",\"compare\":\"eq\",\"value\":\"r\",\"property\":\"crud\"}',9,2),(39,5,0,'{\"_class\":\"block_xp_rule_property\",\"compare\":\"eq\",\"value\":\"u\",\"property\":\"crud\"}',3,3),(40,5,0,'{\"_class\":\"block_xp_rule_property\",\"compare\":\"eq\",\"value\":\"d\",\"property\":\"crud\"}',0,4);

--
-- Table structure for table `mdl_block_xp_log`
--

CREATE TABLE `mdl_block_xp_log` (
  `id` bigint NOT NULL AUTO_INCREMENT,
  `courseid` bigint NOT NULL,
  `userid` bigint NOT NULL,
  `eventname` varchar(255) CHARACTER SET utf8mb4 COLLATE utf8mb4_0900_ai_ci NOT NULL DEFAULT '',
  `xp` bigint NOT NULL,
  `time` bigint NOT NULL,
  PRIMARY KEY (`id`),
  KEY `mdl_blocxplog_couuse_ix` (`courseid`,`userid`),
  KEY `mdl_blocxplog_tim_ix` (`time`)
) ENGINE=InnoDB AUTO_INCREMENT=2345 DEFAULT CHARSET=utf8mb4 COLLATE=utf8mb4_0900_ai_ci ROW_FORMAT=COMPRESSED COMMENT='Events captured';

--
-- Dumping data for table `mdl_block_xp_log`
--

INSERT INTO `mdl_block_xp_log` VALUES (1,1,2,'\\core\\event\\course_viewed',9,1734391360),(2,1,3,'\\core\\event\\course_viewed',9,1734391422),(3,1,3,'\\mod_quiz\\event\\course_module_viewed',9,1734391426),(4,1,3,'\\core\\event\\course_viewed',9,1734391433),(5,1,3,'\\gradereport_user\\event\\grade_report_viewed',9,1734391445),(6,1,6,'\\mod_quiz\\event\\course_module_viewed',9,1734393871),(7,1,6,'\\core\\event\\course_viewed',9,1734393929),(8,1,6,'\\mod_quiz\\event\\attempt_started',45,1734393938),(9,1,6,'\\mod_quiz\\event\\attempt_viewed',9,1734393940),(10,1,2,'\\core\\event\\course_viewed',9,1734394089),(11,1,2,'\\core\\event\\course_viewed',9,1734394180),(12,1,2,'\\core\\event\\course_viewed',9,1734394459),(13,1,2,'\\core\\event\\course_viewed',9,1734394486),(14,1,2,'\\core\\event\\course_viewed',9,1734394547),(15,1,2,'\\core\\event\\course_viewed',9,1734394589),(16,1,2,'\\core\\event\\course_viewed',9,1734394616),(17,1,2,'\\core\\event\\course_viewed',9,1734394619),(18,1,2,'\\core\\event\\course_viewed',9,1734394620),(19,1,3,'\\core\\event\\course_viewed',9,1734394714),(20,1,3,'\\core\\event\\course_viewed',9,1734394728),(21,1,3,'\\core\\event\\course_viewed',9,1734394780),(22,1,2,'\\core\\event\\course_viewed',9,1734394809),(23,1,6,'\\core\\event\\course_viewed',9,1734395437),(24,1,2,'\\core\\event\\course_viewed',9,1734395772),(25,1,3,'\\core\\event\\course_viewed',9,1734395906),(26,1,2,'\\core\\event\\course_viewed',9,1734413633),(27,1,2,'\\core\\event\\course_viewed',9,1734413644),(28,1,2,'\\core\\event\\course_viewed',9,1734413646),(29,1,2,'\\core\\event\\course_viewed',9,1734413647),(30,1,2,'\\core\\event\\course_viewed',9,1734413649),(31,1,2,'\\core\\event\\course_viewed',9,1734413864),(32,1,2,'\\core\\event\\course_viewed',9,1734414121),(33,1,2,'\\core\\event\\course_viewed',9,1734414479),(34,1,2,'\\core\\event\\course_viewed',9,1734414867),(35,1,2,'\\core\\event\\section_viewed',9,1734414978),(36,1,2,'\\core\\event\\course_viewed',9,1734414988),(37,1,2,'\\core\\event\\section_viewed',9,1734415089),(38,1,2,'\\core\\event\\section_viewed',9,1734415480),(39,1,2,'\\core\\event\\course_viewed',9,1734415608),(40,1,2,'\\core\\event\\section_viewed',9,1734415695),(41,1,2,'\\core\\event\\course_viewed',9,1734415829),(42,1,2,'\\core\\event\\course_viewed',9,1734416290),(43,7,2,'\\mod_quiz\\event\\course_module_viewed',9,1734419072),(44,7,2,'\\core\\event\\section_viewed',9,1734419076),(45,7,2,'\\core\\event\\section_viewed',9,1734419090),(46,7,2,'\\core\\event\\section_viewed',9,1734419095),(47,7,2,'\\core\\event\\section_viewed',9,1734419129),(48,7,2,'\\core\\event\\course_viewed',9,1734419375),(49,7,2,'\\mod_quiz\\event\\course_module_viewed',9,1734419416),(50,7,2,'\\mod_quiz\\event\\course_module_viewed',9,1734419421),(51,7,2,'\\core\\event\\section_viewed',9,1734419517),(52,7,2,'\\mod_quiz\\event\\course_module_viewed',9,1734419667),(53,7,2,'\\mod_quiz\\event\\attempt_viewed',9,1734419678),(54,7,2,'\\mod_quiz\\event\\attempt_updated',3,1734419690),(55,7,2,'\\mod_quiz\\event\\attempt_summary_viewed',9,1734419743),(56,7,2,'\\mod_quiz\\event\\attempt_reviewed',9,1734419749),(57,7,2,'\\mod_quiz\\event\\course_module_viewed',9,1734419853),(58,7,6,'\\core\\event\\course_viewed',9,1734420030),(59,7,6,'\\mod_quiz\\event\\course_module_viewed',9,1734420053),(60,7,6,'\\mod_quiz\\event\\attempt_viewed',9,1734420060),(61,7,6,'\\mod_quiz\\event\\attempt_updated',3,1734420065),(62,7,6,'\\mod_quiz\\event\\attempt_summary_viewed',9,1734420104),(63,7,6,'\\mod_quiz\\event\\attempt_submitted',3,1734420110),(64,7,6,'\\mod_quiz\\event\\attempt_reviewed',9,1734420110),(65,7,6,'\\mod_quiz\\event\\course_module_viewed',9,1734420138),(66,7,6,'\\core\\event\\section_viewed',9,1734420145),(67,7,2,'\\mod_quiz\\event\\course_module_viewed',9,1734425442),(68,1,2,'\\core\\event\\course_viewed',9,1734465982),(69,1,2,'\\core\\event\\course_viewed',9,1734466226),(70,1,2,'\\core\\event\\course_viewed',9,1734466428),(71,7,2,'\\core\\event\\course_viewed',9,1734466591),(72,8,2,'\\core\\event\\course_viewed',9,1734466695),(73,8,2,'\\mod_quiz\\event\\course_module_viewed',9,1734466944),(74,8,2,'\\mod_quiz\\event\\course_module_viewed',9,1734467155),(75,8,2,'\\mod_quiz\\event\\attempt_viewed',9,1734467158),(76,8,2,'\\core\\event\\section_viewed',9,1734467177),(77,8,2,'\\mod_forum\\event\\course_module_viewed',9,1734467262),(78,8,2,'\\core\\event\\section_viewed',9,1734467273),(79,8,2,'\\mod_forum\\event\\subscription_created',0,1734467334),(80,8,2,'\\core\\event\\course_viewed',9,1734468828),(81,8,2,'\\mod_quiz\\event\\course_module_viewed',9,1734469071),(82,8,2,'\\core\\event\\section_viewed',9,1734469148),(83,8,2,'\\mod_quiz\\event\\course_module_viewed',9,1734469221),(84,8,2,'\\mod_quiz\\event\\attempt_viewed',9,1734469371),(85,8,2,'\\core\\event\\section_viewed',9,1734469386),(86,8,2,'\\mod_quiz\\event\\course_module_viewed',9,1734469443),(87,8,2,'\\core\\event\\section_viewed',9,1734469577),(88,8,2,'\\mod_quiz\\event\\course_module_viewed',9,1734469630),(89,8,2,'\\core\\event\\section_viewed',9,1734469764),(90,8,2,'\\mod_quiz\\event\\course_module_viewed',9,1734469833),(91,8,2,'\\core\\event\\section_viewed',9,1734469954),(92,8,2,'\\mod_quiz\\event\\course_module_viewed',9,1734470001),(93,8,2,'\\core\\event\\section_viewed',9,1734470462),(94,8,2,'\\core\\event\\course_viewed',9,1734471414),(95,8,2,'\\mod_quiz\\event\\course_module_viewed',9,1734471461),(96,8,2,'\\core\\event\\section_viewed',9,1734471548),(97,8,2,'\\core\\event\\course_viewed',9,1734472468),(98,8,2,'\\core\\event\\course_viewed',9,1734472743),(99,8,2,'\\mod_resource\\event\\course_module_viewed',9,1734473741),(100,8,2,'\\core\\event\\section_viewed',9,1734473764),(101,8,2,'\\mod_resource\\event\\course_module_viewed',9,1734474195),(102,8,2,'\\core\\event\\section_viewed',9,1734474214),(103,7,2,'\\core\\event\\course_viewed',9,1734474992),(104,7,2,'\\core\\event\\course_viewed',9,1734475229),(105,7,2,'\\mod_quiz\\event\\course_module_viewed',9,1734476092),(106,7,2,'\\mod_quiz\\event\\attempt_viewed',9,1734476102),(107,7,2,'\\mod_quiz\\event\\attempt_updated',3,1734476115),(108,7,2,'\\mod_quiz\\event\\attempt_summary_viewed',9,1734476220),(109,7,2,'\\mod_quiz\\event\\attempt_reviewed',9,1734476226),(110,7,2,'\\mod_quiz\\event\\course_module_viewed',9,1734476459),(111,7,2,'\\mod_quiz\\event\\attempt_viewed',9,1734476469),(112,7,2,'\\mod_quiz\\event\\attempt_updated',3,1734476479),(113,7,2,'\\core\\event\\course_viewed',9,1734476817),(114,7,2,'\\core\\event\\section_viewed',9,1734476829),(115,7,2,'\\core\\event\\section_viewed',9,1734476853),(116,8,2,'\\core\\event\\course_viewed',9,1734476939),(117,8,2,'\\core\\event\\section_viewed',9,1734477016),(118,1,2,'\\core\\event\\course_viewed',9,1734477058),(119,8,2,'\\core\\event\\section_viewed',9,1734477218),(120,8,2,'\\core\\event\\section_viewed',9,1734477229),(121,7,3,'\\core\\event\\course_viewed',9,1734477492),(122,7,3,'\\mod_quiz\\event\\course_module_viewed',9,1734477497),(123,7,3,'\\mod_quiz\\event\\attempt_started',45,1734477500),(124,7,3,'\\mod_quiz\\event\\attempt_viewed',9,1734477502),(125,7,3,'\\mod_quiz\\event\\attempt_updated',3,1734477511),(126,7,3,'\\mod_quiz\\event\\attempt_viewed',9,1734477512),(127,7,3,'\\mod_quiz\\event\\attempt_updated',3,1734477516),(128,7,3,'\\mod_quiz\\event\\attempt_viewed',9,1734477517),(129,7,3,'\\mod_quiz\\event\\attempt_updated',3,1734477525),(130,7,3,'\\mod_quiz\\event\\attempt_viewed',9,1734477525),(131,7,3,'\\mod_quiz\\event\\attempt_updated',3,1734477528),(132,7,3,'\\mod_quiz\\event\\attempt_viewed',9,1734477529),(133,7,3,'\\mod_quiz\\event\\attempt_updated',3,1734477533),(134,7,3,'\\mod_quiz\\event\\attempt_summary_viewed',9,1734477534),(135,7,3,'\\mod_quiz\\event\\attempt_submitted',3,1734477541),(136,7,3,'\\mod_quiz\\event\\attempt_reviewed',9,1734477545),(137,7,2,'\\core\\event\\course_viewed',9,1734477589),(138,7,3,'\\core\\event\\course_viewed',9,1734477616),(139,7,3,'\\mod_quiz\\event\\course_module_viewed',9,1734477617),(140,7,3,'\\mod_quiz\\event\\attempt_started',45,1734477621),(141,7,3,'\\mod_quiz\\event\\attempt_viewed',9,1734477622),(142,7,3,'\\mod_quiz\\event\\attempt_updated',3,1734477627),(143,7,3,'\\mod_quiz\\event\\attempt_viewed',9,1734477627),(144,7,3,'\\mod_quiz\\event\\attempt_updated',3,1734477630),(145,7,3,'\\mod_quiz\\event\\attempt_viewed',9,1734477630),(146,7,3,'\\mod_quiz\\event\\attempt_updated',3,1734477633),(147,7,3,'\\mod_quiz\\event\\attempt_viewed',9,1734477633),(148,7,3,'\\mod_quiz\\event\\attempt_updated',3,1734477635),(149,7,3,'\\mod_quiz\\event\\attempt_viewed',9,1734477635),(150,7,3,'\\mod_quiz\\event\\attempt_updated',3,1734477637),(151,7,3,'\\mod_quiz\\event\\attempt_viewed',9,1734477638),(152,7,3,'\\mod_quiz\\event\\attempt_updated',3,1734477640),(153,7,3,'\\mod_quiz\\event\\attempt_viewed',9,1734477640),(154,7,3,'\\mod_quiz\\event\\attempt_updated',3,1734477642),(155,7,3,'\\mod_quiz\\event\\attempt_viewed',9,1734477642),(156,7,3,'\\mod_quiz\\event\\attempt_updated',3,1734477644),(157,7,3,'\\mod_quiz\\event\\attempt_viewed',9,1734477645),(158,7,3,'\\mod_quiz\\event\\attempt_updated',3,1734477648),(159,7,3,'\\mod_quiz\\event\\attempt_viewed',9,1734477648),(160,7,3,'\\mod_quiz\\event\\attempt_updated',3,1734477650),(161,7,3,'\\mod_quiz\\event\\attempt_viewed',9,1734477651),(162,7,3,'\\mod_quiz\\event\\attempt_updated',3,1734477652),(163,7,3,'\\mod_quiz\\event\\attempt_viewed',9,1734477653),(164,7,3,'\\mod_quiz\\event\\attempt_updated',3,1734477655),(165,7,3,'\\mod_quiz\\event\\attempt_viewed',9,1734477655),(166,7,3,'\\mod_quiz\\event\\attempt_updated',3,1734477658),(167,7,3,'\\mod_quiz\\event\\attempt_viewed',9,1734477658),(168,7,3,'\\mod_quiz\\event\\attempt_updated',3,1734477660),(169,7,3,'\\mod_quiz\\event\\attempt_viewed',9,1734477661),(170,7,3,'\\mod_quiz\\event\\attempt_updated',3,1734477662),(171,7,3,'\\mod_quiz\\event\\attempt_viewed',9,1734477663),(172,7,3,'\\mod_quiz\\event\\attempt_updated',3,1734477664),(173,7,3,'\\mod_quiz\\event\\attempt_viewed',9,1734477665),(174,7,3,'\\mod_quiz\\event\\attempt_updated',3,1734477667),(175,7,3,'\\mod_quiz\\event\\attempt_viewed',9,1734477667),(176,7,3,'\\mod_quiz\\event\\attempt_updated',3,1734477669),(177,7,3,'\\mod_quiz\\event\\attempt_viewed',9,1734477670),(178,7,3,'\\mod_quiz\\event\\attempt_updated',3,1734477671),(179,7,3,'\\mod_quiz\\event\\attempt_viewed',9,1734477672),(180,7,3,'\\mod_quiz\\event\\attempt_updated',3,1734477674),(181,7,3,'\\mod_quiz\\event\\attempt_summary_viewed',9,1734477675),(182,7,3,'\\mod_quiz\\event\\attempt_submitted',3,1734477680),(183,7,3,'\\mod_quiz\\event\\attempt_reviewed',9,1734477684),(184,7,6,'\\core\\event\\course_viewed',9,1734477792),(185,7,6,'\\mod_quiz\\event\\course_module_viewed',9,1734477803),(186,7,6,'\\mod_quiz\\event\\attempt_started',45,1734477824),(187,7,6,'\\mod_quiz\\event\\attempt_viewed',9,1734477824),(188,7,6,'\\mod_quiz\\event\\attempt_updated',3,1734477828),(189,7,6,'\\mod_quiz\\event\\attempt_summary_viewed',9,1734477899),(190,7,6,'\\mod_quiz\\event\\attempt_submitted',3,1734477905),(191,7,6,'\\mod_quiz\\event\\attempt_reviewed',9,1734477905),(192,7,6,'\\core\\event\\section_viewed',9,1734477926),(193,7,6,'\\core\\event\\badge_listing_viewed',9,1734477972),(194,8,2,'\\core\\event\\course_viewed',9,1734501599),(195,1,2,'\\core\\event\\course_viewed',9,1734501797),(196,8,2,'\\core\\event\\course_viewed',9,1734501825),(197,1,2,'\\core\\event\\course_viewed',9,1734503143),(198,8,2,'\\core\\event\\course_viewed',9,1734503171),(199,8,2,'\\core\\event\\section_viewed',9,1734503258),(200,8,2,'\\core\\event\\section_viewed',9,1734503746),(201,8,2,'\\core\\event\\section_viewed',9,1734503826),(202,8,2,'\\core\\event\\course_viewed',9,1734504385),(203,8,2,'\\core\\event\\section_viewed',9,1734504513),(204,7,2,'\\core\\event\\course_viewed',9,1734504556),(205,1,2,'\\core\\event\\course_viewed',9,1734505494),(206,1,2,'\\gradereport_overview\\event\\grade_report_viewed',9,1734505526),(207,8,2,'\\core\\event\\course_viewed',9,1734505567),(208,7,2,'\\core\\event\\course_viewed',9,1734505630),(209,1,2,'\\core\\event\\course_viewed',9,1734505830),(210,7,3,'\\core\\event\\course_viewed',9,1734505943),(211,7,3,'\\core\\event\\course_viewed',9,1734505947),(212,7,3,'\\core\\event\\course_viewed',9,1734505951),(213,7,3,'\\mod_quiz\\event\\course_module_viewed',9,1734505957),(214,7,3,'\\mod_quiz\\event\\attempt_started',45,1734505961),(215,7,3,'\\mod_quiz\\event\\attempt_viewed',9,1734505962),(216,7,3,'\\mod_quiz\\event\\attempt_updated',3,1734505966),(217,1,2,'\\core\\event\\course_viewed',9,1734506112),(218,8,2,'\\core\\event\\course_viewed',9,1734506163),(219,1,2,'\\core\\event\\course_viewed',9,1734506313),(220,8,3,'\\mod_forum\\event\\subscription_created',0,1734506532),(221,8,3,'\\core\\event\\course_viewed',9,1734506557),(222,8,3,'\\mod_quiz\\event\\course_module_viewed',9,1734506576),(223,8,3,'\\mod_quiz\\event\\attempt_started',45,1734506579),(224,8,3,'\\mod_quiz\\event\\attempt_viewed',9,1734506581),(225,8,3,'\\mod_quiz\\event\\attempt_updated',3,1734506590),(226,8,3,'\\mod_quiz\\event\\course_module_viewed',9,1734506597),(227,8,3,'\\mod_quiz\\event\\attempt_started',45,1734506600),(228,8,3,'\\mod_quiz\\event\\attempt_viewed',9,1734506603),(229,8,3,'\\mod_quiz\\event\\attempt_updated',3,1734506656),(230,8,3,'\\mod_quiz\\event\\attempt_summary_viewed',9,1734506657),(231,8,3,'\\core\\event\\course_module_completion_updated',3,1734506664),(232,8,3,'\\mod_quiz\\event\\attempt_submitted',3,1734506664),(233,8,3,'\\mod_quiz\\event\\attempt_reviewed',9,1734506669),(234,1,2,'\\core\\event\\course_viewed',9,1734506902),(235,1,2,'\\core\\event\\course_viewed',9,1734507191),(236,1,2,'\\core\\event\\course_viewed',9,1734507449),(237,1,3,'\\core\\event\\course_viewed',9,1734509400),(238,1,2,'\\core\\event\\course_viewed',9,1734510734),(239,1,2,'\\core\\event\\course_viewed',9,1734511131),(240,1,2,'\\core\\event\\section_viewed',9,1734511922),(241,1,2,'\\mod_choice\\event\\course_module_viewed',9,1734511926),(242,1,2,'\\core\\event\\section_viewed',9,1734511975),(243,1,2,'\\core\\event\\course_viewed',9,1734512069),(244,1,2,'\\core\\event\\course_viewed',9,1734512219),(245,1,2,'\\core\\event\\course_viewed',9,1734512454),(246,1,2,'\\mod_hotquestion\\event\\course_module_viewed',9,1734512496),(247,1,2,'\\mod_hotquestion\\event\\add_question',3,1734512592),(248,1,2,'\\core\\event\\section_viewed',9,1734512610),(249,1,2,'\\core\\event\\course_viewed',9,1734512642),(250,1,2,'\\mod_choice\\event\\course_module_viewed',9,1734512731),(251,1,2,'\\core\\event\\course_module_completion_updated',3,1734512744),(252,1,2,'\\mod_choice\\event\\answer_created',45,1734512744),(253,1,2,'\\core\\event\\section_viewed',9,1734512793),(254,1,2,'\\mod_hotquestion\\event\\course_module_viewed',9,1734512881),(255,1,2,'\\core\\event\\course_viewed',9,1734512987),(256,1,2,'\\core\\event\\course_viewed',9,1734513087),(257,1,3,'\\core\\event\\course_viewed',9,1734550256),(258,1,3,'\\mod_quiz\\event\\course_module_viewed',9,1734550270),(259,1,3,'\\mod_quiz\\event\\attempt_viewed',9,1734550276),(260,1,3,'\\mod_quiz\\event\\attempt_updated',3,1734550283),(261,1,3,'\\mod_quiz\\event\\attempt_viewed',9,1734550284),(262,1,3,'\\mod_quiz\\event\\attempt_updated',3,1734550289),(263,1,3,'\\mod_quiz\\event\\attempt_viewed',9,1734550290),(264,1,3,'\\mod_quiz\\event\\attempt_updated',3,1734550294),(265,1,3,'\\mod_quiz\\event\\attempt_viewed',9,1734550294),(266,1,3,'\\mod_quiz\\event\\attempt_updated',3,1734550298),(267,1,3,'\\mod_quiz\\event\\attempt_viewed',9,1734550298),(268,1,3,'\\mod_quiz\\event\\attempt_updated',3,1734550302),(269,1,3,'\\mod_quiz\\event\\attempt_viewed',9,1734550303),(270,1,3,'\\mod_quiz\\event\\attempt_updated',3,1734550307),(271,1,3,'\\mod_quiz\\event\\attempt_viewed',9,1734550308),(272,1,3,'\\mod_quiz\\event\\attempt_updated',3,1734550310),(273,1,3,'\\mod_quiz\\event\\attempt_viewed',9,1734550310),(274,1,3,'\\mod_quiz\\event\\attempt_updated',3,1734550312),(275,1,3,'\\mod_quiz\\event\\attempt_viewed',9,1734550313),(276,1,3,'\\mod_quiz\\event\\attempt_updated',3,1734550321),(277,1,3,'\\mod_quiz\\event\\attempt_viewed',9,1734550321),(278,1,3,'\\mod_quiz\\event\\attempt_updated',3,1734550327),(279,1,3,'\\mod_quiz\\event\\attempt_viewed',9,1734550327),(280,1,3,'\\mod_quiz\\event\\attempt_updated',3,1734550330),(281,1,3,'\\mod_quiz\\event\\attempt_viewed',9,1734550330),(282,1,3,'\\mod_quiz\\event\\attempt_updated',3,1734550332),(283,1,3,'\\mod_quiz\\event\\attempt_viewed',9,1734550333),(284,1,3,'\\mod_quiz\\event\\attempt_updated',3,1734550336),(285,1,3,'\\mod_quiz\\event\\attempt_viewed',9,1734550336),(286,1,3,'\\mod_quiz\\event\\attempt_updated',3,1734550345),(287,1,3,'\\mod_quiz\\event\\attempt_viewed',9,1734550346),(288,1,3,'\\mod_quiz\\event\\attempt_updated',3,1734550349),(289,1,3,'\\mod_quiz\\event\\attempt_viewed',9,1734550350),(290,1,3,'\\mod_quiz\\event\\attempt_updated',3,1734550354),(291,1,3,'\\mod_quiz\\event\\attempt_viewed',9,1734550354),(292,1,3,'\\mod_quiz\\event\\attempt_updated',3,1734550356),(293,1,3,'\\mod_quiz\\event\\attempt_viewed',9,1734550357),(294,1,3,'\\mod_quiz\\event\\attempt_updated',3,1734550367),(295,1,3,'\\mod_quiz\\event\\attempt_viewed',9,1734550367),(296,1,3,'\\mod_quiz\\event\\attempt_updated',3,1734550370),(297,1,3,'\\mod_quiz\\event\\attempt_viewed',9,1734550370),(298,1,3,'\\mod_quiz\\event\\attempt_updated',3,1734550372),(299,1,3,'\\mod_quiz\\event\\attempt_summary_viewed',9,1734550373),(300,1,3,'\\mod_quiz\\event\\attempt_submitted',3,1734550382),(301,1,3,'\\mod_quiz\\event\\attempt_reviewed',9,1734550386),(302,1,3,'\\core\\event\\course_viewed',9,1734550412),(303,1,3,'\\core\\event\\course_viewed',9,1734550421),(304,1,3,'\\core\\event\\course_viewed',9,1734550437),(305,1,3,'\\core\\event\\course_viewed',9,1734550466),(306,1,3,'\\gradereport_user\\event\\grade_report_viewed',9,1734550540),(307,1,3,'\\gradereport_user\\event\\grade_report_viewed',9,1734550557),(308,1,2,'\\core\\event\\section_viewed',9,1734551175),(309,1,2,'\\core\\event\\section_viewed',9,1734551201),(310,1,2,'\\core\\event\\course_viewed',9,1734551225),(311,1,2,'\\core\\event\\course_viewed',9,1734551260),(312,1,2,'\\core\\event\\course_viewed',9,1734551410),(313,1,2,'\\mod_choice\\event\\course_module_viewed',9,1734551419),(314,1,3,'\\core\\event\\course_viewed',9,1734551446),(315,1,3,'\\mod_choice\\event\\course_module_viewed',9,1734551448),(316,1,3,'\\core\\event\\course_module_completion_updated',3,1734551464),(317,1,3,'\\mod_choice\\event\\answer_created',45,1734551464),(318,1,2,'\\core\\event\\course_viewed',9,1734551528),(319,1,2,'\\core\\event\\section_viewed',9,1734551589),(320,1,2,'\\core\\event\\course_viewed',9,1734551850),(321,1,2,'\\core\\event\\course_viewed',9,1734588041),(322,1,2,'\\core\\event\\course_viewed',9,1734588364),(323,1,2,'\\core\\event\\course_viewed',9,1734588590),(324,1,2,'\\mod_resource\\event\\course_module_viewed',9,1734588679),(325,1,2,'\\mod_resource\\event\\course_module_viewed',9,1734588754),(326,1,2,'\\core\\event\\section_viewed',9,1734588778),(327,1,2,'\\core\\event\\course_viewed',9,1734588917),(328,1,2,'\\core\\event\\course_viewed',9,1734588956),(329,1,2,'\\core\\event\\section_viewed',9,1734589015),(330,1,2,'\\core\\event\\section_viewed',9,1734589045),(331,1,2,'\\mod_quiz\\event\\course_module_viewed',9,1734589092),(332,1,2,'\\mod_quiz\\event\\attempt_viewed',9,1734589108),(333,1,2,'\\mod_quiz\\event\\attempt_updated',3,1734589174),(334,1,2,'\\mod_quiz\\event\\attempt_summary_viewed',9,1734589174),(335,1,2,'\\mod_quiz\\event\\attempt_reviewed',9,1734589183),(336,1,2,'\\core\\event\\section_viewed',9,1734589254),(337,1,2,'\\core\\event\\course_module_completion_updated',3,1734589365),(338,1,2,'\\mod_quiz\\event\\course_module_viewed',9,1734589366),(339,1,2,'\\mod_quiz\\event\\attempt_viewed',9,1734589377),(340,1,2,'\\mod_quiz\\event\\attempt_updated',3,1734589388),(341,1,2,'\\mod_quiz\\event\\attempt_summary_viewed',9,1734589388),(342,1,2,'\\mod_quiz\\event\\attempt_reviewed',9,1734589396),(343,1,2,'\\mod_quiz\\event\\course_module_viewed',9,1734589596),(344,1,2,'\\core\\event\\course_module_completion_updated',3,1734589606),(345,1,6,'\\core\\event\\course_viewed',9,1734590077),(346,1,6,'\\mod_quiz\\event\\course_module_viewed',9,1734590118),(347,1,6,'\\mod_quiz\\event\\attempt_started',45,1734590128),(348,1,6,'\\mod_quiz\\event\\attempt_viewed',9,1734590128),(349,1,6,'\\mod_quiz\\event\\attempt_updated',3,1734590134),(350,1,6,'\\mod_quiz\\event\\attempt_summary_viewed',9,1734590153),(351,1,6,'\\mod_quiz\\event\\attempt_submitted',3,1734590159),(352,1,6,'\\mod_quiz\\event\\attempt_reviewed',9,1734590159),(353,1,6,'\\mod_quiz\\event\\course_module_viewed',9,1734590188),(354,1,6,'\\mod_quiz\\event\\attempt_started',45,1734590196),(355,1,6,'\\mod_quiz\\event\\attempt_viewed',9,1734590196),(356,1,6,'\\mod_quiz\\event\\attempt_updated',3,1734590201),(357,1,6,'\\mod_quiz\\event\\attempt_summary_viewed',9,1734590236),(358,1,6,'\\core\\event\\course_module_completion_updated',3,1734590242),(359,1,6,'\\mod_quiz\\event\\attempt_submitted',3,1734590242),(360,1,6,'\\mod_quiz\\event\\attempt_reviewed',9,1734590242),(361,1,6,'\\core\\event\\course_viewed',9,1734590318),(362,1,6,'\\mod_forum\\event\\subscription_created',0,1734591196),(363,1,6,'\\core\\event\\course_viewed',9,1734591196),(364,1,6,'\\core\\event\\course_viewed',9,1734591248),(365,1,6,'\\core\\event\\course_viewed',9,1734591295),(366,1,6,'\\mod_choice\\event\\course_module_viewed',9,1734591305),(367,1,6,'\\core\\event\\course_viewed',9,1734591357),(368,1,2,'\\core\\event\\course_viewed',9,1734591441),(369,1,2,'\\mod_quiz\\event\\course_module_viewed',9,1734591509),(370,1,3,'\\core\\event\\course_viewed',9,1734591758),(371,1,3,'\\mod_quiz\\event\\course_module_viewed',9,1734591772),(372,1,3,'\\mod_quiz\\event\\attempt_started',45,1734591775),(373,1,3,'\\mod_quiz\\event\\attempt_viewed',9,1734591776),(374,1,3,'\\mod_quiz\\event\\attempt_updated',3,1734591780),(375,1,3,'\\mod_quiz\\event\\attempt_viewed',9,1734591780),(376,1,3,'\\mod_quiz\\event\\attempt_updated',3,1734591785),(377,1,3,'\\mod_quiz\\event\\attempt_viewed',9,1734591785),(378,1,3,'\\mod_quiz\\event\\attempt_updated',3,1734591795),(379,1,3,'\\mod_quiz\\event\\attempt_viewed',9,1734591795),(380,1,3,'\\mod_quiz\\event\\attempt_updated',3,1734591800),(381,1,3,'\\mod_quiz\\event\\attempt_viewed',9,1734591801),(382,1,3,'\\mod_quiz\\event\\attempt_updated',3,1734591805),(383,1,3,'\\mod_quiz\\event\\attempt_summary_viewed',9,1734591805),(384,1,3,'\\core\\event\\course_module_completion_updated',3,1734591808),(385,1,3,'\\mod_quiz\\event\\attempt_submitted',3,1734591808),(386,1,3,'\\mod_quiz\\event\\attempt_reviewed',9,1734591812),(387,1,3,'\\core\\event\\course_viewed',9,1734591915),(388,1,3,'\\mod_quiz\\event\\course_module_viewed',9,1734591940),(389,1,3,'\\mod_quiz\\event\\attempt_started',45,1734591944),(390,1,3,'\\mod_quiz\\event\\attempt_viewed',9,1734591945),(391,1,3,'\\mod_quiz\\event\\attempt_updated',3,1734591951),(392,1,3,'\\mod_quiz\\event\\attempt_viewed',9,1734591951),(393,1,3,'\\mod_quiz\\event\\attempt_updated',3,1734591955),(394,1,3,'\\mod_quiz\\event\\attempt_viewed',9,1734591956),(395,1,3,'\\mod_quiz\\event\\attempt_updated',3,1734591959),(396,1,3,'\\mod_quiz\\event\\attempt_viewed',9,1734591960),(397,1,3,'\\mod_quiz\\event\\attempt_updated',3,1734591964),(398,1,3,'\\mod_quiz\\event\\attempt_viewed',9,1734591965),(399,1,3,'\\mod_quiz\\event\\attempt_updated',3,1734591967),(400,1,3,'\\mod_quiz\\event\\attempt_viewed',9,1734591968),(401,1,3,'\\mod_quiz\\event\\attempt_updated',3,1734591970),(402,1,3,'\\mod_quiz\\event\\attempt_viewed',9,1734591971),(403,1,3,'\\mod_quiz\\event\\attempt_updated',3,1734591974),(404,1,3,'\\mod_quiz\\event\\attempt_summary_viewed',9,1734591975),(405,1,3,'\\mod_quiz\\event\\attempt_submitted',3,1734591978),(406,1,3,'\\mod_quiz\\event\\attempt_reviewed',9,1734591982),(407,1,6,'\\core\\event\\course_viewed',9,1734592073),(408,1,2,'\\core\\event\\section_viewed',9,1734592117),(409,1,2,'\\core\\event\\section_viewed',9,1734592142),(410,1,2,'\\core\\event\\section_viewed',9,1734592169),(411,1,2,'\\mod_quiz\\event\\course_module_viewed',9,1734592221),(412,1,2,'\\core\\event\\course_module_completion_updated',3,1734592381),(413,1,2,'\\core\\event\\course_module_completion_updated',3,1734592381),(414,1,2,'\\mod_quiz\\event\\attempt_viewed',9,1734592392),(415,1,2,'\\mod_quiz\\event\\attempt_updated',3,1734592402),(416,1,2,'\\mod_quiz\\event\\attempt_summary_viewed',9,1734592451),(417,1,2,'\\mod_quiz\\event\\attempt_reviewed',9,1734592458),(418,1,2,'\\mod_quiz\\event\\course_module_viewed',9,1734592479),(419,1,2,'\\core\\event\\course_viewed',9,1734592924),(420,1,2,'\\core\\event\\course_viewed',9,1734593224),(421,1,2,'\\mod_quiz\\event\\course_module_viewed',9,1734593254),(422,1,2,'\\mod_quiz\\event\\attempt_viewed',9,1734593265),(423,1,2,'\\mod_quiz\\event\\attempt_updated',3,1734593277),(424,1,2,'\\mod_quiz\\event\\attempt_summary_viewed',9,1734593320),(425,1,2,'\\mod_quiz\\event\\attempt_reviewed',9,1734593326),(426,1,2,'\\core\\event\\course_module_completion_updated',3,1734593415),(427,1,6,'\\core\\event\\course_viewed',9,1734593437),(428,1,2,'\\mod_quiz\\event\\course_module_viewed',9,1734593538),(429,1,2,'\\core\\event\\course_viewed',9,1734593931),(430,1,2,'\\core\\event\\course_viewed',9,1734594144),(431,1,2,'\\core\\event\\course_viewed',9,1734597824),(432,1,2,'\\core\\event\\course_viewed',9,1734597911),(433,1,2,'\\core\\event\\section_viewed',9,1734597943),(434,1,2,'\\core\\event\\course_viewed',9,1734597960),(435,1,2,'\\core\\event\\course_viewed',9,1734604795),(436,1,2,'\\core\\event\\course_viewed',9,1734604931),(437,1,6,'\\core\\event\\course_viewed',9,1734605061),(438,1,6,'\\mod_quiz\\event\\course_module_viewed',9,1734605085),(439,1,6,'\\core\\event\\section_viewed',9,1734605095),(440,1,2,'\\core\\event\\course_viewed',9,1734605124),(441,1,6,'\\core\\event\\course_viewed',9,1734605335),(442,1,6,'\\core\\event\\section_viewed',9,1734605356),(443,1,6,'\\core\\event\\section_viewed',9,1734605370),(444,1,6,'\\core\\event\\section_viewed',9,1734605377),(445,1,6,'\\core\\event\\section_viewed',9,1734605385),(446,1,6,'\\core\\event\\section_viewed',9,1734605403),(447,1,6,'\\gradereport_user\\event\\grade_report_viewed',9,1734605442),(448,1,6,'\\core\\event\\badge_listing_viewed',9,1734605457),(449,1,6,'\\core\\event\\section_viewed',9,1734605484),(450,1,6,'\\core\\event\\course_viewed',9,1734605506),(451,1,2,'\\core\\event\\course_viewed',9,1734605776),(452,1,2,'\\core\\event\\course_viewed',9,1734605852),(453,1,2,'\\mod_choice\\event\\course_module_viewed',9,1734605863),(454,1,2,'\\core\\event\\section_viewed',9,1734605880),(455,1,2,'\\mod_hotquestion\\event\\course_module_viewed',9,1734605888),(456,1,2,'\\core\\event\\course_viewed',9,1734606111),(457,1,2,'\\core\\event\\section_viewed',9,1734606320),(458,1,2,'\\core\\event\\course_viewed',9,1734606487),(459,1,2,'\\core\\event\\course_viewed',9,1734606671),(460,1,2,'\\core\\event\\course_viewed',9,1734606785),(461,1,2,'\\core\\event\\course_viewed',9,1734606811),(462,1,6,'\\core\\event\\course_viewed',9,1734606893),(463,1,6,'\\core\\event\\section_viewed',9,1734606917),(464,1,2,'\\core\\event\\course_viewed',9,1734606956),(465,1,2,'\\core\\event\\course_viewed',9,1734612764),(466,1,2,'\\core\\event\\course_viewed',9,1734612875),(467,1,2,'\\core\\event\\section_viewed',9,1734615394),(468,1,2,'\\core\\event\\section_viewed',9,1734615608),(469,1,2,'\\core\\event\\course_viewed',9,1734615631),(470,1,2,'\\core\\event\\course_viewed',9,1734615654),(471,1,2,'\\mod_quiz\\event\\course_module_viewed',9,1734615753),(472,1,2,'\\mod_quiz\\event\\attempt_viewed',9,1734615758),(473,1,2,'\\mod_quiz\\event\\attempt_updated',3,1734615784),(474,1,2,'\\mod_quiz\\event\\attempt_summary_viewed',9,1734615856),(475,1,2,'\\mod_quiz\\event\\attempt_reviewed',9,1734615865),(476,1,2,'\\mod_quiz\\event\\course_module_viewed',9,1734615937),(477,1,2,'\\core\\event\\course_viewed',9,1734615950),(478,1,2,'\\core\\event\\section_viewed',9,1734637462),(479,1,2,'\\core\\event\\course_viewed',9,1734642137),(480,1,2,'\\core\\event\\course_viewed',9,1734642168),(481,1,2,'\\mod_quiz\\event\\course_module_viewed',9,1734642176),(482,1,2,'\\mod_quiz\\event\\attempt_viewed',9,1734642179),(483,1,2,'\\core\\event\\section_viewed',9,1734642236),(484,1,2,'\\core\\event\\course_viewed',9,1734642361),(485,1,2,'\\core\\event\\section_viewed',9,1734711592),(486,1,2,'\\core\\event\\course_viewed',9,1734711603),(487,1,2,'\\core\\event\\course_viewed',9,1734711614),(488,1,2,'\\core\\event\\course_viewed',9,1734712107),(489,1,2,'\\core\\event\\course_viewed',9,1734714700),(490,1,3,'\\core\\event\\course_viewed',9,1735001640),(491,1,3,'\\core\\event\\course_viewed',9,1735001651),(492,1,3,'\\core\\event\\course_module_completion_updated',3,1735001660),(493,1,3,'\\core\\event\\course_viewed',9,1735001678),(494,1,3,'\\mod_choice\\event\\course_module_viewed',9,1735001685),(495,1,3,'\\core\\event\\course_module_completion_updated',3,1735001689),(496,1,3,'\\mod_choice\\event\\answer_created',45,1735001689),(497,1,2,'\\core\\event\\course_viewed',9,1735123275),(498,1,2,'\\core\\event\\section_viewed',9,1735123617),(499,1,2,'\\mod_quiz\\event\\course_module_viewed',9,1735123787),(500,1,2,'\\core\\event\\section_viewed',9,1735123917),(501,1,2,'\\mod_quiz\\event\\course_module_viewed',9,1735124097),(502,1,2,'\\mod_quiz\\event\\attempt_viewed',9,1735124239),(503,1,2,'\\mod_quiz\\event\\attempt_updated',3,1735124263),(504,1,2,'\\mod_quiz\\event\\attempt_summary_viewed',9,1735124263),(505,1,2,'\\mod_quiz\\event\\attempt_reviewed',9,1735124270),(506,1,2,'\\mod_quiz\\event\\course_module_viewed',9,1735124279),(507,1,2,'\\core\\event\\course_module_completion_updated',3,1735124283),(508,1,2,'\\core\\event\\section_viewed',9,1735124296),(509,1,2,'\\core\\event\\course_viewed',9,1735124398),(510,1,3,'\\core\\event\\course_viewed',9,1735127079),(511,1,3,'\\mod_quiz\\event\\course_module_viewed',9,1735127111),(512,1,3,'\\mod_quiz\\event\\attempt_started',45,1735127114),(513,1,3,'\\mod_quiz\\event\\attempt_viewed',9,1735127115),(514,1,3,'\\mod_quiz\\event\\attempt_updated',3,1735127140),(515,1,3,'\\mod_quiz\\event\\attempt_summary_viewed',9,1735127141),(516,1,3,'\\mod_quiz\\event\\attempt_submitted',3,1735127145),(517,1,3,'\\mod_quiz\\event\\attempt_reviewed',9,1735127149),(518,1,3,'\\core\\event\\course_viewed',9,1735127205),(519,1,3,'\\core\\event\\course_module_completion_updated',3,1735127207),(520,1,2,'\\core\\event\\section_viewed',9,1735148520),(521,1,2,'\\core\\event\\course_viewed',9,1735368123),(522,1,2,'\\core\\event\\course_viewed',9,1735368130),(523,1,2,'\\core\\event\\course_viewed',9,1735368365),(524,1,2,'\\core\\event\\section_viewed',9,1735368369),(525,1,2,'\\core\\event\\section_viewed',9,1735368595),(526,1,2,'\\core\\event\\course_viewed',9,1735369230),(527,1,2,'\\core\\event\\course_viewed',9,1735369459),(528,1,2,'\\core\\event\\course_viewed',9,1735369783),(529,1,2,'\\core\\event\\course_viewed',9,1735369986),(530,1,2,'\\core\\event\\course_viewed',9,1735370887),(531,1,2,'\\core\\event\\course_viewed',9,1735371312),(532,1,2,'\\core\\event\\course_viewed',9,1735425942),(533,1,2,'\\mod_quiz\\event\\course_module_viewed',9,1735426170),(534,1,2,'\\core\\event\\section_viewed',9,1735426322),(535,1,2,'\\mod_quiz\\event\\course_module_viewed',9,1735426368),(536,1,2,'\\mod_quiz\\event\\course_module_viewed',9,1735426413),(537,1,2,'\\core\\event\\section_viewed',9,1735426663),(538,1,2,'\\mod_resource\\event\\course_module_viewed',9,1735426898),(539,1,2,'\\core\\event\\section_viewed',9,1735426970),(540,1,2,'\\core\\event\\section_viewed',9,1735457059),(541,1,2,'\\core\\event\\course_viewed',9,1735457985),(542,1,2,'\\core\\event\\section_viewed',9,1735458078),(543,1,2,'\\core\\event\\course_viewed',9,1735458087),(544,1,3,'\\core\\event\\course_viewed',9,1735494323),(545,1,2,'\\core\\event\\course_viewed',9,1735542463),(546,1,2,'\\mod_quiz\\event\\course_module_viewed',9,1735542645),(547,1,2,'\\mod_quiz\\event\\attempt_viewed',9,1735542652),(548,1,2,'\\mod_quiz\\event\\attempt_updated',3,1735542662),(549,1,2,'\\mod_quiz\\event\\attempt_summary_viewed',9,1735542783),(550,1,2,'\\mod_quiz\\event\\attempt_reviewed',9,1735542792),(551,1,2,'\\core\\event\\section_viewed',9,1735543056),(552,1,2,'\\mod_quiz\\event\\course_module_viewed',9,1735543071),(553,1,2,'\\mod_quiz\\event\\attempt_viewed',9,1735543077),(554,1,3,'\\core\\event\\course_viewed',9,1735543194),(555,1,3,'\\mod_quiz\\event\\course_module_viewed',9,1735543197),(556,1,3,'\\mod_quiz\\event\\attempt_started',45,1735543201),(557,1,3,'\\mod_quiz\\event\\attempt_viewed',9,1735543202),(558,1,3,'\\mod_quiz\\event\\attempt_updated',3,1735543215),(559,1,3,'\\mod_quiz\\event\\attempt_viewed',9,1735543215),(560,1,3,'\\mod_quiz\\event\\attempt_updated',3,1735543219),(561,1,3,'\\mod_quiz\\event\\attempt_viewed',9,1735543219),(562,1,3,'\\mod_quiz\\event\\attempt_updated',3,1735543223),(563,1,3,'\\mod_quiz\\event\\attempt_viewed',9,1735543224),(564,1,3,'\\mod_quiz\\event\\attempt_updated',3,1735543227),(565,1,3,'\\mod_quiz\\event\\attempt_viewed',9,1735543228),(566,1,3,'\\mod_quiz\\event\\attempt_updated',3,1735543230),(567,1,3,'\\mod_quiz\\event\\attempt_summary_viewed',9,1735543231),(568,1,3,'\\mod_quiz\\event\\attempt_submitted',3,1735543235),(569,1,3,'\\mod_quiz\\event\\attempt_reviewed',9,1735543238),(570,1,2,'\\core\\event\\course_viewed',9,1735548364),(571,1,2,'\\core\\event\\course_viewed',9,1735550618),(572,1,2,'\\core\\event\\course_viewed',9,1735550668),(573,1,2,'\\core\\event\\course_viewed',9,1735550930),(574,1,2,'\\core\\event\\course_viewed',9,1735551167),(575,1,2,'\\core\\event\\course_viewed',9,1735551372),(576,1,2,'\\core\\event\\course_viewed',9,1735552555),(577,1,2,'\\mod_quiz\\event\\course_module_viewed',9,1735553331),(578,1,2,'\\mod_quiz\\event\\course_module_viewed',9,1735553553),(579,1,2,'\\mod_quiz\\event\\attempt_viewed',9,1735553558),(580,1,2,'\\mod_quiz\\event\\attempt_updated',3,1735553573),(581,1,2,'\\mod_quiz\\event\\attempt_summary_viewed',9,1735553586),(582,1,2,'\\mod_quiz\\event\\attempt_reviewed',9,1735553595),(583,1,2,'\\core\\event\\section_viewed',9,1735553661),(584,1,2,'\\core\\event\\course_viewed',9,1735553688),(585,1,2,'\\mod_quiz\\event\\course_module_viewed',9,1735554116),(586,1,2,'\\mod_quiz\\event\\attempt_viewed',9,1735554130),(587,1,2,'\\mod_quiz\\event\\attempt_updated',3,1735554142),(588,1,2,'\\mod_quiz\\event\\attempt_summary_viewed',9,1735554162),(589,1,2,'\\mod_quiz\\event\\attempt_reviewed',9,1735554171),(590,1,2,'\\core\\event\\course_viewed',9,1735554304),(591,1,3,'\\core\\event\\course_viewed',9,1735554457),(592,1,3,'\\mod_quiz\\event\\course_module_viewed',9,1735554461),(593,1,3,'\\mod_quiz\\event\\attempt_started',45,1735554465),(594,1,3,'\\mod_quiz\\event\\attempt_viewed',9,1735554466),(595,1,3,'\\mod_quiz\\event\\attempt_updated',3,1735554477),(596,1,3,'\\mod_quiz\\event\\attempt_summary_viewed',9,1735554477),(597,1,3,'\\mod_quiz\\event\\attempt_viewed',9,1735554482),(598,1,3,'\\mod_quiz\\event\\attempt_updated',3,1735554488),(599,1,3,'\\mod_quiz\\event\\attempt_viewed',9,1735554489),(600,1,3,'\\mod_quiz\\event\\attempt_updated',3,1735554499),(601,1,3,'\\mod_quiz\\event\\attempt_viewed',9,1735554500),(602,1,3,'\\mod_quiz\\event\\attempt_updated',3,1735554503),(603,1,3,'\\mod_quiz\\event\\attempt_summary_viewed',9,1735554503),(604,1,3,'\\mod_quiz\\event\\attempt_submitted',3,1735554510),(605,1,2,'\\core\\event\\course_viewed',9,1735554539),(606,1,2,'\\mod_quiz\\event\\attempt_reviewed',9,1735554582),(607,1,2,'\\mod_quiz\\event\\course_module_viewed',9,1735554611),(608,1,2,'\\core\\event\\course_viewed',9,1735554742),(609,1,2,'\\mod_quiz\\event\\attempt_viewed',9,1735554755),(610,1,2,'\\mod_quiz\\event\\attempt_updated',3,1735554797),(611,1,2,'\\mod_quiz\\event\\attempt_summary_viewed',9,1735554798),(612,1,2,'\\mod_quiz\\event\\attempt_reviewed',9,1735554807),(613,1,2,'\\mod_quiz\\event\\course_module_viewed',9,1735554820),(614,1,2,'\\core\\event\\course_viewed',9,1735555416),(615,1,2,'\\mod_quiz\\event\\course_module_viewed',9,1735555421),(616,1,2,'\\mod_quiz\\event\\attempt_viewed',9,1735555428),(617,1,2,'\\mod_quiz\\event\\attempt_updated',3,1735555441),(618,1,2,'\\mod_quiz\\event\\attempt_summary_viewed',9,1735555441),(619,1,2,'\\mod_quiz\\event\\attempt_reviewed',9,1735555453),(620,1,2,'\\mod_quiz\\event\\attempt_viewed',9,1735555470),(621,1,2,'\\mod_quiz\\event\\course_module_viewed',9,1735558365),(622,1,2,'\\mod_quiz\\event\\attempt_viewed',9,1735558372),(623,1,2,'\\mod_quiz\\event\\attempt_updated',3,1735558382),(624,1,2,'\\mod_quiz\\event\\attempt_summary_viewed',9,1735558382),(625,1,2,'\\mod_quiz\\event\\attempt_reviewed',9,1735558391),(626,1,2,'\\mod_quiz\\event\\attempt_viewed',9,1735558416),(627,1,2,'\\core\\event\\course_viewed',9,1735558736),(628,1,2,'\\mod_quiz\\event\\course_module_viewed',9,1735568106),(629,1,2,'\\mod_quiz\\event\\course_module_viewed',9,1735568466),(630,1,2,'\\mod_quiz\\event\\attempt_viewed',9,1735568472),(631,1,2,'\\core\\event\\section_viewed',9,1735568508),(632,1,2,'\\mod_quiz\\event\\course_module_viewed',9,1735568567),(633,1,2,'\\mod_quiz\\event\\attempt_viewed',9,1735568599),(634,1,2,'\\mod_quiz\\event\\attempt_updated',3,1735568606),(635,1,2,'\\mod_quiz\\event\\attempt_summary_viewed',9,1735568607),(636,1,2,'\\mod_quiz\\event\\attempt_reviewed',9,1735568615),(637,1,6,'\\core\\event\\course_viewed',9,1735568725),(638,1,6,'\\mod_quiz\\event\\course_module_viewed',9,1735568728),(639,1,6,'\\mod_quiz\\event\\attempt_started',45,1735568730),(640,1,6,'\\mod_quiz\\event\\attempt_viewed',9,1735568730),(641,1,6,'\\mod_quiz\\event\\attempt_updated',3,1735568734),(642,1,6,'\\mod_quiz\\event\\attempt_summary_viewed',9,1735568735),(643,1,6,'\\mod_quiz\\event\\attempt_submitted',3,1735568741),(644,1,6,'\\mod_quiz\\event\\attempt_reviewed',9,1735568742),(645,1,6,'\\mod_quiz\\event\\attempt_started',45,1735568755),(646,1,6,'\\mod_quiz\\event\\attempt_viewed',9,1735568755),(647,1,2,'\\core\\event\\course_viewed',9,1735568787),(648,1,2,'\\core\\event\\course_viewed',9,1735569313),(649,1,2,'\\mod_questionnaire\\event\\course_module_viewed',9,1735569485),(650,1,6,'\\core\\event\\section_viewed',9,1735570440),(651,1,2,'\\core\\event\\course_viewed',9,1735572014),(652,1,2,'\\core\\event\\course_viewed',9,1735572149),(653,1,6,'\\core\\event\\course_viewed',9,1735572291),(654,1,2,'\\core\\event\\course_viewed',9,1735572928),(655,1,2,'\\mod_quiz\\event\\course_module_viewed',9,1735572933),(656,1,2,'\\mod_quiz\\event\\attempt_viewed',9,1735572939),(657,1,2,'\\mod_quiz\\event\\attempt_updated',3,1735572945),(658,1,2,'\\mod_quiz\\event\\attempt_summary_viewed',9,1735572945),(659,1,2,'\\mod_quiz\\event\\attempt_reviewed',9,1735572953),(660,1,2,'\\mod_quiz\\event\\course_module_viewed',9,1735573119),(661,1,2,'\\mod_quiz\\event\\attempt_viewed',9,1735573125),(662,1,2,'\\mod_quiz\\event\\attempt_updated',3,1735573135),(663,1,2,'\\mod_quiz\\event\\attempt_summary_viewed',9,1735573135),(664,1,2,'\\mod_quiz\\event\\attempt_reviewed',9,1735573141),(665,1,2,'\\qbank_comment\\event\\comment_created',45,1735573210),(666,1,2,'\\core\\event\\course_viewed',9,1735573924),(667,1,2,'\\mod_quiz\\event\\course_module_viewed',9,1735574131),(668,1,2,'\\mod_quiz\\event\\course_module_viewed',9,1735574352),(669,1,2,'\\mod_quiz\\event\\attempt_viewed',9,1735574357),(670,1,2,'\\mod_quiz\\event\\attempt_updated',3,1735574368),(671,1,2,'\\mod_quiz\\event\\attempt_summary_viewed',9,1735574369),(672,1,2,'\\mod_quiz\\event\\attempt_reviewed',9,1735574375),(673,1,2,'\\qbehaviour_studentfeedbackdeferred\\event\\student_question_feedback_updated',3,1735574401),(674,1,6,'\\core\\event\\course_viewed',9,1735574751),(675,1,6,'\\mod_quiz\\event\\course_module_viewed',9,1735574757),(676,1,6,'\\mod_quiz\\event\\attempt_started',45,1735574759),(677,1,6,'\\mod_quiz\\event\\attempt_viewed',9,1735574759),(678,1,6,'\\mod_quiz\\event\\attempt_updated',3,1735574764),(679,1,6,'\\mod_quiz\\event\\attempt_summary_viewed',9,1735574765),(680,1,6,'\\mod_quiz\\event\\attempt_submitted',3,1735574770),(681,1,6,'\\mod_quiz\\event\\attempt_reviewed',9,1735574770),(682,1,6,'\\qbehaviour_studentfeedbackdeferred\\event\\student_question_feedback_updated',3,1735574793),(683,1,6,'\\qbehaviour_studentfeedbackdeferred\\event\\student_general_feedback_updated',3,1735574796),(684,1,2,'\\core\\event\\course_viewed',9,1735578092),(685,1,2,'\\mod_quiz\\event\\course_module_viewed',9,1735578177),(686,1,2,'\\core\\event\\course_viewed',9,1735581020),(687,1,2,'\\mod_questionnaire\\event\\course_module_viewed',9,1735581073),(688,1,2,'\\mod_questionnaire\\event\\course_module_viewed',9,1735581381),(689,1,2,'\\core\\event\\course_viewed',9,1735581709),(690,1,2,'\\mod_quiz\\event\\course_module_viewed',9,1735581742),(691,1,2,'\\core\\event\\course_viewed',9,1735582155),(692,1,2,'\\core\\event\\course_viewed',9,1735582376),(693,1,2,'\\core\\event\\course_viewed',9,1735583309),(694,1,2,'\\mod_quiz\\event\\course_module_viewed',9,1735583320),(695,1,2,'\\mod_quiz\\event\\attempt_viewed',9,1735583323),(696,1,2,'\\core\\event\\course_viewed',9,1735583696),(697,1,2,'\\mod_quiz\\event\\course_module_viewed',9,1735583701),(698,1,2,'\\mod_quiz\\event\\attempt_viewed',9,1735583704),(699,1,2,'\\core\\event\\course_viewed',9,1735583888),(700,1,2,'\\mod_quiz\\event\\course_module_viewed',9,1735593569),(701,1,2,'\\mod_quiz\\event\\attempt_viewed',9,1735593572),(702,1,2,'\\mod_quiz\\event\\attempt_updated',3,1735593581),(703,1,2,'\\mod_quiz\\event\\attempt_summary_viewed',9,1735593587),(704,1,2,'\\mod_quiz\\event\\attempt_reviewed',9,1735593596),(705,1,2,'\\core\\event\\course_viewed',9,1735593614),(706,1,2,'\\mod_quiz\\event\\attempt_viewed',9,1735593629),(707,1,2,'\\mod_quiz\\event\\attempt_updated',3,1735593635),(708,1,2,'\\mod_quiz\\event\\attempt_summary_viewed',9,1735593647),(709,1,2,'\\mod_quiz\\event\\attempt_reviewed',9,1735593652),(710,1,2,'\\core\\event\\course_viewed',9,1735594196),(711,1,2,'\\mod_quiz\\event\\course_module_viewed',9,1735594204),(712,1,2,'\\mod_quiz\\event\\course_module_viewed',9,1735594526),(713,1,2,'\\core\\event\\course_viewed',9,1735595155),(714,1,2,'\\core\\event\\course_viewed',9,1735595599),(715,1,6,'\\core\\event\\course_viewed',9,1735636197),(716,1,6,'\\mod_quiz\\event\\course_module_viewed',9,1735636226),(717,1,6,'\\mod_quiz\\event\\attempt_started',45,1735636228),(718,1,6,'\\mod_quiz\\event\\attempt_viewed',9,1735636229),(719,1,6,'\\mod_quiz\\event\\attempt_updated',3,1735636235),(720,1,2,'\\core\\event\\course_viewed',9,1735636977),(721,1,2,'\\mod_quiz\\event\\course_module_viewed',9,1735636982),(722,1,2,'\\mod_quiz\\event\\attempt_viewed',9,1735636986),(723,1,2,'\\mod_quiz\\event\\attempt_updated',3,1735636994),(724,1,2,'\\mod_quiz\\event\\attempt_summary_viewed',9,1735637010),(725,1,2,'\\mod_quiz\\event\\attempt_reviewed',9,1735637039),(726,1,2,'\\mod_quiz\\event\\course_module_viewed',9,1735637208),(727,1,2,'\\core\\event\\course_viewed',9,1735637409),(728,1,2,'\\mod_questionnaire\\event\\course_module_viewed',9,1735637549),(729,1,2,'\\core\\event\\section_viewed',9,1735637556),(730,1,2,'\\mod_quiz\\event\\course_module_viewed',9,1735637694),(731,1,2,'\\core\\event\\section_viewed',9,1735637794),(732,1,2,'\\mod_quiz\\event\\attempt_viewed',9,1735637807),(733,1,2,'\\mod_questionnaire\\event\\course_module_viewed',9,1735637873),(734,1,2,'\\core\\event\\section_viewed',9,1735638018),(735,1,2,'\\core\\event\\course_viewed',9,1735638168),(736,1,2,'\\core\\event\\course_viewed',9,1735640296),(737,1,2,'\\mod_quiz\\event\\course_module_viewed',9,1735643438),(738,1,2,'\\mod_quiz\\event\\course_module_viewed',9,1735644196),(739,1,2,'\\mod_quiz\\event\\course_module_viewed',9,1735644378),(740,1,2,'\\core\\event\\course_viewed',9,1735644974),(741,1,2,'\\mod_quiz\\event\\course_module_viewed',9,1735645393),(742,1,2,'\\mod_quiz\\event\\attempt_viewed',9,1735645396),(743,1,2,'\\mod_quiz\\event\\attempt_updated',3,1735645456),(744,1,2,'\\mod_quiz\\event\\attempt_summary_viewed',9,1735645456),(745,1,2,'\\mod_quiz\\event\\attempt_reviewed',9,1735645463),(746,1,2,'\\mod_quiz\\event\\course_module_viewed',9,1735645784),(747,1,2,'\\mod_quiz\\event\\attempt_viewed',9,1735645787),(748,1,2,'\\mod_quiz\\event\\attempt_autosaved',3,1735645850),(749,1,2,'\\mod_quiz\\event\\attempt_updated',3,1735645879),(750,1,2,'\\mod_quiz\\event\\attempt_summary_viewed',9,1735645879),(751,1,2,'\\mod_quiz\\event\\attempt_reviewed',9,1735645888),(752,1,2,'\\mod_quiz\\event\\course_module_viewed',9,1735646036),(753,1,2,'\\mod_quiz\\event\\attempt_viewed',9,1735646039),(754,1,2,'\\mod_quiz\\event\\attempt_updated',3,1735646091),(755,1,2,'\\mod_quiz\\event\\attempt_summary_viewed',9,1735646091),(756,1,2,'\\mod_quiz\\event\\attempt_reviewed',9,1735646097),(757,1,2,'\\mod_quiz\\event\\attempt_viewed',9,1735646212),(758,1,2,'\\mod_quiz\\event\\course_module_viewed',9,1735646291),(759,1,2,'\\mod_quiz\\event\\course_module_viewed',9,1735646575),(760,1,2,'\\mod_quiz\\event\\attempt_viewed',9,1735646578),(761,1,2,'\\mod_quiz\\event\\attempt_updated',3,1735646590),(762,1,2,'\\mod_quiz\\event\\attempt_summary_viewed',9,1735646591),(763,1,2,'\\mod_quiz\\event\\attempt_reviewed',9,1735646596),(764,1,2,'\\mod_quiz\\event\\attempt_viewed',9,1735646657),(765,1,2,'\\mod_quiz\\event\\attempt_autosaved',3,1735646721),(766,1,2,'\\mod_quiz\\event\\attempt_updated',3,1735646729),(767,1,2,'\\mod_quiz\\event\\attempt_summary_viewed',9,1735646730),(768,1,2,'\\mod_quiz\\event\\attempt_reviewed',9,1735646736),(769,1,3,'\\core\\event\\course_viewed',9,1735833569),(770,1,3,'\\mod_quiz\\event\\course_module_viewed',9,1735833572),(771,1,3,'\\core\\event\\course_viewed',9,1735833605),(772,1,3,'\\mod_quiz\\event\\course_module_viewed',9,1735833606),(773,1,3,'\\mod_quiz\\event\\course_module_viewed',9,1735833621),(774,1,3,'\\mod_quiz\\event\\attempt_started',45,1735833626),(775,1,3,'\\mod_quiz\\event\\attempt_viewed',9,1735833626),(776,1,3,'\\core\\event\\course_viewed',9,1735833657),(777,1,3,'\\core\\event\\course_viewed',9,1735833686),(778,1,3,'\\mod_quiz\\event\\course_module_viewed',9,1735833688),(779,1,2,'\\core\\event\\course_viewed',9,1735895227),(780,1,2,'\\core\\event\\course_viewed',9,1735898017),(781,1,2,'\\mod_quiz\\event\\course_module_viewed',9,1735898089),(782,1,2,'\\core\\event\\course_viewed',9,1735898646),(783,1,2,'\\core\\event\\course_viewed',9,1735900548),(784,1,2,'\\core\\event\\course_viewed',9,1735903894),(785,1,2,'\\core\\event\\course_viewed',9,1735904304),(786,1,2,'\\core\\event\\badge_listing_viewed',9,1735905425),(787,1,2,'\\core\\event\\badge_listing_viewed',9,1735905673),(788,1,2,'\\core\\event\\badge_listing_viewed',9,1735905907),(789,1,2,'\\core\\event\\course_viewed',9,1735905980),(790,1,2,'\\core\\event\\course_viewed',9,1735906238),(791,1,2,'\\core\\event\\section_viewed',9,1735906503),(792,1,2,'\\core\\event\\course_viewed',9,1735906517),(793,1,2,'\\core\\event\\course_viewed',9,1735906748),(794,1,2,'\\core\\event\\course_viewed',9,1735906938),(795,1,2,'\\core\\event\\course_module_completion_updated',3,1735906960),(796,1,2,'\\mod_resource\\event\\course_module_viewed',9,1735906972),(797,1,2,'\\core\\event\\course_viewed',9,1735907420),(798,1,3,'\\core\\event\\course_viewed',9,1735917322),(799,1,3,'\\mod_quiz\\event\\course_module_viewed',9,1735917326),(800,1,3,'\\mod_quiz\\event\\attempt_started',45,1735917331),(801,1,3,'\\mod_quiz\\event\\attempt_viewed',9,1735917332),(802,1,3,'\\mod_quiz\\event\\attempt_updated',3,1735917337),(803,1,3,'\\mod_quiz\\event\\attempt_viewed',9,1735917338),(804,1,3,'\\mod_quiz\\event\\attempt_updated',3,1735917342),(805,1,3,'\\mod_quiz\\event\\attempt_viewed',9,1735917343),(806,1,3,'\\mod_quiz\\event\\attempt_updated',3,1735919305),(807,1,2,'\\core\\event\\course_viewed',9,1735920748),(808,1,2,'\\mod_quiz\\event\\course_module_viewed',9,1735920803),(809,1,2,'\\mod_quiz\\event\\attempt_viewed',9,1735920924),(810,1,2,'\\mod_quiz\\event\\attempt_updated',3,1735920932),(811,1,3,'\\core\\event\\course_viewed',9,1735920974),(812,1,3,'\\mod_quiz\\event\\course_module_viewed',9,1735920977),(813,1,3,'\\mod_quiz\\event\\attempt_started',45,1735920980),(814,1,3,'\\mod_quiz\\event\\attempt_viewed',9,1735920981),(815,1,3,'\\mod_quiz\\event\\attempt_updated',3,1735920985),(816,1,3,'\\mod_quiz\\event\\attempt_viewed',9,1735920985),(817,1,3,'\\mod_quiz\\event\\attempt_updated',3,1735920991),(818,1,3,'\\mod_quiz\\event\\attempt_viewed',9,1735920992),(819,1,3,'\\mod_quiz\\event\\attempt_updated',3,1735920998),(820,1,3,'\\mod_quiz\\event\\attempt_viewed',9,1735920999),(821,1,3,'\\mod_quiz\\event\\attempt_updated',3,1735921005),(822,1,3,'\\mod_quiz\\event\\attempt_viewed',9,1735921005),(823,1,3,'\\mod_quiz\\event\\attempt_updated',3,1735921010),(824,1,3,'\\mod_quiz\\event\\attempt_summary_viewed',9,1735921011),(825,1,3,'\\mod_quiz\\event\\attempt_viewed',9,1735921013),(826,1,3,'\\mod_quiz\\event\\attempt_updated',3,1735921017),(827,1,3,'\\mod_quiz\\event\\attempt_viewed',9,1735921018),(828,1,3,'\\mod_quiz\\event\\attempt_updated',3,1735921023),(829,1,3,'\\mod_quiz\\event\\attempt_summary_viewed',9,1735921023),(830,1,3,'\\mod_quiz\\event\\attempt_viewed',9,1735921026),(831,1,3,'\\core\\event\\course_viewed',9,1735921047),(832,1,3,'\\mod_quiz\\event\\course_module_viewed',9,1735921052),(833,1,2,'\\core\\event\\course_viewed',9,1735923240),(834,1,2,'\\core\\event\\course_viewed',9,1735923250),(835,1,2,'\\mod_quiz\\event\\course_module_viewed',9,1735923259),(836,1,2,'\\core\\event\\course_viewed',9,1735924561),(837,1,3,'\\mod_quiz\\event\\course_module_viewed',9,1735924708),(838,1,3,'\\mod_quiz\\event\\attempt_viewed',9,1735924713),(839,1,3,'\\mod_quiz\\event\\attempt_updated',3,1735924718),(840,1,3,'\\mod_quiz\\event\\attempt_viewed',9,1735924718),(841,1,3,'\\mod_quiz\\event\\attempt_updated',3,1735924722),(842,1,3,'\\mod_quiz\\event\\attempt_summary_viewed',9,1735924722),(843,1,3,'\\mod_quiz\\event\\attempt_viewed',9,1735924724),(844,1,3,'\\mod_quiz\\event\\attempt_updated',3,1735924732),(845,1,3,'\\mod_quiz\\event\\attempt_viewed',9,1735924732),(846,1,3,'\\mod_quiz\\event\\attempt_updated',3,1735924747),(847,1,3,'\\mod_quiz\\event\\attempt_viewed',9,1735924748),(848,1,3,'\\mod_quiz\\event\\attempt_updated',3,1735924751),(849,1,3,'\\mod_quiz\\event\\attempt_summary_viewed',9,1735924752),(850,1,3,'\\mod_quiz\\event\\attempt_viewed',9,1735924754),(851,1,3,'\\mod_quiz\\event\\attempt_updated',3,1735924759),(852,1,3,'\\mod_quiz\\event\\attempt_viewed',9,1735924759),(853,1,3,'\\mod_quiz\\event\\attempt_updated',3,1735924772),(854,1,2,'\\core\\event\\section_viewed',9,1735931162),(855,1,2,'\\core\\event\\course_viewed',9,1735931595),(856,1,2,'\\core\\event\\course_viewed',9,1735932283),(857,1,2,'\\core\\event\\course_viewed',9,1735932418),(858,1,2,'\\core\\event\\course_viewed',9,1735932541),(859,1,2,'\\core\\event\\course_viewed',9,1735932548),(860,1,2,'\\core\\event\\course_viewed',9,1735932557),(861,1,2,'\\core\\event\\course_viewed',9,1735932723),(862,1,2,'\\core\\event\\course_viewed',9,1735934267),(863,1,2,'\\core\\event\\course_viewed',9,1735934275),(864,1,2,'\\core\\event\\course_viewed',9,1735935217),(865,1,2,'\\core\\event\\course_viewed',9,1735936101),(866,1,2,'\\core\\event\\course_viewed',9,1735936808),(867,1,2,'\\core\\event\\course_viewed',9,1735937483),(868,1,2,'\\core\\event\\course_viewed',9,1735945070),(869,1,2,'\\core\\event\\course_viewed',9,1735945082),(870,1,2,'\\core\\event\\course_viewed',9,1735986843),(871,1,2,'\\mod_quiz\\event\\course_module_viewed',9,1735986909),(872,1,2,'\\mod_quiz\\event\\attempt_viewed',9,1735986917),(873,1,2,'\\mod_quiz\\event\\attempt_updated',3,1735986921),(874,1,2,'\\mod_quiz\\event\\course_module_viewed',9,1735986933),(875,1,2,'\\mod_quiz\\event\\attempt_viewed',9,1735986936),(876,1,2,'\\core\\event\\course_viewed',9,1735988819),(877,1,2,'\\core\\event\\section_viewed',9,1735988877),(878,1,2,'\\core\\event\\course_viewed',9,1735988884),(879,1,2,'\\core\\event\\course_viewed',9,1735988956),(880,1,2,'\\core\\event\\course_viewed',9,1735989323),(881,1,2,'\\core\\event\\course_viewed',9,1735989618),(882,1,2,'\\core\\event\\course_viewed',9,1735989717),(883,1,2,'\\core\\event\\course_viewed',9,1735989765),(884,1,2,'\\mod_quiz\\event\\course_module_viewed',9,1735990032),(885,1,2,'\\core\\event\\section_viewed',9,1735990049),(886,1,2,'\\core\\event\\section_viewed',9,1735990254),(887,1,2,'\\core\\event\\section_viewed',9,1735990271),(888,1,2,'\\core\\event\\course_viewed',9,1735990285),(889,1,2,'\\mod_quiz\\event\\course_module_viewed',9,1735990523),(890,1,2,'\\core\\event\\section_viewed',9,1735990527),(891,1,2,'\\mod_quiz\\event\\course_module_viewed',9,1735990553),(892,1,2,'\\mod_quiz\\event\\course_module_viewed',9,1735990570),(893,1,2,'\\core\\event\\course_viewed',9,1735990621),(894,1,2,'\\mod_quiz\\event\\course_module_viewed',9,1735990819),(895,1,2,'\\core\\event\\section_viewed',9,1735990825),(896,1,2,'\\core\\event\\section_viewed',9,1735990876),(897,1,2,'\\core\\event\\course_viewed',9,1735991636),(898,1,2,'\\core\\event\\course_viewed',9,1735992969),(899,1,2,'\\core\\event\\course_viewed',9,1735993738),(900,1,2,'\\core\\event\\course_viewed',9,1735997626),(901,1,2,'\\core\\event\\section_viewed',9,1736004779),(902,1,2,'\\core\\event\\course_viewed',9,1736004791),(903,1,2,'\\core\\event\\course_viewed',9,1736005205),(904,1,2,'\\core\\event\\course_viewed',9,1736006886),(905,1,2,'\\core\\event\\course_viewed',9,1736007119),(906,1,2,'\\core\\event\\course_viewed',9,1736007628),(907,1,2,'\\core\\event\\section_viewed',9,1736008346),(908,1,2,'\\core\\event\\section_viewed',9,1736008364),(909,1,2,'\\core\\event\\course_viewed',9,1736008379),(910,1,2,'\\mod_book\\event\\chapter_viewed',9,1736008446),(911,1,2,'\\mod_book\\event\\course_module_viewed',0,1736008509),(912,1,2,'\\core\\event\\section_viewed',9,1736008537),(913,1,2,'\\core\\event\\section_viewed',9,1736008814),(914,1,2,'\\core\\event\\section_viewed',9,1736009244),(915,1,2,'\\core\\event\\section_viewed',9,1736009507),(916,1,2,'\\core\\event\\section_viewed',9,1736009600),(917,1,2,'\\core\\event\\section_viewed',9,1736009781),(918,1,2,'\\core\\event\\section_viewed',9,1736009869),(919,1,2,'\\core\\event\\section_viewed',9,1736009998),(920,1,2,'\\core\\event\\section_viewed',9,1736010326),(921,1,3,'\\core\\event\\course_viewed',9,1736011015),(922,1,3,'\\core\\event\\course_viewed',9,1736011143),(923,1,3,'\\mod_quiz\\event\\course_module_viewed',9,1736011146),(924,1,2,'\\core\\event\\section_viewed',9,1736012055),(925,1,2,'\\core\\event\\section_viewed',9,1736012561),(926,1,2,'\\core\\event\\section_viewed',9,1736013262),(927,1,2,'\\core\\event\\section_viewed',9,1736013477),(928,1,2,'\\core\\event\\section_viewed',9,1736016262),(929,1,2,'\\core\\event\\section_viewed',9,1736016504),(930,1,2,'\\core\\event\\section_viewed',9,1736017374),(931,1,2,'\\core\\event\\section_viewed',9,1736017848),(932,1,2,'\\core\\event\\section_viewed',9,1736018386),(933,1,2,'\\core\\event\\section_viewed',9,1736019728),(934,1,2,'\\core\\event\\section_viewed',9,1736020564),(935,1,2,'\\core\\event\\section_viewed',9,1736021387),(936,1,2,'\\core\\event\\section_viewed',9,1736021511),(937,1,2,'\\core\\event\\section_viewed',9,1736021890),(938,1,2,'\\core\\event\\course_viewed',9,1736022167),(939,1,3,'\\core\\event\\course_viewed',9,1736023983),(940,1,3,'\\core\\event\\course_viewed',9,1736024084),(941,1,6,'\\core\\event\\course_viewed',9,1736070997),(942,1,2,'\\core\\event\\course_viewed',9,1736071126),(943,1,2,'\\core\\event\\section_viewed',9,1736071242),(944,1,2,'\\core\\event\\section_viewed',9,1736072098),(945,1,2,'\\core\\event\\course_viewed',9,1736076399),(946,1,2,'\\core\\event\\course_viewed',9,1736076892),(947,1,2,'\\core\\event\\course_viewed',9,1736077089),(948,1,2,'\\core\\event\\course_viewed',9,1736077767),(949,1,2,'\\core\\event\\course_viewed',9,1736078939),(950,1,2,'\\core\\event\\course_viewed',9,1736079160),(951,1,2,'\\core\\event\\course_viewed',9,1736079405),(952,1,2,'\\core\\event\\course_viewed',9,1736079844),(953,1,2,'\\core\\event\\section_viewed',9,1736080604),(954,1,2,'\\core\\event\\section_viewed',9,1736080655),(955,1,2,'\\core\\event\\section_viewed',9,1736080756),(956,1,2,'\\core\\event\\course_viewed',9,1736080763),(957,1,2,'\\core\\event\\section_viewed',9,1736081886),(958,1,2,'\\core\\event\\section_viewed',9,1736082418),(959,1,2,'\\core\\event\\section_viewed',9,1736083945),(960,1,2,'\\core\\event\\section_viewed',9,1736084437),(961,1,2,'\\core\\event\\section_viewed',9,1736085170),(962,1,2,'\\core\\event\\section_viewed',9,1736085340),(963,1,2,'\\core\\event\\section_viewed',9,1736085420),(964,1,2,'\\core\\event\\section_viewed',9,1736086537),(965,1,2,'\\core\\event\\section_viewed',9,1736086650),(966,1,2,'\\core\\event\\section_viewed',9,1736086792),(967,1,2,'\\core\\event\\course_viewed',9,1736092515),(968,1,2,'\\core\\event\\section_viewed',9,1736092564),(969,1,2,'\\core\\event\\section_viewed',9,1736092758),(970,1,2,'\\core\\event\\course_viewed',9,1736092777),(971,1,2,'\\core\\event\\course_viewed',9,1736092814),(972,1,2,'\\core\\event\\course_viewed',9,1736093817),(973,1,2,'\\core\\event\\course_viewed',9,1736094652),(974,1,2,'\\core\\event\\course_viewed',9,1736094846),(975,1,2,'\\core\\event\\course_viewed',9,1736095031),(976,1,2,'\\core\\event\\section_viewed',9,1736095765),(977,1,2,'\\core\\event\\section_viewed',9,1736095851),(978,1,2,'\\core\\event\\section_viewed',9,1736096167),(979,1,2,'\\core\\event\\section_viewed',9,1736096192),(980,1,2,'\\mod_quiz\\event\\course_module_viewed',9,1736096273),(981,1,2,'\\core\\event\\section_viewed',9,1736096977),(982,1,2,'\\core\\event\\course_viewed',9,1736097404),(983,1,2,'\\core\\event\\section_viewed',9,1736097653),(984,1,2,'\\core\\event\\section_viewed',9,1736098118),(985,1,2,'\\core\\event\\section_viewed',9,1736098387),(986,1,2,'\\core\\event\\section_viewed',9,1736099199),(987,1,2,'\\core\\event\\section_viewed',9,1736100473),(988,1,2,'\\core\\event\\section_viewed',9,1736101175),(989,1,2,'\\core\\event\\section_viewed',9,1736102475),(990,1,2,'\\core\\event\\section_viewed',9,1736103602),(991,1,2,'\\core\\event\\section_viewed',9,1736104774),(992,1,2,'\\core\\event\\course_viewed',9,1736104831),(993,1,2,'\\core\\event\\course_viewed',9,1736104890),(994,1,2,'\\core\\event\\course_viewed',9,1736105292),(995,1,2,'\\core\\event\\course_viewed',9,1736105586),(996,1,2,'\\core\\event\\section_viewed',9,1736105590),(997,1,2,'\\core\\event\\section_viewed',9,1736105749),(998,1,2,'\\core\\event\\section_viewed',9,1736105787),(999,1,2,'\\mod_quiz\\event\\course_module_viewed',9,1736105845),(1000,1,2,'\\core\\event\\section_viewed',9,1736105905),(1001,1,2,'\\core\\event\\section_viewed',9,1736106009),(1002,1,2,'\\core\\event\\section_viewed',9,1736106011),(1003,1,2,'\\core\\event\\section_viewed',9,1736106179),(1004,1,2,'\\core\\event\\section_viewed',9,1736106219),(1005,1,2,'\\core\\event\\section_viewed',9,1736106400),(1006,1,2,'\\core\\event\\section_viewed',9,1736106434),(1007,1,2,'\\core\\event\\section_viewed',9,1736106897),(1008,1,2,'\\core\\event\\section_viewed',9,1736107153),(1009,1,2,'\\core\\event\\section_viewed',9,1736108219),(1010,1,2,'\\core\\event\\section_viewed',9,1736109317),(1011,1,2,'\\core\\event\\section_viewed',9,1736109646),(1012,1,2,'\\core\\event\\course_viewed',9,1736109746),(1013,1,2,'\\mod_quiz\\event\\course_module_viewed',9,1736109765),(1014,1,2,'\\core\\event\\section_viewed',9,1736109770),(1015,1,6,'\\core\\event\\course_viewed',9,1736109831),(1016,1,2,'\\core\\event\\section_viewed',9,1736109947),(1017,1,2,'\\core\\event\\section_viewed',9,1736110378),(1018,1,2,'\\core\\event\\section_viewed',9,1736110511),(1019,1,2,'\\core\\event\\section_viewed',9,1736110639),(1020,1,2,'\\core\\event\\course_viewed',9,1736110680),(1021,1,2,'\\core\\event\\section_viewed',9,1736110696),(1022,1,2,'\\mod_quiz\\event\\course_module_viewed',9,1736110756),(1023,1,2,'\\mod_quiz\\event\\course_module_viewed',9,1736110838),(1024,1,2,'\\core\\event\\section_viewed',9,1736111022),(1025,1,2,'\\core\\event\\section_viewed',9,1736111029),(1026,1,2,'\\mod_quiz\\event\\course_module_viewed',9,1736111055),(1027,1,2,'\\core\\event\\course_viewed',9,1736111229),(1028,1,2,'\\core\\event\\course_viewed',9,1736111232),(1029,1,2,'\\mod_quiz\\event\\course_module_viewed',9,1736111248),(1030,1,2,'\\mod_quiz\\event\\attempt_viewed',9,1736111252),(1031,1,2,'\\mod_quiz\\event\\attempt_autosaved',3,1736111321),(1032,1,2,'\\mod_quiz\\event\\attempt_autosaved',3,1736111560),(1033,1,2,'\\mod_quiz\\event\\attempt_updated',3,1736111649),(1034,1,2,'\\mod_quiz\\event\\attempt_summary_viewed',9,1736111649),(1035,1,2,'\\mod_quiz\\event\\attempt_reviewed',9,1736111655),(1036,1,2,'\\core\\event\\course_viewed',9,1736111849),(1037,1,2,'\\core\\event\\course_viewed',9,1736111878),(1038,1,2,'\\mod_quiz\\event\\course_module_viewed',9,1736111902),(1039,1,2,'\\mod_quiz\\event\\attempt_viewed',9,1736111905),(1040,1,2,'\\core\\event\\section_viewed',9,1736112014),(1041,1,2,'\\core\\event\\section_viewed',9,1736112017),(1042,1,2,'\\core\\event\\section_viewed',9,1736112022),(1043,1,2,'\\core\\event\\section_viewed',9,1736112061),(1044,1,2,'\\core\\event\\section_viewed',9,1736112375),(1045,1,2,'\\core\\event\\section_viewed',9,1736112518),(1046,1,2,'\\core\\event\\section_viewed',9,1736112540),(1047,1,2,'\\core\\event\\course_viewed',9,1736112604),(1048,1,2,'\\core\\event\\course_viewed',9,1736112695),(1049,1,2,'\\mod_quiz\\event\\course_module_viewed',9,1736112806),(1050,1,2,'\\core\\event\\course_viewed',9,1736112942),(1051,1,2,'\\core\\event\\course_viewed',9,1736112948),(1052,1,2,'\\core\\event\\course_viewed',9,1736113155),(1053,1,2,'\\core\\event\\course_viewed',9,1736113183),(1054,1,3,'\\core\\event\\course_viewed',9,1736113463),(1055,1,2,'\\gradereport_overview\\event\\grade_report_viewed',9,1736113554),(1056,1,2,'\\core\\event\\course_viewed',9,1736136981),(1057,1,2,'\\core\\event\\course_viewed',9,1736137030),(1058,1,2,'\\core\\event\\course_viewed',9,1736137269),(1059,1,2,'\\core\\event\\course_viewed',9,1736138938),(1060,1,2,'\\core\\event\\section_viewed',9,1736139003),(1061,1,2,'\\core\\event\\course_viewed',9,1736139409),(1062,1,2,'\\core\\event\\section_viewed',9,1736139552),(1063,1,2,'\\core\\event\\section_viewed',9,1736139911),(1064,1,2,'\\core\\event\\section_viewed',9,1736139953),(1065,1,2,'\\core\\event\\section_viewed',9,1736140837),(1066,1,2,'\\core\\event\\course_viewed',9,1736140852),(1067,1,2,'\\core\\event\\course_viewed',9,1736140999),(1068,1,2,'\\core\\event\\course_viewed',9,1736142218),(1069,1,2,'\\core\\event\\course_viewed',9,1736142468),(1070,1,2,'\\core\\event\\course_viewed',9,1736143512),(1071,1,3,'\\core\\event\\course_viewed',9,1736143617),(1072,1,3,'\\core\\event\\course_viewed',9,1736143628),(1073,1,2,'\\core\\event\\course_viewed',9,1736144303),(1074,1,2,'\\core\\event\\course_viewed',9,1736144770),(1075,1,2,'\\core\\event\\section_viewed',9,1736151333),(1076,1,2,'\\core\\event\\section_viewed',9,1736151778),(1077,1,3,'\\core\\event\\course_viewed',9,1736155223),(1078,1,3,'\\core\\event\\course_viewed',9,1736155229),(1079,1,3,'\\mod_quiz\\event\\course_module_viewed',9,1736155344),(1080,1,2,'\\core\\event\\section_viewed',9,1736162400),(1081,1,2,'\\core\\event\\section_viewed',9,1736169969),(1082,1,2,'\\core\\event\\section_viewed',9,1736177878),(1083,1,2,'\\core\\event\\section_viewed',9,1736179778),(1084,1,2,'\\core\\event\\section_viewed',9,1736180868),(1085,1,2,'\\core\\event\\section_viewed',9,1736181299),(1086,1,2,'\\core\\event\\course_viewed',9,1736187329),(1087,1,2,'\\core\\event\\section_viewed',9,1736187391),(1088,1,2,'\\mod_quiz\\event\\course_module_viewed',9,1736187406),(1089,1,2,'\\core\\event\\section_viewed',9,1736187593),(1090,1,2,'\\core\\event\\section_viewed',9,1736187789),(1091,1,2,'\\core\\event\\section_viewed',9,1736188681),(1092,1,2,'\\mod_quiz\\event\\course_module_viewed',9,1736188808),(1093,1,6,'\\core\\event\\course_viewed',9,1736188874),(1094,1,2,'\\core\\event\\course_viewed',9,1736188988),(1095,1,2,'\\core\\event\\section_viewed',9,1736189038),(1096,1,2,'\\core\\event\\section_viewed',9,1736189067),(1097,1,2,'\\core\\event\\section_viewed',9,1736189072),(1098,1,2,'\\core\\event\\section_viewed',9,1736189226),(1099,1,2,'\\core\\event\\section_viewed',9,1736189305),(1100,1,2,'\\core\\event\\course_viewed',9,1736189800),(1101,1,2,'\\mod_quiz\\event\\course_module_viewed',9,1736189806),(1102,1,2,'\\core\\event\\section_viewed',9,1736189809),(1103,1,2,'\\core\\event\\course_viewed',9,1736190008),(1104,1,2,'\\mod_quiz\\event\\course_module_viewed',9,1736190177),(1105,1,2,'\\core\\event\\section_viewed',9,1736190184),(1106,1,2,'\\core\\event\\section_viewed',9,1736190213),(1107,1,2,'\\core\\event\\course_module_completion_updated',3,1736190367),(1108,1,2,'\\core\\event\\section_viewed',9,1736190401),(1109,1,2,'\\core\\event\\course_module_completion_updated',3,1736190549),(1110,1,2,'\\mod_choice\\event\\course_module_viewed',9,1736248308),(1111,1,2,'\\core\\event\\course_viewed',9,1736248325),(1112,1,2,'\\core\\event\\section_viewed',9,1736248352),(1113,1,6,'\\core\\event\\course_viewed',9,1736255266),(1114,1,6,'\\core\\event\\course_module_completion_updated',3,1736255384),(1115,1,2,'\\core\\event\\course_viewed',9,1736255751),(1116,1,2,'\\core\\event\\section_viewed',9,1736255869),(1117,1,2,'\\core\\event\\section_viewed',9,1736255884),(1118,1,2,'\\mod_quiz\\event\\course_module_viewed',9,1736255900),(1119,1,2,'\\core\\event\\section_viewed',9,1736255937),(1120,1,2,'\\mod_quiz\\event\\course_module_viewed',9,1736256022),(1121,1,2,'\\core\\event\\section_viewed',9,1736256158),(1122,1,2,'\\core\\event\\section_viewed',9,1736256196),(1123,1,2,'\\core\\event\\section_viewed',9,1736256207),(1124,1,2,'\\core\\event\\section_viewed',9,1736256222),(1125,1,2,'\\core\\event\\section_viewed',9,1736256243),(1126,1,2,'\\core\\event\\section_viewed',9,1736256368),(1127,1,2,'\\core\\event\\section_viewed',9,1736256602),(1128,1,2,'\\core\\event\\section_viewed',9,1736256783),(1129,1,2,'\\core\\event\\section_viewed',9,1736256790),(1130,1,2,'\\core\\event\\section_viewed',9,1736256970),(1131,1,2,'\\core\\event\\section_viewed',9,1736257244),(1132,1,2,'\\core\\event\\section_viewed',9,1736257432),(1133,1,2,'\\core\\event\\section_viewed',9,1736257719),(1134,1,2,'\\core\\event\\section_viewed',9,1736257905),(1135,1,2,'\\core\\event\\section_viewed',9,1736258239),(1136,1,2,'\\core\\event\\section_viewed',9,1736259406),(1137,1,2,'\\core\\event\\course_viewed',9,1736316600),(1138,1,2,'\\core\\event\\section_viewed',9,1736316773),(1139,1,2,'\\core\\event\\course_viewed',9,1736317111),(1140,1,2,'\\core\\event\\section_viewed',9,1736317182),(1141,1,2,'\\core\\event\\section_viewed',9,1736317478),(1142,1,2,'\\core\\event\\section_viewed',9,1736317699),(1143,1,2,'\\core\\event\\section_viewed',9,1736317918),(1144,1,2,'\\core\\event\\section_viewed',9,1736318031),(1145,1,2,'\\core\\event\\section_viewed',9,1736318368),(1146,1,2,'\\core\\event\\section_viewed',9,1736318624),(1147,1,2,'\\core\\event\\section_viewed',9,1736318804),(1148,1,2,'\\core\\event\\section_viewed',9,1736318902),(1149,1,2,'\\core\\event\\section_viewed',9,1736319084),(1150,1,2,'\\core\\event\\section_viewed',9,1736319269),(1151,1,2,'\\core\\event\\section_viewed',9,1736319413),(1152,1,2,'\\core\\event\\course_viewed',9,1736319520),(1153,1,2,'\\core\\event\\section_viewed',9,1736319526),(1154,1,2,'\\core\\event\\section_viewed',9,1736319710),(1155,1,2,'\\core\\event\\section_viewed',9,1736319887),(1156,1,2,'\\core\\event\\section_viewed',9,1736319908),(1157,1,2,'\\core\\event\\section_viewed',9,1736319929),(1158,1,2,'\\core\\event\\section_viewed',9,1736319938),(1159,1,2,'\\core\\event\\section_viewed',9,1736320128),(1160,1,2,'\\core\\event\\course_viewed',9,1736320195),(1161,1,2,'\\core\\event\\course_viewed',9,1736321794),(1162,1,2,'\\core\\event\\section_viewed',9,1736321800),(1163,1,2,'\\core\\event\\section_viewed',9,1736323260),(1164,1,2,'\\core\\event\\section_viewed',9,1736323264),(1165,1,2,'\\core\\event\\section_viewed',9,1736323267),(1166,1,2,'\\mod_quiz\\event\\course_module_viewed',9,1736323272),(1167,1,2,'\\mod_quiz\\event\\course_module_viewed',9,1736323279),(1168,1,2,'\\mod_quiz\\event\\attempt_viewed',9,1736323284),(1169,1,2,'\\core\\event\\section_viewed',9,1736323314),(1170,1,2,'\\mod_quiz\\event\\course_module_viewed',9,1736323392),(1171,1,2,'\\mod_quiz\\event\\course_module_viewed',9,1736324028),(1172,1,2,'\\core\\event\\section_viewed',9,1736324039),(1173,1,2,'\\core\\event\\course_viewed',9,1736324088),(1174,1,2,'\\mod_quiz\\event\\course_module_viewed',9,1736324096),(1175,1,2,'\\mod_quiz\\event\\attempt_viewed',9,1736324099),(1176,1,2,'\\mod_quiz\\event\\attempt_updated',3,1736324105),(1177,1,2,'\\core\\event\\course_viewed',9,1736324133),(1178,1,2,'\\core\\event\\course_viewed',9,1736324187),(1179,1,2,'\\mod_quiz\\event\\course_module_viewed',9,1736324278),(1180,1,2,'\\mod_quiz\\event\\attempt_viewed',9,1736324389),(1181,1,2,'\\mod_quiz\\event\\attempt_updated',3,1736324415),(1182,1,2,'\\mod_quiz\\event\\attempt_summary_viewed',9,1736324415),(1183,1,2,'\\mod_quiz\\event\\attempt_reviewed',9,1736324426),(1184,1,2,'\\mod_quiz\\event\\attempt_viewed',9,1736324452),(1185,1,2,'\\mod_quiz\\event\\course_module_viewed',9,1736324553),(1186,1,2,'\\mod_quiz\\event\\attempt_viewed',9,1736324556),(1187,1,2,'\\mod_quiz\\event\\attempt_updated',3,1736324586),(1188,1,2,'\\mod_quiz\\event\\attempt_summary_viewed',9,1736324587),(1189,1,2,'\\mod_quiz\\event\\attempt_reviewed',9,1736324597),(1190,1,2,'\\core\\event\\course_viewed',9,1736324669),(1191,1,2,'\\mod_quiz\\event\\course_module_viewed',9,1736324677),(1192,1,2,'\\mod_quiz\\event\\attempt_viewed',9,1736324681),(1193,1,2,'\\core\\event\\section_viewed',9,1736324698),(1194,1,2,'\\core\\event\\section_viewed',9,1736324701),(1195,1,2,'\\core\\event\\course_viewed',9,1736325989),(1196,1,2,'\\mod_quiz\\event\\course_module_viewed',9,1736325992),(1197,1,2,'\\mod_quiz\\event\\attempt_viewed',9,1736325996),(1198,1,2,'\\mod_quiz\\event\\attempt_updated',3,1736326028),(1199,1,2,'\\mod_quiz\\event\\attempt_summary_viewed',9,1736326028),(1200,1,2,'\\mod_quiz\\event\\attempt_reviewed',9,1736326033),(1201,1,2,'\\mod_quiz\\event\\attempt_viewed',9,1736326050),(1202,1,2,'\\mod_quiz\\event\\course_module_viewed',9,1736326085),(1203,1,2,'\\mod_quiz\\event\\course_module_viewed',9,1736326088),(1204,1,2,'\\mod_quiz\\event\\course_module_viewed',9,1736326092),(1205,1,2,'\\mod_quiz\\event\\course_module_viewed',9,1736326094),(1206,1,2,'\\mod_quiz\\event\\course_module_viewed',9,1736326351),(1207,1,2,'\\mod_quiz\\event\\course_module_viewed',9,1736326354),(1208,1,2,'\\mod_quiz\\event\\course_module_viewed',9,1736326434),(1209,1,2,'\\mod_quiz\\event\\course_module_viewed',9,1736326437),(1210,1,2,'\\mod_quiz\\event\\course_module_viewed',9,1736326439),(1211,1,2,'\\core\\event\\section_viewed',9,1736326445),(1212,1,2,'\\core\\event\\section_viewed',9,1736326457),(1213,1,2,'\\core\\event\\course_viewed',9,1736329072),(1214,1,2,'\\core\\event\\course_viewed',9,1736345183),(1215,1,2,'\\core\\event\\course_viewed',9,1736345231),(1216,1,2,'\\core\\event\\course_module_completion_updated',3,1736346165),(1217,1,2,'\\core\\event\\course_module_completion_updated',3,1736346185),(1218,1,2,'\\core\\event\\course_module_completion_updated',3,1736346188),(1219,1,2,'\\mod_quiz\\event\\course_module_viewed',9,1736346200),(1220,1,2,'\\mod_quiz\\event\\attempt_viewed',9,1736346329),(1221,1,2,'\\mod_quiz\\event\\attempt_viewed',9,1736346375),(1222,1,2,'\\mod_quiz\\event\\course_module_viewed',9,1736346406),(1223,1,2,'\\core\\event\\section_viewed',9,1736346409),(1224,1,2,'\\mod_quiz\\event\\course_module_viewed',9,1736346464),(1225,1,2,'\\mod_quiz\\event\\attempt_viewed',9,1736346536),(1226,1,2,'\\mod_quiz\\event\\attempt_updated',3,1736346540),(1227,1,2,'\\mod_quiz\\event\\attempt_summary_viewed',9,1736346620),(1228,1,2,'\\mod_quiz\\event\\attempt_reviewed',9,1736346628),(1229,1,2,'\\core\\event\\section_viewed',9,1736348296),(1230,1,2,'\\mod_quiz\\event\\course_module_viewed',9,1736348302),(1231,1,2,'\\mod_quiz\\event\\course_module_viewed',9,1736348319),(1232,1,2,'\\mod_quiz\\event\\course_module_viewed',9,1736354467),(1233,1,2,'\\mod_quiz\\event\\attempt_viewed',9,1736354471),(1234,1,2,'\\core\\event\\course_viewed',9,1736364257),(1235,1,2,'\\core\\event\\section_viewed',9,1736364381),(1236,1,2,'\\mod_quiz\\event\\course_module_viewed',9,1736364397),(1237,1,2,'\\mod_quiz\\event\\attempt_viewed',9,1736364403),(1238,1,2,'\\mod_quiz\\event\\course_module_viewed',9,1736364435),(1239,1,2,'\\mod_quiz\\event\\course_module_viewed',9,1736364508),(1240,1,2,'\\mod_quiz\\event\\course_module_viewed',9,1736364677),(1241,1,2,'\\mod_quiz\\event\\course_module_viewed',9,1736364689),(1242,1,2,'\\core\\event\\section_viewed',9,1736364707),(1243,1,2,'\\core\\event\\section_viewed',9,1736364723),(1244,1,2,'\\core\\event\\section_viewed',9,1736365447),(1245,1,2,'\\mod_quiz\\event\\course_module_viewed',9,1736365461),(1246,1,2,'\\mod_quiz\\event\\attempt_viewed',9,1736365468),(1247,1,2,'\\mod_quiz\\event\\attempt_autosaved',3,1736365714),(1248,1,2,'\\mod_quiz\\event\\attempt_updated',3,1736365742),(1249,1,2,'\\mod_quiz\\event\\attempt_summary_viewed',9,1736365742),(1250,1,2,'\\mod_quiz\\event\\attempt_reviewed',9,1736365751),(1251,1,2,'\\qbehaviour_studentfeedbackdeferred\\event\\student_general_feedback_updated',3,1736366004),(1252,1,2,'\\qbehaviour_studentfeedbackdeferred\\event\\student_question_feedback_updated',3,1736366024),(1253,1,2,'\\core\\event\\course_viewed',9,1736366132),(1254,1,2,'\\mod_quiz\\event\\course_module_viewed',9,1736366291),(1255,1,2,'\\core\\event\\section_viewed',9,1736367332),(1256,1,2,'\\mod_quiz\\event\\course_module_viewed',9,1736368132),(1257,1,2,'\\mod_quiz\\event\\attempt_viewed',9,1736368159),(1258,1,2,'\\mod_quiz\\event\\attempt_updated',3,1736368165),(1259,1,2,'\\mod_quiz\\event\\attempt_summary_viewed',9,1736368197),(1260,1,2,'\\mod_quiz\\event\\attempt_reviewed',9,1736368203),(1261,1,2,'\\core\\event\\course_viewed',9,1736400663),(1262,1,2,'\\mod_quiz\\event\\course_module_viewed',9,1736400671),(1263,1,2,'\\core\\event\\section_viewed',9,1736400680),(1264,1,2,'\\mod_data\\event\\course_module_viewed',9,1736401302),(1265,1,2,'\\mod_data\\event\\course_module_viewed',9,1736401526),(1266,1,2,'\\core\\event\\course_viewed',9,1736402116),(1267,1,2,'\\mod_data\\event\\course_module_viewed',9,1736402125),(1268,1,2,'\\mod_data\\event\\course_module_viewed',9,1736402573),(1269,1,2,'\\mod_data\\event\\record_created',45,1736402616),(1270,1,2,'\\mod_data\\event\\record_created',45,1736402693),(1271,1,6,'\\core\\event\\course_viewed',9,1736402824),(1272,1,6,'\\mod_data\\event\\course_module_viewed',9,1736402832),(1273,1,6,'\\mod_data\\event\\record_created',45,1736402854),(1274,1,2,'\\mod_data\\event\\course_module_viewed',9,1736402882),(1275,1,2,'\\mod_data\\event\\course_module_viewed',9,1736403216),(1276,1,6,'\\core\\event\\course_viewed',9,1736403400),(1277,1,6,'\\mod_data\\event\\course_module_viewed',9,1736403413),(1278,1,2,'\\mod_data\\event\\course_module_viewed',9,1736403571),(1279,1,2,'\\core\\event\\course_viewed',9,1736403784),(1280,1,2,'\\core\\event\\course_module_completion_updated',3,1736403872),(1281,1,6,'\\mod_data\\event\\course_module_viewed',9,1736403964),(1282,1,6,'\\core\\event\\section_viewed',9,1736403974),(1283,1,6,'\\core\\event\\section_viewed',9,1736404002),(1284,1,6,'\\core\\event\\course_module_completion_updated',3,1736404013),(1285,1,6,'\\core\\event\\course_module_completion_updated',3,1736404019),(1286,1,2,'\\core\\event\\course_viewed',9,1736404230),(1287,1,2,'\\core\\event\\course_module_completion_updated',3,1736404272),(1288,1,2,'\\core\\event\\course_viewed',9,1736404427),(1289,1,2,'\\core\\event\\course_viewed',9,1736404467),(1290,1,2,'\\core\\event\\section_viewed',9,1736404720),(1291,1,2,'\\core\\event\\course_viewed',9,1736404856),(1292,1,2,'\\core\\event\\course_viewed',9,1736404862),(1293,1,2,'\\core\\event\\course_viewed',9,1736404898),(1294,1,2,'\\core\\event\\course_viewed',9,1736405091),(1295,1,2,'\\mod_hotquestion\\event\\course_module_viewed',9,1736405094),(1296,1,2,'\\core\\event\\course_viewed',9,1736405357),(1297,1,2,'\\core\\event\\course_viewed',9,1736409224),(1298,1,2,'\\mod_quiz\\event\\attempt_viewed',9,1736409348),(1299,1,2,'\\core\\event\\section_viewed',9,1736409358),(1300,1,2,'\\core\\event\\course_viewed',9,1736414929),(1301,1,2,'\\core\\event\\course_viewed',9,1736415013),(1302,1,2,'\\core\\event\\course_viewed',9,1736415110),(1303,1,2,'\\core\\event\\course_viewed',9,1736415676),(1304,1,2,'\\core\\event\\course_viewed',9,1736415735),(1305,1,2,'\\core\\event\\course_viewed',9,1736415910),(1306,1,2,'\\core\\event\\course_viewed',9,1736417992),(1307,1,2,'\\core\\event\\course_viewed',9,1736426477),(1308,1,2,'\\core\\event\\course_viewed',9,1736426789),(1309,1,2,'\\mod_quiz\\event\\course_module_viewed',9,1736427000),(1310,1,2,'\\mod_quiz\\event\\course_module_viewed',9,1736427004),(1311,1,2,'\\mod_quiz\\event\\attempt_viewed',9,1736427009),(1312,1,2,'\\mod_quiz\\event\\attempt_updated',3,1736427044),(1313,1,2,'\\mod_quiz\\event\\attempt_summary_viewed',9,1736427045),(1314,1,2,'\\mod_quiz\\event\\attempt_reviewed',9,1736427080),(1315,1,2,'\\core\\event\\course_viewed',9,1736428726),(1316,1,2,'\\core\\event\\course_viewed',9,1736430209),(1317,1,2,'\\core\\event\\course_viewed',9,1736430380),(1318,1,2,'\\core\\event\\course_viewed',9,1736430577),(1319,1,2,'\\core\\event\\section_viewed',9,1736430681),(1320,1,2,'\\core\\event\\course_viewed',9,1736430943),(1321,1,2,'\\core\\event\\course_viewed',9,1736431017),(1322,1,2,'\\core\\event\\section_viewed',9,1736431032),(1323,1,2,'\\core\\event\\section_viewed',9,1736432115),(1324,1,2,'\\core\\event\\course_viewed',9,1736432137),(1325,1,2,'\\core\\event\\section_viewed',9,1736432279),(1326,1,2,'\\core\\event\\section_viewed',9,1736432290),(1327,1,2,'\\core\\event\\section_viewed',9,1736432352),(1328,1,2,'\\core\\event\\section_viewed',9,1736432495),(1329,1,2,'\\core\\event\\section_viewed',9,1736432504),(1330,1,2,'\\core\\event\\section_viewed',9,1736432519),(1331,1,2,'\\core\\event\\section_viewed',9,1736432778),(1332,1,2,'\\core\\event\\section_viewed',9,1736432792),(1333,1,2,'\\core\\event\\section_viewed',9,1736432858),(1334,1,2,'\\core\\event\\section_viewed',9,1736432872),(1335,1,2,'\\core\\event\\course_viewed',9,1736432891),(1336,1,2,'\\core\\event\\section_viewed',9,1736433703),(1337,1,2,'\\core\\event\\course_viewed',9,1736434379),(1338,1,2,'\\core\\event\\course_viewed',9,1736434574),(1339,1,2,'\\core\\event\\course_viewed',9,1736434780),(1340,1,2,'\\mod_quiz\\event\\course_module_viewed',9,1736434839),(1341,1,2,'\\mod_quiz\\event\\course_module_viewed',9,1736434842),(1342,1,2,'\\mod_quiz\\event\\course_module_viewed',9,1736434845),(1343,1,2,'\\mod_quiz\\event\\course_module_viewed',9,1736434851),(1344,1,2,'\\mod_quiz\\event\\course_module_viewed',9,1736434853),(1345,1,2,'\\mod_quiz\\event\\course_module_viewed',9,1736435386),(1346,1,2,'\\mod_quiz\\event\\attempt_viewed',9,1736435389),(1347,1,2,'\\mod_quiz\\event\\attempt_updated',3,1736435447),(1348,1,2,'\\mod_quiz\\event\\attempt_summary_viewed',9,1736435447),(1349,1,2,'\\mod_quiz\\event\\attempt_reviewed',9,1736435608),(1350,1,2,'\\qbehaviour_studentfeedbackdeferred\\event\\student_question_feedback_updated',3,1736435626),(1351,1,2,'\\mod_quiz\\event\\course_module_viewed',9,1736435673),(1352,1,2,'\\mod_quiz\\event\\attempt_viewed',9,1736435690),(1353,1,2,'\\mod_quiz\\event\\attempt_updated',3,1736435724),(1354,1,2,'\\mod_quiz\\event\\attempt_summary_viewed',9,1736435724),(1355,1,2,'\\mod_quiz\\event\\attempt_reviewed',9,1736435731),(1356,1,2,'\\qbehaviour_studentfeedbackdeferred\\event\\student_general_feedback_updated',3,1736435751),(1357,1,2,'\\core\\event\\course_viewed',9,1736435816),(1358,1,2,'\\mod_quiz\\event\\course_module_viewed',9,1736435832),(1359,1,6,'\\core\\event\\course_viewed',9,1736435984),(1360,1,2,'\\core\\event\\course_viewed',9,1736436019),(1361,1,6,'\\core\\event\\course_viewed',9,1736436048),(1362,1,6,'\\mod_quiz\\event\\course_module_viewed',9,1736436060),(1363,1,6,'\\mod_quiz\\event\\attempt_started',45,1736436063),(1364,1,6,'\\mod_quiz\\event\\attempt_viewed',9,1736436063),(1365,1,6,'\\mod_quiz\\event\\attempt_updated',3,1736436069),(1366,1,6,'\\mod_quiz\\event\\attempt_summary_viewed',9,1736436162),(1367,1,6,'\\mod_quiz\\event\\attempt_submitted',3,1736436167),(1368,1,6,'\\mod_quiz\\event\\attempt_reviewed',9,1736436168),(1369,1,2,'\\core\\event\\course_viewed',9,1736436739),(1370,1,2,'\\core\\event\\course_viewed',9,1736436763),(1371,1,2,'\\core\\event\\course_viewed',9,1736436772),(1372,1,2,'\\core\\event\\course_viewed',9,1736436777),(1373,1,2,'\\mod_quiz\\event\\course_module_viewed',9,1736436785),(1374,1,2,'\\core\\event\\course_viewed',9,1736436798),(1375,1,2,'\\mod_quiz\\event\\course_module_viewed',9,1736436825),(1376,1,2,'\\mod_quiz\\event\\course_module_viewed',9,1736436878),(1377,1,2,'\\mod_quiz\\event\\attempt_viewed',9,1736436882),(1378,1,6,'\\mod_quiz\\event\\course_module_viewed',9,1736436890),(1379,1,6,'\\mod_quiz\\event\\attempt_started',45,1736436895),(1380,1,6,'\\mod_quiz\\event\\attempt_viewed',9,1736436895),(1381,1,6,'\\mod_quiz\\event\\attempt_updated',3,1736436921),(1382,1,6,'\\mod_quiz\\event\\attempt_summary_viewed',9,1736436921),(1383,1,6,'\\core\\event\\course_module_completion_updated',3,1736436926),(1384,1,6,'\\mod_quiz\\event\\attempt_submitted',3,1736436926),(1385,1,6,'\\mod_quiz\\event\\attempt_reviewed',9,1736436927),(1386,1,6,'\\qbehaviour_studentfeedbackdeferred\\event\\student_general_feedback_updated',3,1736436946),(1387,1,2,'\\mod_quiz\\event\\attempt_reviewed',9,1736436975),(1388,1,2,'\\mod_quiz\\event\\course_module_viewed',9,1736437001),(1389,1,2,'\\core\\event\\course_viewed',9,1736437506),(1390,1,2,'\\core\\event\\course_viewed',9,1736438152),(1391,1,2,'\\core\\event\\course_viewed',9,1736440049),(1392,1,2,'\\core\\event\\section_viewed',9,1736440062),(1393,1,2,'\\core\\event\\course_viewed',9,1736446069),(1394,1,2,'\\core\\event\\course_viewed',9,1736446359),(1395,1,2,'\\core\\event\\course_viewed',9,1736446380),(1396,1,2,'\\mod_forum\\event\\course_module_viewed',9,1736447310),(1397,1,2,'\\core\\event\\course_viewed',9,1736453900),(1398,1,2,'\\core\\event\\course_viewed',9,1736454198),(1399,1,2,'\\core\\event\\course_viewed',9,1736454389),(1400,1,2,'\\core\\event\\course_viewed',9,1736454599),(1401,1,2,'\\core\\event\\course_viewed',9,1736454826),(1402,1,2,'\\core\\event\\course_viewed',9,1736455023),(1403,1,2,'\\core\\event\\course_viewed',9,1736455314),(1404,1,2,'\\core\\event\\course_viewed',9,1736455557),(1405,1,2,'\\mod_quiz\\event\\course_module_viewed',9,1736455673),(1406,1,2,'\\mod_quiz\\event\\attempt_viewed',9,1736455687),(1407,1,2,'\\mod_quiz\\event\\attempt_updated',3,1736455716),(1408,1,2,'\\mod_quiz\\event\\attempt_summary_viewed',9,1736455717),(1409,1,2,'\\mod_quiz\\event\\attempt_reviewed',9,1736455724),(1410,1,2,'\\qbehaviour_studentfeedbackdeferred\\event\\student_general_feedback_updated',3,1736455749),(1411,1,2,'\\core\\event\\course_viewed',9,1736455756),(1412,1,2,'\\mod_quiz\\event\\course_module_viewed',9,1736455773),(1413,1,2,'\\mod_quiz\\event\\course_module_viewed',9,1736455893),(1414,1,2,'\\core\\event\\course_viewed',9,1736455948),(1415,1,6,'\\core\\event\\course_viewed',9,1736456381),(1416,1,6,'\\mod_quiz\\event\\course_module_viewed',9,1736456580),(1417,1,3,'\\core\\event\\course_viewed',9,1736456696),(1418,1,3,'\\core\\event\\course_viewed',9,1736456735),(1419,1,2,'\\core\\event\\course_viewed',9,1736457316),(1420,1,2,'\\core\\event\\course_viewed',9,1736496138),(1421,1,2,'\\core\\event\\course_viewed',9,1736496774),(1422,1,2,'\\core\\event\\course_viewed',9,1736496872),(1423,1,2,'\\core\\event\\course_viewed',9,1736500875),(1424,1,2,'\\core\\event\\course_viewed',9,1736501057),(1425,1,2,'\\core\\event\\course_viewed',9,1736501080),(1426,1,2,'\\core\\event\\course_viewed',9,1736502048),(1427,1,2,'\\mod_quiz\\event\\course_module_viewed',9,1736502202),(1428,1,2,'\\mod_quiz\\event\\attempt_viewed',9,1736502208),(1429,1,2,'\\mod_quiz\\event\\attempt_updated',3,1736502236),(1430,1,2,'\\mod_quiz\\event\\attempt_summary_viewed',9,1736502237),(1431,1,2,'\\mod_quiz\\event\\attempt_reviewed',9,1736502244),(1432,1,2,'\\gradereport_overview\\event\\grade_report_viewed',9,1736502768),(1433,1,2,'\\mod_quiz\\event\\course_module_viewed',9,1736502905),(1434,1,2,'\\mod_forum\\event\\course_module_viewed',9,1736503527),(1435,1,2,'\\mod_forum\\event\\assessable_uploaded',0,1736503735),(1436,1,2,'\\mod_forum\\event\\discussion_created',45,1736503735),(1437,1,2,'\\mod_forum\\event\\discussion_subscription_created',0,1736503735),(1438,1,2,'\\mod_forum\\event\\course_module_viewed',9,1736503735),(1439,1,3,'\\core\\event\\course_viewed',9,1736503930),(1440,1,3,'\\core\\event\\course_module_completion_updated',3,1736503951),(1441,1,2,'\\core\\event\\course_viewed',9,1736504015),(1442,1,2,'\\core\\event\\course_viewed',9,1736504118),(1443,1,2,'\\core\\event\\section_viewed',9,1736504901),(1444,1,2,'\\core\\event\\course_viewed',9,1736506428),(1445,1,2,'\\core\\event\\course_viewed',9,1736513993),(1446,1,2,'\\mod_quiz\\event\\course_module_viewed',9,1736514751),(1447,1,2,'\\core\\event\\course_viewed',9,1736514901),(1448,1,2,'\\core\\event\\course_viewed',9,1736520093),(1449,1,2,'\\gradereport_user\\event\\grade_report_viewed',9,1736520226),(1450,1,2,'\\gradereport_overview\\event\\grade_report_viewed',9,1736520233),(1451,1,2,'\\gradereport_overview\\event\\grade_report_viewed',9,1736520243),(1452,1,2,'\\core\\event\\course_viewed',9,1736520410),(1453,1,2,'\\core\\event\\course_viewed',9,1736520644),(1454,1,2,'\\core\\event\\section_viewed',9,1736520689),(1455,1,2,'\\core\\event\\course_viewed',9,1736521671),(1456,1,8,'\\core\\event\\course_viewed',9,1736521947),(1457,1,8,'\\mod_data\\event\\course_module_viewed',9,1736522004),(1458,1,2,'\\core\\event\\course_viewed',9,1736522028),(1459,1,8,'\\core\\event\\course_viewed',9,1736522453),(1460,1,8,'\\gradereport_user\\event\\grade_report_viewed',9,1736522504),(1461,1,2,'\\core\\event\\course_viewed',9,1736522842),(1462,1,2,'\\core\\event\\course_viewed',9,1736523529),(1463,1,2,'\\core\\event\\course_viewed',9,1736523762),(1464,1,6,'\\core\\event\\course_viewed',9,1736523796),(1465,1,6,'\\core\\event\\course_viewed',9,1736523882),(1466,1,6,'\\core\\event\\section_viewed',9,1736523887),(1467,1,6,'\\core\\event\\course_viewed',9,1736524102),(1468,1,8,'\\core\\event\\course_viewed',9,1736524682),(1469,1,2,'\\core\\event\\course_viewed',9,1736524767),(1470,1,8,'\\core\\event\\course_viewed',9,1736524889),(1471,1,8,'\\core\\event\\course_viewed',9,1736525071),(1472,1,2,'\\core\\event\\course_viewed',9,1736525306),(1473,1,2,'\\core\\event\\course_viewed',9,1736525586),(1474,1,2,'\\core\\event\\course_viewed',9,1736525783),(1475,1,2,'\\core\\event\\section_viewed',9,1736525850),(1476,1,8,'\\core\\event\\course_viewed',9,1736525993),(1477,1,2,'\\core\\event\\course_viewed',9,1736526229),(1478,1,8,'\\core\\event\\course_viewed',9,1736526239),(1479,1,8,'\\mod_quiz\\event\\course_module_viewed',9,1736526287),(1480,1,8,'\\mod_quiz\\event\\attempt_started',45,1736526292),(1481,1,8,'\\mod_quiz\\event\\attempt_viewed',9,1736526292),(1482,1,2,'\\core\\event\\course_viewed',9,1736529737),(1483,1,2,'\\core\\event\\course_viewed',9,1736530408),(1484,1,6,'\\core\\event\\course_viewed',9,1736530452),(1485,1,6,'\\core\\event\\course_viewed',9,1736530656),(1486,1,8,'\\core\\event\\course_viewed',9,1736531040),(1487,1,8,'\\core\\event\\course_viewed',9,1736531483),(1488,1,2,'\\core\\event\\course_viewed',9,1736531608),(1489,1,8,'\\core\\event\\course_viewed',9,1736531882),(1490,1,2,'\\core\\event\\course_viewed',9,1736531909),(1491,1,2,'\\core\\event\\course_viewed',9,1736531920),(1492,1,8,'\\core\\event\\course_viewed',9,1736531989),(1493,1,2,'\\core\\event\\course_viewed',9,1736532055),(1494,1,2,'\\core\\event\\section_viewed',9,1736532174),(1495,1,2,'\\core\\event\\course_viewed',9,1736532260),(1496,1,2,'\\core\\event\\course_viewed',9,1736532464),(1497,1,8,'\\core\\event\\course_viewed',9,1736532620),(1498,1,2,'\\core\\event\\course_viewed',9,1736532840),(1499,1,2,'\\core\\event\\course_viewed',9,1736533021),(1500,1,8,'\\core\\event\\course_viewed',9,1736533424),(1501,1,8,'\\mod_quiz\\event\\course_module_viewed',9,1736533605),(1502,1,8,'\\mod_quiz\\event\\attempt_viewed',9,1736533841),(1503,1,2,'\\core\\event\\course_viewed',9,1736584897),(1504,1,3,'\\core\\event\\course_viewed',9,1736585009),(1505,1,3,'\\mod_quiz\\event\\course_module_viewed',9,1736585048),(1506,1,3,'\\mod_quiz\\event\\course_module_viewed',9,1736585060),(1507,1,3,'\\mod_quiz\\event\\attempt_started',45,1736585094),(1508,1,3,'\\mod_quiz\\event\\attempt_viewed',9,1736585094),(1509,1,2,'\\core\\event\\course_viewed',9,1736590986),(1510,1,2,'\\core\\event\\course_viewed',9,1736676076),(1511,1,2,'\\core\\event\\course_viewed',9,1736676775),(1512,1,2,'\\core\\event\\section_viewed',9,1736676918),(1513,1,2,'\\core\\event\\section_viewed',9,1736676924),(1514,1,2,'\\core\\event\\section_viewed',9,1736676951),(1515,1,2,'\\core\\event\\section_viewed',9,1736676969),(1516,1,2,'\\core\\event\\section_viewed',9,1736676993),(1517,1,2,'\\core\\event\\course_viewed',9,1736677028),(1518,1,2,'\\core\\event\\section_viewed',9,1736677063),(1519,1,2,'\\core\\event\\section_viewed',9,1736677110),(1520,1,2,'\\core\\event\\section_viewed',9,1736677148),(1521,1,2,'\\core\\event\\course_viewed',9,1736677569),(1522,1,2,'\\core\\event\\section_viewed',9,1736677798),(1523,1,2,'\\core\\event\\course_viewed',9,1736677924),(1524,1,2,'\\core\\event\\course_viewed',9,1736677951),(1525,1,2,'\\core\\event\\section_viewed',9,1736678029),(1526,1,2,'\\core\\event\\course_viewed',9,1736678583),(1527,1,2,'\\core\\event\\section_viewed',9,1736678842),(1528,1,2,'\\core\\event\\section_viewed',9,1736678857),(1529,1,2,'\\core\\event\\course_viewed',9,1736691156),(1530,1,2,'\\core\\event\\course_viewed',9,1736691943),(1531,1,2,'\\core\\event\\course_viewed',9,1736692008),(1532,1,2,'\\core\\event\\course_viewed',9,1736692484),(1533,1,2,'\\core\\event\\course_viewed',9,1736693254),(1534,1,8,'\\core\\event\\course_viewed',9,1736693389),(1535,1,8,'\\core\\event\\course_module_completion_updated',3,1736693442),(1536,1,8,'\\core\\event\\course_module_completion_updated',3,1736693482),(1537,1,8,'\\core\\event\\course_module_completion_updated',3,1736693489),(1538,1,2,'\\core\\event\\course_viewed',9,1736693590),(1539,1,2,'\\core\\event\\section_viewed',9,1736693633),(1540,1,2,'\\core\\event\\course_viewed',9,1736694826),(1541,1,2,'\\core\\event\\course_viewed',9,1736695019),(1542,1,2,'\\core\\event\\course_viewed',9,1736695313),(1543,1,2,'\\core\\event\\course_viewed',9,1736695825),(1544,1,2,'\\core\\event\\course_viewed',9,1736696322),(1545,1,2,'\\core\\event\\course_viewed',9,1736696582),(1546,1,2,'\\core\\event\\course_viewed',9,1736696606),(1547,1,2,'\\core\\event\\course_viewed',9,1736697057),(1548,1,2,'\\core\\event\\course_viewed',9,1736699426),(1549,1,2,'\\core\\event\\course_viewed',9,1736701746),(1550,1,2,'\\core\\event\\course_viewed',9,1736703003),(1551,1,2,'\\core\\event\\course_viewed',9,1736703707),(1552,1,2,'\\core\\event\\section_viewed',9,1736704150),(1553,1,2,'\\core\\event\\section_viewed',9,1736704926),(1554,1,2,'\\core\\event\\section_viewed',9,1736705443),(1555,1,2,'\\core\\event\\section_viewed',9,1736705826),(1556,1,2,'\\core\\event\\section_viewed',9,1736706173),(1557,1,2,'\\core\\event\\section_viewed',9,1736706183),(1558,1,2,'\\core\\event\\section_viewed',9,1736706501),(1559,1,2,'\\core\\event\\section_viewed',9,1736706527),(1560,1,2,'\\core\\event\\section_viewed',9,1736707879),(1561,1,2,'\\core\\event\\section_viewed',9,1736708377),(1562,1,2,'\\core\\event\\section_viewed',9,1736708561),(1563,1,2,'\\core\\event\\section_viewed',9,1736708618),(1564,1,2,'\\core\\event\\course_viewed',9,1736710038),(1565,1,2,'\\core\\event\\course_viewed',9,1736710494),(1566,1,2,'\\core\\event\\section_viewed',9,1736710513),(1567,1,2,'\\core\\event\\section_viewed',9,1736710526),(1568,1,2,'\\core\\event\\section_viewed',9,1736710784),(1569,1,2,'\\core\\event\\section_viewed',9,1736711651),(1570,1,2,'\\core\\event\\section_viewed',9,1736712442),(1571,1,2,'\\core\\event\\section_viewed',9,1736713081),(1572,1,2,'\\core\\event\\section_viewed',9,1736713131),(1573,1,2,'\\core\\event\\section_viewed',9,1736714123),(1574,1,3,'\\core\\event\\course_viewed',9,1736716512),(1575,1,3,'\\core\\event\\course_viewed',9,1736716593),(1576,1,2,'\\core\\event\\course_viewed',9,1736775472),(1577,1,2,'\\core\\event\\course_viewed',9,1736775496),(1578,1,2,'\\core\\event\\section_viewed',9,1736775515),(1579,1,2,'\\core\\event\\section_viewed',9,1736775523),(1580,1,2,'\\core\\event\\course_viewed',9,1736775947),(1581,1,2,'\\core\\event\\course_viewed',9,1736776649),(1582,1,2,'\\core\\event\\course_viewed',9,1736777141),(1583,1,2,'\\core\\event\\section_viewed',9,1736777164),(1584,1,2,'\\core\\event\\course_viewed',9,1736777272),(1585,1,2,'\\core\\event\\course_viewed',9,1736777388),(1586,1,2,'\\core\\event\\course_viewed',9,1736777798),(1587,1,2,'\\core\\event\\course_viewed',9,1736777994),(1588,1,2,'\\core\\event\\course_viewed',9,1736778520),(1589,1,2,'\\core\\event\\course_viewed',9,1736778542),(1590,1,2,'\\core\\event\\course_viewed',9,1736778813),(1591,1,2,'\\core\\event\\course_viewed',9,1736779012),(1592,1,2,'\\core\\event\\course_viewed',9,1736783635),(1593,1,2,'\\core\\event\\course_viewed',9,1736784163),(1594,1,2,'\\core\\event\\course_viewed',9,1736784769),(1595,1,2,'\\core\\event\\course_viewed',9,1736785042),(1596,1,2,'\\core\\event\\course_viewed',9,1736785329),(1597,1,2,'\\core\\event\\course_viewed',9,1736785360),(1598,1,2,'\\core\\event\\course_viewed',9,1736785896),(1599,1,2,'\\core\\event\\course_viewed',9,1736786131),(1600,1,2,'\\core\\event\\course_viewed',9,1736786158),(1601,1,2,'\\core\\event\\course_viewed',9,1736786471),(1602,1,2,'\\core\\event\\course_viewed',9,1736787537),(1603,1,2,'\\mod_quiz\\event\\course_module_viewed',9,1736787627),(1604,1,2,'\\mod_quiz\\event\\course_module_viewed',9,1736787819),(1605,1,2,'\\mod_quiz\\event\\course_module_viewed',9,1736787839),(1606,1,2,'\\core\\event\\course_viewed',9,1736788025),(1607,1,2,'\\mod_quiz\\event\\course_module_viewed',9,1736788071),(1608,1,2,'\\mod_quiz\\event\\course_module_viewed',9,1736788235),(1609,1,2,'\\core\\event\\course_viewed',9,1736788555),(1610,1,2,'\\mod_quiz\\event\\course_module_viewed',9,1736788591),(1611,1,2,'\\core\\event\\course_viewed',9,1736839048),(1612,1,2,'\\mod_quiz\\event\\course_module_viewed',9,1736839058),(1613,1,2,'\\mod_quiz\\event\\attempt_viewed',9,1736839064),(1614,1,2,'\\mod_quiz\\event\\attempt_updated',3,1736839083),(1615,1,2,'\\mod_quiz\\event\\attempt_summary_viewed',9,1736839097),(1616,1,2,'\\mod_quiz\\event\\attempt_reviewed',9,1736839104),(1617,1,2,'\\core\\event\\course_viewed',9,1736839135),(1618,1,2,'\\core\\event\\course_viewed',9,1736854721),(1619,1,2,'\\mod_resource\\event\\course_module_viewed',9,1736854772),(1620,1,2,'\\core\\event\\course_viewed',9,1736854884),(1621,1,2,'\\core\\event\\course_viewed',9,1736854969),(1622,1,2,'\\core\\event\\course_viewed',9,1736865457),(1623,1,2,'\\core\\event\\course_viewed',9,1736865643),(1624,1,2,'\\core\\event\\course_viewed',9,1736865678),(1625,1,2,'\\core\\event\\course_viewed',9,1736865717),(1626,1,2,'\\core\\event\\course_viewed',9,1736865934),(1627,1,2,'\\core\\event\\course_viewed',9,1736865953),(1628,1,2,'\\mod_quiz\\event\\course_module_viewed',9,1736866129),(1629,1,2,'\\core\\event\\course_viewed',9,1736866135),(1630,1,2,'\\core\\event\\course_viewed',9,1736866159),(1631,1,2,'\\core\\event\\course_viewed',9,1736866249),(1632,1,2,'\\core\\event\\course_viewed',9,1736866327),(1633,1,2,'\\core\\event\\course_viewed',9,1736866896),(1634,1,2,'\\core\\event\\course_viewed',9,1736867009),(1635,1,2,'\\core\\event\\course_viewed',9,1736867077),(1636,1,2,'\\mod_quiz\\event\\course_module_viewed',9,1736867080),(1637,1,2,'\\mod_quiz\\event\\attempt_viewed',9,1736868530),(1638,1,2,'\\core\\event\\course_viewed',9,1736868589),(1639,1,2,'\\core\\event\\course_viewed',9,1736868915),(1640,1,2,'\\core\\event\\course_viewed',9,1736869542),(1641,1,2,'\\core\\event\\course_viewed',9,1736869582),(1642,1,2,'\\core\\event\\course_viewed',9,1736869831),(1643,1,2,'\\core\\event\\course_viewed',9,1736882117),(1644,1,2,'\\core\\event\\course_module_completion_updated',3,1736882155),(1645,1,2,'\\core\\event\\course_viewed',9,1736882354),(1646,1,2,'\\core\\event\\course_viewed',9,1736882567),(1647,1,2,'\\core\\event\\course_viewed',9,1736882683),(1648,1,2,'\\mod_quiz\\event\\course_module_viewed',9,1736882873),(1649,1,2,'\\mod_quiz\\event\\course_module_viewed',9,1736883190),(1650,1,2,'\\core\\event\\course_viewed',9,1736883260),(1651,1,2,'\\mod_quiz\\event\\course_module_viewed',9,1736883315),(1652,1,2,'\\mod_quiz\\event\\course_module_viewed',9,1736884092),(1653,1,2,'\\mod_quiz\\event\\attempt_viewed',9,1736884098),(1654,1,2,'\\mod_quiz\\event\\attempt_updated',3,1736884105),(1655,1,2,'\\mod_quiz\\event\\attempt_summary_viewed',9,1736884111),(1656,1,2,'\\mod_quiz\\event\\attempt_reviewed',9,1736884119),(1657,1,2,'\\core\\event\\course_viewed',9,1736884134),(1658,1,2,'\\mod_quiz\\event\\course_module_viewed',9,1736884446),(1659,1,2,'\\mod_quiz\\event\\attempt_viewed',9,1736884452),(1660,1,2,'\\mod_quiz\\event\\attempt_updated',3,1736884477),(1661,1,2,'\\mod_quiz\\event\\attempt_summary_viewed',9,1736884487),(1662,1,2,'\\core\\event\\course_viewed',9,1736884695),(1663,1,9,'\\core\\event\\course_viewed',9,1736887789),(1664,1,9,'\\mod_choice\\event\\course_module_viewed',9,1736887847),(1665,1,9,'\\core\\event\\course_module_completion_updated',3,1736887878),(1666,1,9,'\\mod_choice\\event\\answer_created',45,1736887878),(1667,1,2,'\\core\\event\\course_viewed',9,1736892226),(1668,1,2,'\\mod_quiz\\event\\course_module_viewed',9,1736892824),(1669,1,2,'\\core\\event\\course_viewed',9,1736893128),(1670,1,2,'\\mod_quiz\\event\\course_module_viewed',9,1736893139),(1671,1,2,'\\core\\event\\course_viewed',9,1736893346),(1672,1,9,'\\core\\event\\course_viewed',9,1736911711),(1673,1,9,'\\core\\event\\course_viewed',9,1736911882),(1674,1,9,'\\core\\event\\course_viewed',9,1736911908),(1675,1,2,'\\core\\event\\course_viewed',9,1736918361),(1676,1,2,'\\core\\event\\course_viewed',9,1736918401),(1677,1,2,'\\core\\event\\section_viewed',9,1736918807),(1678,1,2,'\\core\\event\\course_viewed',9,1736918874),(1679,1,2,'\\core\\event\\course_viewed',9,1736919074),(1680,1,2,'\\core\\event\\course_viewed',9,1736919078),(1681,1,2,'\\core\\event\\course_viewed',9,1736919206),(1682,1,2,'\\core\\event\\section_viewed',9,1736919295),(1683,1,2,'\\core\\event\\section_viewed',9,1736919349),(1684,1,2,'\\core\\event\\section_viewed',9,1736919396),(1685,1,2,'\\core\\event\\course_viewed',9,1736919402),(1686,1,2,'\\core\\event\\course_viewed',9,1736920093),(1687,1,2,'\\core\\event\\course_viewed',9,1736920094),(1688,1,2,'\\core\\event\\course_viewed',9,1736920260),(1689,1,2,'\\core\\event\\course_viewed',9,1736920298),(1690,1,2,'\\core\\event\\course_viewed',9,1736920299),(1691,1,2,'\\core\\event\\course_viewed',9,1736920684),(1692,1,2,'\\core\\event\\course_viewed',9,1736920723),(1693,1,2,'\\core\\event\\course_viewed',9,1736920773),(1694,1,2,'\\core\\event\\course_viewed',9,1736920987),(1695,1,2,'\\core\\event\\course_viewed',9,1736920988),(1696,1,2,'\\core\\event\\course_viewed',9,1736921184),(1697,1,2,'\\core\\event\\course_viewed',9,1736921184),(1698,1,2,'\\core\\event\\course_viewed',9,1736921240),(1699,1,2,'\\core\\event\\course_viewed',9,1736921840),(1700,1,2,'\\core\\event\\course_viewed',9,1736922076),(1701,1,2,'\\core\\event\\course_viewed',9,1736922323),(1702,1,2,'\\core\\event\\course_viewed',9,1736922606),(1703,1,2,'\\core\\event\\course_viewed',9,1736923069),(1704,1,2,'\\core\\event\\course_viewed',9,1736923320),(1705,1,2,'\\core\\event\\course_viewed',9,1736924455),(1706,1,2,'\\core\\event\\course_viewed',9,1736925302),(1707,1,8,'\\core\\event\\course_viewed',9,1736926479),(1708,1,2,'\\core\\event\\course_viewed',9,1736952926),(1709,1,8,'\\core\\event\\course_viewed',9,1736953271),(1710,1,2,'\\core\\event\\course_viewed',9,1736961776),(1711,1,2,'\\core\\event\\course_viewed',9,1736961815),(1712,1,3,'\\core\\event\\course_viewed',9,1736963649),(1713,1,3,'\\core\\event\\course_viewed',9,1736963664),(1714,1,3,'\\core\\event\\course_viewed',9,1736969477),(1715,1,2,'\\core\\event\\course_viewed',9,1737023897),(1716,1,2,'\\mod_forum\\event\\discussion_viewed',9,1737039820),(1717,1,2,'\\mod_forum\\event\\course_module_viewed',9,1737039835),(1718,1,2,'\\mod_forum\\event\\discussion_viewed',9,1737039845),(1719,1,2,'\\core\\event\\course_viewed',9,1737058696),(1720,1,2,'\\core\\event\\course_viewed',9,1737059169),(1721,1,2,'\\core\\event\\course_viewed',9,1737059182),(1722,1,2,'\\core\\event\\course_viewed',9,1737060399),(1723,1,2,'\\core\\event\\course_viewed',9,1737104799),(1724,1,2,'\\mod_quiz\\event\\course_module_viewed',9,1737104838),(1725,1,2,'\\mod_quiz\\event\\attempt_viewed',9,1737104845),(1726,1,2,'\\mod_quiz\\event\\attempt_autosaved',3,1737104926),(1727,1,2,'\\core\\event\\course_viewed',9,1737105325),(1728,1,2,'\\core\\event\\course_viewed',9,1737105384),(1729,1,2,'\\core\\event\\course_viewed',9,1737105444),(1730,1,2,'\\mod_quiz\\event\\course_module_viewed',9,1737105488),(1731,1,2,'\\mod_quiz\\event\\course_module_viewed',9,1737105733),(1732,1,2,'\\mod_quiz\\event\\attempt_viewed',9,1737105740),(1733,1,2,'\\mod_quiz\\event\\attempt_updated',3,1737105790),(1734,1,2,'\\mod_quiz\\event\\attempt_summary_viewed',9,1737105791),(1735,1,2,'\\mod_quiz\\event\\attempt_reviewed',9,1737105800),(1736,1,2,'\\core\\event\\course_viewed',9,1737106143),(1737,1,2,'\\mod_quiz\\event\\course_module_viewed',9,1737106198),(1738,1,2,'\\mod_quiz\\event\\attempt_viewed',9,1737106204),(1739,1,2,'\\core\\event\\course_viewed',9,1737106662),(1740,1,2,'\\core\\event\\course_viewed',9,1737106800),(1741,1,2,'\\core\\event\\course_viewed',9,1737106980),(1742,1,2,'\\mod_customcert\\event\\course_module_viewed',9,1737109883),(1743,1,2,'\\core\\event\\course_viewed',9,1737112334),(1744,1,2,'\\core\\event\\course_viewed',9,1737112600),(1745,1,2,'\\core\\event\\course_viewed',9,1737112864),(1746,1,2,'\\core\\event\\course_viewed',9,1737113290),(1747,1,2,'\\core\\event\\course_viewed',9,1737116516),(1748,1,2,'\\core\\event\\course_viewed',9,1737116709),(1749,1,6,'\\core\\event\\course_viewed',9,1737116759),(1750,1,6,'\\core\\event\\course_viewed',9,1737116797),(1751,1,6,'\\core\\event\\course_viewed',9,1737116836),(1752,1,2,'\\mod_quiz\\event\\course_module_viewed',9,1737116989),(1753,1,2,'\\core\\event\\course_viewed',9,1737117003),(1754,1,2,'\\mod_quiz\\event\\course_module_viewed',9,1737117101),(1755,1,2,'\\mod_customcert\\event\\course_module_viewed',9,1737117160),(1756,1,2,'\\core\\event\\course_viewed',9,1737117253),(1757,1,6,'\\core\\event\\course_viewed',9,1737118045),(1758,1,2,'\\core\\event\\course_viewed',9,1737118064),(1759,1,2,'\\mod_quiz\\event\\course_module_viewed',9,1737118212),(1760,1,2,'\\mod_quiz\\event\\attempt_viewed',9,1737118286),(1761,1,2,'\\mod_quiz\\event\\attempt_updated',3,1737118295),(1762,1,2,'\\mod_quiz\\event\\attempt_summary_viewed',9,1737118325),(1763,1,2,'\\mod_quiz\\event\\attempt_reviewed',9,1737118344),(1764,1,2,'\\core\\event\\course_viewed',9,1737118546),(1765,1,2,'\\core\\event\\course_viewed',9,1737118560),(1766,1,2,'\\core\\event\\section_viewed',9,1737118747),(1767,1,2,'\\core\\event\\section_viewed',9,1737119168),(1768,1,2,'\\core\\event\\section_viewed',9,1737119755),(1769,1,2,'\\core\\event\\course_viewed',9,1737119847),(1770,1,2,'\\core\\event\\section_viewed',9,1737119994),(1771,1,2,'\\core\\event\\section_viewed',9,1737120340),(1772,1,2,'\\core\\event\\section_viewed',9,1737120859),(1773,1,2,'\\core\\event\\section_viewed',9,1737120968),(1774,1,2,'\\core\\event\\section_viewed',9,1737121282),(1775,1,2,'\\core\\event\\section_viewed',9,1737121490),(1776,1,2,'\\core\\event\\course_viewed',9,1737121725),(1777,1,2,'\\core\\event\\course_viewed',9,1737121741),(1778,1,2,'\\core\\event\\course_viewed',9,1737121902),(1779,1,2,'\\core\\event\\course_viewed',9,1737122082),(1780,1,2,'\\core\\event\\course_viewed',9,1737122161),(1781,1,2,'\\core\\event\\course_viewed',9,1737122365),(1782,1,2,'\\core\\event\\course_viewed',9,1737126596),(1783,1,2,'\\core\\event\\course_viewed',9,1737126877),(1784,1,2,'\\core\\event\\course_viewed',9,1737127155),(1785,1,2,'\\mod_quiz\\event\\course_module_viewed',9,1737127173),(1786,1,2,'\\mod_quiz\\event\\attempt_viewed',9,1737127177),(1787,1,2,'\\core\\event\\course_viewed',9,1737127191),(1788,1,2,'\\mod_quiz\\event\\course_module_viewed',9,1737127204),(1789,1,2,'\\mod_quiz\\event\\attempt_viewed',9,1737127210),(1790,1,2,'\\mod_quiz\\event\\attempt_autosaved',3,1737127287),(1791,1,2,'\\mod_quiz\\event\\attempt_updated',3,1737127426),(1792,1,2,'\\mod_quiz\\event\\attempt_summary_viewed',9,1737127426),(1793,1,2,'\\mod_quiz\\event\\attempt_reviewed',9,1737127433),(1794,1,2,'\\core\\event\\course_viewed',9,1737127561),(1795,1,2,'\\core\\event\\course_viewed',9,1737127575),(1796,1,2,'\\mod_quiz\\event\\course_module_viewed',9,1737127585),(1797,1,2,'\\mod_quiz\\event\\attempt_viewed',9,1737127589),(1798,1,2,'\\mod_quiz\\event\\attempt_updated',3,1737127603),(1799,1,2,'\\mod_quiz\\event\\attempt_summary_viewed',9,1737127629),(1800,1,2,'\\mod_quiz\\event\\attempt_reviewed',9,1737127636),(1801,1,2,'\\core\\event\\course_viewed',9,1737128188),(1802,1,2,'\\mod_quiz\\event\\course_module_viewed',9,1737128198),(1803,1,2,'\\mod_quiz\\event\\attempt_viewed',9,1737128201),(1804,1,2,'\\core\\event\\course_viewed',9,1737128278),(1805,1,2,'\\mod_quiz\\event\\course_module_viewed',9,1737128289),(1806,1,2,'\\mod_quiz\\event\\attempt_viewed',9,1737128292),(1807,1,2,'\\mod_quiz\\event\\attempt_reviewed',9,1737128308),(1808,1,2,'\\core\\event\\course_viewed',9,1737128887),(1809,1,2,'\\mod_resource\\event\\course_module_viewed',9,1737128890),(1810,1,2,'\\mod_resource\\event\\course_module_viewed',9,1737128901),(1811,1,2,'\\core\\event\\course_viewed',9,1737129195),(1812,1,2,'\\core\\event\\course_viewed',9,1737131449),(1813,1,2,'\\core\\event\\course_viewed',9,1737132400),(1814,1,2,'\\core\\event\\course_viewed',9,1737205277),(1815,1,2,'\\mod_quiz\\event\\course_module_viewed',9,1737205316),(1816,1,2,'\\mod_quiz\\event\\attempt_viewed',9,1737205321),(1817,1,2,'\\mod_quiz\\event\\course_module_viewed',9,1737205359),(1818,1,2,'\\mod_quiz\\event\\attempt_viewed',9,1737205367),(1819,1,2,'\\mod_quiz\\event\\attempt_updated',3,1737205437),(1820,1,2,'\\mod_quiz\\event\\attempt_summary_viewed',9,1737205438),(1821,1,2,'\\mod_quiz\\event\\attempt_reviewed',9,1737205444),(1822,1,2,'\\core\\event\\course_viewed',9,1737205606),(1823,1,2,'\\core\\event\\course_viewed',9,1737205735),(1824,1,2,'\\mod_hotquestion\\event\\course_module_viewed',9,1737205739),(1825,1,2,'\\core\\event\\course_viewed',9,1737205913),(1826,1,2,'\\core\\event\\course_viewed',9,1737214354),(1827,1,2,'\\core\\event\\course_viewed',9,1737214375),(1828,1,2,'\\mod_choice\\event\\course_module_viewed',9,1737214380),(1829,1,2,'\\core\\event\\section_viewed',9,1737226229),(1830,1,2,'\\core\\event\\course_viewed',9,1737226284),(1831,1,2,'\\core\\event\\section_viewed',9,1737226573),(1832,1,2,'\\core\\event\\course_viewed',9,1737226644),(1833,1,2,'\\core\\event\\section_viewed',9,1737226733),(1834,1,2,'\\core\\event\\section_viewed',9,1737227320),(1835,1,2,'\\core\\event\\section_viewed',9,1737227566),(1836,1,2,'\\core\\event\\section_viewed',9,1737227652),(1837,1,2,'\\core\\event\\section_viewed',9,1737227869),(1838,1,2,'\\core\\event\\section_viewed',9,1737228650),(1839,1,2,'\\core\\event\\course_viewed',9,1737228661),(1840,1,2,'\\core\\event\\course_viewed',9,1737228666),(1841,1,2,'\\core\\event\\course_viewed',9,1737228861),(1842,1,2,'\\core\\event\\course_viewed',9,1737228862),(1843,1,2,'\\core\\event\\section_viewed',9,1737229176),(1844,1,2,'\\core\\event\\section_viewed',9,1737229185),(1845,1,2,'\\core\\event\\section_viewed',9,1737229728),(1846,1,2,'\\core\\event\\section_viewed',9,1737230123),(1847,1,2,'\\core\\event\\section_viewed',9,1737230474),(1848,1,2,'\\core\\event\\section_viewed',9,1737230686),(1849,1,2,'\\core\\event\\section_viewed',9,1737231132),(1850,1,2,'\\core\\event\\section_viewed',9,1737232279),(1851,1,2,'\\core\\event\\section_viewed',9,1737232329),(1852,1,2,'\\core\\event\\section_viewed',9,1737232592),(1853,1,2,'\\core\\event\\section_viewed',9,1737236257),(1854,1,2,'\\core\\event\\section_viewed',9,1737236343),(1855,1,2,'\\core\\event\\section_viewed',9,1737236760),(1856,1,2,'\\core\\event\\section_viewed',9,1737237018),(1857,1,2,'\\core\\event\\section_viewed',9,1737237215),(1858,1,2,'\\core\\event\\section_viewed',9,1737237239),(1859,1,2,'\\core\\event\\course_viewed',9,1737237250),(1860,1,2,'\\core\\event\\section_viewed',9,1737237273),(1861,1,2,'\\core\\event\\section_viewed',9,1737237535),(1862,1,2,'\\core\\event\\course_viewed',9,1737237572),(1863,1,2,'\\core\\event\\course_viewed',9,1737237787),(1864,1,2,'\\core\\event\\section_viewed',9,1737237886),(1865,1,2,'\\core\\event\\section_viewed',9,1737237928),(1866,1,2,'\\core\\event\\section_viewed',9,1737237948),(1867,1,2,'\\core\\event\\section_viewed',9,1737237954),(1868,1,2,'\\core\\event\\section_viewed',9,1737238042),(1869,1,2,'\\core\\event\\course_viewed',9,1737238051),(1870,1,2,'\\core\\event\\course_viewed',9,1737238169),(1871,1,2,'\\core\\event\\course_viewed',9,1737238195),(1872,1,2,'\\core\\event\\course_viewed',9,1737238285),(1873,1,2,'\\core\\event\\course_viewed',9,1737238386),(1874,1,2,'\\core\\event\\section_viewed',9,1737238434),(1875,1,2,'\\mod_quiz\\event\\course_module_viewed',9,1737238585),(1876,1,2,'\\core\\event\\section_viewed',9,1737238789),(1877,1,2,'\\mod_quiz\\event\\course_module_viewed',9,1737238829),(1878,1,2,'\\core\\event\\course_viewed',9,1737238941),(1879,1,2,'\\core\\event\\course_viewed',9,1737239227),(1880,1,2,'\\core\\event\\course_viewed',9,1737239249),(1881,1,2,'\\core\\event\\course_viewed',9,1737239582),(1882,1,2,'\\core\\event\\course_viewed',9,1737240145),(1883,1,2,'\\core\\event\\course_viewed',9,1737240394),(1884,1,2,'\\mod_quiz\\event\\course_module_viewed',9,1737240477),(1885,1,2,'\\mod_quiz\\event\\course_module_viewed',9,1737240853),(1886,1,2,'\\core\\event\\course_viewed',9,1737240861),(1887,1,2,'\\core\\event\\course_viewed',9,1737240936),(1888,1,2,'\\core\\event\\course_viewed',9,1737244297),(1889,1,2,'\\core\\event\\course_viewed',9,1737244537),(1890,1,2,'\\core\\event\\course_viewed',9,1737277846),(1891,1,2,'\\core\\event\\course_viewed',9,1737279728),(1892,1,2,'\\core\\event\\course_viewed',9,1737280322),(1893,1,2,'\\core\\event\\course_viewed',9,1737280425),(1894,1,2,'\\core\\event\\course_viewed',9,1737281728),(1895,1,2,'\\core\\event\\course_viewed',9,1737281793),(1896,1,2,'\\core\\event\\course_viewed',9,1737284984),(1897,1,2,'\\core\\event\\course_viewed',9,1737285029),(1898,1,2,'\\core\\event\\section_viewed',9,1737285070),(1899,1,2,'\\mod_quiz\\event\\course_module_viewed',9,1737285163),(1900,1,2,'\\core\\event\\section_viewed',9,1737285334),(1901,1,2,'\\core\\event\\course_viewed',9,1737285352),(1902,1,2,'\\core\\event\\section_viewed',9,1737285394),(1903,1,2,'\\core\\event\\section_viewed',9,1737285398),(1904,1,2,'\\core\\event\\course_viewed',9,1737285445),(1905,1,2,'\\core\\event\\course_viewed',9,1737285625),(1906,1,2,'\\mod_quiz\\event\\course_module_viewed',9,1737285667),(1907,1,2,'\\mod_quiz\\event\\attempt_viewed',9,1737285717),(1908,1,2,'\\mod_quiz\\event\\attempt_updated',3,1737285744),(1909,1,2,'\\mod_quiz\\event\\attempt_summary_viewed',9,1737285745),(1910,1,2,'\\mod_quiz\\event\\attempt_reviewed',9,1737285752),(1911,1,2,'\\mod_quiz\\event\\attempt_viewed',9,1737285774),(1912,1,2,'\\mod_quiz\\event\\attempt_updated',3,1737285800),(1913,1,2,'\\mod_quiz\\event\\attempt_summary_viewed',9,1737285800),(1914,1,2,'\\mod_quiz\\event\\attempt_reviewed',9,1737285806),(1915,1,2,'\\core\\event\\section_viewed',9,1737285871),(1916,1,2,'\\core\\event\\section_viewed',9,1737286528),(1917,1,2,'\\core\\event\\section_viewed',9,1737286817),(1918,1,2,'\\core\\event\\section_viewed',9,1737287140),(1919,1,2,'\\core\\event\\section_viewed',9,1737287383),(1920,1,2,'\\core\\event\\section_viewed',9,1737288838),(1921,1,2,'\\core\\event\\section_viewed',9,1737289041),(1922,1,2,'\\core\\event\\section_viewed',9,1737289059),(1923,1,2,'\\core\\event\\section_viewed',9,1737289374),(1924,1,2,'\\core\\event\\course_viewed',9,1737306585),(1925,1,2,'\\core\\event\\course_viewed',9,1737306789),(1926,1,2,'\\core\\event\\course_viewed',9,1737307077),(1927,1,2,'\\core\\event\\section_viewed',9,1737307097),(1928,1,2,'\\core\\event\\course_viewed',9,1737328164),(1929,1,2,'\\core\\event\\course_viewed',9,1737328735),(1930,1,2,'\\core\\event\\course_viewed',9,1737328985),(1931,1,2,'\\core\\event\\course_viewed',9,1737329295),(1932,1,2,'\\core\\event\\section_viewed',9,1737329301),(1933,1,2,'\\core\\event\\section_viewed',9,1737329895),(1934,1,2,'\\core\\event\\section_viewed',9,1737330730),(1935,1,2,'\\core\\event\\section_viewed',9,1737331195),(1936,1,2,'\\core\\event\\section_viewed',9,1737331741),(1937,1,2,'\\core\\event\\section_viewed',9,1737331750),(1938,1,2,'\\core\\event\\section_viewed',9,1737331954),(1939,1,2,'\\core\\event\\course_viewed',9,1737332071),(1940,1,2,'\\core\\event\\course_viewed',9,1737352241),(1941,1,2,'\\core\\event\\section_viewed',9,1737352303),(1942,1,2,'\\core\\event\\section_viewed',9,1737353139),(1943,1,2,'\\core\\event\\section_viewed',9,1737353610),(1944,1,2,'\\core\\event\\section_viewed',9,1737353627),(1945,1,2,'\\core\\event\\course_viewed',9,1737353690),(1946,1,2,'\\core\\event\\section_viewed',9,1737353911),(1947,1,2,'\\core\\event\\course_viewed',9,1737353928),(1948,1,2,'\\core\\event\\course_viewed',9,1737354234),(1949,1,2,'\\core\\event\\course_viewed',9,1737354378),(1950,1,2,'\\core\\event\\course_viewed',9,1737354691),(1951,1,2,'\\core\\event\\course_viewed',9,1737354929),(1952,1,2,'\\mod_quiz\\event\\course_module_viewed',9,1737354940),(1953,1,2,'\\core\\event\\course_viewed',9,1737354971),(1954,1,2,'\\core\\event\\course_viewed',9,1737355126),(1955,1,2,'\\core\\event\\course_viewed',9,1737355160),(1956,1,2,'\\core\\event\\course_viewed',9,1737355241),(1957,1,2,'\\core\\event\\course_viewed',9,1737355349),(1958,1,2,'\\core\\event\\course_viewed',9,1737355424),(1959,1,2,'\\mod_quiz\\event\\course_module_viewed',9,1737355522),(1960,1,2,'\\mod_quiz\\event\\attempt_viewed',9,1737355593),(1961,1,2,'\\mod_quiz\\event\\attempt_updated',3,1737355617),(1962,1,2,'\\mod_quiz\\event\\attempt_summary_viewed',9,1737355617),(1963,1,2,'\\mod_quiz\\event\\attempt_reviewed',9,1737355623),(1964,1,2,'\\mod_quiz\\event\\course_module_viewed',9,1737355759),(1965,1,2,'\\core\\event\\course_viewed',9,1737357819),(1966,1,2,'\\core\\event\\course_viewed',9,1737408046),(1967,1,2,'\\mod_choice\\event\\course_module_viewed',9,1737408147),(1968,1,2,'\\core\\event\\course_viewed',9,1737408405),(1969,1,2,'\\core\\event\\course_viewed',9,1737408855),(1970,1,2,'\\core\\event\\course_viewed',9,1737408910),(1971,1,2,'\\core\\event\\course_viewed',9,1737409065),(1972,1,2,'\\core\\event\\course_viewed',9,1737409408),(1973,1,2,'\\core\\event\\course_viewed',9,1737410584),(1974,1,2,'\\core\\event\\course_viewed',9,1737411769),(1975,1,2,'\\core\\event\\course_viewed',9,1737412339),(1976,1,2,'\\core\\event\\course_viewed',9,1737412899),(1977,1,2,'\\core\\event\\course_viewed',9,1737413504),(1978,1,2,'\\core\\event\\course_viewed',9,1737414273),(1979,1,2,'\\core\\event\\course_viewed',9,1737414751),(1980,1,2,'\\core\\event\\course_viewed',9,1737415141),(1981,1,2,'\\core\\event\\course_viewed',9,1737415451),(1982,1,2,'\\core\\event\\course_viewed',9,1737415828),(1983,1,2,'\\core\\event\\course_viewed',9,1737416112),(1984,1,2,'\\core\\event\\course_viewed',9,1737416515),(1985,1,2,'\\mod_quiz\\event\\course_module_viewed',9,1737416733),(1986,1,2,'\\core\\event\\course_viewed',9,1737416803),(1987,1,2,'\\mod_quiz\\event\\course_module_viewed',9,1737416892),(1988,1,2,'\\core\\event\\course_viewed',9,1737416949),(1989,1,2,'\\mod_quiz\\event\\course_module_viewed',9,1737416957),(1990,1,2,'\\core\\event\\course_viewed',9,1737416968),(1991,1,2,'\\core\\event\\course_viewed',9,1737484382),(1992,1,2,'\\core\\event\\course_viewed',9,1737484383),(1993,1,2,'\\core\\event\\course_viewed',9,1737484386),(1994,1,2,'\\core\\event\\course_viewed',9,1737484387),(1995,1,2,'\\core\\event\\course_viewed',9,1737484389),(1996,1,2,'\\core\\event\\course_viewed',9,1737484390),(1997,1,2,'\\mod_forum\\event\\subscription_created',0,1737484534),(1998,1,2,'\\core\\event\\course_viewed',9,1737484628),(1999,1,8,'\\core\\event\\course_viewed',9,1737484963),(2000,1,8,'\\core\\event\\course_viewed',9,1737484965),(2001,1,8,'\\core\\event\\course_viewed',9,1737484965),(2002,1,8,'\\core\\event\\course_viewed',9,1737484966),(2003,1,8,'\\core\\event\\course_viewed',9,1737484967),(2004,1,8,'\\core\\event\\course_viewed',9,1737484967),(2005,1,8,'\\mod_quiz\\event\\course_module_viewed',9,1737484992),(2006,1,2,'\\core\\event\\course_viewed',9,1737485300),(2007,1,2,'\\core\\event\\course_viewed',9,1737485304),(2008,1,8,'\\core\\event\\course_viewed',9,1737485422),(2009,1,8,'\\gradereport_user\\event\\grade_report_viewed',9,1737485473),(2010,1,8,'\\core\\event\\course_viewed',9,1737486306),(2011,1,2,'\\core\\event\\course_viewed',9,1737488228),(2012,1,2,'\\mod_quiz\\event\\course_module_viewed',9,1737488236),(2013,1,2,'\\mod_quiz\\event\\attempt_viewed',9,1737488242),(2014,1,2,'\\mod_quiz\\event\\attempt_updated',3,1737488248),(2015,1,2,'\\mod_quiz\\event\\attempt_summary_viewed',9,1737488260),(2016,1,2,'\\mod_quiz\\event\\attempt_reviewed',9,1737488266),(2017,1,2,'\\mod_quiz\\event\\course_module_viewed',9,1737488527),(2018,1,2,'\\mod_quiz\\event\\attempt_viewed',9,1737488534),(2019,1,2,'\\mod_resource\\event\\course_module_viewed',9,1737488562),(2020,1,2,'\\core\\event\\course_viewed',9,1737488575),(2021,1,2,'\\mod_quiz\\event\\course_module_viewed',9,1737488582),(2022,1,2,'\\mod_quiz\\event\\attempt_viewed',9,1737488588),(2023,1,2,'\\core\\event\\course_viewed',9,1737488844),(2024,1,2,'\\core\\event\\course_viewed',9,1737488852),(2025,1,2,'\\mod_quiz\\event\\course_module_viewed',9,1737488859),(2026,1,2,'\\mod_quiz\\event\\attempt_viewed',9,1737488864),(2027,1,2,'\\core\\event\\course_viewed',9,1737493732),(2028,1,2,'\\mod_quiz\\event\\course_module_viewed',9,1737493740),(2029,1,2,'\\mod_quiz\\event\\attempt_viewed',9,1737493857),(2030,1,2,'\\core\\event\\course_viewed',9,1737494000),(2031,1,2,'\\mod_quiz\\event\\course_module_viewed',9,1737494005),(2032,1,2,'\\mod_quiz\\event\\attempt_autosaved',3,1737494082),(2033,1,2,'\\core\\event\\course_viewed',9,1737496238),(2034,1,2,'\\core\\event\\course_viewed',9,1737496242),(2035,1,2,'\\mod_quiz\\event\\course_module_viewed',9,1737496256),(2036,1,2,'\\mod_quiz\\event\\attempt_viewed',9,1737496262),(2037,1,2,'\\mod_quiz\\event\\course_module_viewed',9,1737496428),(2038,1,2,'\\mod_quiz\\event\\course_module_viewed',9,1737496429),(2039,1,2,'\\mod_quiz\\event\\course_module_viewed',9,1737496430),(2040,1,2,'\\mod_quiz\\event\\course_module_viewed',9,1737496431),(2041,1,2,'\\mod_quiz\\event\\attempt_viewed',9,1737496447),(2042,1,2,'\\mod_quiz\\event\\attempt_updated',3,1737496453),(2043,1,2,'\\mod_quiz\\event\\attempt_viewed',9,1737496489),(2044,1,2,'\\core\\event\\course_viewed',9,1737496519),(2045,1,2,'\\core\\event\\course_viewed',9,1737496522),(2046,1,2,'\\mod_quiz\\event\\attempt_viewed',9,1737496534),(2047,1,2,'\\mod_quiz\\event\\attempt_updated',3,1737496541),(2048,1,2,'\\mod_quiz\\event\\attempt_summary_viewed',9,1737496564),(2049,1,2,'\\mod_quiz\\event\\attempt_reviewed',9,1737496572),(2050,1,2,'\\core\\event\\course_viewed',9,1737496624),(2051,1,2,'\\mod_quiz\\event\\course_module_viewed',9,1737496632),(2052,1,2,'\\mod_quiz\\event\\attempt_viewed',9,1737496640),(2053,1,2,'\\core\\event\\course_viewed',9,1737496660),(2054,1,2,'\\mod_quiz\\event\\course_module_viewed',9,1737496667),(2055,1,2,'\\mod_quiz\\event\\attempt_viewed',9,1737496672),(2056,1,2,'\\core\\event\\course_viewed',9,1737496715),(2057,1,2,'\\core\\event\\course_viewed',9,1737496719),(2058,1,2,'\\mod_quiz\\event\\course_module_viewed',9,1737496726),(2059,1,2,'\\mod_quiz\\event\\attempt_viewed',9,1737496731),(2060,1,2,'\\mod_quiz\\event\\course_module_viewed',9,1737496892),(2061,1,2,'\\mod_quiz\\event\\attempt_viewed',9,1737496898),(2062,1,2,'\\core\\event\\course_viewed',9,1737496936),(2063,1,2,'\\core\\event\\course_viewed',9,1737496941),(2064,1,2,'\\mod_quiz\\event\\course_module_viewed',9,1737496946),(2065,1,2,'\\mod_quiz\\event\\attempt_viewed',9,1737496952),(2066,1,2,'\\core\\event\\course_viewed',9,1737497042),(2067,1,2,'\\mod_quiz\\event\\course_module_viewed',9,1737497049),(2068,1,2,'\\mod_quiz\\event\\attempt_viewed',9,1737497054),(2069,1,2,'\\mod_quiz\\event\\course_module_viewed',9,1737497143),(2070,1,2,'\\mod_quiz\\event\\attempt_viewed',9,1737497146),(2071,1,2,'\\mod_quiz\\event\\course_module_viewed',9,1737497167),(2072,1,2,'\\mod_quiz\\event\\attempt_viewed',9,1737497172),(2073,1,2,'\\core\\event\\course_viewed',9,1737497289),(2074,1,2,'\\core\\event\\course_viewed',9,1737497293),(2075,1,2,'\\mod_quiz\\event\\course_module_viewed',9,1737497346),(2076,1,2,'\\mod_quiz\\event\\course_module_viewed',9,1737498114),(2077,1,2,'\\mod_quiz\\event\\attempt_viewed',9,1737498120),(2078,1,2,'\\mod_quiz\\event\\attempt_updated',3,1737498139),(2079,1,2,'\\core\\event\\course_viewed',9,1737498302),(2080,1,2,'\\core\\event\\course_viewed',9,1737498308),(2081,1,2,'\\core\\event\\course_viewed',9,1737498499),(2082,1,2,'\\core\\event\\course_viewed',9,1737498503),(2083,1,2,'\\mod_quiz\\event\\course_module_viewed',9,1737498523),(2084,1,2,'\\mod_quiz\\event\\attempt_viewed',9,1737498529),(2085,1,2,'\\mod_quiz\\event\\attempt_viewed',9,1737498545),(2086,1,2,'\\mod_quiz\\event\\course_module_viewed',9,1737498660),(2087,1,2,'\\core\\event\\course_viewed',9,1737498758),(2088,1,2,'\\core\\event\\course_viewed',9,1737498763),(2089,1,2,'\\mod_quiz\\event\\course_module_viewed',9,1737498768),(2090,1,2,'\\mod_quiz\\event\\attempt_viewed',9,1737498774),(2091,1,2,'\\mod_quiz\\event\\attempt_updated',3,1737498779),(2092,1,2,'\\mod_quiz\\event\\course_module_viewed',9,1737498887),(2093,1,2,'\\mod_quiz\\event\\attempt_viewed',9,1737498893),(2094,1,2,'\\mod_quiz\\event\\course_module_viewed',9,1737499109),(2095,1,2,'\\mod_quiz\\event\\attempt_viewed',9,1737499115),(2096,1,2,'\\mod_quiz\\event\\attempt_updated',3,1737499121),(2097,1,2,'\\mod_quiz\\event\\attempt_viewed',9,1737499232),(2098,1,2,'\\mod_quiz\\event\\attempt_updated',3,1737499238),(2099,1,2,'\\mod_quiz\\event\\attempt_summary_viewed',9,1737499267),(2100,1,2,'\\mod_quiz\\event\\attempt_reviewed',9,1737499273),(2101,1,6,'\\core\\event\\course_viewed',9,1737499386),(2102,1,6,'\\mod_quiz\\event\\course_module_viewed',9,1737499403),(2103,1,6,'\\mod_quiz\\event\\attempt_started',45,1737499406),(2104,1,6,'\\mod_quiz\\event\\attempt_viewed',9,1737499406),(2105,1,6,'\\mod_quiz\\event\\attempt_updated',3,1737499410),(2106,1,2,'\\mod_quiz\\event\\course_module_viewed',9,1737499444),(2107,1,2,'\\mod_quiz\\event\\attempt_viewed',9,1737499449),(2108,1,2,'\\mod_quiz\\event\\attempt_viewed',9,1737499486),(2109,1,2,'\\mod_quiz\\event\\attempt_updated',3,1737499493),(2110,1,2,'\\mod_quiz\\event\\attempt_summary_viewed',9,1737499493),(2111,1,2,'\\mod_quiz\\event\\attempt_reviewed',9,1737499501),(2112,1,2,'\\core\\event\\course_viewed',9,1737499519),(2113,1,2,'\\mod_quiz\\event\\course_module_viewed',9,1737499532),(2114,1,2,'\\mod_quiz\\event\\attempt_viewed',9,1737499537),(2115,1,2,'\\mod_quiz\\event\\attempt_updated',3,1737499543),(2116,1,2,'\\mod_quiz\\event\\attempt_viewed',9,1737499598),(2117,1,2,'\\mod_quiz\\event\\attempt_updated',3,1737499604),(2118,1,8,'\\core\\event\\course_viewed',9,1737499747),(2119,1,8,'\\mod_quiz\\event\\course_module_viewed',9,1737499764),(2120,1,8,'\\mod_quiz\\event\\attempt_started',45,1737499766),(2121,1,8,'\\mod_quiz\\event\\attempt_viewed',9,1737499767),(2122,1,8,'\\mod_quiz\\event\\attempt_updated',3,1737499771),(2123,1,8,'\\mod_quiz\\event\\course_module_viewed',9,1737499797),(2124,1,8,'\\mod_quiz\\event\\attempt_started',45,1737499799),(2125,1,8,'\\mod_quiz\\event\\attempt_viewed',9,1737499800),(2126,1,8,'\\mod_quiz\\event\\attempt_updated',3,1737499804),(2127,1,8,'\\mod_quiz\\event\\course_module_viewed',9,1737499857),(2128,1,8,'\\mod_quiz\\event\\attempt_started',45,1737499859),(2129,1,8,'\\mod_quiz\\event\\attempt_viewed',9,1737499860),(2130,1,2,'\\core\\event\\course_viewed',9,1737499900),(2131,1,2,'\\mod_quiz\\event\\course_module_viewed',9,1737499911),(2132,1,2,'\\mod_quiz\\event\\attempt_viewed',9,1737499941),(2133,1,2,'\\mod_quiz\\event\\attempt_updated',3,1737499944),(2134,1,2,'\\mod_quiz\\event\\course_module_viewed',9,1737499984),(2135,1,2,'\\core\\event\\course_viewed',9,1737500084),(2136,1,2,'\\core\\event\\course_viewed',9,1737500100),(2137,1,2,'\\mod_quiz\\event\\course_module_viewed',9,1737500127),(2138,1,2,'\\mod_quiz\\event\\attempt_viewed',9,1737500131),(2139,1,2,'\\mod_quiz\\event\\attempt_viewed',9,1737500152),(2140,1,2,'\\mod_quiz\\event\\attempt_updated',3,1737500156),(2141,1,2,'\\mod_quiz\\event\\course_module_viewed',9,1737500242),(2142,1,2,'\\mod_quiz\\event\\attempt_viewed',9,1737500246),(2143,1,2,'\\core\\event\\course_viewed',9,1737500407),(2144,1,2,'\\mod_quiz\\event\\course_module_viewed',9,1737500473),(2145,1,2,'\\mod_quiz\\event\\course_module_viewed',9,1737500747),(2146,1,2,'\\mod_quiz\\event\\attempt_viewed',9,1737500751),(2147,1,2,'\\mod_quiz\\event\\attempt_updated',3,1737500775),(2148,1,2,'\\mod_quiz\\event\\attempt_summary_viewed',9,1737500775),(2149,1,2,'\\mod_quiz\\event\\attempt_reviewed',9,1737500781),(2150,1,2,'\\core\\event\\course_viewed',9,1737500829),(2151,1,2,'\\core\\event\\course_viewed',9,1737500835),(2152,1,2,'\\mod_quiz\\event\\course_module_viewed',9,1737500932),(2153,1,2,'\\mod_quiz\\event\\attempt_viewed',9,1737500971),(2154,1,2,'\\mod_quiz\\event\\attempt_updated',3,1737500975),(2155,1,2,'\\mod_quiz\\event\\course_module_viewed',9,1737501023),(2156,1,2,'\\core\\event\\course_viewed',9,1737501040),(2157,1,2,'\\mod_quiz\\event\\course_module_viewed',9,1737501048),(2158,1,2,'\\mod_quiz\\event\\course_module_viewed',9,1737501073),(2159,1,2,'\\mod_quiz\\event\\attempt_viewed',9,1737501101),(2160,1,2,'\\mod_quiz\\event\\course_module_viewed',9,1737501124),(2161,1,2,'\\core\\event\\course_viewed',9,1737501144),(2162,1,2,'\\mod_quiz\\event\\course_module_viewed',9,1737501155),(2163,1,2,'\\mod_quiz\\event\\course_module_viewed',9,1737501190),(2164,1,2,'\\mod_quiz\\event\\course_module_viewed',9,1737501224),(2165,1,2,'\\mod_quiz\\event\\course_module_viewed',9,1737501225),(2166,1,2,'\\mod_quiz\\event\\attempt_viewed',9,1737501273),(2167,1,2,'\\mod_quiz\\event\\attempt_updated',3,1737501280),(2168,1,2,'\\mod_quiz\\event\\attempt_summary_viewed',9,1737501280),(2169,1,2,'\\mod_quiz\\event\\attempt_reviewed',9,1737501286),(2170,1,2,'\\core\\event\\course_viewed',9,1737501305),(2171,1,2,'\\mod_quiz\\event\\course_module_viewed',9,1737501462),(2172,1,2,'\\mod_quiz\\event\\attempt_viewed',9,1737501504),(2173,1,2,'\\mod_quiz\\event\\attempt_updated',3,1737501526),(2174,1,2,'\\mod_quiz\\event\\attempt_summary_viewed',9,1737501527),(2175,1,2,'\\mod_quiz\\event\\attempt_reviewed',9,1737501532),(2176,1,2,'\\core\\event\\course_viewed',9,1737501555),(2177,1,2,'\\mod_quiz\\event\\course_module_viewed',9,1737501564),(2178,1,2,'\\mod_quiz\\event\\course_module_viewed',9,1737501641),(2179,1,2,'\\core\\event\\course_viewed',9,1737501799),(2180,1,2,'\\mod_quiz\\event\\course_module_viewed',9,1737501888),(2181,1,2,'\\mod_quiz\\event\\attempt_viewed',9,1737501944),(2182,1,2,'\\mod_quiz\\event\\attempt_updated',3,1737501970),(2183,1,2,'\\mod_quiz\\event\\attempt_summary_viewed',9,1737501971),(2184,1,2,'\\mod_quiz\\event\\attempt_reviewed',9,1737501977),(2185,1,2,'\\core\\event\\course_viewed',9,1737501999),(2186,1,2,'\\mod_quiz\\event\\course_module_viewed',9,1737502007),(2187,1,2,'\\mod_quiz\\event\\attempt_viewed',9,1737502011),(2188,1,2,'\\mod_quiz\\event\\attempt_updated',3,1737502015),(2189,1,2,'\\mod_quiz\\event\\course_module_viewed',9,1737502049),(2190,1,2,'\\mod_quiz\\event\\course_module_viewed',9,1737502150),(2191,1,2,'\\mod_quiz\\event\\attempt_viewed',9,1737502187),(2192,1,2,'\\mod_quiz\\event\\attempt_updated',3,1737502219),(2193,1,2,'\\mod_quiz\\event\\attempt_summary_viewed',9,1737502220),(2194,1,2,'\\mod_quiz\\event\\attempt_reviewed',9,1737502226),(2195,1,2,'\\core\\event\\course_viewed',9,1737502259),(2196,1,2,'\\mod_quiz\\event\\course_module_viewed',9,1737502267),(2197,1,2,'\\mod_quiz\\event\\attempt_viewed',9,1737502275),(2198,1,2,'\\mod_quiz\\event\\attempt_updated',3,1737502281),(2199,1,2,'\\mod_quiz\\event\\course_module_viewed',9,1737502356),(2200,1,2,'\\core\\event\\course_viewed',9,1737502402),(2201,1,2,'\\mod_quiz\\event\\course_module_viewed',9,1737502419),(2202,1,2,'\\mod_quiz\\event\\attempt_viewed',9,1737502590),(2203,1,2,'\\core\\event\\course_viewed',9,1737502603),(2204,1,2,'\\mod_quiz\\event\\course_module_viewed',9,1737502614),(2205,1,2,'\\mod_quiz\\event\\course_module_viewed',9,1737502615),(2206,1,2,'\\mod_quiz\\event\\course_module_viewed',9,1737502616),(2207,1,2,'\\mod_quiz\\event\\course_module_viewed',9,1737502617),(2208,1,2,'\\mod_quiz\\event\\course_module_viewed',9,1737502618),(2209,1,2,'\\mod_quiz\\event\\attempt_viewed',9,1737502651),(2210,1,2,'\\mod_quiz\\event\\attempt_viewed',9,1737502660),(2211,1,2,'\\mod_quiz\\event\\attempt_viewed',9,1737502668),(2212,1,2,'\\mod_quiz\\event\\attempt_viewed',9,1737502677),(2213,1,2,'\\core\\event\\course_viewed',9,1737502720),(2214,1,2,'\\core\\event\\course_viewed',9,1737502773),(2215,1,2,'\\core\\event\\course_viewed',9,1737502778),(2216,1,2,'\\core\\event\\course_viewed',9,1737502974),(2217,1,2,'\\core\\event\\course_viewed',9,1737503031),(2218,1,2,'\\mod_quiz\\event\\course_module_viewed',9,1737503143),(2219,1,2,'\\core\\event\\course_viewed',9,1737503206),(2220,1,2,'\\core\\event\\course_viewed',9,1737527934),(2221,1,2,'\\core\\event\\course_viewed',9,1737530965),(2222,1,2,'\\core\\event\\course_viewed',9,1737531192),(2223,1,2,'\\core\\event\\course_viewed',9,1737535397),(2224,1,2,'\\core\\event\\course_viewed',9,1737535415),(2225,1,2,'\\core\\event\\course_viewed',9,1737536693),(2226,1,2,'\\mod_quiz\\event\\course_module_viewed',9,1737536707),(2227,1,2,'\\mod_quiz\\event\\attempt_viewed',9,1737536712),(2228,1,2,'\\mod_quiz\\event\\attempt_updated',3,1737536717),(2229,1,2,'\\mod_quiz\\event\\attempt_summary_viewed',9,1737536718),(2230,1,2,'\\mod_quiz\\event\\attempt_reviewed',9,1737536724),(2231,1,2,'\\mod_quiz\\event\\course_module_viewed',9,1737536783),(2232,1,2,'\\mod_quiz\\event\\attempt_viewed',9,1737536788),(2233,1,2,'\\mod_quiz\\event\\attempt_updated',3,1737536790),(2234,1,2,'\\mod_quiz\\event\\attempt_summary_viewed',9,1737536790),(2235,1,2,'\\mod_quiz\\event\\attempt_reviewed',9,1737536796),(2236,1,2,'\\mod_quiz\\event\\course_module_viewed',9,1737536841),(2237,1,2,'\\mod_quiz\\event\\attempt_viewed',9,1737536846),(2238,1,2,'\\mod_quiz\\event\\attempt_updated',3,1737536848),(2239,1,2,'\\mod_quiz\\event\\attempt_summary_viewed',9,1737536849),(2240,1,2,'\\mod_quiz\\event\\attempt_reviewed',9,1737536854),(2241,1,2,'\\core\\event\\course_viewed',9,1737536907),(2242,1,2,'\\mod_quiz\\event\\course_module_viewed',9,1737536921),(2243,1,2,'\\mod_quiz\\event\\attempt_viewed',9,1737536926),(2244,1,2,'\\mod_quiz\\event\\attempt_updated',3,1737536929),(2245,1,2,'\\mod_quiz\\event\\attempt_summary_viewed',9,1737536931),(2246,1,2,'\\mod_quiz\\event\\attempt_reviewed',9,1737536937),(2247,1,2,'\\core\\event\\course_viewed',9,1737536957),(2248,1,2,'\\mod_quiz\\event\\course_module_viewed',9,1737536978),(2249,1,2,'\\mod_quiz\\event\\attempt_viewed',9,1737536983),(2250,1,2,'\\mod_quiz\\event\\attempt_updated',3,1737536986),(2251,1,2,'\\mod_quiz\\event\\attempt_summary_viewed',9,1737536986),(2252,1,2,'\\mod_quiz\\event\\attempt_reviewed',9,1737536996),(2253,1,2,'\\core\\event\\course_viewed',9,1737537077),(2254,1,2,'\\core\\event\\course_viewed',9,1737537121),(2255,1,2,'\\mod_quiz\\event\\course_module_viewed',9,1737537130),(2256,1,2,'\\mod_quiz\\event\\attempt_viewed',9,1737537136),(2257,1,2,'\\mod_quiz\\event\\attempt_updated',3,1737537140),(2258,1,2,'\\mod_quiz\\event\\attempt_summary_viewed',9,1737537140),(2259,1,2,'\\mod_quiz\\event\\attempt_reviewed',9,1737537146),(2260,1,2,'\\core\\event\\course_viewed',9,1737537405),(2261,1,2,'\\core\\event\\course_viewed',9,1737537771),(2262,1,2,'\\core\\event\\course_viewed',9,1737537898),(2263,1,8,'\\core\\event\\course_viewed',9,1737537942),(2264,1,2,'\\core\\event\\course_viewed',9,1737538010),(2265,1,6,'\\core\\event\\course_viewed',9,1737538051),(2266,1,6,'\\mod_quiz\\event\\course_module_viewed',9,1737538065),(2267,1,6,'\\mod_quiz\\event\\attempt_started',45,1737538069),(2268,1,6,'\\mod_quiz\\event\\attempt_viewed',9,1737538069),(2269,1,6,'\\mod_quiz\\event\\attempt_updated',3,1737538073),(2270,1,6,'\\mod_quiz\\event\\attempt_summary_viewed',9,1737538073),(2271,1,6,'\\mod_quiz\\event\\attempt_submitted',3,1737538079),(2272,1,6,'\\mod_quiz\\event\\attempt_reviewed',9,1737538079),(2273,1,2,'\\core\\event\\course_viewed',9,1737540085),(2274,1,2,'\\core\\event\\course_viewed',9,1737554042),(2275,1,2,'\\core\\event\\course_viewed',9,1737554142),(2276,1,2,'\\core\\event\\course_viewed',9,1737554222),(2277,1,2,'\\core\\event\\course_viewed',9,1737554332),(2278,1,2,'\\core\\event\\course_viewed',9,1737554414),(2279,1,2,'\\core\\event\\course_viewed',9,1737554513),(2280,1,2,'\\core\\event\\course_viewed',9,1737554597),(2281,1,2,'\\core\\event\\course_viewed',9,1737554703),(2282,1,2,'\\mod_quiz\\event\\course_module_viewed',9,1737554727),(2283,1,2,'\\mod_quiz\\event\\course_module_viewed',9,1737554776),(2284,1,2,'\\core\\event\\course_viewed',9,1737554794),(2285,1,2,'\\mod_quiz\\event\\course_module_viewed',9,1737554806),(2286,1,2,'\\mod_quiz\\event\\course_module_viewed',9,1737554832),(2287,1,2,'\\mod_quiz\\event\\course_module_viewed',9,1737554864),(2288,1,2,'\\mod_quiz\\event\\course_module_viewed',9,1737554885),(2289,1,2,'\\core\\event\\course_viewed',9,1737554917),(2290,1,2,'\\mod_quiz\\event\\course_module_viewed',9,1737554945),(2291,1,2,'\\core\\event\\course_viewed',9,1737555138),(2292,1,2,'\\mod_quiz\\event\\course_module_viewed',9,1737555258),(2293,1,2,'\\mod_quiz\\event\\course_module_viewed',9,1737555301),(2294,1,2,'\\mod_quiz\\event\\course_module_viewed',9,1737555307),(2295,1,2,'\\mod_quiz\\event\\course_module_viewed',9,1737555329),(2296,1,2,'\\mod_quiz\\event\\course_module_viewed',9,1737555350),(2297,1,2,'\\mod_quiz\\event\\course_module_viewed',9,1737555371),(2298,1,2,'\\core\\event\\course_viewed',9,1737555408),(2299,1,2,'\\core\\event\\course_module_completion_updated',3,1737555459),(2300,1,2,'\\mod_quiz\\event\\course_module_viewed',9,1737555464),(2301,1,2,'\\core\\event\\course_module_completion_updated',3,1737555470),(2302,1,2,'\\core\\event\\course_viewed',9,1737555525),(2303,1,2,'\\core\\event\\course_module_completion_updated',3,1737555538),(2304,1,2,'\\core\\event\\course_viewed',9,1737555569),(2305,1,2,'\\core\\event\\course_viewed',9,1737555756),(2306,1,2,'\\mod_quiz\\event\\course_module_viewed',9,1737555876),(2307,1,2,'\\mod_quiz\\event\\course_module_viewed',9,1737555889),(2308,1,2,'\\mod_quiz\\event\\course_module_viewed',9,1737555919),(2309,1,2,'\\core\\event\\course_viewed',9,1737555947),(2310,1,2,'\\core\\event\\course_viewed',9,1737556029),(2311,1,2,'\\core\\event\\course_viewed',9,1737556211),(2312,1,2,'\\mod_quiz\\event\\course_module_viewed',9,1737556318),(2313,1,2,'\\mod_quiz\\event\\course_module_viewed',9,1737556338),(2314,1,2,'\\core\\event\\course_viewed',9,1737556403),(2315,1,2,'\\core\\event\\course_viewed',9,1737556458),(2316,1,2,'\\core\\event\\course_viewed',9,1737556648),(2317,1,2,'\\mod_quiz\\event\\course_module_viewed',9,1737556721),(2318,1,2,'\\mod_quiz\\event\\course_module_viewed',9,1737556738),(2319,1,2,'\\core\\event\\course_viewed',9,1737556885),(2320,1,2,'\\mod_quiz\\event\\course_module_viewed',9,1737556963),(2321,1,2,'\\core\\event\\section_viewed',9,1737556978),(2322,1,2,'\\mod_quiz\\event\\course_module_viewed',9,1737557011),(2323,1,2,'\\core\\event\\section_viewed',9,1737557041),(2324,1,2,'\\mod_quiz\\event\\course_module_viewed',9,1737557072),(2325,1,2,'\\mod_quiz\\event\\course_module_viewed',9,1737557090),(2326,1,2,'\\mod_quiz\\event\\attempt_viewed',9,1737557097),(2327,1,2,'\\mod_quiz\\event\\attempt_viewed',9,1737557127),(2328,1,2,'\\mod_quiz\\event\\attempt_viewed',9,1737557147),(2329,1,2,'\\core\\event\\section_viewed',9,1737557201),(2330,1,2,'\\core\\event\\course_viewed',9,1737557389),(2331,1,2,'\\core\\event\\course_viewed',9,1737557392),(2332,1,2,'\\core\\event\\course_viewed',9,1737557529),(2333,1,2,'\\core\\event\\course_viewed',9,1737557551),(2334,1,2,'\\core\\event\\course_viewed',9,1737557610),(2335,1,2,'\\core\\event\\course_viewed',9,1737561673),(2336,1,2,'\\core\\event\\course_module_completion_updated',3,1737561689),(2337,1,2,'\\core\\event\\course_viewed',9,1737561737),(2338,1,2,'\\core\\event\\course_viewed',9,1737565708),(2339,1,6,'\\core\\event\\course_viewed',9,1737566393),(2340,1,6,'\\core\\event\\course_module_completion_updated',3,1737566414),(2341,1,6,'\\mod_quiz\\event\\course_module_viewed',9,1737566424),(2342,1,6,'\\mod_quiz\\event\\attempt_started',45,1737566427),(2343,1,6,'\\mod_quiz\\event\\attempt_viewed',9,1737566428),(2344,1,6,'\\mod_quiz\\event\\attempt_autosaved',3,1737566493);

--
